I/AudioSystem(  470): getSamplingRate() streamType 1, output 2, sampling rate 44100
I/AudioTrack(  470): set() streamType 1 frameCount 4096 flags 0004 sampleRate 44100
I/AudioTrack(  470): AudioTrack getOutput streamType 1, sampleRate 44100, format 1, channelMask 1, flags 4
I/AudioTrack(  470): AudioTrack::createTrack_l sampleRate=44100 format=1
I/AudioTrack(  470): createTrack_l() output 2 afLatency 69
I/AudioTrack(  470): AudioTrack::createTrack_l createTrack() sampleRate=44100
I/AudioFlinger(  144): AudioFlinger createTrack() sampleRate=44100 streamType=1
I/AudioFlinger(  144): createTrack() sessionId: 0
I/AudioFlinger(  144): AudioFlinger createTrack() lSessionId: 443 sampleRate=44100
I/AudioFlinger(  144): AudioFlinger createTrack() done
I/AudioFlinger(  144): AudioFlinger ~TrackHandle()
I/AudioFlinger(  144): AudioFlinger PlaybackThread::Track::destroy() releaseOutput()
I/AudioSystem(  144): AudioSystem releaseOutput() output 2
I/AudioFlinger(  144): AudioFlinger PlaybackThread::destroyTrack_l()
D/dalvikvm(  470): GC_FOR_ALLOC freed 683K, 21% free 13210K/16556K, paused 62ms, total 63ms
D/dalvikvm(  470): GC_FOR_ALLOC freed 266K, 21% free 13191K/16556K, paused 53ms, total 53ms
I/AudioSystem(  470): getFrameCount() streamType 1, output 2, frameCount 1024
I/AudioSystem(  470): getSamplingRate() reading from output desc
I/AudioSystem(  470): getSamplingRate() streamType 1, output 2, sampling rate 44100
I/AudioTrack(  470): set() streamType 1 frameCount 4096 flags 0004 sampleRate 44100
I/AudioTrack(  470): AudioTrack getOutput streamType 1, sampleRate 44100, format 1, channelMask 1, flags 4
I/AudioTrack(  470): AudioTrack::createTrack_l sampleRate=44100 format=1
I/AudioTrack(  470): createTrack_l() output 2 afLatency 69
I/AudioTrack(  470): AudioTrack::createTrack_l createTrack() sampleRate=44100
I/AudioFlinger(  144): AudioFlinger createTrack() sampleRate=44100 streamType=1
I/AudioFlinger(  144): createTrack() sessionId: 0
I/AudioFlinger(  144): AudioFlinger createTrack() lSessionId: 444 sampleRate=44100
I/AudioFlinger(  144): AudioFlinger createTrack() done
I/AudioFlinger(  144): AudioFlinger ~TrackHandle()
I/AudioFlinger(  144): AudioFlinger PlaybackThread::Track::destroy() releaseOutput()
I/AudioSystem(  144): AudioSystem releaseOutput() output 2
I/AudioFlinger(  144): AudioFlinger PlaybackThread::destroyTrack_l()
I/AlarmManager(  470): ACCEPTED type=3 triggerAtTime=8989658 interval=0 PendingIntent=PendingIntent{411cb9a0: PendingIntentRecord{41161998 android broadcastIntent}} idx=-2 search=null
I/AudioSystem(  470): getFrameCount() streamType 1, output 2, frameCount 1024
I/AudioSystem(  470): getSamplingRate() reading from output desc
I/AudioSystem(  470): getSamplingRate() streamType 1, output 2, sampling rate 44100
I/AudioTrack(  470): set() streamType 1 frameCount 4096 flags 0004 sampleRate 44100
I/AudioTrack(  470): AudioTrack getOutput streamType 1, sampleRate 44100, format 1, channelMask 1, flags 4
I/AudioTrack(  470): AudioTrack::createTrack_l sampleRate=44100 format=1
I/AudioTrack(  470): createTrack_l() output 2 afLatency 69
I/AudioTrack(  470): AudioTrack::createTrack_l createTrack() sampleRate=44100
I/AudioFlinger(  144): AudioFlinger createTrack() sampleRate=44100 streamType=1
I/AudioFlinger(  144): createTrack() sessionId: 0
I/AudioFlinger(  144): AudioFlinger createTrack() lSessionId: 445 sampleRate=44100
I/AudioFlinger(  144): AudioFlinger createTrack() done
I/AudioFlinger(  144): AudioFlinger ~TrackHandle()
I/AudioFlinger(  144): AudioFlinger PlaybackThread::Track::destroy() releaseOutput()
I/AudioSystem(  144): AudioSystem releaseOutput() output 2
I/AudioFlinger(  144): AudioFlinger PlaybackThread::destroyTrack_l()
I/AudioSystem(  470): getFrameCount() streamType 1, output 2, frameCount 1024
I/AudioSystem(  470): getSamplingRate() reading from output desc
I/AudioSystem(  470): getSamplingRate() streamType 1, output 2, sampling rate 44100
I/AudioTrack(  470): set() streamType 1 frameCount 4096 flags 0004 sampleRate 44100
I/AudioTrack(  470): AudioTrack getOutput streamType 1, sampleRate 44100, format 1, channelMask 1, flags 4
I/AudioTrack(  470): AudioTrack::createTrack_l sampleRate=44100 format=1
I/AudioTrack(  470): createTrack_l() output 2 afLatency 69
I/AudioTrack(  470): AudioTrack::createTrack_l createTrack() sampleRate=44100
I/AudioFlinger(  144): AudioFlinger createTrack() sampleRate=44100 streamType=1
I/AudioFlinger(  144): createTrack() sessionId: 0
I/AudioFlinger(  144): AudioFlinger createTrack() lSessionId: 446 sampleRate=44100
I/AudioFlinger(  144): AudioFlinger createTrack() done
I/AudioFlinger(  144): AudioFlinger ~TrackHandle()
I/AudioFlinger(  144): AudioFlinger PlaybackThread::Track::destroy() releaseOutput()
I/AudioSystem(  144): AudioSystem releaseOutput() output 2
I/AudioFlinger(  144): AudioFlinger PlaybackThread::destroyTrack_l()
I/AudioSystem(  470): getFrameCount() streamType 1, output 2, frameCount 1024
I/AudioSystem(  470): getSamplingRate() reading from output desc
I/AudioSystem(  470): getSamplingRate() streamType 1, output 2, sampling rate 44100
I/AudioTrack(  470): set() streamType 1 frameCount 4096 flags 0004 sampleRate 44100
I/AudioTrack(  470): AudioTrack getOutput streamType 1, sampleRate 44100, format 1, channelMask 1, flags 4
I/AudioTrack(  470): AudioTrack::createTrack_l sampleRate=44100 format=1
I/AudioTrack(  470): createTrack_l() output 2 afLatency 69
I/AudioTrack(  470): AudioTrack::createTrack_l createTrack() sampleRate=44100
I/AudioFlinger(  144): AudioFlinger createTrack() sampleRate=44100 streamType=1
I/AudioFlinger(  144): createTrack() sessionId: 0
I/AudioFlinger(  144): AudioFlinger createTrack() lSessionId: 447 sampleRate=44100
I/AudioFlinger(  144): AudioFlinger createTrack() done
I/AudioFlinger(  144): AudioFlinger ~TrackHandle()
I/AudioFlinger(  144): AudioFlinger PlaybackThread::Track::destroy() releaseOutput()
I/AudioSystem(  144): AudioSystem releaseOutput() output 2
I/AudioFlinger(  144): AudioFlinger PlaybackThread::destroyTrack_l()
I/ActivityManager(  470): START u0 {act=android.intent.action.CHOOSER flg=0x1 cmp=android/com.android.internal.app.ChooserActivity (has clip) (has extras)} from pid 8983
D/dalvikvm(  470): GC_FOR_ALLOC freed 390K, 21% free 13206K/16556K, paused 58ms, total 58ms
D/dalvikvm( 8983): GC_CONCURRENT freed 1396K, 37% free 6865K/10888K, paused 3ms+8ms, total 39ms
I/ActivityManager(  470): Displayed android/com.android.internal.app.ChooserActivity: +467ms
I/AudioSystem(  470): getFrameCount() streamType 1, output 2, frameCount 1024
I/AudioSystem(  470): getSamplingRate() reading from output desc
I/AudioSystem(  470): getSamplingRate() streamType 1, output 2, sampling rate 44100
I/AudioTrack(  470): set() streamType 1 frameCount 4096 flags 0004 sampleRate 44100
I/AudioTrack(  470): AudioTrack getOutput streamType 1, sampleRate 44100, format 1, channelMask 1, flags 4
I/AudioTrack(  470): AudioTrack::createTrack_l sampleRate=44100 format=1
I/AudioTrack(  470): createTrack_l() output 2 afLatency 69
I/AudioTrack(  470): AudioTrack::createTrack_l createTrack() sampleRate=44100
I/AudioFlinger(  144): AudioFlinger createTrack() sampleRate=44100 streamType=1
I/AudioFlinger(  144): createTrack() sessionId: 0
I/AudioFlinger(  144): AudioFlinger createTrack() lSessionId: 448 sampleRate=44100
I/AudioFlinger(  144): AudioFlinger createTrack() done
I/AudioFlinger(  144): AudioFlinger ~TrackHandle()
I/AudioFlinger(  144): AudioFlinger PlaybackThread::Track::destroy() releaseOutput()
I/AudioSystem(  144): AudioSystem releaseOutput() output 2
I/AudioFlinger(  144): AudioFlinger PlaybackThread::destroyTrack_l()
I/ActivityManager(  470): START u0 {act=android.intent.action.SEND typ=text/plain flg=0x3000001 cmp=com.android.bluetooth/.opp.BluetoothOppLauncherActivity (has clip) (has extras)} from pid 8983
D/dalvikvm(  470): GC_FOR_ALLOC freed 301K, 21% free 13215K/16556K, paused 60ms, total 60ms
W/Settings( 9161): Setting airplane_mode_on has moved from android.provider.Settings.System to android.provider.Settings.Global, returning read-only value.
D/BluetoothOppUtility( 9161): putSendFileInfo: uri=file:///sdcard/dmesg.txt sendFileInfo=com.android.bluetooth.opp.BluetoothOppSendFileInfo@41234a78
I/ActivityManager(  470): START u0 {act=android.bluetooth.devicepicker.action.LAUNCH flg=0x800000 cmp=com.android.settings/.bluetooth.DevicePickerActivity (has extras)} from pid 9161
D/LocalBluetoothManager( 4127): setting foreground activity to non-null context
D/BluetoothAdapterService(1093739864)( 9161): getState(): mAdapterProperties: com.android.bluetooth.btservice.AdapterProperties@41328ae8
D/BluetoothAdapterService(1093739864)( 9161): getState(): mAdapterProperties: com.android.bluetooth.btservice.AdapterProperties@41328ae8
D/BluetoothAdapterService(1093739864)( 9161): getState(): mAdapterProperties: com.android.bluetooth.btservice.AdapterProperties@41328ae8
D/BluetoothAdapterService(1093739864)( 9161): getState(): mAdapterProperties: com.android.bluetooth.btservice.AdapterProperties@41328ae8
D/BluetoothAdapterService(1093739864)( 9161): getState(): mAdapterProperties: com.android.bluetooth.btservice.AdapterProperties@41328ae8
D/BluetoothAdapterService(1093739864)( 9161): getState(): mAdapterProperties: com.android.bluetooth.btservice.AdapterProperties@41328ae8
D/BluetoothAdapterService(1093739864)( 9161): getState(): mAdapterProperties: com.android.bluetooth.btservice.AdapterProperties@41328ae8
W/bt-btif ( 9161): bta_dm_check_av:0
V/BluetoothDiscoveryReceiver( 4127): Received: android.bluetooth.adapter.action.DISCOVERY_STARTED
I/ActivityManager(  470): Displayed com.android.settings/.bluetooth.DevicePickerActivity: +284ms (total +348ms)
I/ActivityManager(  470): Displayed com.android.bluetooth/.opp.BluetoothOppLauncherActivity: +351ms
D/dalvikvm( 9161): GC_EXPLICIT freed 975K, 75% free 2768K/10888K, paused 4ms+9ms, total 44ms
I/AudioSystem(  470): getFrameCount() streamType 1, output 2, frameCount 1024
I/AudioSystem(  470): getSamplingRate() reading from output desc
I/AudioSystem(  470): getSamplingRate() streamType 1, output 2, sampling rate 44100
I/AudioTrack(  470): set() streamType 1 frameCount 4096 flags 0004 sampleRate 44100
I/AudioTrack(  470): AudioTrack getOutput streamType 1, sampleRate 44100, format 1, channelMask 1, flags 4
I/AudioTrack(  470): AudioTrack::createTrack_l sampleRate=44100 format=1
I/AudioTrack(  470): createTrack_l() output 2 afLatency 69
I/AudioTrack(  470): AudioTrack::createTrack_l createTrack() sampleRate=44100
I/AudioFlinger(  144): AudioFlinger createTrack() sampleRate=44100 streamType=1
I/AudioFlinger(  144): createTrack() sessionId: 0
I/AudioFlinger(  144): AudioFlinger createTrack() lSessionId: 449 sampleRate=44100
I/AudioFlinger(  144): AudioFlinger createTrack() done
D/BluetoothAdapterService(1093739864)( 9161): getState(): mAdapterProperties: com.android.bluetooth.btservice.AdapterProperties@41328ae8
I/AudioFlinger(  144): AudioFlinger ~TrackHandle()
I/AudioFlinger(  144): AudioFlinger PlaybackThread::Track::destroy() releaseOutput()
I/AudioSystem(  144): AudioSystem releaseOutput() output 2
I/AudioFlinger(  144): AudioFlinger PlaybackThread::destroyTrack_l()
D/BluetoothAdapterService(1093739864)( 9161): getState(): mAdapterProperties: com.android.bluetooth.btservice.AdapterProperties@41328ae8
W/ContextImpl( 4127): Calling a method in the system process without a qualified user: android.app.ContextImpl.sendBroadcast:1084 android.content.ContextWrapper.sendBroadcast:338 com.android.settings.bluetooth.DevicePickerFragment.sendDevicePickedIntent:107 com.android.settings.bluetooth.DevicePickerFragment.onDevicePreferenceClick:74 com.android.settings.bluetooth.DeviceListPreferenceFragment.onPreferenceTreeClick:143 
D/dalvikvm(  470): GC_FOR_ALLOC freed 349K, 21% free 13219K/16556K, paused 66ms, total 66ms
V/BluetoothDiscoveryReceiver( 4127): Received: android.bluetooth.adapter.action.DISCOVERY_FINISHED
D/BluetoothAdapterService(1093739864)( 9161): getState(): mAdapterProperties: com.android.bluetooth.btservice.AdapterProperties@41328ae8
D/LocalBluetoothManager( 4127): setting foreground activity to null
D/BtOppService( 9161): insertShare parsed URI: file:///sdcard/dmesg.txt
D/BluetoothOppUtility( 9161): getSendFileInfo: uri=file:///sdcard/dmesg.txt
W/BluetoothAdapter( 9161): getBluetoothService() called with no BluetoothManagerCallback
D/BTIF_SOCK( 9161): service_uuid: 00001105-0000-1000-8000-00805f9b34fb
D/BluetoothSocket( 9161): connect(), SocketState: INIT, mPfd: {ParcelFileDescriptor: FileDescriptor[63]}
D/dalvikvm( 4127): GC_EXPLICIT freed 453K, 21% free 10492K/13196K, paused 3ms+8ms, total 83ms
W/bt-sdp  ( 9161): process_service_search_attr_rsp
W/bt-btif ( 9161): info:x10
I/HeadsetService( 9404): Headset=true; Bluetooth=false
E/bt-btm  ( 9161): tBTM_SEC_DEV:0x6994ef2c rs_disc_pending=0
W/bt-btif ( 9161): bta_dm_check_av:0
W/bt-btif ( 9161): btif_dm_cback : unhandled event (14)
D/BtOppObexClient( 9161): Start!
I/PowerManager( 9161): newWakeLock BtOppObexClient levelAndFlags=1
D/BluetoothOppUtility( 9161): getSendFileInfo: uri=file:///sdcard/dmesg.txt
D/BtOppObexClient( 9161): Create ClientSession with transport com.android.bluetooth.opp.BluetoothOppRfcommTransport@412a4b30
D/BtOppObexClient( 9161): OBEX session created
I/BtOppObexClient( 9161): SendFile finished send out file dmesg.txt length 131072
D/BluetoothOppUtility( 9161): closeSendFileInfo: uri=file:///sdcard/dmesg.txt
D/BtOppObexClient( 9161): Client thread waiting for next share, sleep for 500
D/BtOppObexClient( 9161): Stop!
D/BtOppObexClient( 9161): OBEX session disconnected
W/bt-rfcomm( 9161): Port state disc_wait_ua Event ignored 12
W/bt-btif ( 9161): invalid rfc slot id: 13
D/BtOppObexClient( 9161): Stop!
E/bt-btm  ( 9161): btm_sec_disconnected - Clearing Pending flag
I/HeadsetService( 9404): Headset=true; Bluetooth=false
I/AudioSystem(  470): getFrameCount() streamType 1, output 2, frameCount 1024
I/AudioSystem(  470): getSamplingRate() reading from output desc
I/AudioSystem(  470): getSamplingRate() streamType 1, output 2, sampling rate 44100
I/AudioTrack(  470): set() streamType 1 frameCount 4096 flags 0004 sampleRate 44100
I/AudioTrack(  470): AudioTrack getOutput streamType 1, sampleRate 44100, format 1, channelMask 1, flags 4
I/AudioTrack(  470): AudioTrack::createTrack_l sampleRate=44100 format=1
I/AudioTrack(  470): createTrack_l() output 2 afLatency 69
I/AudioTrack(  470): AudioTrack::createTrack_l createTrack() sampleRate=44100
I/AudioFlinger(  144): AudioFlinger createTrack() sampleRate=44100 streamType=1
I/AudioFlinger(  144): createTrack() sessionId: 0
I/AudioFlinger(  144): AudioFlinger createTrack() lSessionId: 450 sampleRate=44100
I/AudioFlinger(  144): AudioFlinger createTrack() done
I/AudioFlinger(  144): AudioFlinger ~TrackHandle()
I/AudioFlinger(  144): AudioFlinger PlaybackThread::Track::destroy() releaseOutput()
I/AudioSystem(  144): AudioSystem releaseOutput() output 2
I/AudioFlinger(  144): AudioFlinger PlaybackThread::destroyTrack_l()
I/AudioSystem(  470): getFrameCount() streamType 1, output 2, frameCount 1024
I/AudioSystem(  470): getSamplingRate() reading from output desc
I/AudioSystem(  470): getSamplingRate() streamType 1, output 2, sampling rate 44100
I/AudioTrack(  470): set() streamType 1 frameCount 4096 flags 0004 sampleRate 44100
I/AudioTrack(  470): AudioTrack getOutput streamType 1, sampleRate 44100, format 1, channelMask 1, flags 4
I/AudioTrack(  470): AudioTrack::createTrack_l sampleRate=44100 format=1
I/AudioTrack(  470): createTrack_l() output 2 afLatency 69
I/AudioTrack(  470): AudioTrack::createTrack_l createTrack() sampleRate=44100
I/AudioFlinger(  144): AudioFlinger createTrack() sampleRate=44100 streamType=1
I/AudioFlinger(  144): createTrack() sessionId: 0
I/AudioFlinger(  144): AudioFlinger createTrack() lSessionId: 451 sampleRate=44100
I/AudioFlinger(  144): AudioFlinger createTrack() done
I/AudioFlinger(  144): AudioFlinger ~TrackHandle()
I/AudioFlinger(  144): AudioFlinger PlaybackThread::Track::destroy() releaseOutput()
I/AudioSystem(  144): AudioSystem releaseOutput() output 2
I/AudioFlinger(  144): AudioFlinger PlaybackThread::destroyTrack_l()
I/AudioSystem(  470): getFrameCount() streamType 1, output 2, frameCount 1024
I/AudioSystem(  470): getSamplingRate() reading from output desc
I/AudioSystem(  470): getSamplingRate() streamType 1, output 2, sampling rate 44100
I/AudioTrack(  470): set() streamType 1 frameCount 4096 flags 0004 sampleRate 44100
I/AudioTrack(  470): AudioTrack getOutput streamType 1, sampleRate 44100, format 1, channelMask 1, flags 4
I/AudioTrack(  470): AudioTrack::createTrack_l sampleRate=44100 format=1
I/AudioTrack(  470): createTrack_l() output 2 afLatency 69
I/AudioTrack(  470): AudioTrack::createTrack_l createTrack() sampleRate=44100
I/AudioFlinger(  144): AudioFlinger createTrack() sampleRate=44100 streamType=1
I/AudioFlinger(  144): createTrack() sessionId: 0
I/AudioFlinger(  144): AudioFlinger createTrack() lSessionId: 452 sampleRate=44100
I/AudioFlinger(  144): AudioFlinger createTrack() done
I/AudioFlinger(  144): AudioFlinger ~TrackHandle()
I/AudioFlinger(  144): AudioFlinger PlaybackThread::Track::destroy() releaseOutput()
I/AudioSystem(  144): AudioSystem releaseOutput() output 2
I/AudioFlinger(  144): AudioFlinger PlaybackThread::destroyTrack_l()
I/AudioSystem(  470): getFrameCount() streamType 1, output 2, frameCount 1024
I/AudioSystem(  470): getSamplingRate() reading from output desc
I/AudioSystem(  470): getSamplingRate() streamType 1, output 2, sampling rate 44100
I/AudioTrack(  470): set() streamType 1 frameCount 4096 flags 0004 sampleRate 44100
I/AudioTrack(  470): AudioTrack getOutput streamType 1, sampleRate 44100, format 1, channelMask 1, flags 4
I/AudioTrack(  470): AudioTrack::createTrack_l sampleRate=44100 format=1
I/AudioTrack(  470): createTrack_l() output 2 afLatency 69
I/AudioTrack(  470): AudioTrack::createTrack_l createTrack() sampleRate=44100
I/AudioFlinger(  144): AudioFlinger createTrack() sampleRate=44100 streamType=1
I/AudioFlinger(  144): createTrack() sessionId: 0
I/AudioFlinger(  144): AudioFlinger createTrack() lSessionId: 453 sampleRate=44100
I/AudioFlinger(  144): AudioFlinger createTrack() done
I/AudioFlinger(  144): AudioFlinger ~TrackHandle()
I/AudioFlinger(  144): AudioFlinger PlaybackThread::Track::destroy() releaseOutput()
I/AudioSystem(  144): AudioSystem releaseOutput() output 2
I/AudioFlinger(  144): AudioFlinger PlaybackThread::destroyTrack_l()
D/dalvikvm( 8983): GC_CONCURRENT freed 1900K, 36% free 6988K/10888K, paused 2ms+20ms, total 99ms
I/AlarmManager(  470): ACCEPTED type=3 triggerAtTime=9049657 interval=0 PendingIntent=PendingIntent{411cb9a0: PendingIntentRecord{41161998 android broadcastIntent}} idx=-2 search=null
I/AudioSystem(  470): getFrameCount() streamType 1, output 2, frameCount 1024
I/AudioSystem(  470): getSamplingRate() reading from output desc
I/AudioSystem(  470): getSamplingRate() streamType 1, output 2, sampling rate 44100
I/AudioTrack(  470): set() streamType 1 frameCount 4096 flags 0004 sampleRate 44100
I/AudioTrack(  470): AudioTrack getOutput streamType 1, sampleRate 44100, format 1, channelMask 1, flags 4
I/AudioTrack(  470): AudioTrack::createTrack_l sampleRate=44100 format=1
I/AudioTrack(  470): createTrack_l() output 2 afLatency 69
I/AudioTrack(  470): AudioTrack::createTrack_l createTrack() sampleRate=44100
I/AudioFlinger(  144): AudioFlinger createTrack() sampleRate=44100 streamType=1
I/AudioFlinger(  144): createTrack() sessionId: 0
I/AudioFlinger(  144): AudioFlinger createTrack() lSessionId: 454 sampleRate=44100
I/AudioFlinger(  144): AudioFlinger createTrack() done
I/AudioFlinger(  144): AudioFlinger ~TrackHandle()
I/AudioFlinger(  144): AudioFlinger PlaybackThread::Track::destroy() releaseOutput()
I/AudioSystem(  144): AudioSystem releaseOutput() output 2
I/AudioFlinger(  144): AudioFlinger PlaybackThread::destroyTrack_l()
I/ConnectivityManager( 1529): getActiveNetworkInfo networkInfo=null unetDeviceName=
I/AudioSystem(  470): getFrameCount() streamType 1, output 2, frameCount 1024
I/AudioSystem(  470): getSamplingRate() reading from output desc
I/AudioSystem(  470): getSamplingRate() streamType 1, output 2, sampling rate 44100
I/AudioTrack(  470): set() streamType 1 frameCount 4096 flags 0004 sampleRate 44100
I/AudioTrack(  470): AudioTrack getOutput streamType 1, sampleRate 44100, format 1, channelMask 1, flags 4
I/AudioTrack(  470): AudioTrack::createTrack_l sampleRate=44100 format=1
I/AudioTrack(  470): createTrack_l() output 2 afLatency 69
I/AudioTrack(  470): AudioTrack::createTrack_l createTrack() sampleRate=44100
I/AudioFlinger(  144): AudioFlinger createTrack() sampleRate=44100 streamType=1
I/AudioFlinger(  144): createTrack() sessionId: 0
I/AudioFlinger(  144): AudioFlinger createTrack() lSessionId: 455 sampleRate=44100
I/AudioFlinger(  144): AudioFlinger createTrack() done
I/AudioFlinger(  144): AudioFlinger ~TrackHandle()
I/AudioFlinger(  144): AudioFlinger PlaybackThread::Track::destroy() releaseOutput()
I/AudioSystem(  144): AudioSystem releaseOutput() output 2
I/AudioFlinger(  144): AudioFlinger PlaybackThread::destroyTrack_l()
I/AudioSystem(  470): getFrameCount() streamType 1, output 2, frameCount 1024
I/AudioSystem(  470): getSamplingRate() reading from output desc
I/AudioSystem(  470): getSamplingRate() streamType 1, output 2, sampling rate 44100
I/AudioTrack(  470): set() streamType 1 frameCount 4096 flags 0004 sampleRate 44100
I/AudioTrack(  470): AudioTrack getOutput streamType 1, sampleRate 44100, format 1, channelMask 1, flags 4
I/AudioTrack(  470): AudioTrack::createTrack_l sampleRate=44100 format=1
I/AudioTrack(  470): createTrack_l() output 2 afLatency 69
I/AudioTrack(  470): AudioTrack::createTrack_l createTrack() sampleRate=44100
I/AudioFlinger(  144): AudioFlinger createTrack() sampleRate=44100 streamType=1
I/AudioFlinger(  144): createTrack() sessionId: 0
I/AudioFlinger(  144): AudioFlinger createTrack() lSessionId: 456 sampleRate=44100
I/AudioFlinger(  144): AudioFlinger createTrack() done
I/AudioFlinger(  144): AudioFlinger ~TrackHandle()
I/AudioFlinger(  144): AudioFlinger PlaybackThread::Track::destroy() releaseOutput()
I/AudioSystem(  144): AudioSystem releaseOutput() output 2
I/AudioFlinger(  144): AudioFlinger PlaybackThread::destroyTrack_l()
I/AudioSystem(  470): getFrameCount() streamType 1, output 2, frameCount 1024
I/AudioSystem(  470): getSamplingRate() reading from output desc
I/AudioSystem(  470): getSamplingRate() streamType 1, output 2, sampling rate 44100
I/AudioTrack(  470): set() streamType 1 frameCount 4096 flags 0004 sampleRate 44100
I/AudioTrack(  470): AudioTrack getOutput streamType 1, sampleRate 44100, format 1, channelMask 1, flags 4
I/AudioTrack(  470): AudioTrack::createTrack_l sampleRate=44100 format=1
I/AudioTrack(  470): createTrack_l() output 2 afLatency 69
I/AudioTrack(  470): AudioTrack::createTrack_l createTrack() sampleRate=44100
I/AudioFlinger(  144): AudioFlinger createTrack() sampleRate=44100 streamType=1
I/AudioFlinger(  144): createTrack() sessionId: 0
I/AudioFlinger(  144): AudioFlinger createTrack() lSessionId: 457 sampleRate=44100
I/AudioFlinger(  144): AudioFlinger createTrack() done
I/AudioFlinger(  144): AudioFlinger ~TrackHandle()
I/AudioFlinger(  144): AudioFlinger PlaybackThread::Track::destroy() releaseOutput()
I/AudioSystem(  144): AudioSystem releaseOutput() output 2
I/AudioFlinger(  144): AudioFlinger PlaybackThread::destroyTrack_l()
I/AudioSystem(  470): getFrameCount() streamType 1, output 2, frameCount 1024
I/AudioSystem(  470): getSamplingRate() reading from output desc
I/AudioSystem(  470): getSamplingRate() streamType 1, output 2, sampling rate 44100
I/AudioTrack(  470): set() streamType 1 frameCount 4096 flags 0004 sampleRate 44100
I/AudioTrack(  470): AudioTrack getOutput streamType 1, sampleRate 44100, format 1, channelMask 1, flags 4
I/AudioTrack(  470): AudioTrack::createTrack_l sampleRate=44100 format=1
I/AudioTrack(  470): createTrack_l() output 2 afLatency 69
I/AudioTrack(  470): AudioTrack::createTrack_l createTrack() sampleRate=44100
I/AudioFlinger(  144): AudioFlinger createTrack() sampleRate=44100 streamType=1
I/AudioFlinger(  144): createTrack() sessionId: 0
I/AudioFlinger(  144): AudioFlinger createTrack() lSessionId: 458 sampleRate=44100
I/AudioFlinger(  144): AudioFlinger createTrack() done
I/AudioFlinger(  144): AudioFlinger ~TrackHandle()
I/AudioFlinger(  144): AudioFlinger PlaybackThread::Track::destroy() releaseOutput()
I/AudioSystem(  144): AudioSystem releaseOutput() output 2
I/AudioFlinger(  144): AudioFlinger PlaybackThread::destroyTrack_l()
W/ResourceType( 8983): No package identifier when getting value for resource number 0x00000000
W/ResourceType( 8983): No package identifier when getting value for resource number 0x00000000
W/ResourceType( 8983): No package identifier when getting value for resource number 0x00000000
W/ResourceType( 8983): No package identifier when getting value for resource number 0x00000000
W/ResourceType( 8983): No package identifier when getting value for resource number 0x00000000
W/ResourceType( 8983): No package identifier when getting value for resource number 0x00000000
W/ResourceType( 8983): No package identifier when getting value for resource number 0x00000000
W/ResourceType( 8983): No package identifier when getting value for resource number 0x00000000
W/ResourceType( 8983): No package identifier when getting value for resource number 0x00000000
W/ResourceType( 8983): No package identifier when getting value for resource number 0x00000000
W/ResourceType( 8983): No package identifier when getting value for resource number 0x00000000
W/ResourceType( 8983): No package identifier when getting value for resource number 0x00000000
W/ResourceType( 8983): No package identifier when getting value for resource number 0x00000000
W/ResourceType( 8983): No package identifier when getting value for resource number 0x00000000
W/ResourceType( 8983): No package identifier when getting value for resource number 0x00000000
W/ResourceType( 8983): No package identifier when getting value for resource number 0x00000000
W/ResourceType( 8983): No package identifier when getting value for resource number 0x00000000
W/ResourceType( 8983): No package identifier when getting value for resource number 0x00000000
D/dalvikvm( 8983): GC_CONCURRENT freed 2019K, 36% free 7007K/10888K, paused 1ms+4ms, total 37ms
D/dalvikvm( 8983): WAIT_FOR_CONCURRENT_GC blocked 22ms
W/ResourceType( 8983): No package identifier when getting value for resource number 0x00000000
W/ResourceType( 8983): No package identifier when getting value for resource number 0x00000000
I/PowerManager( 8983): newWakeLock ES Wake Lock levelAndFlags=1
I/AudioSystem(  470): getFrameCount() streamType 1, output 2, frameCount 1024
I/AudioSystem(  470): getSamplingRate() reading from output desc
I/AudioSystem(  470): getSamplingRate() streamType 1, output 2, sampling rate 44100
I/AudioTrack(  470): set() streamType 1 frameCount 4096 flags 0004 sampleRate 44100
I/AudioTrack(  470): AudioTrack getOutput streamType 1, sampleRate 44100, format 1, channelMask 1, flags 4
I/AudioTrack(  470): AudioTrack::createTrack_l sampleRate=44100 format=1
I/AudioTrack(  470): createTrack_l() output 2 afLatency 69
I/AudioTrack(  470): AudioTrack::createTrack_l createTrack() sampleRate=44100
I/AudioFlinger(  144): AudioFlinger createTrack() sampleRate=44100 streamType=1
I/AudioFlinger(  144): createTrack() sessionId: 0
I/AudioFlinger(  144): AudioFlinger createTrack() lSessionId: 459 sampleRate=44100
I/AudioFlinger(  144): AudioFlinger createTrack() done
I/AudioFlinger(  144): AudioFlinger ~TrackHandle()
I/AudioFlinger(  144): AudioFlinger PlaybackThread::Track::destroy() releaseOutput()
I/AudioSystem(  144): AudioSystem releaseOutput() output 2
I/AudioFlinger(  144): AudioFlinger PlaybackThread::destroyTrack_l()
W/ResourceType( 8983): No package identifier when getting value for resource number 0x00000000
W/ResourceType( 8983): No package identifier when getting value for resource number 0x00000000
W/ResourceType( 8983): No package identifier when getting value for resource number 0x00000000
W/ResourceType( 8983): No package identifier when getting value for resource number 0x00000000
W/ResourceType( 8983): No package identifier when getting value for resource number 0x00000000
W/ResourceType( 8983): No package identifier when getting value for resource number 0x00000000
W/ResourceType( 8983): No package identifier when getting value for resource number 0x00000000
W/ResourceType( 8983): No package identifier when getting value for resource number 0x00000000
W/ResourceType( 8983): No package identifier when getting value for resource number 0x00000000
W/ResourceType( 8983): No package identifier when getting value for resource number 0x00000000
W/ResourceType( 8983): No package identifier when getting value for resource number 0x00000000
E/NotificationService(  470): Ignoring notification with icon==0: Notification(pri=0 contentView=null vibrate=null sound=null defaults=0x0 flags=0x62 kind=[null])
I/PowerManager( 8983): newWakeLock ES Wake Lock levelAndFlags=1
D/dalvikvm(  574): GC_FOR_ALLOC freed 3287K, 32% free 10496K/15400K, paused 119ms, total 123ms
I/AudioSystem(  470): getFrameCount() streamType 1, output 2, frameCount 1024
I/AudioSystem(  470): getSamplingRate() reading from output desc
I/AudioSystem(  470): getSamplingRate() streamType 1, output 2, sampling rate 44100
I/AudioTrack(  470): set() streamType 1 frameCount 4096 flags 0004 sampleRate 44100
I/AudioTrack(  470): AudioTrack getOutput streamType 1, sampleRate 44100, format 1, channelMask 1, flags 4
I/AudioTrack(  470): AudioTrack::createTrack_l sampleRate=44100 format=1
I/AudioTrack(  470): createTrack_l() output 2 afLatency 69
I/AudioTrack(  470): AudioTrack::createTrack_l createTrack() sampleRate=44100
I/AudioFlinger(  144): AudioFlinger createTrack() sampleRate=44100 streamType=1
I/AudioFlinger(  144): createTrack() sessionId: 0
I/AudioFlinger(  144): AudioFlinger createTrack() lSessionId: 460 sampleRate=44100
I/AudioFlinger(  144): AudioFlinger createTrack() done
I/AudioFlinger(  144): AudioFlinger ~TrackHandle()
I/AudioFlinger(  144): AudioFlinger PlaybackThread::Track::destroy() releaseOutput()
I/AudioSystem(  144): AudioSystem releaseOutput() output 2
I/AudioFlinger(  144): AudioFlinger PlaybackThread::destroyTrack_l()
I/AudioSystem(  470): getFrameCount() streamType 1, output 2, frameCount 1024
I/AudioSystem(  470): getSamplingRate() reading from output desc
I/AudioSystem(  470): getSamplingRate() streamType 1, output 2, sampling rate 44100
I/AudioTrack(  470): set() streamType 1 frameCount 4096 flags 0004 sampleRate 44100
I/AudioTrack(  470): AudioTrack getOutput streamType 1, sampleRate 44100, format 1, channelMask 1, flags 4
I/AudioTrack(  470): AudioTrack::createTrack_l sampleRate=44100 format=1
I/AudioTrack(  470): createTrack_l() output 2 afLatency 69
I/AudioTrack(  470): AudioTrack::createTrack_l createTrack() sampleRate=44100
I/AudioFlinger(  144): AudioFlinger createTrack() sampleRate=44100 streamType=1
I/AudioFlinger(  144): createTrack() sessionId: 0
I/AudioFlinger(  144): AudioFlinger createTrack() lSessionId: 461 sampleRate=44100
I/AudioFlinger(  144): AudioFlinger createTrack() done
I/AudioFlinger(  144): AudioFlinger ~TrackHandle()
I/AudioFlinger(  144): AudioFlinger PlaybackThread::Track::destroy() releaseOutput()
I/AudioSystem(  144): AudioSystem releaseOutput() output 2
I/AudioFlinger(  144): AudioFlinger PlaybackThread::destroyTrack_l()
D/dalvikvm( 8983): GC_CONCURRENT freed 2614K, 42% free 6355K/10888K, paused 3ms+8ms, total 47ms
I/ConnectivityManager( 1529): getActiveNetworkInfo networkInfo=null unetDeviceName=
D/LMT::Launcher( 1529): Fire action type: 3, string: null, pos: null
I/ActivityManager(  470): START u0 {act=android.intent.action.MAIN cat=[android.intent.category.HOME] flg=0x10000000 cmp=com.teslacoilsw.launcher/com.android.launcher2.Launcher} from pid 1529
D/dalvikvm(  470): GC_FOR_ALLOC freed 710K, 21% free 13240K/16556K, paused 59ms, total 61ms
I/ActivityManager(  470): No longer want com.doubleTwist.androidPlayer (pid 3992): empty for 1812s
W/ActivityManager(  470): Scheduling restart of crashed service com.doubleTwist.androidPlayer/.MediaPlaybackService in 5000ms
D/CarbonRenderer(  671): ONRESUME
D/CarbonRenderer(  671): checkAndLoadSettings()
D/CarbonRenderer(  671): ONSURFACECREATED
D/CarbonRenderer(  671): ONSURFACECHANGED
D/CarbonRenderer(  671): onSharedPreferenceChanged()
D/CarbonRenderer(  671): checkAndLoadSettings()
D/CarbonRenderer(  671): GetShaderIdentifiers() 
I/AudioSystem(  470): getFrameCount() streamType 1, output 2, frameCount 1024
I/AudioSystem(  470): getSamplingRate() reading from output desc
I/AudioSystem(  470): getSamplingRate() streamType 1, output 2, sampling rate 44100
I/AudioTrack(  470): set() streamType 1 frameCount 4096 flags 0004 sampleRate 44100
I/AudioTrack(  470): AudioTrack getOutput streamType 1, sampleRate 44100, format 1, channelMask 1, flags 4
I/AudioTrack(  470): AudioTrack::createTrack_l sampleRate=44100 format=1
I/AudioTrack(  470): createTrack_l() output 2 afLatency 69
I/AudioTrack(  470): AudioTrack::createTrack_l createTrack() sampleRate=44100
I/AudioFlinger(  144): AudioFlinger createTrack() sampleRate=44100 streamType=1
I/AudioFlinger(  144): createTrack() sessionId: 0
I/AudioFlinger(  144): AudioFlinger createTrack() lSessionId: 462 sampleRate=44100
I/AudioFlinger(  144): AudioFlinger createTrack() done
I/AudioFlinger(  144): AudioFlinger ~TrackHandle()
I/AudioFlinger(  144): AudioFlinger PlaybackThread::Track::destroy() releaseOutput()
I/AudioSystem(  144): AudioSystem releaseOutput() output 2
I/AudioFlinger(  144): AudioFlinger PlaybackThread::destroyTrack_l()
I/ActivityManager(  470): START u0 {act=android.intent.action.MAIN cat=[android.intent.category.LAUNCHER] flg=0x10200000 cmp=ru.pccar/.Main bnds=[972,268][1153,385]} from pid 738
D/dalvikvm(  470): GC_FOR_ALLOC freed 369K, 21% free 13181K/16556K, paused 65ms, total 66ms
D/CarCam  ( 1496): ru.pccar.Main:onRestart
D/CarCam  ( 1496): ru.pccar.CameraPreview:surfaceCreated
V/PhoneStatusBar(  574): setLightsOn(true)
D/CarCam  ( 1496): ru.pccar.CameraPreview:onServiceConnected
D/dalvikvm( 1496): GC_FOR_ALLOC freed 1637K, 48% free 5720K/10888K, paused 18ms, total 18ms
D/CarCam  ( 1496): ru.pccar.CarCamService:onRebindBind
D/CarCam  ( 1496): start capturing and open device
D/CarCam  ( 1496): device /dev/video0
D/CarCam  ( 1496): format: PAL
D/CarCam  ( 1496): pixformat: stk1160 (UYVY)
D/CarCam  ( 1496): width=720, height=576
D/CarCam  ( 1496): device opened
D/CarCam  ( 1496): device init - OK
D/CarCam  ( 1496): ru.pccar.CarCamService:device prepared.
D/CarCam  ( 1496): ru.pccar.CarCamService$CarCamRepeat:start repeating
D/CarbonRenderer(  671): ONPAUSE
I/ConnectivityManager( 1529): getActiveNetworkInfo networkInfo=null unetDeviceName=
D/LMT::Launcher( 1529): Fire action type: 7, string: null, pos: null
D/LMT::InputContext( 1566): Processing command input keyevent 4
D/dalvikvm(  470): GC_FOR_ALLOC freed 333K, 21% free 13175K/16556K, paused 83ms, total 83ms
D/CarbonRenderer(  671): ONRESUME
D/CarbonRenderer(  671): checkAndLoadSettings()
D/CarbonRenderer(  671): ONSURFACECREATED
D/CarbonRenderer(  671): ONSURFACECHANGED
D/CarbonRenderer(  671): onSharedPreferenceChanged()
D/CarbonRenderer(  671): checkAndLoadSettings()
D/CarbonRenderer(  671): GetShaderIdentifiers() 
D/CarCam  ( 1496): ru.pccar.CameraPreview:surfaceDestroyed
D/CarCam  ( 1496): ru.pccar.CarCamService:onUnbind
D/CarCam  ( 1496): ru.pccar.CarCamService$CarCamRepeat:start repeating
D/CarCam  ( 1496): ru.pccar.CameraPreview:activity stopped
D/CarCam  ( 1496): ru.pccar.CameraPreview:stop capturing
D/CarCam  ( 1496): ru.pccar.Main:onStop
I/ActivityManager(  470): Start proc com.doubleTwist.androidPlayer for service com.doubleTwist.androidPlayer/.MediaPlaybackService: pid=10841 uid=10097 gids={50097, 3003, 1015, 3002, 1028}
I/ActivityManager(  470): Start proc com.google.android.gms for service com.google.android.gms/.gcm.PushMessagingRegistrarProxy: pid=10865 uid=10048 gids={50048, 3003, 1007, 1028, 1015, 1006, 2001, 3006}
D/dalvikvm(10841): Trying to load lib /data/app-lib/com.doubleTwist.androidPlayer-1/liballjoyn_java.so 0x41093630
D/dalvikvm(10841): Added shared lib /data/app-lib/com.doubleTwist.androidPlayer-1/liballjoyn_java.so 0x41093630
I/PowerManager(10841): newWakeLock android.media.MediaPlayer levelAndFlags=20000001
I/PowerManager(10841): newWakeLock try reading /data/excludeCreatorPackagesFromWakeLocks
D/RESTORE (10841): Restored domain: com.doubleTwist.androidPlayer.es@4116ece8
I/PowerManager(10841): newWakeLock com.doubleTwist.androidPlayer.MediaPlaybackService levelAndFlags=1
I/AudioSystem(  144): ioConfigChanged() event 0
I/AudioSystem(  144): ioConfigChanged() opening already existing output! 2
I/AudioSystem(  470): ioConfigChanged() event 0
I/AudioSystem(  470): ioConfigChanged() opening already existing output! 2
I/AudioSystem(10841): ioConfigChanged() event 0
I/AudioSystem(10841): ioConfigChanged() 2 new output samplingRate 44100, format 1 channels 0x3 frameCount 1024 latency 69 ######
I/AudioSystem(  574): ioConfigChanged() event 0
I/AudioSystem(  574): ioConfigChanged() opening already existing output! 2
I/AudioSystem(  712): ioConfigChanged() event 0
I/AudioSystem(  712): ioConfigChanged() opening already existing output! 2
I/AudioSystem( 6505): ioConfigChanged() event 0
I/AudioSystem( 6505): ioConfigChanged() opening already existing output! 2
I/PowerManager( 3960): newWakeLock MediaScannerService levelAndFlags=1
D/DtMediaProvider(10841): onReceive: android.hardware.usb.action.USB_STATE
D/DtMediaProvider(10841): ACTION_USB_STATE: usbConnected=false | stateDidChange=false
D/PodcastUpdateService(10841): onCreate
I/PowerManager(10841): newWakeLock com.doubleTwist.podcast.PodcastUpdateService levelAndFlags=1
D/PodcastUpdateService(10841): acquiring locks to process msg 20
V/PodcastUpdateService(10841): scheduleAutoDownloads: refreshInterval = 12
I/AlarmManager(  470): ACCEPTED type=0 triggerAtTime=1391202000513 interval=43200000 PendingIntent=PendingIntent{41196e00: PendingIntentRecord{4139fa58 com.doubleTwist.androidPlayer startService}} idx=-2 search=null
V/DtPodcastProvider(10841): onOpen called
D/PodcastUpdateService(10841): released locks after processing msg 20, locks held for 43
D/GCM     (10865): COMPAT: Multi user ser=0 current=0
I/ActivityManager(  470): START u0 {flg=0x10020000 cmp=ru.pccar/.Main} from pid 1496
D/dalvikvm(  470): GC_FOR_ALLOC freed 422K, 21% free 13228K/16556K, paused 65ms, total 65ms
V/PodcastUpdateService(10841): useCellular: false isWifiConnected: false useBattery: true isPowerConnected: true
D/CarCam  ( 1496): ru.pccar.CarCamService$CarCamRepeat:start CarCam
D/CarCam  ( 1496): ru.pccar.CarCamService$CarCamRepeat:end repeating
D/CarCam  ( 1496): ru.pccar.CarCamService$CarCamRepeat:start CarCam
D/CarCam  ( 1496): ru.pccar.CarCamService$CarCamRepeat:end repeating
I/ActivityManager(  470): START u0 {flg=0x10020000 cmp=ru.pccar/.Main} from pid 1496
D/CarCam  ( 1496): ru.pccar.Main:onCreate
W/GCM     (  826): DIR: /data/data/com.google.android.gms/app_APP /data/data/com.google.android.gsf
D/CarCam  ( 1496): ru.pccar.CameraPreview:CameraPreview constructed
I/dalvikvm(10865): Could not find method android.app.admin.DevicePolicyManager.isDeviceOwnerApp, referenced from method com.google.android.gms.init.InitializeIntentService.onHandleIntent
W/dalvikvm(10865): VFY: unable to resolve virtual method 2062: Landroid/app/admin/DevicePolicyManager;.isDeviceOwnerApp (Ljava/lang/String;)Z
D/dalvikvm(10865): VFY: replacing opcode 0x6e at 0x00f4
D/GCM     (  826): GcmService start Intent { act=com.google.android.gms.INITIALIZE flg=0x10 pkg=com.google.android.gms cmp=com.google.android.gms/.gcm.GcmService } com.google.android.gms.INITIALIZE
V/PhoneStatusBar(  574): setLightsOn(true)
E/dalvikvm(10865): Could not find class 'android.app.AppOpsManager', referenced from method axp.a
W/dalvikvm(10865): VFY: unable to resolve check-cast 386 (Landroid/app/AppOpsManager;) in Laxp;
D/dalvikvm(10865): VFY: replacing opcode 0x1f at 0x000e
D/CarCam  ( 1496): ru.pccar.CameraPreview:surfaceCreated
E/GCMIntentReceiver(10841): register error
E/GCMIntentReceiver(10841): java.io.IOException: SERVICE_NOT_AVAILABLE
E/GCMIntentReceiver(10841): 	at com.google.android.gms.gcm.GoogleCloudMessaging.register(Unknown Source)
E/GCMIntentReceiver(10841): 	at com.doubleTwist.androidPlayer.GCMIntentReceiver.c(DT:58)
E/GCMIntentReceiver(10841): 	at com.doubleTwist.androidPlayer.GCMIntentReceiver.b(DT:21)
E/GCMIntentReceiver(10841): 	at com.doubleTwist.androidPlayer.fm.run(DT:41)
E/GCMIntentReceiver(10841): 	at java.lang.Thread.run(Thread.java:856)
I/ActivityManager(  470): Displayed ru.pccar/.Main: +239ms
D/CarCam  ( 1496): ru.pccar.CameraPreview:onServiceConnected
D/dalvikvm( 1496): GC_FOR_ALLOC freed 1650K, 48% free 5739K/10888K, paused 21ms, total 21ms
D/CarCam  ( 1496): ru.pccar.CarCamService:onRebindBind
D/CarbonRenderer(  671): ONPAUSE
I/ConnectivityManager( 1529): getActiveNetworkInfo networkInfo=null unetDeviceName=
D/LMT::Launcher( 1529): Fire action type: 7, string: null, pos: null
D/LMT::InputContext( 1566): Processing command input keyevent 4
D/dalvikvm(  470): GC_FOR_ALLOC freed 626K, 22% free 12996K/16556K, paused 102ms, total 102ms
D/CarbonRenderer(  671): ONRESUME
D/CarbonRenderer(  671): checkAndLoadSettings()
D/CarbonRenderer(  671): ONSURFACECREATED
D/CarbonRenderer(  671): ONSURFACECHANGED
D/CarbonRenderer(  671): onSharedPreferenceChanged()
D/CarbonRenderer(  671): checkAndLoadSettings()
D/CarbonRenderer(  671): GetShaderIdentifiers() 
D/CarCam  ( 1496): ru.pccar.CameraPreview:surfaceDestroyed
D/CarCam  ( 1496): ru.pccar.CarCamService$CarCamRepeat:start repeating
D/CarCam  ( 1496): ru.pccar.CarCamService:onUnbind
I/ActivityManager(  470): START u0 {flg=0x10020000 cmp=ru.pccar/.Main} from pid 1496
D/CarCam  ( 1496): ru.pccar.CameraPreview:activity stopped
D/CarCam  ( 1496): ru.pccar.CameraPreview:stop capturing
D/CarCam  ( 1496): ru.pccar.CarCamService$CarCamRepeat:start CarCam
D/CarCam  ( 1496): ru.pccar.CarCamService$CarCamRepeat:end repeating
D/CarCam  ( 1496): ru.pccar.Main:onCreate
D/CarCam  ( 1496): ru.pccar.CameraPreview:CameraPreview constructed
V/PhoneStatusBar(  574): setLightsOn(true)
D/CarCam  ( 1496): ru.pccar.CameraPreview:surfaceCreated
D/CarCam  ( 1496): ru.pccar.CameraPreview:onServiceConnected
D/dalvikvm( 1496): GC_FOR_ALLOC freed 31K, 33% free 7373K/10888K, paused 15ms, total 15ms
D/CarCam  ( 1496): ru.pccar.CarCamService:onRebindBind
I/ActivityManager(  470): Displayed ru.pccar/.Main: +245ms
W/ActivityManager(  470): Unable to start service Intent { act=com.google.android.gms.analytics.service.START cmp=com.google.android.gms/.analytics.service.AnalyticsService (has extras) } U=0: not found
D/CarCam  ( 1496): ru.pccar.Main:onStop
D/CarbonRenderer(  671): ONPAUSE
I/ActivityManager(  470): moveTaskToBack: 31
D/dalvikvm(  470): GC_FOR_ALLOC freed 667K, 22% free 13006K/16556K, paused 57ms, total 57ms
D/CarCam  ( 1496): ru.pccar.CameraPreview:move task to back, lost signal
D/CarCam  ( 1496): ru.pccar.CameraPreview:stop capturing
D/CarbonRenderer(  671): ONPAUSE
D/CarbonRenderer(  671): ONRESUME
D/CarbonRenderer(  671): checkAndLoadSettings()
D/CarbonRenderer(  671): ONSURFACECREATED
D/CarbonRenderer(  671): ONSURFACECHANGED
D/CarbonRenderer(  671): onSharedPreferenceChanged()
D/CarbonRenderer(  671): checkAndLoadSettings()
D/CarbonRenderer(  671): GetShaderIdentifiers() 
D/CarCam  ( 1496): ru.pccar.CameraPreview:surfaceDestroyed
D/CarCam  ( 1496): ru.pccar.CarCamService$CarCamRepeat:start repeating
D/CarCam  ( 1496): ru.pccar.CarCamService:onUnbind
D/CarCam  ( 1496): ru.pccar.Main:onStop
I/ActivityManager(  470): START u0 {flg=0x10020000 cmp=ru.pccar/.Main} from pid 1496
D/CarCam  ( 1496): ru.pccar.CarCamService$CarCamRepeat:start CarCam
D/CarCam  ( 1496): ru.pccar.CarCamService$CarCamRepeat:end repeating
D/CarCam  ( 1496): ru.pccar.Main:onRestart
D/CarCam  ( 1496): ru.pccar.CameraPreview:surfaceCreated
V/PhoneStatusBar(  574): setLightsOn(true)
D/CarCam  ( 1496): ru.pccar.CameraPreview:onServiceConnected
D/dalvikvm( 1496): GC_FOR_ALLOC freed 1643K, 33% free 7359K/10888K, paused 19ms, total 19ms
D/CarCam  ( 1496): ru.pccar.CarCamService:onRebindBind
W/ActivityManager(  470): Unable to start service Intent { act=com.google.android.gms.analytics.service.START cmp=com.google.android.gms/.analytics.service.AnalyticsService (has extras) } U=0: not found
I/ConnectivityManager(10841): getActiveNetworkInfo networkInfo=null unetDeviceName=
D/CarbonRenderer(  671): ONPAUSE
I/ActivityManager(  470): moveTaskToBack: 31
D/dalvikvm(  470): GC_FOR_ALLOC freed 398K, 21% free 13229K/16556K, paused 55ms, total 55ms
D/CarCam  ( 1496): ru.pccar.CameraPreview:move task to back, lost signal
D/CarCam  ( 1496): ru.pccar.CameraPreview:stop capturing
D/CarbonRenderer(  671): ONRESUME
D/CarbonRenderer(  671): checkAndLoadSettings()
D/CarbonRenderer(  671): ONSURFACECREATED
D/CarbonRenderer(  671): ONSURFACECHANGED
D/CarbonRenderer(  671): onSharedPreferenceChanged()
D/CarbonRenderer(  671): checkAndLoadSettings()
D/CarbonRenderer(  671): GetShaderIdentifiers() 
D/CarCam  ( 1496): ru.pccar.CameraPreview:surfaceDestroyed
D/CarCam  ( 1496): ru.pccar.CarCamService$CarCamRepeat:start repeating
D/CarCam  ( 1496): ru.pccar.CarCamService:onUnbind
D/CarCam  ( 1496): ru.pccar.Main:onStop
I/ActivityManager(  470): START u0 {flg=0x10020000 cmp=ru.pccar/.Main} from pid 1496
D/dalvikvm(  470): GC_FOR_ALLOC freed 321K, 21% free 13219K/16556K, paused 65ms, total 65ms
D/CarCam  ( 1496): ru.pccar.CarCamService$CarCamRepeat:start CarCam
D/CarCam  ( 1496): ru.pccar.CarCamService$CarCamRepeat:end repeating
D/CarCam  ( 1496): ru.pccar.Main:onRestart
D/CarCam  ( 1496): ru.pccar.CameraPreview:surfaceCreated
V/PhoneStatusBar(  574): setLightsOn(true)
D/CarCam  ( 1496): ru.pccar.CameraPreview:onServiceConnected
D/dalvikvm( 1496): GC_FOR_ALLOC freed 3267K, 48% free 5720K/10888K, paused 18ms, total 18ms
D/CarCam  ( 1496): ru.pccar.CarCamService:onRebindBind
D/CarbonRenderer(  671): ONPAUSE
I/ActivityManager(  470): moveTaskToBack: 31
D/dalvikvm(  470): GC_FOR_ALLOC freed 315K, 21% free 13222K/16556K, paused 55ms, total 55ms
D/CarCam  ( 1496): ru.pccar.CameraPreview:move task to back, lost signal
D/CarCam  ( 1496): ru.pccar.CameraPreview:stop capturing
D/CarbonRenderer(  671): ONRESUME
D/CarbonRenderer(  671): checkAndLoadSettings()
D/CarbonRenderer(  671): ONSURFACECREATED
D/CarbonRenderer(  671): ONSURFACECHANGED
D/CarbonRenderer(  671): onSharedPreferenceChanged()
D/CarbonRenderer(  671): checkAndLoadSettings()
D/CarbonRenderer(  671): GetShaderIdentifiers() 
D/CarCam  ( 1496): ru.pccar.CameraPreview:surfaceDestroyed
D/CarCam  ( 1496): ru.pccar.CarCamService$CarCamRepeat:start repeating
D/CarCam  ( 1496): ru.pccar.CarCamService:onUnbind
D/CarCam  ( 1496): ru.pccar.Main:onStop
I/AudioFlinger(  144): AudioFlinger ~TrackHandle()
I/AudioFlinger(  144): AudioFlinger PlaybackThread::Track::destroy() releaseOutput()
I/AudioSystem(  144): AudioSystem releaseOutput() output 2
I/AudioFlinger(  144): AudioFlinger PlaybackThread::destroyTrack_l()
I/OMXNodeInstance(  144): OMX_FreeBuffer for buffer header 0x41806e00 successful
I/OMXNodeInstance(  144): OMX_FreeBuffer for buffer header 0x41801a30 successful
I/OMXNodeInstance(  144): OMX_FreeBuffer for buffer header 0x4181d940 successful
I/OMXNodeInstance(  144): OMX_FreeBuffer for buffer header 0x4181a4e0 successful
I/OMXNodeInstance(  144): OMX_FreeBuffer for buffer header 0x418148f0 successful
I/OMXNodeInstance(  144): OMX_FreeBuffer for buffer header 0x417f8c68 successful
I/OMXNodeInstance(  144): OMX_FreeBuffer for buffer header 0x4180fa00 successful
I/OMXNodeInstance(  144): OMX_FreeBuffer for buffer header 0x41826098 successful
I/Effect-Equalizer(  144): Setting band 0 to 0
I/Effect-Equalizer(  144): Setting band 1 to 0
I/Effect-Equalizer(  144): Setting band 2 to 0
I/Effect-Equalizer(  144): Setting band 3 to 0
I/Effect-Equalizer(  144): Setting band 4 to 0
I/Effect-Equalizer(  144): Setting band 0 to 0
I/Effect-Equalizer(  144): Setting band 1 to 0
I/Effect-Equalizer(  144): Setting band 2 to 0
I/Effect-Equalizer(  144): Setting band 3 to 0
I/Effect-Equalizer(  144): Setting band 4 to 0
I/AudioService(  470):  AudioFocus  requestAudioFocus() from android.media.AudioManager@41181140com.jrtstudio.AnotherMusicPlayer.xh@41181130
I/AudioSystem(  144): getFrameCount() streamType 3, output 2, frameCount 1024
I/AudioSystem(  144): getSamplingRate() reading from output desc
I/AudioSystem(  144): getSamplingRate() streamType 3, output 2, sampling rate 44100
I/AudioTrack(  144): set() streamType 3 frameCount 4096 flags 0008 sampleRate 44100
I/AudioTrack(  144): AudioTrack getOutput streamType 3, sampleRate 44100, format 1, channelMask 3, flags 8
I/AudioTrack(  144): AudioTrack::createTrack_l sampleRate=44100 format=1
I/AudioTrack(  144): createTrack_l() output 2 afLatency 69
I/AudioSystem(  144): getSamplingRate() reading from output desc
I/AudioSystem(  144): getSamplingRate() streamType 3, output 2, sampling rate 44100
I/AudioSystem(  144): getFrameCount() streamType 3, output 2, frameCount 1024
I/AudioTrack(  144): minFrameCount: 3072, afFrameCount=1024, minBufCount=3, sampleRate=44100, afSampleRate=44100, afLatency=69
I/AudioTrack(  144): AudioTrack::createTrack_l createTrack() sampleRate=44100
I/AudioFlinger(  144): AudioFlinger createTrack() sampleRate=44100 streamType=3
I/AudioFlinger(  144): createTrack() sessionId: 67
I/AudioFlinger(  144): AudioFlinger createTrack() lSessionId: 67 sampleRate=44100
I/AudioFlinger(  144): AudioFlinger createTrack() done
I/AudioSystem(  144): getSamplingRate() reading from output desc
