--------- beginning of /dev/log/system
I/Vold    (  137): Vold 2.1 (the revenge) firing up
I/Vold    (  137): Volume usbdisk state changing -1 (Initializing) -> 0 (No-Media)  report=1 ##########
I/SystemServer(  470): Entered the Android system server!
I/SystemServer(  470): Waiting for installd to be ready.
I/SystemServer(  470): Enabled StrictMode logging for UI Looper
I/SystemServer(  470): Enabled StrictMode logging for WM Looper
I/Installer(  470): connecting...
I/SystemServer(  470): Entropy Mixer
I/SystemServer(  470): Power Manager
I/SystemServer(  470): Activity Manager
I/ActivityManager(  470): Memory class: 64
I/ActivityManager(  470): Enabled StrictMode logging for AThread's Looper
I/SystemServer(  470): Display Manager
I/SystemServer(  470): Telephony Registry
I/SystemServer(  470): Scheduling Policy
I/DisplayManagerService(  470): Display device added: DisplayDeviceInfo{"Встроенный экран": 800 x 1280, 59.997955 fps, density 213, 195.38461 x 200.69136 dpi, touch INTERNAL, FLAG_DEFAULT_DISPLAY, FLAG_ROTATES_WITH_CONTENT, FLAG_SECURE, FLAG_SUPPORTS_PROTECTED_BUFFERS, rotation 0, type BUILT_IN, address null}
I/SystemServer(  470): Package Manager
D/SELinuxMMAC(  470): Couldn't find install policy /data/security/mac_permissions.xml
D/SELinuxMMAC(  470): Couldn't find install policy /system/etc/security/mac_permissions.xml
D/SELinuxMMAC(  470): MMAC install disabled.
W/PackageParser(  470): No actions in intent filter at /system/app/Bluetooth.apk Binary XML file line #208
W/PackageParser(  470): No actions in intent filter at /system/app/Bluetooth.apk Binary XML file line #235
W/PackageParser(  470): No actions in intent filter at /system/app/CMFileManager.apk Binary XML file line #136
W/PackageParser(  470): No actions in intent filter at /system/app/Contacts.apk Binary XML file line #546
W/PackageParser(  470): Unknown element under <application>: permission at /system/app/Gallery2.apk Binary XML file line #220
W/PackageParser(  470): Unknown element under <application>: permission at /system/app/Gallery2.apk Binary XML file line #223
W/PackageManager(  470): Package org.prowl.torque desires unavailable shared library com.sec.android.app.multiwindow; ignoring!
W/PackageManager(  470): Package com.mxtech.videoplayer.ad desires unavailable shared library com.sec.android.app.multiwindow; ignoring!
W/PackageManager(  470): Permission group android.permission-group.SUPERUSER from package eu.chainfire.supersu ignored: original from com.android.settings
W/PackageParser(  470): Unknown element under <application>: library at /data/app/com.google.android.gms-2.apk Binary XML file line #149
W/PackageManager(  470): Package com.speedsoftware.rootexplorer desires unavailable shared library com.sec.android.app.multiwindow; ignoring!
W/PackageParser(  470): No actions in intent filter at /data/app/com.nullsoft.winamp-1.apk Binary XML file line #326
W/PackageParser(  470): No actions in intent filter at /data/app/com.nullsoft.winamp-1.apk Binary XML file line #355
W/PackageManager(  470): Package com.adobe.reader desires unavailable shared library com.sec.android.app.multiwindow; ignoring!
W/PackageParser(  470): No actions in intent filter at /data/app/com.quoord.tapatalkpro.activity-1.apk Binary XML file line #10661
W/PackageParser(  470): No actions in intent filter at /data/app/com.quoord.tapatalkpro.activity-1.apk Binary XML file line #10675
W/PackageParser(  470): No actions in intent filter at /data/app/com.quoord.tapatalkpro.activity-1.apk Binary XML file line #10693
W/PackageParser(  470): No actions in intent filter at /data/app/com.quoord.tapatalkpro.activity-1.apk Binary XML file line #11035
W/PackageParser(  470): No actions in intent filter at /data/app/com.quoord.tapatalkpro.activity-1.apk Binary XML file line #11073
W/PackageParser(  470): No actions in intent filter at /data/app/com.quoord.tapatalkpro.activity-1.apk Binary XML file line #11092
W/PackageParser(  470): No actions in intent filter at /data/app/com.doubleTwist.androidPlayer-1.apk Binary XML file line #232
W/PackageParser(  470): No actions in intent filter at /data/app/com.doubleTwist.androidPlayer-1.apk Binary XML file line #255
I/PackageManager(  470): Time to scan packages: 10.577 seconds
W/PackageManager(  470): Unknown permission android.permission.ADD_SYSTEM_SERVICE in package com.android.phone
W/PackageManager(  470): Unknown permission com.android.vending.billing.IBillingAccountService.BIND2 in package com.google.android.gsf.login
W/PackageManager(  470): Unknown permission com.google.android.gallery3d.permission.GALLERY_PROVIDER in package com.android.bluetooth
W/PackageManager(  470): Unknown permission android.permission.MMS_PUSH in package com.android.bluetooth
W/PackageManager(  470): Not granting permission android.permission.SEND_DOWNLOAD_COMPLETED_INTENTS to package com.android.browser (protectionLevel=2 flags=0x9be45)
W/PackageManager(  470): Unknown permission com.lge.launcher.permission.INSTALL_SHORTCUT in package jp.co.bii.android.app.dskvzr
W/PackageManager(  470): Unknown permission com.motorola.launcher.permission.INSTALL_SHORTCUT in package jp.co.bii.android.app.dskvzr
W/PackageManager(  470): Unknown permission com.htc.launcher.permission.READ_SETTINGS in package jp.co.bii.android.app.dskvzr
W/PackageManager(  470): Unknown permission jp.co.sharp.android.home.permission.INSTALL_SHORTCUT in package jp.co.bii.android.app.dskvzr
W/PackageManager(  470): Unknown permission au.android.apps.oceanhome03.permission.INSTALL_SHORTCUT in package jp.co.bii.android.app.dskvzr
W/PackageManager(  470): Unknown permission jp.co.bii.android.app.dskvzr.RUN_ADDONS in package jp.co.bii.android.app.dskvzr
W/PackageManager(  470): Unknown permission jp.co.bii.android.app.dskvzr.permission.CALL_PHONE in package jp.co.bii.android.app.dskvzr
W/PackageManager(  470): Unknown permission android.permission.LOCATION_HARDWARE in package com.google.android.gms
W/PackageManager(  470): Unknown permission android.permission.GET_APP_OPS_STATS in package com.google.android.gms
W/PackageManager(  470): Unknown permission android.permission.UPDATE_APP_OPS_STATS in package com.google.android.gms
W/PackageManager(  470): Unknown permission android.permission.ACCESS_NETWORK_CONDITIONS in package com.google.android.gms
W/PackageManager(  470): Unknown permission android.permission.MANAGE_DEVICE_ADMINS in package com.google.android.gms
W/PackageManager(  470): Not granting permission android.permission.MODIFY_PHONE_STATE to package com.google.android.gms (protectionLevel=18 flags=0x48bec5)
W/PackageManager(  470): Not granting permission android.permission.MANAGE_USB to package com.google.android.gms (protectionLevel=18 flags=0x48bec5)
W/PackageManager(  470): Not granting permission android.permission.CALL_PRIVILEGED to package com.google.android.gms (protectionLevel=18 flags=0x48bec5)
W/PackageManager(  470): Unknown permission android.permission.BLUETOOTH_PRIVILEGED in package com.google.android.gms
W/PackageManager(  470): Unknown permission android.permission.CAPTURE_AUDIO_OUTPUT in package com.google.android.gms
W/PackageManager(  470): Unknown permission android.permission.CAPTURE_VIDEO_OUTPUT in package com.google.android.gms
W/PackageManager(  470): Unknown permission android.permission.CAPTURE_SECURE_VIDEO_OUTPUT in package com.google.android.gms
W/PackageManager(  470): Unknown permission com.google.android.gallery3d.permission.PICASA_STORE in package com.android.dreams.phototable
W/PackageManager(  470): Unknown permission android.permission.READ_OWNER_DATA in package com.google.android.setupwizard
W/PackageManager(  470): Unknown permission android.permission.WRITE_OWNER_DATA in package com.google.android.setupwizard
W/PackageManager(  470): Unknown permission com.google.android.voicesearch.SHORTCUTS_ACCESS in package com.google.android.googlequicksearchbox
W/PackageManager(  470): Unknown permission com.google.googlenav.friend.permission.OPT_IN in package com.google.android.googlequicksearchbox
W/PackageManager(  470): Unknown permission com.google.android.apps.maps.permission.PREFETCH in package com.google.android.googlequicksearchbox
W/PackageManager(  470): Unknown permission com.google.android.apps.googlevoice.permission.AUTO_SEND in package com.google.android.googlequicksearchbox
W/PackageManager(  470): Unknown permission com.google.android.gm.permission.AUTO_SEND in package com.google.android.googlequicksearchbox
W/PackageManager(  470): Unknown permission com.google.android.gallery3d.permission.GALLERY_PROVIDER in package com.android.exchange
W/PackageManager(  470): Unknown permission com.google.android.gallery3d.permission.GALLERY_PROVIDER in package com.android.email
W/PackageManager(  470): Not granting permission android.permission.READ_LOGS to package ru.pccar (protectionLevel=50 flags=0xbe46)
W/PackageManager(  470): Not granting permission android.permission.MOUNT_UNMOUNT_FILESYSTEMS to package com.nullsoft.winamp (protectionLevel=18 flags=0x8be64)
W/PackageManager(  470): Unknown permission com.google.android.c2dm.permission.REGISTRATION in package com.rovio.angrybirds
W/PackageManager(  470): Unknown permission com.google.android.gm.permission.READ_CONTENT_PROVIDER in package AutomateIt.mainPackage
W/PackageManager(  470): Not granting permission android.permission.MODIFY_PHONE_STATE to package AutomateIt.mainPackage (protectionLevel=18 flags=0x8be44)
W/PackageManager(  470): Not granting permission android.permission.READ_LOGS to package AutomateIt.mainPackage (protectionLevel=50 flags=0x8be44)
W/PackageManager(  470): Unknown permission com.smarterapps.permission.AUTOMATEIT_EXTENSION in package AutomateIt.mainPackage
W/PackageManager(  470): Not granting permission android.permission.BIND_APPWIDGET to package com.teslacoilsw.launcher (protectionLevel=18 flags=0x48be44)
W/PackageManager(  470): Unknown permission com.htc.launcher.permission.READ_SETTINGS in package com.teslacoilsw.launcher
W/PackageManager(  470): Unknown permission com.cyanogenmod.trebuchet.permission.READ_SETTINGS in package com.teslacoilsw.launcher
W/PackageManager(  470): Unknown permission org.adw.launcher.permission.READ_SETTINGS in package com.teslacoilsw.launcher
W/PackageManager(  470): Unknown permission org.adwfreak.launcher.permission.READ_SETTINGS in package com.teslacoilsw.launcher
W/PackageManager(  470): Unknown permission com.anddoes.launcher.permission.READ_SETTINGS in package com.teslacoilsw.launcher
W/PackageManager(  470): Unknown permission com.google.android.gm.permission.READ_GMAIL in package com.google.android.talk
W/PackageManager(  470): Unknown permission com.cyanogenmod.filemanager.permissions.READ_THEME in package com.cyanogenmod.filemanager
W/PackageManager(  470): Not granting permission android.permission.INSTALL_PACKAGES to package ru.yandex.yandexmaps (protectionLevel=18 flags=0x8be44)
W/PackageManager(  470): Unknown permission android.permission.ACCESS_COARSE_UPDATES in package ru.yandex.yandexmaps
W/PackageManager(  470): Not granting permission android.permission.WRITE_SECURE_SETTINGS to package rubberbigpepper.lgCamera (protectionLevel=50 flags=0xae44)
W/PackageManager(  470): Unknown permission android.permission.ACCESS_DEV_STORAGE in package rubberbigpepper.lgCamera
W/PackageManager(  470): Not granting permission android.permission.SEND_DOWNLOAD_COMPLETED_INTENTS to package com.android.vending (protectionLevel=2 flags=0xabe45)
W/PackageManager(  470): Unknown permission android.permission.ACCESS_4G_RADIO_DISABLE in package com.android.systemui
W/PackageManager(  470): Unknown permission android.permission.ACCESS_4G_STATE in package com.android.systemui
W/PackageManager(  470): Unknown permission android.permission.CHANGE_4G_STATE in package com.android.systemui
W/PackageManager(  470): Not granting permission android.permission.SET_PREFERRED_APPLICATIONS to package com.opera.mini.android (protectionLevel=2 flags=0x8be44)
W/PackageManager(  470): Unknown permission com.opera.GET_BRANDING in package com.opera.mini.android
W/PackageManager(  470): Unknown permission .PERMISSION in package com.estrongs.android.pop
W/PackageManager(  470): Not granting permission android.permission.REBOOT to package eu.chainfire.supersu (protectionLevel=18 flags=0x83e04)
W/PackageManager(  470): Not granting permission android.permission.DEVICE_POWER to package com.android.deskclock (protectionLevel=2 flags=0x8be45)
W/PackageManager(  470): Unknown permission com.android.deskclock.worldclock.permissions.WRITE_DATABASE in package com.android.deskclock
W/PackageManager(  470): Not granting permission android.permission.READ_DREAM_STATE to package com.google.android.gsf (protectionLevel=2 flags=0x83e45)
I/SystemServer(  470): User Service
I/SystemServer(  470): Account Manager
I/SystemServer(  470): Content Manager
I/SystemServer(  470): System Content Providers
I/SystemServer(  470): Device Handler Service
I/SystemServer(  470): Lights Service
I/SystemServer(  470): Battery Service
I/SystemServer(  470): Vibrator Service
I/SystemServer(  470): Alarm Manager
I/AlarmManager(  470): ACCEPTED type=3 triggerAtTime=49657 interval=0 PendingIntent=PendingIntent{411cb9a0: PendingIntentRecord{41161998 android broadcastIntent}} idx=-2 search=null
I/AlarmManager(  470): ACCEPTED type=1 triggerAtTime=1391245200000 interval=0 PendingIntent=PendingIntent{4145a980: PendingIntentRecord{41464130 android broadcastIntent}} idx=-2 search=null
I/SystemServer(  470): Init Watchdog
I/SystemServer(  470): Input Manager
I/InputManager(  470): Initializing input manager, mUseDevInputEventForAudioJack=false
I/SystemServer(  470): Window Manager
I/InputManager(  470): Starting input manager
I/SystemServer(  470): Bluetooth Manager Service
I/SystemServer(  470): Input Method Service
W/InputMethodManagerService(  470): Couldn't create dir.: /data/system/inputmethod
I/SystemServer(  470): Accessibility Manager
I/ActivityManager(  470): Config changes=1df8 {1.0 ?mcc?mnc ru_RU ldltr sw600dp w600dp h880dp 213dpi lrg port ?uimode ?night finger -keyb/v/h -nav/h s.2 themeResource=null}
I/SystemServer(  470): Mount Service
D/MountService(  470): got storage path: /storage/sdcard0 description: Внутренняя память primary: true removable: false emulated: true mtpReserve: 100 allowMassStorage: false maxFileSize: 0
D/MountService(  470): addVolumeLocked() StorageVolume [mStorageId=65537 mPath=/storage/emulated/0 mDescriptionId=17040724 mPrimary=true mRemovable=false mEmulated=true mMtpReserveSpace=100 mAllowMassStorage=false mMaxFileSize=0 mOwner=UserHandle{0}]
D/MountService(  470): got storage path: /storage/usbdisk description: USB-накопитель primary: false removable: true emulated: false mtpReserve: 0 allowMassStorage: false maxFileSize: 0
D/MountService(  470): addVolumeLocked() StorageVolume [mStorageId=0 mPath=/storage/usbdisk mDescriptionId=17040726 mPrimary=false mRemovable=true mEmulated=false mMtpReserveSpace=0 mAllowMassStorage=false mMaxFileSize=0 mOwner=null]
I/SystemServer(  470): LockSettingsService
I/SystemServer(  470): Device Policy
I/SystemServer(  470): Status Bar
I/SystemServer(  470): Clipboard Service
D/MountService(  470): volume state changed for /storage/usbdisk (null -> removed)
I/SystemServer(  470): NetworkManagement Service
I/SystemServer(  470): Text Service Manager Service
W/PackageManager(  470): Unknown permission android.permission.ADD_SYSTEM_SERVICE in package com.android.phone
W/PackageManager(  470): Unknown permission com.android.vending.billing.IBillingAccountService.BIND2 in package com.google.android.gsf.login
W/PackageManager(  470): Unknown permission com.google.android.gallery3d.permission.GALLERY_PROVIDER in package com.android.bluetooth
W/PackageManager(  470): Unknown permission android.permission.MMS_PUSH in package com.android.bluetooth
W/PackageManager(  470): Not granting permission android.permission.SEND_DOWNLOAD_COMPLETED_INTENTS to package com.android.browser (protectionLevel=2 flags=0x89be45)
W/PackageManager(  470): Unknown permission com.lge.launcher.permission.INSTALL_SHORTCUT in package jp.co.bii.android.app.dskvzr
W/PackageManager(  470): Unknown permission com.motorola.launcher.permission.INSTALL_SHORTCUT in package jp.co.bii.android.app.dskvzr
W/PackageManager(  470): Unknown permission com.htc.launcher.permission.READ_SETTINGS in package jp.co.bii.android.app.dskvzr
W/PackageManager(  470): Unknown permission jp.co.sharp.android.home.permission.INSTALL_SHORTCUT in package jp.co.bii.android.app.dskvzr
W/PackageManager(  470): Unknown permission au.android.apps.oceanhome03.permission.INSTALL_SHORTCUT in package jp.co.bii.android.app.dskvzr
W/PackageManager(  470): Unknown permission jp.co.bii.android.app.dskvzr.RUN_ADDONS in package jp.co.bii.android.app.dskvzr
W/PackageManager(  470): Unknown permission jp.co.bii.android.app.dskvzr.permission.CALL_PHONE in package jp.co.bii.android.app.dskvzr
W/PackageManager(  470): Unknown permission android.permission.LOCATION_HARDWARE in package com.google.android.gms
W/PackageManager(  470): Unknown permission android.permission.GET_APP_OPS_STATS in package com.google.android.gms
W/PackageManager(  470): Unknown permission android.permission.UPDATE_APP_OPS_STATS in package com.google.android.gms
W/PackageManager(  470): Unknown permission android.permission.ACCESS_NETWORK_CONDITIONS in package com.google.android.gms
W/PackageManager(  470): Unknown permission android.permission.MANAGE_DEVICE_ADMINS in package com.google.android.gms
W/PackageManager(  470): Not granting permission android.permission.MODIFY_PHONE_STATE to package com.google.android.gms (protectionLevel=18 flags=0xc8bec5)
W/PackageManager(  470): Not granting permission android.permission.MANAGE_USB to package com.google.android.gms (protectionLevel=18 flags=0xc8bec5)
W/PackageManager(  470): Not granting permission android.permission.CALL_PRIVILEGED to package com.google.android.gms (protectionLevel=18 flags=0xc8bec5)
W/PackageManager(  470): Unknown permission android.permission.BLUETOOTH_PRIVILEGED in package com.google.android.gms
W/PackageManager(  470): Unknown permission android.permission.CAPTURE_AUDIO_OUTPUT in package com.google.android.gms
W/PackageManager(  470): Unknown permission android.permission.CAPTURE_VIDEO_OUTPUT in package com.google.android.gms
W/PackageManager(  470): Unknown permission android.permission.CAPTURE_SECURE_VIDEO_OUTPUT in package com.google.android.gms
W/PackageManager(  470): Unknown permission com.google.android.gallery3d.permission.PICASA_STORE in package com.android.dreams.phototable
W/PackageManager(  470): Unknown permission android.permission.READ_OWNER_DATA in package com.google.android.setupwizard
W/PackageManager(  470): Unknown permission android.permission.WRITE_OWNER_DATA in package com.google.android.setupwizard
W/PackageManager(  470): Unknown permission com.google.android.voicesearch.SHORTCUTS_ACCESS in package com.google.android.googlequicksearchbox
W/PackageManager(  470): Unknown permission com.google.googlenav.friend.permission.OPT_IN in package com.google.android.googlequicksearchbox
W/PackageManager(  470): Unknown permission com.google.android.apps.maps.permission.PREFETCH in package com.google.android.googlequicksearchbox
W/PackageManager(  470): Unknown permission com.google.android.apps.googlevoice.permission.AUTO_SEND in package com.google.android.googlequicksearchbox
W/PackageManager(  470): Unknown permission com.google.android.gm.permission.AUTO_SEND in package com.google.android.googlequicksearchbox
W/PackageManager(  470): Unknown permission com.google.android.gallery3d.permission.GALLERY_PROVIDER in package com.android.exchange
W/PackageManager(  470): Unknown permission com.google.android.gallery3d.permission.GALLERY_PROVIDER in package com.android.email
W/PackageManager(  470): Not granting permission android.permission.READ_LOGS to package ru.pccar (protectionLevel=50 flags=0x80be46)
W/PackageManager(  470): Not granting permission android.permission.MOUNT_UNMOUNT_FILESYSTEMS to package com.nullsoft.winamp (protectionLevel=18 flags=0x88be64)
W/PackageManager(  470): Unknown permission com.google.android.c2dm.permission.REGISTRATION in package com.rovio.angrybirds
W/PackageManager(  470): Unknown permission com.google.android.gm.permission.READ_CONTENT_PROVIDER in package AutomateIt.mainPackage
W/PackageManager(  470): Not granting permission android.permission.MODIFY_PHONE_STATE to package AutomateIt.mainPackage (protectionLevel=18 flags=0x88be44)
W/PackageManager(  470): Not granting permission android.permission.READ_LOGS to package AutomateIt.mainPackage (protectionLevel=50 flags=0x88be44)
W/PackageManager(  470): Unknown permission com.smarterapps.permission.AUTOMATEIT_EXTENSION in package AutomateIt.mainPackage
W/PackageManager(  470): Not granting permission android.permission.BIND_APPWIDGET to package com.teslacoilsw.launcher (protectionLevel=18 flags=0xc8be44)
W/PackageManager(  470): Unknown permission com.htc.launcher.permission.READ_SETTINGS in package com.teslacoilsw.launcher
W/PackageManager(  470): Unknown permission com.cyanogenmod.trebuchet.permission.READ_SETTINGS in package com.teslacoilsw.launcher
W/PackageManager(  470): Unknown permission org.adw.launcher.permission.READ_SETTINGS in package com.teslacoilsw.launcher
W/PackageManager(  470): Unknown permission org.adwfreak.launcher.permission.READ_SETTINGS in package com.teslacoilsw.launcher
W/PackageManager(  470): Unknown permission com.anddoes.launcher.permission.READ_SETTINGS in package com.teslacoilsw.launcher
W/PackageManager(  470): Unknown permission com.google.android.gm.permission.READ_GMAIL in package com.google.android.talk
W/PackageManager(  470): Unknown permission com.cyanogenmod.filemanager.permissions.READ_THEME in package com.cyanogenmod.filemanager
W/PackageManager(  470): Not granting permission android.permission.INSTALL_PACKAGES to package ru.yandex.yandexmaps (protectionLevel=18 flags=0x88be44)
W/PackageManager(  470): Unknown permission android.permission.ACCESS_COARSE_UPDATES in package ru.yandex.yandexmaps
W/PackageManager(  470): Not granting permission android.permission.WRITE_SECURE_SETTINGS to package rubberbigpepper.lgCamera (protectionLevel=50 flags=0x80ae44)
W/PackageManager(  470): Unknown permission android.permission.ACCESS_DEV_STORAGE in package rubberbigpepper.lgCamera
W/PackageManager(  470): Not granting permission android.permission.SEND_DOWNLOAD_COMPLETED_INTENTS to package com.android.vending (protectionLevel=2 flags=0x8abe45)
W/PackageManager(  470): Unknown permission android.permission.ACCESS_4G_RADIO_DISABLE in package com.android.systemui
W/PackageManager(  470): Unknown permission android.permission.ACCESS_4G_STATE in package com.android.systemui
W/PackageManager(  470): Unknown permission android.permission.CHANGE_4G_STATE in package com.android.systemui
W/PackageManager(  470): Not granting permission android.permission.SET_PREFERRED_APPLICATIONS to package com.opera.mini.android (protectionLevel=2 flags=0x8be44)
W/PackageManager(  470): Unknown permission com.opera.GET_BRANDING in package com.opera.mini.android
W/PackageManager(  470): Unknown permission .PERMISSION in package com.estrongs.android.pop
W/PackageManager(  470): Not granting permission android.permission.REBOOT to package eu.chainfire.supersu (protectionLevel=18 flags=0x883e04)
W/PackageManager(  470): Not granting permission android.permission.DEVICE_POWER to package com.android.deskclock (protectionLevel=2 flags=0x88be45)
W/PackageManager(  470): Unknown permission com.android.deskclock.worldclock.permissions.WRITE_DATABASE in package com.android.deskclock
W/PackageManager(  470): Not granting permission android.permission.READ_DREAM_STATE to package com.google.android.gsf (protectionLevel=2 flags=0x883e45)
I/SystemServer(  470): NetworkStats Service
I/SystemServer(  470): NetworkPolicy Service
I/SystemServer(  470): Wi-Fi P2pService
I/SystemServer(  470): Wi-Fi Service
I/SystemServer(  470): Connectivity Service
D/ConnectivityService(  470): ConnectivityService starting up
E/ConnectivityService(  470): Ignoring protectedNetwork 10
E/ConnectivityService(  470): Ignoring protectedNetwork 11
E/ConnectivityService(  470): Ignoring protectedNetwork 12
W/ContextImpl(  470): Calling a method in the system process without a qualified user: android.app.ContextImpl.bindService:1458 android.bluetooth.BluetoothPan.<init>:141 android.bluetooth.BluetoothAdapter.getProfileProxy:1172 android.bluetooth.BluetoothTetheringDataTracker.startMonitoring:110 com.android.server.ConnectivityService.<init>:528 
I/WifiService(  470): WifiService starting up with Wi-Fi disabled
I/SystemServer(  470): Network Service Discovery Service
D/NsdService(  470): Network service discovery enabled true
I/SystemServer(  470): Throttle Service
I/SystemServer(  470): FM receiver Service
I/SystemServer(  470): FM transmitter Service
I/SystemServer(  470): UpdateLock Service
I/SystemServer(  470): Profile Manager
I/SystemServer(  470): Notification Manager
I/SystemServer(  470): Device Storage Monitor
I/SystemServer(  470): Location Manager
I/SystemServer(  470): Country Detector
I/SystemServer(  470): Search Service
I/SystemServer(  470): DropBox Service
I/SystemServer(  470): Wallpaper Service
I/SystemServer(  470): Audio Service
I/PowerManagerService(  470): updatePowerStateLocked aborted mSystemReady=false mDirty=1
I/SystemServer(  470): Dock Observer
I/SystemServer(  470): Wired Accessory Observer
I/WiredAccessoryManager(  470): This kernel has usb audio support
I/SystemServer(  470): USB Service
I/SystemServer(  470): Serial Service
I/SystemServer(  470): Twilight Service
I/SystemServer(  470): UI Mode Manager Service
I/SystemServer(  470): Backup Service
I/BackupManagerService(  470): Found stale backup journal, scheduling
I/BackupManagerService(  470):   com.android.calendar
I/BackupManagerService(  470):   com.android.providers.telephony
I/BackupManagerService(  470):   com.android.browser
I/BackupManagerService(  470):   com.android.vending
I/BackupManagerService(  470):   android
I/BackupManagerService(  470):   com.android.nfc
I/BackupManagerService(  470):   com.google.android.marvin.talkback
I/BackupManagerService(  470):   com.doubleTwist.androidPlayer
I/BackupManagerService(  470):   com.android.providers.userdictionary
I/BackupManagerService(  470):   com.jrtstudio.AnotherMusicPlayer
I/BackupManagerService(  470):   com.android.inputmethod.latin
I/BackupManagerService(  470):   com.android.sharedstoragebackup
I/BackupManagerService(  470):   com.android.providers.settings
I/BackupManagerService(  470): Backup enabled => true
I/AlarmManager(  470): ACCEPTED type=0 triggerAtTime=1391179796747 interval=3850860 PendingIntent=PendingIntent{414e34f8: PendingIntentRecord{414dc198 android broadcastIntent}} idx=-2 search=null
I/SystemServer(  470): AppWidget Service
I/SystemServer(  470): Recognition Service
I/SystemServer(  470): DiskStats Service
I/SystemServer(  470): SamplingProfiler Service
I/SystemServer(  470): NetworkTimeUpdateService
I/SystemServer(  470): CommonTimeManagementService
I/SystemServer(  470): CertBlacklister
I/SystemServer(  470): Dreams Service
I/SystemServer(  470): AssetRedirectionManager Service
I/SystemServer(  470): Pie Delivery Service
I/PowerManagerService(  470): updatePowerStateLocked aborted mSystemReady=false mDirty=33
I/PowerManagerService(  470): updatePowerStateLocked aborted mSystemReady=false mDirty=33
I/ActivityManager(  470): System now ready
I/SystemServer(  470): Making services ready
I/ActivityManager(  470): Start proc com.android.systemui for service com.android.systemui/.SystemUIService: pid=574 uid=10038 gids={50038, 1028, 1015, 3002, 3001, 1006}
W/MountService(  470): Duplicate state transition (mounted -> mounted) for /storage/emulated/0
D/NetworkManagementService(  470): enabling bandwidth control
D/SystemUIService(  574): loading: class com.android.systemui.statusbar.phone.PhoneStatusBar
D/SystemUIService(  574): running: com.android.systemui.statusbar.phone.PhoneStatusBar@41093df0
I/StatusBarManagerService(  470): registerStatusBar bar=com.android.internal.statusbar.IStatusBar$Stub$Proxy@41554510
I/AlarmManager(  470): ACCEPTED type=3 triggerAtTime=900000 interval=1800000 PendingIntent=PendingIntent{415845e8: PendingIntentRecord{41584588 android broadcastIntent}} idx=-2 search=null
I/UsbHostManager(  470): systemReady
I/ActivityManager(  470): Config changes=200 {1.0 ?mcc?mnc ru_RU ldltr sw600dp w600dp h880dp 213dpi lrg port finger -keyb/v/h -nav/h s.3 themeResource=null}
I/UsbHostManager(  470): usbDeviceAdded deviceName=/dev/bus/usb/002/003 deviceClass=0 deviceSubclass=0 deviceProtocol=0
W/RecognitionManagerService(  470): no available voice recognition services found for user 0
I/ActivityManager(  470): Start proc android.process.media for broadcast com.android.providers.media/.MtpReceiver: pid=633 uid=10016 gids={50016, 1015, 1023, 1024, 1028, 2001, 3003, 3007}
I/UsbSettingsManager(  470): deviceAttached device=UsbDevice[mName=/dev/bus/usb/002/003,mVendorId=1505,mProductId=1032,mClass=0,mSubclass=0,mProtocol=0,mInterfaces=[Landroid.hardware.usb.UsbInterface;@411b81e0] matches=[] defaultPackage=null
W/ContextImpl(  470): Calling a method in the system process without a qualified user: android.app.ContextImpl.sendBroadcast:1084 com.android.server.usb.UsbSettingsManager.deviceAttached:622 com.android.server.usb.UsbHostManager.usbDeviceAdded:161 com.android.server.usb.UsbHostManager.monitorUsbHostBus:-2 com.android.server.usb.UsbHostManager.access$000:38 
I/UsbHostManager(  470): usbDeviceAdded deviceName=/dev/bus/usb/002/002 deviceClass=9 deviceSubclass=0 deviceProtocol=1
I/UsbHostManager(  470): usbDeviceAdded deviceName=/dev/bus/usb/002/001 deviceClass=9 deviceSubclass=0 deviceProtocol=1
I/ActivityManager(  470): Start proc org.timur.powereventmgr for broadcast org.timur.powereventmgr/.PowerMonitorReceiver: pid=646 uid=1000 gids={41000, 1015, 1028, 3002, 3001, 3003, 3007}
I/UsbHostManager(  470): usbDeviceAdded deviceName=/dev/bus/usb/001/001 deviceClass=9 deviceSubclass=0 deviceProtocol=1
I/ActivityManager(  470): Start proc com.barberousse.classylivewallpaperlite for service com.barberousse.classylivewallpaperlite/.Wallpaper: pid=671 uid=10063 gids={50063, 1028}
W/InputMethodManagerService(  470): Ignoring setImeWindowStatus of uid 1000 token: null
I/ActivityManager(  470): Start proc com.android.inputmethod.latin for service com.android.inputmethod.latin/.LatinIME: pid=691 uid=10024 gids={50024, 1028}
I/LocationBlacklist(  470): whitelist: []
I/LocationBlacklist(  470): blacklist: []
I/ActivityManager(  470): Start proc com.android.phone for added application com.android.phone: pid=712 uid=1001 gids={41001, 3002, 3001, 3003, 1015, 1028}
I/ActivityManager(  470): Start proc com.android.nfc for added application com.android.nfc: pid=720 uid=1027 gids={41027, 3002, 3001, 1015, 1028}
I/ActivityManager(  470): START u0 {act=android.intent.action.MAIN cat=[android.intent.category.HOME] flg=0x10000000 cmp=com.teslacoilsw.launcher/com.android.launcher2.Launcher} from pid 0
I/ActivityManager(  470): Start proc com.teslacoilsw.launcher for activity com.teslacoilsw.launcher/com.android.launcher2.Launcher: pid=738 uid=10071 gids={50071, 3003, 1015, 1028}
I/SystemServer(  470): Enabled StrictMode for system server main thread.
I/ActivityManager(  470): Start proc android.process.acore for content provider com.android.providers.contacts/.ContactsProvider2: pid=746 uid=10001 gids={50001, 3003, 1015, 1028}
W/SocketClient(  139): write error (Broken pipe)
W/ThrottleService(  470): unable to find stats for iface rmnet0
D/PhoneStatusBar(  574): disable: < expand icons alerts ticker system_info back home recent clock search >
I/ActivityManager(  470): Start proc com.google.process.location for service com.google.android.location/.NetworkLocationService: pid=776 uid=10048 gids={50048, 3003, 1007, 1028, 1015, 1006, 2001, 3006}
I/ActivityManager(  470): Start proc com.android.location.fused for service com.android.location.fused/.FusedLocationService: pid=787 uid=10019 gids={50019, 1028}
I/AlarmManager(  470): ACCEPTED type=3 triggerAtTime=631203 interval=0 PendingIntent=PendingIntent{41520640: PendingIntentRecord{415205a0 android broadcastIntent}} idx=-2 search=null
I/ActivityManager(  470): Start proc com.google.process.gapps for content provider com.google.android.gsf/.settings.GoogleSettingsProvider: pid=826 uid=10048 gids={50048, 3003, 1007, 1028, 1015, 1006, 2001, 3006}
I/ActivityManager(  470): Start proc com.android.smspush for service com.android.smspush/.WapPushManager: pid=842 uid=10047 gids={50047, 1028}
I/ActivityManager(  470): Start proc com.android.nfc:handover for service com.android.nfc/.handover.HandoverService: pid=850 uid=1027 gids={41027, 3002, 3001, 1015, 1028}
D/SystemUIService(  574): loading: class com.android.systemui.power.PowerUI
D/SystemUIService(  574): running: com.android.systemui.power.PowerUI@416dfa90
D/SystemUIService(  574): loading: class com.android.systemui.media.RingtonePlayer
D/SystemUIService(  574): running: com.android.systemui.media.RingtonePlayer@416e0878
I/AlarmManager(  470): ACCEPTED type=3 triggerAtTime=29700000 interval=28800000 PendingIntent=PendingIntent{411ae360: PendingIntentRecord{4139fc60 com.android.phone broadcastIntent}} idx=-2 search=null
I/ActivityManager(  470): Start proc com.google.android.inputmethod.latin.dictionarypack for content provider com.google.android.inputmethod.latin.dictionarypack/.DictionaryProvider: pid=879 uid=10055 gids={50055, 3003, 1015, 1028}
I/ActivityManager(  470): Start proc com.android.settings for broadcast com.android.settings/.widget.SettingsAppWidgetProvider: pid=909 uid=1000 gids={41000, 1015, 1028, 3002, 3001, 3003, 3007}
W/ContextImpl(  909): Calling a method in the system process without a qualified user: android.app.ContextImpl.bindService:1458 android.content.ContextWrapper.bindService:473 android.bluetooth.BluetoothInputDevice.<init>:240 android.bluetooth.BluetoothAdapter.getProfileProxy:1169 com.android.settings.bluetooth.LocalBluetoothAdapter.getProfileProxy:94 
W/ContextImpl(  909): Calling a method in the system process without a qualified user: android.app.ContextImpl.bindService:1458 android.content.ContextWrapper.bindService:473 android.bluetooth.BluetoothPan.<init>:141 android.bluetooth.BluetoothAdapter.getProfileProxy:1172 com.android.settings.bluetooth.PanProfile.<init>:73 
W/ContextImpl(  909): Calling a method in the system process without a qualified user: android.app.ContextImpl.bindService:1458 android.content.ContextWrapper.bindService:473 android.bluetooth.BluetoothPbap.<init>:161 com.android.settings.bluetooth.PbapServerProfile.<init>:68 com.android.settings.bluetooth.LocalBluetoothProfileManager.<init>:124 
I/ActivityManager(  470): Start proc com.google.android.gms for broadcast com.google.android.gms/com.google.android.location.internal.NlpNetworkProviderSettingsUpdateReceiver: pid=942 uid=10048 gids={50048, 3003, 1007, 1028, 1015, 1006, 2001, 3006}
I/ActivityManager(  470): Start proc de.hinterhofapps.sliderwidget for broadcast de.hinterhofapps.sliderwidget/.SliderWidget_4x1: pid=986 uid=10066 gids={50066, 3003, 1028}
I/ActivityManager(  470): Start proc jp.co.bii.android.app.dskvzr:widgetprovider for broadcast jp.co.bii.android.app.dskvzr/.VisualizerWidgetProvider2by2: pid=1016 uid=10082 gids={50082, 1015, 3003, 1028}
I/ActivityManager(  470): Start proc com.nullsoft.winamp for broadcast com.nullsoft.winamp/.widget.MediaAppWidgetProvider: pid=1032 uid=10089 gids={50089, 3003, 1015, 1028}
I/AlarmManager(  470): ACCEPTED type=2 triggerAtTime=1827421804 interval=0 PendingIntent=PendingIntent{4166af28: PendingIntentRecord{416ff7f8 com.google.android.gms startService}} idx=-2 search=null
I/AlarmManager(  470): ACCEPTED type=2 triggerAtTime=1827421809 interval=0 PendingIntent=PendingIntent{41520e78: PendingIntentRecord{4139f400 com.google.android.gms startService}} idx=-2 search=null
I/AlarmManager(  470): ACCEPTED type=2 triggerAtTime=2700000 interval=1800000 PendingIntent=PendingIntent{4112ad78: PendingIntentRecord{41095630 android broadcastIntent}} idx=-2 search=null
V/WiredAccessoryManager(  470): bootCompleted()
V/WiredAccessoryManager(  470): init()
V/WiredAccessoryManager(  470): newName=h2w newState=2 headsetState=2 prev headsetState=0
V/WiredAccessoryManager(  470): init() observe all UEVENTs
V/WiredAccessoryManager(  470): init() startObserving=/devices/virtual/switch/h2w
V/WiredAccessoryManager(  470): init() startObserving=/devices/virtual/switch/usb_audio
V/WiredAccessoryManager(  470): init() startObserving=/devices/virtual/switch/dock
V/WiredAccessoryManager(  470): init() startObserving=/devices/virtual/switch/hdmi
V/WiredAccessoryManager(  470): init() startObserving=116
I/AlarmManager(  470): ACCEPTED type=2 triggerAtTime=1827421937 interval=0 PendingIntent=PendingIntent{41445640: PendingIntentRecord{413b9838 com.google.android.gms startService}} idx=-2 search=null
W/ContextImpl(  470): Calling a method in the system process without a qualified user: android.app.ContextImpl.bindService:1458 android.bluetooth.BluetoothHeadset.<init>:273 android.bluetooth.BluetoothAdapter.getProfileProxy:1163 android.media.AudioService.getBluetoothHeadset:2183 android.media.AudioService.access$2800:104 
W/ContextImpl(  470): Calling a method in the system process without a qualified user: android.app.ContextImpl.bindService:1458 android.bluetooth.BluetoothA2dp.<init>:160 android.bluetooth.BluetoothAdapter.getProfileProxy:1166 android.media.AudioService$AudioServiceBroadcastReceiver.onReceive:4077 android.app.LoadedApk$ReceiverDispatcher$Args.run:758 
V/WiredAccessoryManager(  470): MSG_NEW_DEVICE_STATE arg1=2 arg2=0
V/WiredAccessoryManager(  470): setDevicesState headsetState=2 prevHeadsetState=0 headsetName=h2w
V/WiredAccessoryManager(  470): device h2w connected
I/AlarmManager(  470): ACCEPTED type=2 triggerAtTime=1827422041 interval=0 PendingIntent=PendingIntent{4187fc10: PendingIntentRecord{4139f400 com.google.android.gms startService}} idx=-2 search=null
W/ActivityManager(  470): Unable to start service Intent { act=com.nullsoft.prostub.service.IWinampLicenseCheckService } U=0: not found
I/ActivityManager(  470): Config changes=480 {1.0 ?mcc?mnc ru_RU ldltr sw600dp w961dp h528dp 213dpi lrg land finger -keyb/v/h -nav/h s.4 themeResource=null}
I/PowerManagerService(  470): Boot animation finished.
W/ActivityManager(  470): Permission denied: checkComponentPermission() owningUid=10000
W/BroadcastQueue(  470): Permission Denial: broadcasting Intent { act=android.appwidget.action.APPWIDGET_UPDATE_OPTIONS flg=0x10 cmp=com.andrew.apollo/.appwidgets.AppWidgetSmall (has extras) } from android (pid=738, uid=10071) is not exported from uid 10000 due to receiver com.andrew.apollo/.appwidgets.AppWidgetSmall
I/ActivityManager(  470): Start proc com.bel.android.dspmanager for broadcast com.bel.android.dspmanager/.receiver.BootCompletedReceiver: pid=1078 uid=10012 gids={50012, 3002, 1028}
I/ActivityManager(  470): Start proc com.tmobile.thememanager for content provider com.tmobile.thememanager/.provider.ThemesProvider: pid=1102 uid=1300 gids={41300, -1, 1028}
I/ActivityManager(  470): Start proc com.estrongs.android.taskmanager for broadcast com.estrongs.android.taskmanager/.AutoStartReceiver: pid=1115 uid=10099 gids={50099, 3003, 3002, 3001, 1015, 1028}
I/AlarmManager(  470): ACCEPTED type=2 triggerAtTime=2700000 interval=1800000 PendingIntent=PendingIntent{4180c210: PendingIntentRecord{411a6288 android broadcastIntent}} idx=-2 search=null
I/AlarmManager(  470): ACCEPTED type=2 triggerAtTime=2700000 interval=1800000 PendingIntent=PendingIntent{416c48c0: PendingIntentRecord{4182e6f0 android broadcastIntent}} idx=-2 search=null
I/AlarmManager(  470): ACCEPTED type=2 triggerAtTime=2700000 interval=1800000 PendingIntent=PendingIntent{4146dd98: PendingIntentRecord{41391908 android broadcastIntent}} idx=-2 search=null
I/AlarmManager(  470): ACCEPTED type=2 triggerAtTime=2700000 interval=1800000 PendingIntent=PendingIntent{4151ab48: PendingIntentRecord{41467258 android broadcastIntent}} idx=-2 search=null
I/ActivityManager(  470): Start proc com.android.providers.calendar for broadcast com.android.providers.calendar/.CalendarReceiver: pid=1138 uid=10009 gids={50009, 3003, 1015, 1028}
I/BootReceiver(  470): Copying /proc/last_kmsg to DropBox (SYSTEM_LAST_KMSG)
I/AlarmManager(  470): ACCEPTED type=2 triggerAtTime=40857 interval=0 PendingIntent=PendingIntent{4161c778: PendingIntentRecord{416891e8 com.android.providers.calendar broadcastIntent}} idx=-2 search=null
I/ActivityManager(  470): Start proc com.android.cellbroadcastreceiver for broadcast com.android.cellbroadcastreceiver/.CellBroadcastReceiver: pid=1153 uid=10010 gids={50010, 1028}
I/ActivityManager(  470): Start proc com.android.deskclock for broadcast com.android.deskclock/.AlarmInitReceiver: pid=1168 uid=10014 gids={50014, 1028, 3003}
I/ActivityManager(  470): Start proc com.android.email for broadcast com.android.email/.service.EmailBroadcastReceiver: pid=1187 uid=10017 gids={50017, 3003, 1015, 1028}
D/ActivityThread( 1187): Loading provider com.android.email.provider;com.android.email.notifier: com.android.email.provider.EmailProvider
I/ActivityManager(  470): Start proc com.android.exchange for service com.android.exchange/.ExchangeService: pid=1205 uid=10018 gids={50018, 3003, 1015, 1028}
I/ActivityManager(  470): Start proc com.cyanogenmod.lockclock for broadcast com.cyanogenmod.lockclock/.ClockWidgetProvider: pid=1225 uid=10027 gids={50027, 3003, 1028}
I/AlarmManager(  470): ACCEPTED type=0 triggerAtTime=1387596231620 interval=0 PendingIntent=PendingIntent{414e5d90: PendingIntentRecord{417db8b0 com.cyanogenmod.lockclock startService}} idx=-2 search=null
W/ContextImpl(  646): Calling a method in the system process without a qualified user: android.app.ContextImpl.sendBroadcast:1084 android.content.ContextWrapper.sendBroadcast:338 android.content.ContextWrapper.sendBroadcast:338 org.timur.powereventmgr.PowerMonitorReceiver.checkAirplaneUndoFlag:351 org.timur.powereventmgr.PowerMonitorReceiver.onReceive:228 
I/WiredAccessoryManager(  470): #### onUEvent ALSA_ID name=snd/pcmC2D0c action=add
I/WiredAccessoryManager(  470): #### onUEvent ALSA_ID name=snd/controlC2 action=add
I/ActivityManager(  470): Start proc com.android.voicedialer for broadcast com.android.voicedialer/.VoiceDialerReceiver: pid=1258 uid=10044 gids={50044, 3002, 1028}
W/ActivityManager(  470): Unable to start service Intent { cmp=com.android.email/.service.AttachmentDownloadService } U=0: not found
W/ActivityManager(  470): Unable to start service Intent { cmp=com.android.email/.service.AttachmentDownloadService } U=0: not found
I/ActivityManager(  470): Start proc org.cyanogenmod.voiceplus for broadcast org.cyanogenmod.voiceplus/.PackageChangeReceiver: pid=1271 uid=10045 gids={50045, 3003, 1028}
I/ActivityManager(  470): Start proc com.google.android.configupdater for broadcast com.google.android.configupdater/.CertPinUpdateRequestReceiver: pid=1284 uid=10049 gids={50049, 3003, 2001, 1028}
I/ActivityManager(  470): No longer want com.google.android.inputmethod.latin.dictionarypack (pid 879): empty #17
I/ActivityManager(  470): No longer want de.hinterhofapps.sliderwidget (pid 986): empty #17
W/ActivityManager(  470): Unable to start service Intent { cmp=com.android.email/.service.AttachmentDownloadService } U=0: not found
I/ActivityManager(  470): Start proc com.google.android.apps.genie.geniewidget for broadcast com.google.android.apps.genie.geniewidget/.miniwidget.MiniWidgetProvider: pid=1307 uid=10050 gids={50050, 3003, 1015, 1028}
I/ActivityManager(  470): No longer want com.google.android.gms (pid 942): empty #17
W/ActivityManager(  470): Unable to start service Intent { cmp=com.android.email/.service.AttachmentDownloadService } U=0: not found
I/ActivityManager(  470): No longer want jp.co.bii.android.app.dskvzr:widgetprovider (pid 1016): empty #17
I/ActivityManager(  470): Start proc com.google.android.partnersetup for broadcast com.google.android.partnersetup/.GooglePartnerSetup: pid=1327 uid=10053 gids={50053, 3003, 1028}
I/SystemUpdateService(  826): cancelUpdate (empty URL)
I/AlarmManager(  470): ACCEPTED type=0 triggerAtTime=1391524817286 interval=0 PendingIntent=PendingIntent{4154ea98: PendingIntentRecord{41651ec8 com.google.android.partnersetup startService}} idx=-2 search=null
I/ActivityManager(  470): Start proc com.google.android.onetimeinitializer for broadcast com.google.android.onetimeinitializer/.OneTimeInitializerReceiver: pid=1364 uid=10057 gids={50057, 1028}
I/SystemUpdateService(  826): cancelUpdate (empty URL)
I/ActivityManager(  470): Start proc com.android.vending for broadcast com.android.vending/com.google.android.finsky.receivers.BootCompletedReceiver: pid=1380 uid=10058 gids={50058, 3003, 1015, 1028}
I/ActivityManager(  470): No longer want com.nullsoft.winamp (pid 1032): empty #17
I/AlarmManager(  470): ACCEPTED type=0 triggerAtTime=1391177988898 interval=1800000 PendingIntent=PendingIntent{4109bf08: PendingIntentRecord{4165f330 com.google.android.gsf broadcastIntent}} idx=-2 search=null
I/ActivityManager(  470): No longer want com.estrongs.android.taskmanager (pid 1115): empty #17
I/AlarmManager(  470): ACCEPTED type=0 triggerAtTime=1391176190295 interval=0 PendingIntent=PendingIntent{41538600: PendingIntentRecord{41533c18 com.android.vending startService}} idx=-2 search=null
I/ActivityManager(  470): Start proc com.google.android.gms for broadcast com.google.android.gms/.app.receiver.GetRestrictionsReceiver: pid=1438 uid=10048 gids={50048, 3003, 1007, 1028, 1015, 1006, 2001, 3006}
I/ActivityManager(  470): No longer want com.android.providers.calendar (pid 1138): empty #17
I/AlarmManager(  470): ACCEPTED type=0 triggerAtTime=1391176219361 interval=0 PendingIntent=PendingIntent{415b2d70: PendingIntentRecord{41533c18 com.android.vending startService}} idx=-2 search=null
I/ActivityManager(  470): Start proc com.google.android.gms.ui for broadcast com.google.android.gms/.auth.authzen.GcmReceiverService$Receiver: pid=1457 uid=10048 gids={50048, 3003, 1007, 1028, 1015, 1006, 2001, 3006}
I/AlarmManager(  470): ACCEPTED type=0 triggerAtTime=1391270107661 interval=0 PendingIntent=PendingIntent{416a3108: PendingIntentRecord{415f5e50 com.google.android.gms broadcastIntent}} idx=-2 search=null
I/ActivityManager(  470): Start proc org.prowl.torque for broadcast org.prowl.torque/.comms.ServiceBooter: pid=1478 uid=10092 gids={50092, 3003, 3002, 1015, 3001, 1028}
I/AlarmManager(  470): ACCEPTED type=0 triggerAtTime=1391221988338 interval=86400000 PendingIntent=PendingIntent{417b79b8: PendingIntentRecord{418296a8 com.google.android.gms startService}} idx=-2 search=null
I/ActivityManager(  470): Process org.prowl.torque (pid 1478) has died.
I/AlarmManager(  470): ACCEPTED type=0 triggerAtTime=1391262590015 interval=0 PendingIntent=PendingIntent{41637cb8: PendingIntentRecord{415efa18 com.google.android.gms broadcastIntent}} idx=-2 search=null
I/ActivityManager(  470): No longer want com.android.cellbroadcastreceiver (pid 1153): empty #17
I/ActivityManager(  470): Start proc ru.pccar for broadcast ru.pccar/.OnBootReceiver: pid=1496 uid=10070 gids={50070, 3003, 1006, 1028}
I/ActivityManager(  470): Start proc eu.chainfire.supersu for broadcast eu.chainfire.supersu/.BootCompleteReceiver: pid=1510 uid=10077 gids={50077, 1028}
I/ActivityManager(  470): Start proc com.android.lmt for broadcast com.android.lmt/.StartupReceiver: pid=1529 uid=10085 gids={50085, 3002, 3001, 1028}
I/ActivityManager(  470): START u0 {flg=0x10020000 cmp=ru.pccar/.Main} from pid 1496
I/ActivityManager(  470): Start proc AutomateIt.mainPackage for broadcast AutomateIt.mainPackage/automateItLib.mainPackage.AutomateItServiceStartup: pid=1558 uid=10065 gids={50065, 1015, 3002, 3001, 3003, 1028}
E/NotificationService(  470): Ignoring notification with icon==0: Notification(pri=0 contentView=null vibrate=null sound=null defaults=0x0 flags=0x62 kind=[null])
I/ActivityManager(  470): Start proc eu.chainfire.stickmount for broadcast eu.chainfire.stickmount/.StickMountReceiver: pid=1591 uid=10068 gids={50068, 1028, 1015}
I/ActivityManager(  470): No longer want com.android.deskclock (pid 1168): empty #17
W/ProcessStats(  470): Skipping unknown process pid 1584
I/AlarmManager(  470): ACCEPTED type=0 triggerAtTime=1391262592378 interval=0 PendingIntent=PendingIntent{413a2600: PendingIntentRecord{413a25c8 AutomateIt.mainPackage broadcastIntent}} idx=-2 search=null
I/ActivityManager(  470): Start proc com.google.android.youtube for broadcast com.google.android.youtube/com.google.android.apps.youtube.core.transfer.DownloadService$BootReceiver: pid=1615 uid=10079 gids={50079, 3003, 1015, 1006, 1028}
I/ActivityManager(  470): moveTaskToBack: 3
I/ActivityManager(  470): Start proc com.doubleTwist.androidPlayer for broadcast com.doubleTwist.androidPlayer/.BootIntentReceiver: pid=1764 uid=10097 gids={50097, 3003, 1015, 3002, 1028}
I/ActivityManager(  470): No longer want com.cyanogenmod.lockclock (pid 1225): empty #17
I/ActivityManager(  470): Start proc com.andrew.apollo for broadcast com.andrew.apollo/.appwidgets.AppWidgetSmall: pid=1798 uid=10000 gids={50000, 1015, 3003, 1028}
I/AlarmManager(  470): ACCEPTED type=0 triggerAtTime=1391202000464 interval=43200000 PendingIntent=PendingIntent{415fb750: PendingIntentRecord{4139fa58 com.doubleTwist.androidPlayer startService}} idx=-2 search=null
I/ActivityManager(  470): Start proc com.android.deskclock for broadcast com.android.deskclock/com.android.alarmclock.DigitalAppWidgetProvider: pid=1816 uid=10014 gids={50014, 1028, 3003}
I/ActivityManager(  470): No longer want org.timur.powereventmgr (pid 646): empty #17
