I/AudioTrack(  470): createTrack_l() output 2 afLatency 69
I/AudioTrack(  470): AudioTrack::createTrack_l createTrack() sampleRate=44100
I/AudioFlinger(  144): AudioFlinger createTrack() sampleRate=44100 streamType=1
I/AudioFlinger(  144): createTrack() sessionId: 0
I/AudioFlinger(  144): AudioFlinger createTrack() lSessionId: 401 sampleRate=44100
I/AudioFlinger(  144): AudioFlinger createTrack() done
I/AudioFlinger(  144): AudioFlinger ~TrackHandle()
I/AudioFlinger(  144): AudioFlinger PlaybackThread::Track::destroy() releaseOutput()
I/AudioSystem(  144): AudioSystem releaseOutput() output 2
I/AudioFlinger(  144): AudioFlinger PlaybackThread::destroyTrack_l()
I/AlarmManager(  470): ACCEPTED type=3 triggerAtTime=8929658 interval=0 PendingIntent=PendingIntent{411cb9a0: PendingIntentRecord{41161998 android broadcastIntent}} idx=-2 search=null
D/dalvikvm(  470): GC_CONCURRENT freed 2861K, 22% free 13033K/16584K, paused 4ms+5ms, total 83ms
I/AudioSystem(  470): getFrameCount() streamType 1, output 2, frameCount 1024
I/AudioSystem(  470): getSamplingRate() reading from output desc
I/AudioSystem(  470): getSamplingRate() streamType 1, output 2, sampling rate 44100
I/AudioTrack(  470): set() streamType 1 frameCount 4096 flags 0004 sampleRate 44100
I/AudioTrack(  470): AudioTrack getOutput streamType 1, sampleRate 44100, format 1, channelMask 1, flags 4
I/AudioTrack(  470): AudioTrack::createTrack_l sampleRate=44100 format=1
I/AudioTrack(  470): createTrack_l() output 2 afLatency 69
I/AudioTrack(  470): AudioTrack::createTrack_l createTrack() sampleRate=44100
I/AudioFlinger(  144): AudioFlinger createTrack() sampleRate=44100 streamType=1
I/AudioFlinger(  144): createTrack() sessionId: 0
I/AudioFlinger(  144): AudioFlinger createTrack() lSessionId: 402 sampleRate=44100
I/AudioFlinger(  144): AudioFlinger createTrack() done
I/AudioFlinger(  144): AudioFlinger ~TrackHandle()
I/AudioFlinger(  144): AudioFlinger PlaybackThread::Track::destroy() releaseOutput()
I/AudioSystem(  144): AudioSystem releaseOutput() output 2
I/AudioFlinger(  144): AudioFlinger PlaybackThread::destroyTrack_l()
I/AudioSystem(  470): getFrameCount() streamType 1, output 2, frameCount 1024
I/AudioSystem(  470): getSamplingRate() reading from output desc
I/AudioSystem(  470): getSamplingRate() streamType 1, output 2, sampling rate 44100
I/AudioTrack(  470): set() streamType 1 frameCount 4096 flags 0004 sampleRate 44100
I/AudioTrack(  470): AudioTrack getOutput streamType 1, sampleRate 44100, format 1, channelMask 1, flags 4
I/AudioTrack(  470): AudioTrack::createTrack_l sampleRate=44100 format=1
I/AudioTrack(  470): createTrack_l() output 2 afLatency 69
I/AudioTrack(  470): AudioTrack::createTrack_l createTrack() sampleRate=44100
I/AudioFlinger(  144): AudioFlinger createTrack() sampleRate=44100 streamType=1
I/AudioFlinger(  144): createTrack() sessionId: 0
I/AudioFlinger(  144): AudioFlinger createTrack() lSessionId: 403 sampleRate=44100
I/AudioFlinger(  144): AudioFlinger createTrack() done
I/AudioFlinger(  144): AudioFlinger ~TrackHandle()
I/AudioFlinger(  144): AudioFlinger PlaybackThread::Track::destroy() releaseOutput()
I/AudioSystem(  144): AudioSystem releaseOutput() output 2
I/AudioFlinger(  144): AudioFlinger PlaybackThread::destroyTrack_l()
I/AudioSystem(  470): getFrameCount() streamType 1, output 2, frameCount 1024
I/AudioSystem(  470): getSamplingRate() reading from output desc
I/AudioSystem(  470): getSamplingRate() streamType 1, output 2, sampling rate 44100
I/AudioTrack(  470): set() streamType 1 frameCount 4096 flags 0004 sampleRate 44100
I/AudioTrack(  470): AudioTrack getOutput streamType 1, sampleRate 44100, format 1, channelMask 1, flags 4
I/AudioTrack(  470): AudioTrack::createTrack_l sampleRate=44100 format=1
I/AudioTrack(  470): createTrack_l() output 2 afLatency 69
I/AudioTrack(  470): AudioTrack::createTrack_l createTrack() sampleRate=44100
I/AudioFlinger(  144): AudioFlinger createTrack() sampleRate=44100 streamType=1
I/AudioFlinger(  144): createTrack() sessionId: 0
I/AudioFlinger(  144): AudioFlinger createTrack() lSessionId: 404 sampleRate=44100
I/AudioFlinger(  144): AudioFlinger createTrack() done
I/AudioFlinger(  144): AudioFlinger ~TrackHandle()
I/AudioFlinger(  144): AudioFlinger PlaybackThread::Track::destroy() releaseOutput()
I/AudioSystem(  144): AudioSystem releaseOutput() output 2
I/AudioFlinger(  144): AudioFlinger PlaybackThread::destroyTrack_l()
I/AudioSystem(  470): getFrameCount() streamType 1, output 2, frameCount 1024
I/AudioSystem(  470): getSamplingRate() reading from output desc
I/AudioSystem(  470): getSamplingRate() streamType 1, output 2, sampling rate 44100
I/AudioTrack(  470): set() streamType 1 frameCount 4096 flags 0004 sampleRate 44100
I/AudioTrack(  470): AudioTrack getOutput streamType 1, sampleRate 44100, format 1, channelMask 1, flags 4
I/AudioTrack(  470): AudioTrack::createTrack_l sampleRate=44100 format=1
I/AudioTrack(  470): createTrack_l() output 2 afLatency 69
I/AudioTrack(  470): AudioTrack::createTrack_l createTrack() sampleRate=44100
I/AudioFlinger(  144): AudioFlinger createTrack() sampleRate=44100 streamType=1
I/AudioFlinger(  144): createTrack() sessionId: 0
I/AudioFlinger(  144): AudioFlinger createTrack() lSessionId: 405 sampleRate=44100
I/AudioFlinger(  144): AudioFlinger createTrack() done
I/AudioFlinger(  144): AudioFlinger ~TrackHandle()
I/AudioFlinger(  144): AudioFlinger PlaybackThread::Track::destroy() releaseOutput()
I/AudioSystem(  144): AudioSystem releaseOutput() output 2
I/AudioFlinger(  144): AudioFlinger PlaybackThread::destroyTrack_l()
I/AudioSystem(  470): getFrameCount() streamType 1, output 2, frameCount 1024
I/AudioSystem(  470): getSamplingRate() reading from output desc
I/AudioSystem(  470): getSamplingRate() streamType 1, output 2, sampling rate 44100
I/AudioTrack(  470): set() streamType 1 frameCount 4096 flags 0004 sampleRate 44100
I/AudioTrack(  470): AudioTrack getOutput streamType 1, sampleRate 44100, format 1, channelMask 1, flags 4
I/AudioTrack(  470): AudioTrack::createTrack_l sampleRate=44100 format=1
I/AudioTrack(  470): createTrack_l() output 2 afLatency 69
I/AudioTrack(  470): AudioTrack::createTrack_l createTrack() sampleRate=44100
I/AudioFlinger(  144): AudioFlinger createTrack() sampleRate=44100 streamType=1
I/AudioFlinger(  144): createTrack() sessionId: 0
I/AudioFlinger(  144): AudioFlinger createTrack() lSessionId: 406 sampleRate=44100
I/AudioFlinger(  144): AudioFlinger createTrack() done
I/AudioFlinger(  144): AudioFlinger ~TrackHandle()
I/AudioFlinger(  144): AudioFlinger PlaybackThread::Track::destroy() releaseOutput()
I/AudioSystem(  144): AudioSystem releaseOutput() output 2
I/AudioFlinger(  144): AudioFlinger PlaybackThread::destroyTrack_l()
I/AudioSystem(  470): getFrameCount() streamType 1, output 2, frameCount 1024
I/AudioSystem(  470): getSamplingRate() reading from output desc
I/AudioSystem(  470): getSamplingRate() streamType 1, output 2, sampling rate 44100
I/AudioTrack(  470): set() streamType 1 frameCount 4096 flags 0004 sampleRate 44100
I/AudioTrack(  470): AudioTrack getOutput streamType 1, sampleRate 44100, format 1, channelMask 1, flags 4
I/AudioTrack(  470): AudioTrack::createTrack_l sampleRate=44100 format=1
I/AudioTrack(  470): createTrack_l() output 2 afLatency 69
I/AudioTrack(  470): AudioTrack::createTrack_l createTrack() sampleRate=44100
I/AudioFlinger(  144): AudioFlinger createTrack() sampleRate=44100 streamType=1
I/AudioFlinger(  144): createTrack() sessionId: 0
I/AudioFlinger(  144): AudioFlinger createTrack() lSessionId: 407 sampleRate=44100
I/AudioFlinger(  144): AudioFlinger createTrack() done
I/AudioFlinger(  144): AudioFlinger ~TrackHandle()
I/AudioFlinger(  144): AudioFlinger PlaybackThread::Track::destroy() releaseOutput()
I/AudioSystem(  144): AudioSystem releaseOutput() output 2
I/AudioFlinger(  144): AudioFlinger PlaybackThread::destroyTrack_l()
I/AudioSystem(  470): getFrameCount() streamType 1, output 2, frameCount 1024
I/AudioSystem(  470): getSamplingRate() reading from output desc
I/AudioSystem(  470): getSamplingRate() streamType 1, output 2, sampling rate 44100
I/AudioTrack(  470): set() streamType 1 frameCount 4096 flags 0004 sampleRate 44100
I/AudioTrack(  470): AudioTrack getOutput streamType 1, sampleRate 44100, format 1, channelMask 1, flags 4
I/AudioTrack(  470): AudioTrack::createTrack_l sampleRate=44100 format=1
I/AudioTrack(  470): createTrack_l() output 2 afLatency 69
I/AudioTrack(  470): AudioTrack::createTrack_l createTrack() sampleRate=44100
I/AudioFlinger(  144): AudioFlinger createTrack() sampleRate=44100 streamType=1
I/AudioFlinger(  144): createTrack() sessionId: 0
I/AudioFlinger(  144): AudioFlinger createTrack() lSessionId: 408 sampleRate=44100
I/AudioFlinger(  144): AudioFlinger createTrack() done
I/AudioFlinger(  144): AudioFlinger ~TrackHandle()
I/AudioFlinger(  144): AudioFlinger PlaybackThread::Track::destroy() releaseOutput()
I/AudioSystem(  144): AudioSystem releaseOutput() output 2
I/AudioFlinger(  144): AudioFlinger PlaybackThread::destroyTrack_l()
I/AudioSystem(  470): getFrameCount() streamType 1, output 2, frameCount 1024
I/AudioSystem(  470): getSamplingRate() reading from output desc
I/AudioSystem(  470): getSamplingRate() streamType 1, output 2, sampling rate 44100
I/AudioTrack(  470): set() streamType 1 frameCount 4096 flags 0004 sampleRate 44100
I/AudioTrack(  470): AudioTrack getOutput streamType 1, sampleRate 44100, format 1, channelMask 1, flags 4
I/AudioTrack(  470): AudioTrack::createTrack_l sampleRate=44100 format=1
I/AudioTrack(  470): createTrack_l() output 2 afLatency 69
I/AudioTrack(  470): AudioTrack::createTrack_l createTrack() sampleRate=44100
I/AudioFlinger(  144): AudioFlinger createTrack() sampleRate=44100 streamType=1
I/AudioFlinger(  144): createTrack() sessionId: 0
I/AudioFlinger(  144): AudioFlinger createTrack() lSessionId: 409 sampleRate=44100
I/AudioFlinger(  144): AudioFlinger createTrack() done
I/AudioFlinger(  144): AudioFlinger ~TrackHandle()
I/AudioFlinger(  144): AudioFlinger PlaybackThread::Track::destroy() releaseOutput()
I/AudioSystem(  144): AudioSystem releaseOutput() output 2
I/AudioFlinger(  144): AudioFlinger PlaybackThread::destroyTrack_l()
I/AudioSystem(  470): getFrameCount() streamType 1, output 2, frameCount 1024
I/AudioSystem(  470): getSamplingRate() reading from output desc
I/AudioSystem(  470): getSamplingRate() streamType 1, output 2, sampling rate 44100
I/AudioTrack(  470): set() streamType 1 frameCount 4096 flags 0004 sampleRate 44100
I/AudioTrack(  470): AudioTrack getOutput streamType 1, sampleRate 44100, format 1, channelMask 1, flags 4
I/AudioTrack(  470): AudioTrack::createTrack_l sampleRate=44100 format=1
I/AudioTrack(  470): createTrack_l() output 2 afLatency 69
I/AudioTrack(  470): AudioTrack::createTrack_l createTrack() sampleRate=44100
I/AudioFlinger(  144): AudioFlinger createTrack() sampleRate=44100 streamType=1
I/AudioFlinger(  144): createTrack() sessionId: 0
I/AudioFlinger(  144): AudioFlinger createTrack() lSessionId: 410 sampleRate=44100
I/AudioFlinger(  144): AudioFlinger createTrack() done
I/AudioFlinger(  144): AudioFlinger ~TrackHandle()
I/AudioFlinger(  144): AudioFlinger PlaybackThread::Track::destroy() releaseOutput()
I/AudioSystem(  144): AudioSystem releaseOutput() output 2
I/AudioFlinger(  144): AudioFlinger PlaybackThread::destroyTrack_l()
I/AudioSystem(  470): getFrameCount() streamType 1, output 2, frameCount 1024
I/AudioSystem(  470): getSamplingRate() reading from output desc
I/AudioSystem(  470): getSamplingRate() streamType 1, output 2, sampling rate 44100
I/AudioTrack(  470): set() streamType 1 frameCount 4096 flags 0004 sampleRate 44100
I/AudioTrack(  470): AudioTrack getOutput streamType 1, sampleRate 44100, format 1, channelMask 1, flags 4
I/AudioTrack(  470): AudioTrack::createTrack_l sampleRate=44100 format=1
I/AudioTrack(  470): createTrack_l() output 2 afLatency 69
I/AudioTrack(  470): AudioTrack::createTrack_l createTrack() sampleRate=44100
I/AudioFlinger(  144): AudioFlinger createTrack() sampleRate=44100 streamType=1
I/AudioFlinger(  144): createTrack() sessionId: 0
I/AudioFlinger(  144): AudioFlinger createTrack() lSessionId: 411 sampleRate=44100
I/AudioFlinger(  144): AudioFlinger createTrack() done
I/AudioFlinger(  144): AudioFlinger ~TrackHandle()
I/AudioFlinger(  144): AudioFlinger PlaybackThread::Track::destroy() releaseOutput()
I/AudioSystem(  144): AudioSystem releaseOutput() output 2
I/AudioFlinger(  144): AudioFlinger PlaybackThread::destroyTrack_l()
I/AudioSystem(  470): getFrameCount() streamType 1, output 2, frameCount 1024
I/AudioSystem(  470): getSamplingRate() reading from output desc
I/AudioSystem(  470): getSamplingRate() streamType 1, output 2, sampling rate 44100
I/AudioTrack(  470): set() streamType 1 frameCount 4096 flags 0004 sampleRate 44100
I/AudioTrack(  470): AudioTrack getOutput streamType 1, sampleRate 44100, format 1, channelMask 1, flags 4
I/AudioTrack(  470): AudioTrack::createTrack_l sampleRate=44100 format=1
I/AudioTrack(  470): createTrack_l() output 2 afLatency 69
I/AudioTrack(  470): AudioTrack::createTrack_l createTrack() sampleRate=44100
I/AudioFlinger(  144): AudioFlinger createTrack() sampleRate=44100 streamType=1
I/AudioFlinger(  144): createTrack() sessionId: 0
I/AudioFlinger(  144): AudioFlinger createTrack() lSessionId: 412 sampleRate=44100
I/AudioFlinger(  144): AudioFlinger createTrack() done
I/AudioFlinger(  144): AudioFlinger ~TrackHandle()
I/AudioFlinger(  144): AudioFlinger PlaybackThread::Track::destroy() releaseOutput()
I/AudioSystem(  144): AudioSystem releaseOutput() output 2
I/AudioFlinger(  144): AudioFlinger PlaybackThread::destroyTrack_l()
E/LatinIME(  691): Backspace when we don't know the selection position
I/AudioSystem(  470): getFrameCount() streamType 1, output 2, frameCount 1024
I/AudioSystem(  470): getSamplingRate() reading from output desc
I/AudioSystem(  470): getSamplingRate() streamType 1, output 2, sampling rate 44100
I/AudioTrack(  470): set() streamType 1 frameCount 4096 flags 0004 sampleRate 44100
I/AudioTrack(  470): AudioTrack getOutput streamType 1, sampleRate 44100, format 1, channelMask 1, flags 4
I/AudioTrack(  470): AudioTrack::createTrack_l sampleRate=44100 format=1
I/AudioTrack(  470): createTrack_l() output 2 afLatency 69
I/AudioTrack(  470): AudioTrack::createTrack_l createTrack() sampleRate=44100
I/AudioFlinger(  144): AudioFlinger createTrack() sampleRate=44100 streamType=1
I/AudioFlinger(  144): createTrack() sessionId: 0
I/AudioFlinger(  144): AudioFlinger createTrack() lSessionId: 413 sampleRate=44100
I/AudioFlinger(  144): AudioFlinger createTrack() done
I/AudioFlinger(  144): AudioFlinger ~TrackHandle()
I/AudioFlinger(  144): AudioFlinger PlaybackThread::Track::destroy() releaseOutput()
I/AudioSystem(  144): AudioSystem releaseOutput() output 2
I/AudioFlinger(  144): AudioFlinger PlaybackThread::destroyTrack_l()
E/LatinIME(  691): Backspace when we don't know the selection position
I/AudioSystem(  470): getFrameCount() streamType 1, output 2, frameCount 1024
I/AudioSystem(  470): getSamplingRate() reading from output desc
I/AudioSystem(  470): getSamplingRate() streamType 1, output 2, sampling rate 44100
I/AudioTrack(  470): set() streamType 1 frameCount 4096 flags 0004 sampleRate 44100
I/AudioTrack(  470): AudioTrack getOutput streamType 1, sampleRate 44100, format 1, channelMask 1, flags 4
I/AudioTrack(  470): AudioTrack::createTrack_l sampleRate=44100 format=1
I/AudioTrack(  470): createTrack_l() output 2 afLatency 69
I/AudioTrack(  470): AudioTrack::createTrack_l createTrack() sampleRate=44100
I/AudioFlinger(  144): AudioFlinger createTrack() sampleRate=44100 streamType=1
I/AudioFlinger(  144): createTrack() sessionId: 0
I/AudioFlinger(  144): AudioFlinger createTrack() lSessionId: 414 sampleRate=44100
I/AudioFlinger(  144): AudioFlinger createTrack() done
I/AudioFlinger(  144): AudioFlinger ~TrackHandle()
I/AudioFlinger(  144): AudioFlinger PlaybackThread::Track::destroy() releaseOutput()
I/AudioSystem(  144): AudioSystem releaseOutput() output 2
I/AudioFlinger(  144): AudioFlinger PlaybackThread::destroyTrack_l()
E/LatinIME(  691): Backspace when we don't know the selection position
E/LatinIME(  691): Backspace when we don't know the selection position
I/AudioSystem(  470): getFrameCount() streamType 1, output 2, frameCount 1024
I/AudioSystem(  470): getSamplingRate() reading from output desc
I/AudioSystem(  470): getSamplingRate() streamType 1, output 2, sampling rate 44100
I/AudioTrack(  470): set() streamType 1 frameCount 4096 flags 0004 sampleRate 44100
I/AudioTrack(  470): AudioTrack getOutput streamType 1, sampleRate 44100, format 1, channelMask 1, flags 4
I/AudioTrack(  470): AudioTrack::createTrack_l sampleRate=44100 format=1
I/AudioTrack(  470): createTrack_l() output 2 afLatency 69
I/AudioTrack(  470): AudioTrack::createTrack_l createTrack() sampleRate=44100
I/AudioFlinger(  144): AudioFlinger createTrack() sampleRate=44100 streamType=1
I/AudioFlinger(  144): createTrack() sessionId: 0
I/AudioFlinger(  144): AudioFlinger createTrack() lSessionId: 415 sampleRate=44100
I/AudioFlinger(  144): AudioFlinger createTrack() done
I/AudioFlinger(  144): AudioFlinger ~TrackHandle()
I/AudioFlinger(  144): AudioFlinger PlaybackThread::Track::destroy() releaseOutput()
I/AudioSystem(  144): AudioSystem releaseOutput() output 2
I/AudioFlinger(  144): AudioFlinger PlaybackThread::destroyTrack_l()
I/AudioSystem(  470): getFrameCount() streamType 1, output 2, frameCount 1024
I/AudioSystem(  470): getSamplingRate() reading from output desc
I/AudioSystem(  470): getSamplingRate() streamType 1, output 2, sampling rate 44100
I/AudioTrack(  470): set() streamType 1 frameCount 4096 flags 0004 sampleRate 44100
I/AudioTrack(  470): AudioTrack getOutput streamType 1, sampleRate 44100, format 1, channelMask 1, flags 4
I/AudioTrack(  470): AudioTrack::createTrack_l sampleRate=44100 format=1
I/AudioTrack(  470): createTrack_l() output 2 afLatency 69
I/AudioTrack(  470): AudioTrack::createTrack_l createTrack() sampleRate=44100
I/AudioFlinger(  144): AudioFlinger createTrack() sampleRate=44100 streamType=1
I/AudioFlinger(  144): createTrack() sessionId: 0
I/AudioFlinger(  144): AudioFlinger createTrack() lSessionId: 416 sampleRate=44100
I/AudioFlinger(  144): AudioFlinger createTrack() done
I/AudioFlinger(  144): AudioFlinger ~TrackHandle()
I/AudioFlinger(  144): AudioFlinger PlaybackThread::Track::destroy() releaseOutput()
I/AudioSystem(  144): AudioSystem releaseOutput() output 2
I/AudioFlinger(  144): AudioFlinger PlaybackThread::destroyTrack_l()
I/AudioSystem(  470): getFrameCount() streamType 1, output 2, frameCount 1024
I/AudioSystem(  470): getSamplingRate() reading from output desc
I/AudioSystem(  470): getSamplingRate() streamType 1, output 2, sampling rate 44100
I/AudioTrack(  470): set() streamType 1 frameCount 4096 flags 0004 sampleRate 44100
I/AudioTrack(  470): AudioTrack getOutput streamType 1, sampleRate 44100, format 1, channelMask 1, flags 4
I/AudioTrack(  470): AudioTrack::createTrack_l sampleRate=44100 format=1
I/AudioTrack(  470): createTrack_l() output 2 afLatency 69
I/AudioTrack(  470): AudioTrack::createTrack_l createTrack() sampleRate=44100
I/AudioFlinger(  144): AudioFlinger createTrack() sampleRate=44100 streamType=1
I/AudioFlinger(  144): createTrack() sessionId: 0
I/AudioFlinger(  144): AudioFlinger createTrack() lSessionId: 417 sampleRate=44100
I/AudioFlinger(  144): AudioFlinger createTrack() done
I/AudioFlinger(  144): AudioFlinger ~TrackHandle()
I/AudioFlinger(  144): AudioFlinger PlaybackThread::Track::destroy() releaseOutput()
I/AudioSystem(  144): AudioSystem releaseOutput() output 2
I/AudioFlinger(  144): AudioFlinger PlaybackThread::destroyTrack_l()
I/AudioSystem(  470): getFrameCount() streamType 1, output 2, frameCount 1024
I/AudioSystem(  470): getSamplingRate() reading from output desc
I/AudioSystem(  470): getSamplingRate() streamType 1, output 2, sampling rate 44100
I/AudioTrack(  470): set() streamType 1 frameCount 4096 flags 0004 sampleRate 44100
I/AudioTrack(  470): AudioTrack getOutput streamType 1, sampleRate 44100, format 1, channelMask 1, flags 4
I/AudioTrack(  470): AudioTrack::createTrack_l sampleRate=44100 format=1
I/AudioTrack(  470): createTrack_l() output 2 afLatency 69
I/AudioTrack(  470): AudioTrack::createTrack_l createTrack() sampleRate=44100
I/AudioFlinger(  144): AudioFlinger createTrack() sampleRate=44100 streamType=1
I/AudioFlinger(  144): createTrack() sessionId: 0
I/AudioFlinger(  144): AudioFlinger createTrack() lSessionId: 418 sampleRate=44100
I/AudioFlinger(  144): AudioFlinger createTrack() done
I/AudioFlinger(  144): AudioFlinger ~TrackHandle()
I/AudioFlinger(  144): AudioFlinger PlaybackThread::Track::destroy() releaseOutput()
I/AudioSystem(  144): AudioSystem releaseOutput() output 2
I/AudioFlinger(  144): AudioFlinger PlaybackThread::destroyTrack_l()
D/dalvikvm( 8300): GC_CONCURRENT freed 1924K, 70% free 3353K/10892K, paused 4ms+14ms, total 78ms
I/AudioSystem(  470): getFrameCount() streamType 1, output 2, frameCount 1024
I/AudioSystem(  470): getSamplingRate() reading from output desc
I/AudioSystem(  470): getSamplingRate() streamType 1, output 2, sampling rate 44100
I/AudioTrack(  470): set() streamType 1 frameCount 4096 flags 0004 sampleRate 44100
I/AudioTrack(  470): AudioTrack getOutput streamType 1, sampleRate 44100, format 1, channelMask 1, flags 4
I/AudioTrack(  470): AudioTrack::createTrack_l sampleRate=44100 format=1
I/AudioTrack(  470): createTrack_l() output 2 afLatency 69
I/AudioTrack(  470): AudioTrack::createTrack_l createTrack() sampleRate=44100
I/AudioFlinger(  144): AudioFlinger createTrack() sampleRate=44100 streamType=1
I/AudioFlinger(  144): createTrack() sessionId: 0
I/AudioFlinger(  144): AudioFlinger createTrack() lSessionId: 419 sampleRate=44100
I/AudioFlinger(  144): AudioFlinger createTrack() done
I/AudioFlinger(  144): AudioFlinger ~TrackHandle()
I/AudioFlinger(  144): AudioFlinger PlaybackThread::Track::destroy() releaseOutput()
I/AudioSystem(  144): AudioSystem releaseOutput() output 2
I/AudioFlinger(  144): AudioFlinger PlaybackThread::destroyTrack_l()
I/AudioSystem(  470): getFrameCount() streamType 1, output 2, frameCount 1024
I/AudioSystem(  470): getSamplingRate() reading from output desc
I/AudioSystem(  470): getSamplingRate() streamType 1, output 2, sampling rate 44100
I/AudioTrack(  470): set() streamType 1 frameCount 4096 flags 0004 sampleRate 44100
I/AudioTrack(  470): AudioTrack getOutput streamType 1, sampleRate 44100, format 1, channelMask 1, flags 4
I/AudioTrack(  470): AudioTrack::createTrack_l sampleRate=44100 format=1
I/AudioTrack(  470): createTrack_l() output 2 afLatency 69
I/AudioTrack(  470): AudioTrack::createTrack_l createTrack() sampleRate=44100
I/AudioFlinger(  144): AudioFlinger createTrack() sampleRate=44100 streamType=1
I/AudioFlinger(  144): createTrack() sessionId: 0
I/AudioFlinger(  144): AudioFlinger createTrack() lSessionId: 420 sampleRate=44100
I/AudioFlinger(  144): AudioFlinger createTrack() done
I/AudioFlinger(  144): AudioFlinger ~TrackHandle()
I/AudioFlinger(  144): AudioFlinger PlaybackThread::Track::destroy() releaseOutput()
I/AudioSystem(  144): AudioSystem releaseOutput() output 2
I/AudioFlinger(  144): AudioFlinger PlaybackThread::destroyTrack_l()
I/AudioSystem(  470): getFrameCount() streamType 1, output 2, frameCount 1024
I/AudioSystem(  470): getSamplingRate() reading from output desc
I/AudioSystem(  470): getSamplingRate() streamType 1, output 2, sampling rate 44100
I/AudioTrack(  470): set() streamType 1 frameCount 4096 flags 0004 sampleRate 44100
I/AudioTrack(  470): AudioTrack getOutput streamType 1, sampleRate 44100, format 1, channelMask 1, flags 4
I/AudioTrack(  470): AudioTrack::createTrack_l sampleRate=44100 format=1
I/AudioTrack(  470): createTrack_l() output 2 afLatency 69
I/AudioTrack(  470): AudioTrack::createTrack_l createTrack() sampleRate=44100
I/AudioFlinger(  144): AudioFlinger createTrack() sampleRate=44100 streamType=1
I/AudioFlinger(  144): createTrack() sessionId: 0
I/AudioFlinger(  144): AudioFlinger createTrack() lSessionId: 421 sampleRate=44100
I/AudioFlinger(  144): AudioFlinger createTrack() done
I/AudioFlinger(  144): AudioFlinger ~TrackHandle()
I/AudioFlinger(  144): AudioFlinger PlaybackThread::Track::destroy() releaseOutput()
I/AudioSystem(  144): AudioSystem releaseOutput() output 2
I/AudioFlinger(  144): AudioFlinger PlaybackThread::destroyTrack_l()
I/AudioSystem(  470): getFrameCount() streamType 1, output 2, frameCount 1024
I/AudioSystem(  470): getSamplingRate() reading from output desc
I/AudioSystem(  470): getSamplingRate() streamType 1, output 2, sampling rate 44100
I/AudioTrack(  470): set() streamType 1 frameCount 4096 flags 0004 sampleRate 44100
I/AudioTrack(  470): AudioTrack getOutput streamType 1, sampleRate 44100, format 1, channelMask 1, flags 4
I/AudioTrack(  470): AudioTrack::createTrack_l sampleRate=44100 format=1
I/AudioTrack(  470): createTrack_l() output 2 afLatency 69
I/AudioTrack(  470): AudioTrack::createTrack_l createTrack() sampleRate=44100
I/AudioFlinger(  144): AudioFlinger createTrack() sampleRate=44100 streamType=1
I/AudioFlinger(  144): createTrack() sessionId: 0
I/AudioFlinger(  144): AudioFlinger createTrack() lSessionId: 422 sampleRate=44100
I/AudioFlinger(  144): AudioFlinger createTrack() done
I/AudioFlinger(  144): AudioFlinger ~TrackHandle()
I/AudioFlinger(  144): AudioFlinger PlaybackThread::Track::destroy() releaseOutput()
I/AudioSystem(  144): AudioSystem releaseOutput() output 2
I/AudioFlinger(  144): AudioFlinger PlaybackThread::destroyTrack_l()
I/AudioSystem(  470): getFrameCount() streamType 1, output 2, frameCount 1024
I/AudioSystem(  470): getSamplingRate() reading from output desc
I/AudioSystem(  470): getSamplingRate() streamType 1, output 2, sampling rate 44100
I/AudioTrack(  470): set() streamType 1 frameCount 4096 flags 0004 sampleRate 44100
I/AudioTrack(  470): AudioTrack getOutput streamType 1, sampleRate 44100, format 1, channelMask 1, flags 4
I/AudioTrack(  470): AudioTrack::createTrack_l sampleRate=44100 format=1
I/AudioTrack(  470): createTrack_l() output 2 afLatency 69
I/AudioTrack(  470): AudioTrack::createTrack_l createTrack() sampleRate=44100
I/AudioFlinger(  144): AudioFlinger createTrack() sampleRate=44100 streamType=1
I/AudioFlinger(  144): createTrack() sessionId: 0
I/AudioFlinger(  144): AudioFlinger createTrack() lSessionId: 423 sampleRate=44100
I/AudioFlinger(  144): AudioFlinger createTrack() done
I/AudioFlinger(  144): AudioFlinger ~TrackHandle()
I/AudioFlinger(  144): AudioFlinger PlaybackThread::Track::destroy() releaseOutput()
I/AudioSystem(  144): AudioSystem releaseOutput() output 2
I/AudioFlinger(  144): AudioFlinger PlaybackThread::destroyTrack_l()
I/AudioSystem(  470): getFrameCount() streamType 1, output 2, frameCount 1024
I/AudioSystem(  470): getSamplingRate() reading from output desc
I/AudioSystem(  470): getSamplingRate() streamType 1, output 2, sampling rate 44100
I/AudioTrack(  470): set() streamType 1 frameCount 4096 flags 0004 sampleRate 44100
I/AudioTrack(  470): AudioTrack getOutput streamType 1, sampleRate 44100, format 1, channelMask 1, flags 4
I/AudioTrack(  470): AudioTrack::createTrack_l sampleRate=44100 format=1
I/AudioTrack(  470): createTrack_l() output 2 afLatency 69
I/AudioTrack(  470): AudioTrack::createTrack_l createTrack() sampleRate=44100
I/AudioFlinger(  144): AudioFlinger createTrack() sampleRate=44100 streamType=1
I/AudioFlinger(  144): createTrack() sessionId: 0
I/AudioFlinger(  144): AudioFlinger createTrack() lSessionId: 424 sampleRate=44100
I/AudioFlinger(  144): AudioFlinger createTrack() done
I/AudioFlinger(  144): AudioFlinger ~TrackHandle()
I/AudioFlinger(  144): AudioFlinger PlaybackThread::Track::destroy() releaseOutput()
I/AudioSystem(  144): AudioSystem releaseOutput() output 2
I/AudioFlinger(  144): AudioFlinger PlaybackThread::destroyTrack_l()
I/AudioSystem(  470): getFrameCount() streamType 1, output 2, frameCount 1024
I/AudioSystem(  470): getSamplingRate() reading from output desc
I/AudioSystem(  470): getSamplingRate() streamType 1, output 2, sampling rate 44100
I/AudioTrack(  470): set() streamType 1 frameCount 4096 flags 0004 sampleRate 44100
I/AudioTrack(  470): AudioTrack getOutput streamType 1, sampleRate 44100, format 1, channelMask 1, flags 4
I/AudioTrack(  470): AudioTrack::createTrack_l sampleRate=44100 format=1
I/AudioTrack(  470): createTrack_l() output 2 afLatency 69
I/AudioTrack(  470): AudioTrack::createTrack_l createTrack() sampleRate=44100
I/AudioFlinger(  144): AudioFlinger createTrack() sampleRate=44100 streamType=1
I/AudioFlinger(  144): createTrack() sessionId: 0
I/AudioFlinger(  144): AudioFlinger createTrack() lSessionId: 425 sampleRate=44100
I/AudioFlinger(  144): AudioFlinger createTrack() done
I/AudioFlinger(  144): AudioFlinger ~TrackHandle()
I/AudioFlinger(  144): AudioFlinger PlaybackThread::Track::destroy() releaseOutput()
I/AudioSystem(  144): AudioSystem releaseOutput() output 2
I/AudioFlinger(  144): AudioFlinger PlaybackThread::destroyTrack_l()
I/AudioSystem(  470): getFrameCount() streamType 1, output 2, frameCount 1024
I/AudioSystem(  470): getSamplingRate() reading from output desc
I/AudioSystem(  470): getSamplingRate() streamType 1, output 2, sampling rate 44100
I/AudioTrack(  470): set() streamType 1 frameCount 4096 flags 0004 sampleRate 44100
I/AudioTrack(  470): AudioTrack getOutput streamType 1, sampleRate 44100, format 1, channelMask 1, flags 4
I/AudioTrack(  470): AudioTrack::createTrack_l sampleRate=44100 format=1
I/AudioTrack(  470): createTrack_l() output 2 afLatency 69
I/AudioTrack(  470): AudioTrack::createTrack_l createTrack() sampleRate=44100
I/AudioFlinger(  144): AudioFlinger createTrack() sampleRate=44100 streamType=1
I/AudioFlinger(  144): createTrack() sessionId: 0
I/AudioFlinger(  144): AudioFlinger createTrack() lSessionId: 426 sampleRate=44100
I/AudioFlinger(  144): AudioFlinger createTrack() done
I/AudioFlinger(  144): AudioFlinger ~TrackHandle()
I/AudioFlinger(  144): AudioFlinger PlaybackThread::Track::destroy() releaseOutput()
I/AudioSystem(  144): AudioSystem releaseOutput() output 2
I/AudioFlinger(  144): AudioFlinger PlaybackThread::destroyTrack_l()
I/AudioSystem(  470): getFrameCount() streamType 1, output 2, frameCount 1024
I/AudioSystem(  470): getSamplingRate() reading from output desc
I/AudioSystem(  470): getSamplingRate() streamType 1, output 2, sampling rate 44100
I/AudioTrack(  470): set() streamType 1 frameCount 4096 flags 0004 sampleRate 44100
I/AudioTrack(  470): AudioTrack getOutput streamType 1, sampleRate 44100, format 1, channelMask 1, flags 4
I/AudioTrack(  470): AudioTrack::createTrack_l sampleRate=44100 format=1
I/AudioTrack(  470): createTrack_l() output 2 afLatency 69
I/AudioTrack(  470): AudioTrack::createTrack_l createTrack() sampleRate=44100
I/AudioFlinger(  144): AudioFlinger createTrack() sampleRate=44100 streamType=1
I/AudioFlinger(  144): createTrack() sessionId: 0
I/AudioFlinger(  144): AudioFlinger createTrack() lSessionId: 427 sampleRate=44100
I/AudioFlinger(  144): AudioFlinger createTrack() done
I/AudioFlinger(  144): AudioFlinger ~TrackHandle()
I/AudioFlinger(  144): AudioFlinger PlaybackThread::Track::destroy() releaseOutput()
I/AudioSystem(  144): AudioSystem releaseOutput() output 2
I/AudioFlinger(  144): AudioFlinger PlaybackThread::destroyTrack_l()
I/AudioSystem(  470): getFrameCount() streamType 1, output 2, frameCount 1024
I/AudioSystem(  470): getSamplingRate() reading from output desc
I/AudioSystem(  470): getSamplingRate() streamType 1, output 2, sampling rate 44100
I/AudioTrack(  470): set() streamType 1 frameCount 4096 flags 0004 sampleRate 44100
I/AudioTrack(  470): AudioTrack getOutput streamType 1, sampleRate 44100, format 1, channelMask 1, flags 4
I/AudioTrack(  470): AudioTrack::createTrack_l sampleRate=44100 format=1
I/AudioTrack(  470): createTrack_l() output 2 afLatency 69
I/AudioTrack(  470): AudioTrack::createTrack_l createTrack() sampleRate=44100
I/AudioFlinger(  144): AudioFlinger createTrack() sampleRate=44100 streamType=1
I/AudioFlinger(  144): createTrack() sessionId: 0
I/AudioFlinger(  144): AudioFlinger createTrack() lSessionId: 428 sampleRate=44100
I/AudioFlinger(  144): AudioFlinger createTrack() done
I/AudioFlinger(  144): AudioFlinger ~TrackHandle()
I/AudioFlinger(  144): AudioFlinger PlaybackThread::Track::destroy() releaseOutput()
I/AudioSystem(  144): AudioSystem releaseOutput() output 2
I/AudioFlinger(  144): AudioFlinger PlaybackThread::destroyTrack_l()
I/AudioSystem(  470): getFrameCount() streamType 1, output 2, frameCount 1024
I/AudioSystem(  470): getSamplingRate() reading from output desc
I/AudioSystem(  470): getSamplingRate() streamType 1, output 2, sampling rate 44100
I/AudioTrack(  470): set() streamType 1 frameCount 4096 flags 0004 sampleRate 44100
I/AudioTrack(  470): AudioTrack getOutput streamType 1, sampleRate 44100, format 1, channelMask 1, flags 4
I/AudioTrack(  470): AudioTrack::createTrack_l sampleRate=44100 format=1
I/AudioTrack(  470): createTrack_l() output 2 afLatency 69
I/AudioTrack(  470): AudioTrack::createTrack_l createTrack() sampleRate=44100
I/AudioFlinger(  144): AudioFlinger createTrack() sampleRate=44100 streamType=1
I/AudioFlinger(  144): createTrack() sessionId: 0
I/AudioFlinger(  144): AudioFlinger createTrack() lSessionId: 429 sampleRate=44100
I/AudioFlinger(  144): AudioFlinger createTrack() done
I/AudioFlinger(  144): AudioFlinger ~TrackHandle()
I/AudioFlinger(  144): AudioFlinger PlaybackThread::Track::destroy() releaseOutput()
I/AudioSystem(  144): AudioSystem releaseOutput() output 2
I/AudioFlinger(  144): AudioFlinger PlaybackThread::destroyTrack_l()
I/AudioSystem(  470): getFrameCount() streamType 1, output 2, frameCount 1024
I/AudioSystem(  470): getSamplingRate() reading from output desc
I/AudioSystem(  470): getSamplingRate() streamType 1, output 2, sampling rate 44100
I/AudioTrack(  470): set() streamType 1 frameCount 4096 flags 0004 sampleRate 44100
I/AudioTrack(  470): AudioTrack getOutput streamType 1, sampleRate 44100, format 1, channelMask 1, flags 4
I/AudioTrack(  470): AudioTrack::createTrack_l sampleRate=44100 format=1
I/AudioTrack(  470): createTrack_l() output 2 afLatency 69
I/AudioTrack(  470): AudioTrack::createTrack_l createTrack() sampleRate=44100
I/AudioFlinger(  144): AudioFlinger createTrack() sampleRate=44100 streamType=1
I/AudioFlinger(  144): createTrack() sessionId: 0
I/AudioFlinger(  144): AudioFlinger createTrack() lSessionId: 430 sampleRate=44100
I/AudioFlinger(  144): AudioFlinger createTrack() done
I/AudioFlinger(  144): AudioFlinger ~TrackHandle()
I/AudioFlinger(  144): AudioFlinger PlaybackThread::Track::destroy() releaseOutput()
I/AudioSystem(  144): AudioSystem releaseOutput() output 2
I/AudioFlinger(  144): AudioFlinger PlaybackThread::destroyTrack_l()
I/AudioSystem(  470): getFrameCount() streamType 1, output 2, frameCount 1024
I/AudioSystem(  470): getSamplingRate() reading from output desc
I/AudioSystem(  470): getSamplingRate() streamType 1, output 2, sampling rate 44100
I/AudioTrack(  470): set() streamType 1 frameCount 4096 flags 0004 sampleRate 44100
I/AudioTrack(  470): AudioTrack getOutput streamType 1, sampleRate 44100, format 1, channelMask 1, flags 4
I/AudioTrack(  470): AudioTrack::createTrack_l sampleRate=44100 format=1
I/AudioTrack(  470): createTrack_l() output 2 afLatency 69
I/AudioTrack(  470): AudioTrack::createTrack_l createTrack() sampleRate=44100
I/AudioFlinger(  144): AudioFlinger createTrack() sampleRate=44100 streamType=1
I/AudioFlinger(  144): createTrack() sessionId: 0
I/AudioFlinger(  144): AudioFlinger createTrack() lSessionId: 431 sampleRate=44100
I/AudioFlinger(  144): AudioFlinger createTrack() done
I/AudioFlinger(  144): AudioFlinger ~TrackHandle()
I/AudioFlinger(  144): AudioFlinger PlaybackThread::Track::destroy() releaseOutput()
I/AudioSystem(  144): AudioSystem releaseOutput() output 2
I/AudioFlinger(  144): AudioFlinger PlaybackThread::destroyTrack_l()
I/AudioSystem(  470): getFrameCount() streamType 1, output 2, frameCount 1024
I/AudioSystem(  470): getSamplingRate() reading from output desc
I/AudioSystem(  470): getSamplingRate() streamType 1, output 2, sampling rate 44100
I/AudioTrack(  470): set() streamType 1 frameCount 4096 flags 0004 sampleRate 44100
I/AudioTrack(  470): AudioTrack getOutput streamType 1, sampleRate 44100, format 1, channelMask 1, flags 4
I/AudioTrack(  470): AudioTrack::createTrack_l sampleRate=44100 format=1
I/AudioTrack(  470): createTrack_l() output 2 afLatency 69
I/AudioTrack(  470): AudioTrack::createTrack_l createTrack() sampleRate=44100
I/AudioFlinger(  144): AudioFlinger createTrack() sampleRate=44100 streamType=1
I/AudioFlinger(  144): createTrack() sessionId: 0
I/AudioFlinger(  144): AudioFlinger createTrack() lSessionId: 432 sampleRate=44100
I/AudioFlinger(  144): AudioFlinger createTrack() done
I/AudioFlinger(  144): AudioFlinger ~TrackHandle()
I/AudioFlinger(  144): AudioFlinger PlaybackThread::Track::destroy() releaseOutput()
I/AudioSystem(  144): AudioSystem releaseOutput() output 2
I/AudioFlinger(  144): AudioFlinger PlaybackThread::destroyTrack_l()
I/AudioSystem(  470): getFrameCount() streamType 1, output 2, frameCount 1024
I/AudioSystem(  470): getSamplingRate() reading from output desc
I/AudioSystem(  470): getSamplingRate() streamType 1, output 2, sampling rate 44100
I/AudioTrack(  470): set() streamType 1 frameCount 4096 flags 0004 sampleRate 44100
I/AudioTrack(  470): AudioTrack getOutput streamType 1, sampleRate 44100, format 1, channelMask 1, flags 4
I/AudioTrack(  470): AudioTrack::createTrack_l sampleRate=44100 format=1
I/AudioTrack(  470): createTrack_l() output 2 afLatency 69
I/AudioTrack(  470): AudioTrack::createTrack_l createTrack() sampleRate=44100
I/AudioFlinger(  144): AudioFlinger createTrack() sampleRate=44100 streamType=1
I/AudioFlinger(  144): createTrack() sessionId: 0
I/AudioFlinger(  144): AudioFlinger createTrack() lSessionId: 433 sampleRate=44100
I/AudioFlinger(  144): AudioFlinger createTrack() done
I/AudioFlinger(  144): AudioFlinger ~TrackHandle()
I/AudioFlinger(  144): AudioFlinger PlaybackThread::Track::destroy() releaseOutput()
I/AudioSystem(  144): AudioSystem releaseOutput() output 2
I/AudioFlinger(  144): AudioFlinger PlaybackThread::destroyTrack_l()
I/AudioSystem(  470): getFrameCount() streamType 1, output 2, frameCount 1024
I/AudioSystem(  470): getSamplingRate() reading from output desc
I/AudioSystem(  470): getSamplingRate() streamType 1, output 2, sampling rate 44100
I/AudioTrack(  470): set() streamType 1 frameCount 4096 flags 0004 sampleRate 44100
I/AudioTrack(  470): AudioTrack getOutput streamType 1, sampleRate 44100, format 1, channelMask 1, flags 4
I/AudioTrack(  470): AudioTrack::createTrack_l sampleRate=44100 format=1
I/AudioTrack(  470): createTrack_l() output 2 afLatency 69
I/AudioTrack(  470): AudioTrack::createTrack_l createTrack() sampleRate=44100
I/AudioFlinger(  144): AudioFlinger createTrack() sampleRate=44100 streamType=1
I/AudioFlinger(  144): createTrack() sessionId: 0
I/AudioFlinger(  144): AudioFlinger createTrack() lSessionId: 434 sampleRate=44100
I/AudioFlinger(  144): AudioFlinger createTrack() done
I/AudioFlinger(  144): AudioFlinger ~TrackHandle()
I/AudioFlinger(  144): AudioFlinger PlaybackThread::Track::destroy() releaseOutput()
I/AudioSystem(  144): AudioSystem releaseOutput() output 2
I/AudioFlinger(  144): AudioFlinger PlaybackThread::destroyTrack_l()
I/AudioSystem(  470): getFrameCount() streamType 1, output 2, frameCount 1024
I/AudioSystem(  470): getSamplingRate() reading from output desc
I/AudioSystem(  470): getSamplingRate() streamType 1, output 2, sampling rate 44100
I/AudioTrack(  470): set() streamType 1 frameCount 4096 flags 0004 sampleRate 44100
I/AudioTrack(  470): AudioTrack getOutput streamType 1, sampleRate 44100, format 1, channelMask 1, flags 4
I/AudioTrack(  470): AudioTrack::createTrack_l sampleRate=44100 format=1
I/AudioTrack(  470): createTrack_l() output 2 afLatency 69
I/AudioTrack(  470): AudioTrack::createTrack_l createTrack() sampleRate=44100
I/AudioFlinger(  144): AudioFlinger createTrack() sampleRate=44100 streamType=1
I/AudioFlinger(  144): createTrack() sessionId: 0
I/AudioFlinger(  144): AudioFlinger createTrack() lSessionId: 435 sampleRate=44100
I/AudioFlinger(  144): AudioFlinger createTrack() done
I/AudioFlinger(  144): AudioFlinger ~TrackHandle()
I/AudioFlinger(  144): AudioFlinger PlaybackThread::Track::destroy() releaseOutput()
I/AudioSystem(  144): AudioSystem releaseOutput() output 2
I/AudioFlinger(  144): AudioFlinger PlaybackThread::destroyTrack_l()
I/AudioSystem(  470): getFrameCount() streamType 1, output 2, frameCount 1024
I/AudioSystem(  470): getSamplingRate() reading from output desc
I/AudioSystem(  470): getSamplingRate() streamType 1, output 2, sampling rate 44100
I/AudioTrack(  470): set() streamType 1 frameCount 4096 flags 0004 sampleRate 44100
I/AudioTrack(  470): AudioTrack getOutput streamType 1, sampleRate 44100, format 1, channelMask 1, flags 4
I/AudioTrack(  470): AudioTrack::createTrack_l sampleRate=44100 format=1
I/AudioTrack(  470): createTrack_l() output 2 afLatency 69
I/AudioTrack(  470): AudioTrack::createTrack_l createTrack() sampleRate=44100
I/AudioFlinger(  144): AudioFlinger createTrack() sampleRate=44100 streamType=1
I/AudioFlinger(  144): createTrack() sessionId: 0
I/AudioFlinger(  144): AudioFlinger createTrack() lSessionId: 436 sampleRate=44100
I/AudioFlinger(  144): AudioFlinger createTrack() done
I/AudioFlinger(  144): AudioFlinger ~TrackHandle()
I/AudioFlinger(  144): AudioFlinger PlaybackThread::Track::destroy() releaseOutput()
I/AudioSystem(  144): AudioSystem releaseOutput() output 2
I/AudioFlinger(  144): AudioFlinger PlaybackThread::destroyTrack_l()
I/AudioSystem(  470): getFrameCount() streamType 1, output 2, frameCount 1024
I/AudioSystem(  470): getSamplingRate() reading from output desc
I/AudioSystem(  470): getSamplingRate() streamType 1, output 2, sampling rate 44100
I/AudioTrack(  470): set() streamType 1 frameCount 4096 flags 0004 sampleRate 44100
I/AudioTrack(  470): AudioTrack getOutput streamType 1, sampleRate 44100, format 1, channelMask 1, flags 4
I/AudioTrack(  470): AudioTrack::createTrack_l sampleRate=44100 format=1
I/AudioTrack(  470): createTrack_l() output 2 afLatency 69
I/AudioTrack(  470): AudioTrack::createTrack_l createTrack() sampleRate=44100
I/AudioFlinger(  144): AudioFlinger createTrack() sampleRate=44100 streamType=1
I/AudioFlinger(  144): createTrack() sessionId: 0
I/AudioFlinger(  144): AudioFlinger createTrack() lSessionId: 437 sampleRate=44100
I/AudioFlinger(  144): AudioFlinger createTrack() done
I/AudioFlinger(  144): AudioFlinger ~TrackHandle()
I/AudioFlinger(  144): AudioFlinger PlaybackThread::Track::destroy() releaseOutput()
I/AudioSystem(  144): AudioSystem releaseOutput() output 2
I/AudioFlinger(  144): AudioFlinger PlaybackThread::destroyTrack_l()
I/AudioSystem(  470): getFrameCount() streamType 1, output 2, frameCount 1024
I/AudioSystem(  470): getSamplingRate() reading from output desc
I/AudioSystem(  470): getSamplingRate() streamType 1, output 2, sampling rate 44100
I/AudioTrack(  470): set() streamType 1 frameCount 4096 flags 0004 sampleRate 44100
I/AudioTrack(  470): AudioTrack getOutput streamType 1, sampleRate 44100, format 1, channelMask 1, flags 4
I/AudioTrack(  470): AudioTrack::createTrack_l sampleRate=44100 format=1
I/AudioTrack(  470): createTrack_l() output 2 afLatency 69
I/AudioTrack(  470): AudioTrack::createTrack_l createTrack() sampleRate=44100
I/AudioFlinger(  144): AudioFlinger createTrack() sampleRate=44100 streamType=1
I/AudioFlinger(  144): createTrack() sessionId: 0
I/AudioFlinger(  144): AudioFlinger createTrack() lSessionId: 438 sampleRate=44100
I/AudioFlinger(  144): AudioFlinger createTrack() done
I/AudioFlinger(  144): AudioFlinger ~TrackHandle()
I/AudioFlinger(  144): AudioFlinger PlaybackThread::Track::destroy() releaseOutput()
I/AudioSystem(  144): AudioSystem releaseOutput() output 2
I/AudioFlinger(  144): AudioFlinger PlaybackThread::destroyTrack_l()
I/AudioSystem(  470): getFrameCount() streamType 1, output 2, frameCount 1024
I/AudioSystem(  470): getSamplingRate() reading from output desc
I/AudioSystem(  470): getSamplingRate() streamType 1, output 2, sampling rate 44100
I/AudioTrack(  470): set() streamType 1 frameCount 4096 flags 0004 sampleRate 44100
I/AudioTrack(  470): AudioTrack getOutput streamType 1, sampleRate 44100, format 1, channelMask 1, flags 4
I/AudioTrack(  470): AudioTrack::createTrack_l sampleRate=44100 format=1
I/AudioTrack(  470): createTrack_l() output 2 afLatency 69
I/AudioTrack(  470): AudioTrack::createTrack_l createTrack() sampleRate=44100
I/AudioFlinger(  144): AudioFlinger createTrack() sampleRate=44100 streamType=1
I/AudioFlinger(  144): createTrack() sessionId: 0
I/AudioFlinger(  144): AudioFlinger createTrack() lSessionId: 439 sampleRate=44100
I/AudioFlinger(  144): AudioFlinger createTrack() done
I/AudioFlinger(  144): AudioFlinger ~TrackHandle()
I/AudioFlinger(  144): AudioFlinger PlaybackThread::Track::destroy() releaseOutput()
I/AudioSystem(  144): AudioSystem releaseOutput() output 2
I/AudioFlinger(  144): AudioFlinger PlaybackThread::destroyTrack_l()
I/AudioSystem(  470): getFrameCount() streamType 1, output 2, frameCount 1024
I/AudioSystem(  470): getSamplingRate() reading from output desc
I/AudioSystem(  470): getSamplingRate() streamType 1, output 2, sampling rate 44100
I/AudioTrack(  470): set() streamType 1 frameCount 4096 flags 0004 sampleRate 44100
I/AudioTrack(  470): AudioTrack getOutput streamType 1, sampleRate 44100, format 1, channelMask 1, flags 4
I/AudioTrack(  470): AudioTrack::createTrack_l sampleRate=44100 format=1
I/AudioTrack(  470): createTrack_l() output 2 afLatency 69
I/AudioTrack(  470): AudioTrack::createTrack_l createTrack() sampleRate=44100
I/AudioFlinger(  144): AudioFlinger createTrack() sampleRate=44100 streamType=1
I/AudioFlinger(  144): createTrack() sessionId: 0
I/AudioFlinger(  144): AudioFlinger createTrack() lSessionId: 440 sampleRate=44100
I/AudioFlinger(  144): AudioFlinger createTrack() done
I/AudioFlinger(  144): AudioFlinger ~TrackHandle()
I/AudioFlinger(  144): AudioFlinger PlaybackThread::Track::destroy() releaseOutput()
I/AudioSystem(  144): AudioSystem releaseOutput() output 2
I/AudioFlinger(  144): AudioFlinger PlaybackThread::destroyTrack_l()
I/AudioSystem(  470): getFrameCount() streamType 1, output 2, frameCount 1024
I/AudioSystem(  470): getSamplingRate() reading from output desc
I/AudioSystem(  470): getSamplingRate() streamType 1, output 2, sampling rate 44100
I/AudioTrack(  470): set() streamType 1 frameCount 4096 flags 0004 sampleRate 44100
I/AudioTrack(  470): AudioTrack getOutput streamType 1, sampleRate 44100, format 1, channelMask 1, flags 4
I/AudioTrack(  470): AudioTrack::createTrack_l sampleRate=44100 format=1
I/AudioTrack(  470): createTrack_l() output 2 afLatency 69
I/AudioTrack(  470): AudioTrack::createTrack_l createTrack() sampleRate=44100
I/AudioFlinger(  144): AudioFlinger createTrack() sampleRate=44100 streamType=1
I/AudioFlinger(  144): createTrack() sessionId: 0
I/AudioFlinger(  144): AudioFlinger createTrack() lSessionId: 441 sampleRate=44100
I/AudioFlinger(  144): AudioFlinger createTrack() done
I/AudioFlinger(  144): AudioFlinger ~TrackHandle()
I/AudioFlinger(  144): AudioFlinger PlaybackThread::Track::destroy() releaseOutput()
I/AudioSystem(  144): AudioSystem releaseOutput() output 2
I/AudioFlinger(  144): AudioFlinger PlaybackThread::destroyTrack_l()
I/AudioSystem(  470): getFrameCount() streamType 1, output 2, frameCount 1024
I/AudioSystem(  470): getSamplingRate() reading from output desc
I/AudioSystem(  470): getSamplingRate() streamType 1, output 2, sampling rate 44100
I/AudioTrack(  470): set() streamType 1 frameCount 4096 flags 0004 sampleRate 44100
I/AudioTrack(  470): AudioTrack getOutput streamType 1, sampleRate 44100, format 1, channelMask 1, flags 4
I/AudioTrack(  470): AudioTrack::createTrack_l sampleRate=44100 format=1
I/AudioTrack(  470): createTrack_l() output 2 afLatency 69
I/AudioTrack(  470): AudioTrack::createTrack_l createTrack() sampleRate=44100
I/AudioFlinger(  144): AudioFlinger createTrack() sampleRate=44100 streamType=1
I/AudioFlinger(  144): createTrack() sessionId: 0
I/AudioFlinger(  144): AudioFlinger createTrack() lSessionId: 442 sampleRate=44100
I/AudioFlinger(  144): AudioFlinger createTrack() done
I/AudioFlinger(  144): AudioFlinger ~TrackHandle()
I/AudioFlinger(  144): AudioFlinger PlaybackThread::Track::destroy() releaseOutput()
I/AudioSystem(  144): AudioSystem releaseOutput() output 2
I/AudioFlinger(  144): AudioFlinger PlaybackThread::destroyTrack_l()
I/ConnectivityManager( 1529): getActiveNetworkInfo networkInfo=null unetDeviceName=
D/LMT::Launcher( 1529): Fire action type: 9, string: null, pos: null
I/ActivityManager(  470): START u0 {act=com.android.systemui.recent.action.TOGGLE_RECENTS flg=0x10800000 cmp=com.android.systemui/.recent.RecentsActivity (has extras)} from pid 574
D/dalvikvm(  574): GC_FOR_ALLOC freed 408K, 32% free 10263K/14904K, paused 25ms, total 25ms
D/dalvikvm(  574): GC_FOR_ALLOC freed 125K, 28% free 10792K/14904K, paused 33ms, total 35ms
I/dalvikvm-heap(  574): Grow heap (frag case) to 13.127MB for 251120-byte allocation
W/IInputConnectionWrapper( 8300): showStatusIcon on inactive InputConnection
D/dalvikvm(  574): GC_FOR_ALLOC freed 571K, 31% free 10506K/15152K, paused 49ms, total 49ms
D/dalvikvm(  574): GC_FOR_ALLOC freed 129K, 24% free 11521K/15152K, paused 40ms, total 40ms
I/dalvikvm-heap(  574): Grow heap (frag case) to 13.840MB for 251120-byte allocation
I/AudioSystem(  470): getFrameCount() streamType 1, output 2, frameCount 1024
I/AudioSystem(  470): getSamplingRate() reading from output desc
