W/ContextImpl( 4127): Calling a method in the system process without a qualified user: android.app.ContextImpl.sendBroadcast:1084 android.content.ContextWrapper.sendBroadcast:338 com.android.settings.bluetooth.DevicePickerFragment.sendDevicePickedIntent:107 com.android.settings.bluetooth.DevicePickerFragment.onDevicePreferenceClick:74 com.android.settings.bluetooth.DeviceListPreferenceFragment.onPreferenceTreeClick:143 
I/AlarmManager(  470): ACCEPTED type=3 triggerAtTime=8569657 interval=0 PendingIntent=PendingIntent{411cb9a0: PendingIntentRecord{41161998 android broadcastIntent}} idx=-2 search=null
I/ActivityManager(  470): START u0 {act=android.intent.action.MAIN cat=[android.intent.category.HOME] flg=0x10000000 cmp=com.teslacoilsw.launcher/com.android.launcher2.Launcher} from pid 1529
D/PhoneStatusBar(  574): disable: < expand ICONS* alerts TICKER* system_info back home recent CLOCK* search >
D/PhoneStatusBar(  574): disable: < expand icons* alerts ticker* system_info back home recent clock* search >
W/InputMethodManagerService(  470): Window already focused, ignoring focus gain of: com.android.internal.view.IInputMethodClient$Stub$Proxy@413a1b10 attribute=null, token = android.os.BinderProxy@416779a0
D/PhoneStatusBar(  574): disable: < expand icons alerts TICKER* SYSTEM_INFO* back home recent clock search >
W/ContextImpl( 4127): Calling a method in the system process without a qualified user: android.app.ContextImpl.startService:1404 android.content.ContextWrapper.startService:450 android.content.ContextWrapper.startService:450 com.android.settings.bluetooth.DockEventReceiver.beginStartingService:134 com.android.settings.bluetooth.DockEventReceiver.onReceive:115 
W/ContextImpl( 4127): Calling a method in the system process without a qualified user: android.app.ContextImpl.startService:1404 android.content.ContextWrapper.startService:450 android.content.ContextWrapper.startService:450 com.android.settings.bluetooth.DockEventReceiver.beginStartingService:134 com.android.settings.bluetooth.DockEventReceiver.onReceive:115 
I/ActivityManager(  470): START u0 {act=android.settings.SETTINGS flg=0x14000000 cmp=com.android.settings/.Settings} from pid 574
D/PhoneStatusBar(  574): disable: < expand icons alerts ticker* system_info* back home recent clock search >
W/ContextImpl( 4127): Calling a method in the system process without a qualified user: android.app.ContextImpl.bindService:1458 android.content.ContextWrapper.bindService:473 android.bluetooth.BluetoothPan$1.onBluetoothStateChange:173 android.bluetooth.IBluetoothStateChangeCallback$Stub.onTransact:55 android.os.Binder.execTransact:351 
W/ContextImpl(  470): Calling a method in the system process without a qualified user: android.app.ContextImpl.bindService:1458 android.bluetooth.BluetoothA2dp$1.onBluetoothStateChange:131 com.android.server.BluetoothManagerService.sendBluetoothStateCallback:471 com.android.server.BluetoothManagerService.bluetoothStateChangeHandler:1049 com.android.server.BluetoothManagerService.access$2700:46 
W/ContextImpl( 4127): Calling a method in the system process without a qualified user: android.app.ContextImpl.bindService:1458 android.content.ContextWrapper.bindService:473 android.bluetooth.BluetoothPbap$1.onBluetoothStateChange:132 android.bluetooth.IBluetoothStateChangeCallback$Stub.onTransact:55 android.os.Binder.execTransact:351 
W/ContextImpl( 4127): Calling a method in the system process without a qualified user: android.app.ContextImpl.bindService:1458 android.content.ContextWrapper.bindService:473 android.bluetooth.BluetoothInputDevice$1.onBluetoothStateChange:209 android.bluetooth.IBluetoothStateChangeCallback$Stub.onTransact:55 android.os.Binder.execTransact:351 
W/ContextImpl(  470): Calling a method in the system process without a qualified user: android.app.ContextImpl.bindService:1458 android.bluetooth.BluetoothHeadset$1.onBluetoothStateChange:244 com.android.server.BluetoothManagerService.sendBluetoothStateCallback:471 com.android.server.BluetoothManagerService.bluetoothStateChangeHandler:1049 com.android.server.BluetoothManagerService.access$2700:46 
W/ContextImpl( 4127): Calling a method in the system process without a qualified user: android.app.ContextImpl.bindService:1458 android.content.ContextWrapper.bindService:473 android.bluetooth.BluetoothA2dp$1.onBluetoothStateChange:131 android.bluetooth.IBluetoothStateChangeCallback$Stub.onTransact:55 android.os.Binder.execTransact:351 
W/ContextImpl( 4127): Calling a method in the system process without a qualified user: android.app.ContextImpl.bindService:1458 android.content.ContextWrapper.bindService:473 android.bluetooth.BluetoothHeadset$1.onBluetoothStateChange:244 android.bluetooth.IBluetoothStateChangeCallback$Stub.onTransact:55 android.os.Binder.execTransact:351 
W/ContextImpl(  470): Calling a method in the system process without a qualified user: android.app.ContextImpl.bindService:1458 android.bluetooth.BluetoothPan$1.onBluetoothStateChange:173 com.android.server.BluetoothManagerService.sendBluetoothStateCallback:471 com.android.server.BluetoothManagerService.bluetoothStateChangeHandler:1049 com.android.server.BluetoothManagerService.access$2700:46 
W/ContextImpl( 4127): Calling a method in the system process without a qualified user: android.app.ContextImpl.startService:1404 android.content.ContextWrapper.startService:450 android.content.ContextWrapper.startService:450 com.android.settings.bluetooth.DockEventReceiver.beginStartingService:134 com.android.settings.bluetooth.DockEventReceiver.onReceive:115 
I/ActivityManager(  470): START u0 {act=android.intent.action.MAIN cmp=com.android.settings/.SubSettings (has extras)} from pid 4127
I/AlarmManager(  470): ACCEPTED type=0 triggerAtTime=1391188281739 interval=0 PendingIntent=PendingIntent{41592cc0: PendingIntentRecord{415c0110 com.android.settings broadcastIntent}} idx=-2 search=null
W/ContextImpl( 4127): Calling a method in the system process without a qualified user: android.app.ContextImpl.startActivity:982 android.content.ContextWrapper.startActivity:284 android.content.ContextWrapper.startActivity:284 com.android.settings.bluetooth.BluetoothPairingRequest.onReceive:72 android.app.ActivityThread.handleReceiver:2504 
W/ContextImpl( 4127): Calling a method in the system process without a qualified user: android.app.ContextImpl.startActivity:994 android.app.ContextImpl.startActivity:983 android.content.ContextWrapper.startActivity:284 android.content.ContextWrapper.startActivity:284 com.android.settings.bluetooth.BluetoothPairingRequest.onReceive:72 
I/ActivityManager(  470): START u0 {act=android.bluetooth.device.action.PAIRING_REQUEST flg=0x10000000 cmp=com.android.settings/.bluetooth.BluetoothPairingDialog (has extras)} from pid 4127
W/InputMethodManagerService(  470): Window already focused, ignoring focus gain of: com.android.internal.view.IInputMethodClient$Stub$Proxy@4156ba88 attribute=null, token = android.os.BinderProxy@414b2f28
W/BackupManagerService(  470): dataChanged but no participant pkg='com.android.providers.settings' uid=1002
W/BackupManagerService(  470): dataChanged but no participant pkg='com.android.providers.settings' uid=1002
W/BackupManagerService(  470): dataChanged but no participant pkg='com.android.providers.settings' uid=1002
I/ActivityManager(  470): START u0 {act=android.intent.action.MAIN cat=[android.intent.category.HOME] flg=0x10000000 cmp=com.teslacoilsw.launcher/com.android.launcher2.Launcher} from pid 1529
I/ActivityManager(  470): START u0 {act=android.intent.action.MAIN cat=[android.intent.category.LAUNCHER] flg=0x10200000 cmp=com.estrongs.android.pop/.view.FileExplorerActivity bnds=[640,368][640,368]} from pid 738
I/AlarmManager(  470): ACCEPTED type=3 triggerAtTime=8629657 interval=0 PendingIntent=PendingIntent{411cb9a0: PendingIntentRecord{41161998 android broadcastIntent}} idx=-2 search=null
I/ActivityManager(  470): START u0 {act=android.intent.action.CHOOSER flg=0x1 cmp=android/com.android.internal.app.ChooserActivity (has clip) (has extras)} from pid 8983
I/ActivityManager(  470): START u0 {act=android.intent.action.SEND typ=text/plain flg=0x3000001 cmp=com.android.bluetooth/.opp.BluetoothOppLauncherActivity (has clip) (has extras)} from pid 8983
I/ActivityManager(  470): START u0 {act=android.bluetooth.devicepicker.action.LAUNCH flg=0x800000 cmp=com.android.settings/.bluetooth.DevicePickerActivity (has extras)} from pid 9161
W/ContextImpl( 4127): Calling a method in the system process without a qualified user: android.app.ContextImpl.sendBroadcast:1084 android.content.ContextWrapper.sendBroadcast:338 com.android.settings.bluetooth.DevicePickerFragment.sendDevicePickedIntent:107 com.android.settings.bluetooth.DevicePickerFragment.onDevicePreferenceClick:74 com.android.settings.bluetooth.DeviceListPreferenceFragment.onPreferenceTreeClick:143 
I/ActivityManager(  470): START u0 {act=android.intent.action.CHOOSER flg=0x1 cmp=android/com.android.internal.app.ChooserActivity (has clip) (has extras)} from pid 8983
I/ActivityManager(  470): START u0 {act=android.intent.action.SEND typ=text/plain flg=0x3000001 cmp=com.android.bluetooth/.opp.BluetoothOppLauncherActivity (has clip) (has extras)} from pid 8983
I/ActivityManager(  470): START u0 {act=android.bluetooth.devicepicker.action.LAUNCH flg=0x800000 cmp=com.android.settings/.bluetooth.DevicePickerActivity (has extras)} from pid 9161
W/ContextImpl( 4127): Calling a method in the system process without a qualified user: android.app.ContextImpl.sendBroadcast:1084 android.content.ContextWrapper.sendBroadcast:338 com.android.settings.bluetooth.DevicePickerFragment.sendDevicePickedIntent:107 com.android.settings.bluetooth.DevicePickerFragment.onDevicePreferenceClick:74 com.android.settings.bluetooth.DeviceListPreferenceFragment.onPreferenceTreeClick:143 
I/AlarmManager(  470): ACCEPTED type=3 triggerAtTime=8689658 interval=0 PendingIntent=PendingIntent{411cb9a0: PendingIntentRecord{41161998 android broadcastIntent}} idx=-2 search=null
I/ActivityManager(  470): START u0 {act=com.android.systemui.recent.action.TOGGLE_RECENTS flg=0x10800000 cmp=com.android.systemui/.recent.RecentsActivity (has extras)} from pid 574
W/ActivityManager(  470): Duplicate finish request for ActivityRecord{411caf10 u0 jackpal.androidterm/.Term}
W/InputMethodManagerService(  470): Window already focused, ignoring focus gain of: com.android.internal.view.IInputMethodClient$Stub$Proxy@4180e2f0 attribute=android.view.inputmethod.EditorInfo@417d02d8, token = android.os.BinderProxy@415a0588
I/ActivityManager(  470): START u0 {act=android.intent.action.MAIN cat=[android.intent.category.LAUNCHER] flg=0x10200000 cmp=jackpal.androidterm/.Term bnds=[640,368][640,368]} from pid 738
I/ActivityManager(  470): Start proc com.android.vending for service com.android.vending/com.google.android.finsky.services.DailyHygiene: pid=9939 uid=10058 gids={50058, 3003, 1015, 1028}
I/AlarmManager(  470): ACCEPTED type=0 triggerAtTime=1391184805316 interval=0 PendingIntent=PendingIntent{411b0de0: PendingIntentRecord{41533c18 com.android.vending startService}} idx=-2 search=null
I/ActivityManager(  470): Start proc com.google.android.gsf.login for service com.google.android.gsf.login/com.google.android.gsf.loginservice.GoogleLoginService: pid=9972 uid=10048 gids={50048, 3003, 1007, 1028, 1015, 1006, 2001, 3006}
I/AlarmManager(  470): ACCEPTED type=0 triggerAtTime=1391184820359 interval=0 PendingIntent=PendingIntent{41397e80: PendingIntentRecord{413d6de8 com.android.vending startService}} idx=-2 search=null
I/AlarmManager(  470): ACCEPTED type=0 triggerAtTime=1391201005559 interval=0 PendingIntent=PendingIntent{415aa8d0: PendingIntentRecord{41533c18 com.android.vending startService}} idx=-2 search=null
I/AlarmManager(  470): ACCEPTED type=0 triggerAtTime=1391184822712 interval=0 PendingIntent=PendingIntent{411b4e28: PendingIntentRecord{413d6de8 com.android.vending startService}} idx=-2 search=null
I/AlarmManager(  470): ACCEPTED type=0 triggerAtTime=1391233407857 interval=0 PendingIntent=PendingIntent{413ab258: PendingIntentRecord{41533c18 com.android.vending startService}} idx=-2 search=null
I/AlarmManager(  470): ACCEPTED type=3 triggerAtTime=8749658 interval=0 PendingIntent=PendingIntent{411cb9a0: PendingIntentRecord{41161998 android broadcastIntent}} idx=-2 search=null
W/ThrottleService(  470): unable to find stats for iface rmnet0
I/AlarmManager(  470): ACCEPTED type=3 triggerAtTime=9301934 interval=0 PendingIntent=PendingIntent{41520640: PendingIntentRecord{415205a0 android broadcastIntent}} idx=-2 search=null
I/ActivityManager(  470): No longer want com.android.cellbroadcastreceiver (pid 4820): empty for 1800s
I/ActivityManager(  470): No longer want com.google.android.youtube (pid 4892): empty for 1800s
I/ActivityManager(  470): No longer want com.android.chrome (pid 5192): empty for 1800s
I/ActivityManager(  470): No longer want com.google.android.apps.uploader (pid 4697): empty for 1800s
I/ActivityManager(  470): No longer want org.timur.powereventmgr (pid 4678): empty for 1800s
I/AlarmManager(  470): ACCEPTED type=0 triggerAtTime=1391186652668 interval=1800000 PendingIntent=PendingIntent{41191608: PendingIntentRecord{4165f330 com.google.android.gsf broadcastIntent}} idx=-2 search=null
I/AlarmManager(  470): ACCEPTED type=3 triggerAtTime=8809657 interval=0 PendingIntent=PendingIntent{411cb9a0: PendingIntentRecord{41161998 android broadcastIntent}} idx=-2 search=null
I/AlarmManager(  470): ACCEPTED type=3 triggerAtTime=8869658 interval=0 PendingIntent=PendingIntent{411cb9a0: PendingIntentRecord{41161998 android broadcastIntent}} idx=-2 search=null
--------- beginning of /dev/log/main
I/AudioTrack(  470): set() streamType 1 frameCount 4096 flags 0004 sampleRate 44100
I/AudioTrack(  470): AudioTrack getOutput streamType 1, sampleRate 44100, format 1, channelMask 1, flags 4
I/AudioTrack(  470): AudioTrack::createTrack_l sampleRate=44100 format=1
I/AudioTrack(  470): createTrack_l() output 2 afLatency 69
I/AudioTrack(  470): AudioTrack::createTrack_l createTrack() sampleRate=44100
I/AudioFlinger(  144): AudioFlinger createTrack() sampleRate=44100 streamType=1
I/AudioFlinger(  144): createTrack() sessionId: 0
I/AudioFlinger(  144): AudioFlinger createTrack() lSessionId: 370 sampleRate=44100
I/AudioFlinger(  144): AudioFlinger createTrack() done
I/AudioFlinger(  144): AudioFlinger ~TrackHandle()
I/AudioFlinger(  144): AudioFlinger PlaybackThread::Track::destroy() releaseOutput()
I/AudioSystem(  144): AudioSystem releaseOutput() output 2
I/AudioFlinger(  144): AudioFlinger PlaybackThread::destroyTrack_l()
I/AudioSystem(  470): getFrameCount() streamType 1, output 2, frameCount 1024
I/AudioSystem(  470): getSamplingRate() reading from output desc
I/AudioSystem(  470): getSamplingRate() streamType 1, output 2, sampling rate 44100
I/AudioTrack(  470): set() streamType 1 frameCount 4096 flags 0004 sampleRate 44100
I/AudioTrack(  470): AudioTrack getOutput streamType 1, sampleRate 44100, format 1, channelMask 1, flags 4
I/AudioTrack(  470): AudioTrack::createTrack_l sampleRate=44100 format=1
I/AudioTrack(  470): createTrack_l() output 2 afLatency 69
I/AudioTrack(  470): AudioTrack::createTrack_l createTrack() sampleRate=44100
I/AudioFlinger(  144): AudioFlinger createTrack() sampleRate=44100 streamType=1
I/AudioFlinger(  144): createTrack() sessionId: 0
I/AudioFlinger(  144): AudioFlinger createTrack() lSessionId: 371 sampleRate=44100
I/AudioFlinger(  144): AudioFlinger createTrack() done
I/AudioFlinger(  144): AudioFlinger ~TrackHandle()
I/AudioFlinger(  144): AudioFlinger PlaybackThread::Track::destroy() releaseOutput()
I/AudioSystem(  144): AudioSystem releaseOutput() output 2
I/AudioFlinger(  144): AudioFlinger PlaybackThread::destroyTrack_l()
I/AudioSystem(  470): getFrameCount() streamType 1, output 2, frameCount 1024
I/AudioSystem(  470): getSamplingRate() reading from output desc
I/AudioSystem(  470): getSamplingRate() streamType 1, output 2, sampling rate 44100
I/AudioTrack(  470): set() streamType 1 frameCount 4096 flags 0004 sampleRate 44100
I/AudioTrack(  470): AudioTrack getOutput streamType 1, sampleRate 44100, format 1, channelMask 1, flags 4
I/AudioTrack(  470): AudioTrack::createTrack_l sampleRate=44100 format=1
I/AudioTrack(  470): createTrack_l() output 2 afLatency 69
I/AudioTrack(  470): AudioTrack::createTrack_l createTrack() sampleRate=44100
I/AudioFlinger(  144): AudioFlinger createTrack() sampleRate=44100 streamType=1
I/AudioFlinger(  144): createTrack() sessionId: 0
I/AudioFlinger(  144): AudioFlinger createTrack() lSessionId: 372 sampleRate=44100
I/AudioFlinger(  144): AudioFlinger createTrack() done
I/AudioFlinger(  144): AudioFlinger ~TrackHandle()
I/AudioFlinger(  144): AudioFlinger PlaybackThread::Track::destroy() releaseOutput()
I/AudioSystem(  144): AudioSystem releaseOutput() output 2
I/AudioFlinger(  144): AudioFlinger PlaybackThread::destroyTrack_l()
I/AudioSystem(  470): getFrameCount() streamType 1, output 2, frameCount 1024
I/AudioSystem(  470): getSamplingRate() reading from output desc
I/AudioSystem(  470): getSamplingRate() streamType 1, output 2, sampling rate 44100
I/AudioTrack(  470): set() streamType 1 frameCount 4096 flags 0004 sampleRate 44100
I/AudioTrack(  470): AudioTrack getOutput streamType 1, sampleRate 44100, format 1, channelMask 1, flags 4
I/AudioTrack(  470): AudioTrack::createTrack_l sampleRate=44100 format=1
I/AudioTrack(  470): createTrack_l() output 2 afLatency 69
I/AudioTrack(  470): AudioTrack::createTrack_l createTrack() sampleRate=44100
I/AudioFlinger(  144): AudioFlinger createTrack() sampleRate=44100 streamType=1
I/AudioFlinger(  144): createTrack() sessionId: 0
I/AudioFlinger(  144): AudioFlinger createTrack() lSessionId: 373 sampleRate=44100
I/AudioFlinger(  144): AudioFlinger createTrack() done
I/AudioFlinger(  144): AudioFlinger ~TrackHandle()
I/AudioFlinger(  144): AudioFlinger PlaybackThread::Track::destroy() releaseOutput()
I/AudioSystem(  144): AudioSystem releaseOutput() output 2
I/AudioFlinger(  144): AudioFlinger PlaybackThread::destroyTrack_l()
I/AudioSystem(  470): getFrameCount() streamType 1, output 2, frameCount 1024
I/AudioSystem(  470): getSamplingRate() reading from output desc
I/AudioSystem(  470): getSamplingRate() streamType 1, output 2, sampling rate 44100
I/AudioTrack(  470): set() streamType 1 frameCount 4096 flags 0004 sampleRate 44100
I/AudioTrack(  470): AudioTrack getOutput streamType 1, sampleRate 44100, format 1, channelMask 1, flags 4
I/AudioTrack(  470): AudioTrack::createTrack_l sampleRate=44100 format=1
I/AudioTrack(  470): createTrack_l() output 2 afLatency 69
I/AudioTrack(  470): AudioTrack::createTrack_l createTrack() sampleRate=44100
I/AudioFlinger(  144): AudioFlinger createTrack() sampleRate=44100 streamType=1
I/AudioFlinger(  144): createTrack() sessionId: 0
I/AudioFlinger(  144): AudioFlinger createTrack() lSessionId: 374 sampleRate=44100
I/AudioFlinger(  144): AudioFlinger createTrack() done
I/AudioFlinger(  144): AudioFlinger ~TrackHandle()
I/AudioFlinger(  144): AudioFlinger PlaybackThread::Track::destroy() releaseOutput()
I/AudioSystem(  144): AudioSystem releaseOutput() output 2
I/AudioFlinger(  144): AudioFlinger PlaybackThread::destroyTrack_l()
I/AudioSystem(  470): getFrameCount() streamType 1, output 2, frameCount 1024
I/AudioSystem(  470): getSamplingRate() reading from output desc
I/AudioSystem(  470): getSamplingRate() streamType 1, output 2, sampling rate 44100
I/AudioTrack(  470): set() streamType 1 frameCount 4096 flags 0004 sampleRate 44100
I/AudioTrack(  470): AudioTrack getOutput streamType 1, sampleRate 44100, format 1, channelMask 1, flags 4
I/AudioTrack(  470): AudioTrack::createTrack_l sampleRate=44100 format=1
I/AudioTrack(  470): createTrack_l() output 2 afLatency 69
I/AudioTrack(  470): AudioTrack::createTrack_l createTrack() sampleRate=44100
I/AudioFlinger(  144): AudioFlinger createTrack() sampleRate=44100 streamType=1
I/AudioFlinger(  144): createTrack() sessionId: 0
I/AudioFlinger(  144): AudioFlinger createTrack() lSessionId: 375 sampleRate=44100
I/AudioFlinger(  144): AudioFlinger createTrack() done
I/AudioFlinger(  144): AudioFlinger ~TrackHandle()
I/AudioFlinger(  144): AudioFlinger PlaybackThread::Track::destroy() releaseOutput()
I/AudioSystem(  144): AudioSystem releaseOutput() output 2
I/AudioFlinger(  144): AudioFlinger PlaybackThread::destroyTrack_l()
I/AudioSystem(  470): getFrameCount() streamType 1, output 2, frameCount 1024
I/AudioSystem(  470): getSamplingRate() reading from output desc
I/AudioSystem(  470): getSamplingRate() streamType 1, output 2, sampling rate 44100
I/AudioTrack(  470): set() streamType 1 frameCount 4096 flags 0004 sampleRate 44100
I/AudioTrack(  470): AudioTrack getOutput streamType 1, sampleRate 44100, format 1, channelMask 1, flags 4
I/AudioTrack(  470): AudioTrack::createTrack_l sampleRate=44100 format=1
I/AudioTrack(  470): createTrack_l() output 2 afLatency 69
I/AudioTrack(  470): AudioTrack::createTrack_l createTrack() sampleRate=44100
I/AudioFlinger(  144): AudioFlinger createTrack() sampleRate=44100 streamType=1
I/AudioFlinger(  144): createTrack() sessionId: 0
I/AudioFlinger(  144): AudioFlinger createTrack() lSessionId: 376 sampleRate=44100
I/AudioFlinger(  144): AudioFlinger createTrack() done
I/AudioFlinger(  144): AudioFlinger ~TrackHandle()
I/AudioFlinger(  144): AudioFlinger PlaybackThread::Track::destroy() releaseOutput()
I/AudioSystem(  144): AudioSystem releaseOutput() output 2
I/AudioFlinger(  144): AudioFlinger PlaybackThread::destroyTrack_l()
I/AudioSystem(  470): getFrameCount() streamType 1, output 2, frameCount 1024
I/AudioSystem(  470): getSamplingRate() reading from output desc
I/AudioSystem(  470): getSamplingRate() streamType 1, output 2, sampling rate 44100
I/AudioTrack(  470): set() streamType 1 frameCount 4096 flags 0004 sampleRate 44100
I/AudioTrack(  470): AudioTrack getOutput streamType 1, sampleRate 44100, format 1, channelMask 1, flags 4
I/AudioTrack(  470): AudioTrack::createTrack_l sampleRate=44100 format=1
I/AudioTrack(  470): createTrack_l() output 2 afLatency 69
I/AudioTrack(  470): AudioTrack::createTrack_l createTrack() sampleRate=44100
I/AudioFlinger(  144): AudioFlinger createTrack() sampleRate=44100 streamType=1
I/AudioFlinger(  144): createTrack() sessionId: 0
I/AudioFlinger(  144): AudioFlinger createTrack() lSessionId: 377 sampleRate=44100
I/AudioFlinger(  144): AudioFlinger createTrack() done
I/AudioFlinger(  144): AudioFlinger ~TrackHandle()
I/AudioFlinger(  144): AudioFlinger PlaybackThread::Track::destroy() releaseOutput()
I/AudioSystem(  144): AudioSystem releaseOutput() output 2
I/AudioFlinger(  144): AudioFlinger PlaybackThread::destroyTrack_l()
I/AudioSystem(  470): getFrameCount() streamType 1, output 2, frameCount 1024
I/AudioSystem(  470): getSamplingRate() reading from output desc
I/AudioSystem(  470): getSamplingRate() streamType 1, output 2, sampling rate 44100
I/AudioTrack(  470): set() streamType 1 frameCount 4096 flags 0004 sampleRate 44100
I/AudioTrack(  470): AudioTrack getOutput streamType 1, sampleRate 44100, format 1, channelMask 1, flags 4
I/AudioTrack(  470): AudioTrack::createTrack_l sampleRate=44100 format=1
I/AudioTrack(  470): createTrack_l() output 2 afLatency 69
I/AudioTrack(  470): AudioTrack::createTrack_l createTrack() sampleRate=44100
I/AudioFlinger(  144): AudioFlinger createTrack() sampleRate=44100 streamType=1
I/AudioFlinger(  144): createTrack() sessionId: 0
I/AudioFlinger(  144): AudioFlinger createTrack() lSessionId: 378 sampleRate=44100
I/AudioFlinger(  144): AudioFlinger createTrack() done
I/AudioFlinger(  144): AudioFlinger ~TrackHandle()
I/AudioFlinger(  144): AudioFlinger PlaybackThread::Track::destroy() releaseOutput()
I/AudioSystem(  144): AudioSystem releaseOutput() output 2
I/AudioFlinger(  144): AudioFlinger PlaybackThread::destroyTrack_l()
I/AudioSystem(  470): getFrameCount() streamType 1, output 2, frameCount 1024
I/AudioSystem(  470): getSamplingRate() reading from output desc
I/AudioSystem(  470): getSamplingRate() streamType 1, output 2, sampling rate 44100
I/AudioTrack(  470): set() streamType 1 frameCount 4096 flags 0004 sampleRate 44100
I/AudioTrack(  470): AudioTrack getOutput streamType 1, sampleRate 44100, format 1, channelMask 1, flags 4
I/AudioTrack(  470): AudioTrack::createTrack_l sampleRate=44100 format=1
I/AudioTrack(  470): createTrack_l() output 2 afLatency 69
I/AudioTrack(  470): AudioTrack::createTrack_l createTrack() sampleRate=44100
I/AudioFlinger(  144): AudioFlinger createTrack() sampleRate=44100 streamType=1
I/AudioFlinger(  144): createTrack() sessionId: 0
I/AudioFlinger(  144): AudioFlinger createTrack() lSessionId: 379 sampleRate=44100
I/AudioFlinger(  144): AudioFlinger createTrack() done
I/AudioFlinger(  144): AudioFlinger ~TrackHandle()
I/AudioFlinger(  144): AudioFlinger PlaybackThread::Track::destroy() releaseOutput()
I/AudioSystem(  144): AudioSystem releaseOutput() output 2
I/AudioFlinger(  144): AudioFlinger PlaybackThread::destroyTrack_l()
I/AudioSystem(  470): getFrameCount() streamType 1, output 2, frameCount 1024
I/AudioSystem(  470): getSamplingRate() reading from output desc
I/AudioSystem(  470): getSamplingRate() streamType 1, output 2, sampling rate 44100
I/AudioTrack(  470): set() streamType 1 frameCount 4096 flags 0004 sampleRate 44100
I/AudioTrack(  470): AudioTrack getOutput streamType 1, sampleRate 44100, format 1, channelMask 1, flags 4
I/AudioTrack(  470): AudioTrack::createTrack_l sampleRate=44100 format=1
I/AudioTrack(  470): createTrack_l() output 2 afLatency 69
I/AudioTrack(  470): AudioTrack::createTrack_l createTrack() sampleRate=44100
I/AudioFlinger(  144): AudioFlinger createTrack() sampleRate=44100 streamType=1
I/AudioFlinger(  144): createTrack() sessionId: 0
I/AudioFlinger(  144): AudioFlinger createTrack() lSessionId: 380 sampleRate=44100
I/AudioFlinger(  144): AudioFlinger createTrack() done
I/AudioFlinger(  144): AudioFlinger ~TrackHandle()
I/AudioFlinger(  144): AudioFlinger PlaybackThread::Track::destroy() releaseOutput()
I/AudioSystem(  144): AudioSystem releaseOutput() output 2
I/AudioFlinger(  144): AudioFlinger PlaybackThread::destroyTrack_l()
I/AudioSystem(  470): getFrameCount() streamType 1, output 2, frameCount 1024
I/AudioSystem(  470): getSamplingRate() reading from output desc
I/AudioSystem(  470): getSamplingRate() streamType 1, output 2, sampling rate 44100
I/AudioTrack(  470): set() streamType 1 frameCount 4096 flags 0004 sampleRate 44100
I/AudioTrack(  470): AudioTrack getOutput streamType 1, sampleRate 44100, format 1, channelMask 1, flags 4
I/AudioTrack(  470): AudioTrack::createTrack_l sampleRate=44100 format=1
I/AudioTrack(  470): createTrack_l() output 2 afLatency 69
I/AudioTrack(  470): AudioTrack::createTrack_l createTrack() sampleRate=44100
I/AudioFlinger(  144): AudioFlinger createTrack() sampleRate=44100 streamType=1
I/AudioFlinger(  144): createTrack() sessionId: 0
I/AudioFlinger(  144): AudioFlinger createTrack() lSessionId: 381 sampleRate=44100
I/AudioFlinger(  144): AudioFlinger createTrack() done
I/AudioFlinger(  144): AudioFlinger ~TrackHandle()
I/AudioFlinger(  144): AudioFlinger PlaybackThread::Track::destroy() releaseOutput()
I/AudioSystem(  144): AudioSystem releaseOutput() output 2
I/AudioFlinger(  144): AudioFlinger PlaybackThread::destroyTrack_l()
I/AudioSystem(  470): getFrameCount() streamType 1, output 2, frameCount 1024
I/AudioSystem(  470): getSamplingRate() reading from output desc
I/AudioSystem(  470): getSamplingRate() streamType 1, output 2, sampling rate 44100
I/AudioTrack(  470): set() streamType 1 frameCount 4096 flags 0004 sampleRate 44100
I/AudioTrack(  470): AudioTrack getOutput streamType 1, sampleRate 44100, format 1, channelMask 1, flags 4
I/AudioTrack(  470): AudioTrack::createTrack_l sampleRate=44100 format=1
I/AudioTrack(  470): createTrack_l() output 2 afLatency 69
I/AudioTrack(  470): AudioTrack::createTrack_l createTrack() sampleRate=44100
I/AudioFlinger(  144): AudioFlinger createTrack() sampleRate=44100 streamType=1
I/AudioFlinger(  144): createTrack() sessionId: 0
I/AudioFlinger(  144): AudioFlinger createTrack() lSessionId: 382 sampleRate=44100
I/AudioFlinger(  144): AudioFlinger createTrack() done
I/AudioFlinger(  144): AudioFlinger ~TrackHandle()
I/AudioFlinger(  144): AudioFlinger PlaybackThread::Track::destroy() releaseOutput()
I/AudioSystem(  144): AudioSystem releaseOutput() output 2
I/AudioFlinger(  144): AudioFlinger PlaybackThread::destroyTrack_l()
I/AudioSystem(  470): getFrameCount() streamType 1, output 2, frameCount 1024
I/AudioSystem(  470): getSamplingRate() reading from output desc
I/AudioSystem(  470): getSamplingRate() streamType 1, output 2, sampling rate 44100
I/AudioTrack(  470): set() streamType 1 frameCount 4096 flags 0004 sampleRate 44100
I/AudioTrack(  470): AudioTrack getOutput streamType 1, sampleRate 44100, format 1, channelMask 1, flags 4
I/AudioTrack(  470): AudioTrack::createTrack_l sampleRate=44100 format=1
I/AudioTrack(  470): createTrack_l() output 2 afLatency 69
I/AudioTrack(  470): AudioTrack::createTrack_l createTrack() sampleRate=44100
I/AudioFlinger(  144): AudioFlinger createTrack() sampleRate=44100 streamType=1
I/AudioFlinger(  144): createTrack() sessionId: 0
I/AudioFlinger(  144): AudioFlinger createTrack() lSessionId: 383 sampleRate=44100
I/AudioFlinger(  144): AudioFlinger createTrack() done
I/AudioFlinger(  144): AudioFlinger ~TrackHandle()
I/AudioFlinger(  144): AudioFlinger PlaybackThread::Track::destroy() releaseOutput()
I/AudioSystem(  144): AudioSystem releaseOutput() output 2
I/AudioFlinger(  144): AudioFlinger PlaybackThread::destroyTrack_l()
I/AudioSystem(  470): getFrameCount() streamType 1, output 2, frameCount 1024
I/AudioSystem(  470): getSamplingRate() reading from output desc
I/AudioSystem(  470): getSamplingRate() streamType 1, output 2, sampling rate 44100
I/AudioTrack(  470): set() streamType 1 frameCount 4096 flags 0004 sampleRate 44100
I/AudioTrack(  470): AudioTrack getOutput streamType 1, sampleRate 44100, format 1, channelMask 1, flags 4
I/AudioTrack(  470): AudioTrack::createTrack_l sampleRate=44100 format=1
I/AudioTrack(  470): createTrack_l() output 2 afLatency 69
I/AudioTrack(  470): AudioTrack::createTrack_l createTrack() sampleRate=44100
I/AudioFlinger(  144): AudioFlinger createTrack() sampleRate=44100 streamType=1
I/AudioFlinger(  144): createTrack() sessionId: 0
I/AudioFlinger(  144): AudioFlinger createTrack() lSessionId: 384 sampleRate=44100
I/AudioFlinger(  144): AudioFlinger createTrack() done
I/AudioFlinger(  144): AudioFlinger ~TrackHandle()
I/AudioFlinger(  144): AudioFlinger PlaybackThread::Track::destroy() releaseOutput()
I/AudioSystem(  144): AudioSystem releaseOutput() output 2
I/AudioFlinger(  144): AudioFlinger PlaybackThread::destroyTrack_l()
I/AudioSystem(  470): getFrameCount() streamType 1, output 2, frameCount 1024
I/AudioSystem(  470): getSamplingRate() reading from output desc
I/AudioSystem(  470): getSamplingRate() streamType 1, output 2, sampling rate 44100
I/AudioTrack(  470): set() streamType 1 frameCount 4096 flags 0004 sampleRate 44100
I/AudioTrack(  470): AudioTrack getOutput streamType 1, sampleRate 44100, format 1, channelMask 1, flags 4
I/AudioTrack(  470): AudioTrack::createTrack_l sampleRate=44100 format=1
I/AudioTrack(  470): createTrack_l() output 2 afLatency 69
I/AudioTrack(  470): AudioTrack::createTrack_l createTrack() sampleRate=44100
I/AudioFlinger(  144): AudioFlinger createTrack() sampleRate=44100 streamType=1
I/AudioFlinger(  144): createTrack() sessionId: 0
I/AudioFlinger(  144): AudioFlinger createTrack() lSessionId: 385 sampleRate=44100
I/AudioFlinger(  144): AudioFlinger createTrack() done
I/AudioFlinger(  144): AudioFlinger ~TrackHandle()
I/AudioFlinger(  144): AudioFlinger PlaybackThread::Track::destroy() releaseOutput()
I/AudioSystem(  144): AudioSystem releaseOutput() output 2
I/AudioFlinger(  144): AudioFlinger PlaybackThread::destroyTrack_l()
I/AudioSystem(  470): getFrameCount() streamType 1, output 2, frameCount 1024
I/AudioSystem(  470): getSamplingRate() reading from output desc
I/AudioSystem(  470): getSamplingRate() streamType 1, output 2, sampling rate 44100
I/AudioTrack(  470): set() streamType 1 frameCount 4096 flags 0004 sampleRate 44100
I/AudioTrack(  470): AudioTrack getOutput streamType 1, sampleRate 44100, format 1, channelMask 1, flags 4
I/AudioTrack(  470): AudioTrack::createTrack_l sampleRate=44100 format=1
I/AudioTrack(  470): createTrack_l() output 2 afLatency 69
I/AudioTrack(  470): AudioTrack::createTrack_l createTrack() sampleRate=44100
I/AudioFlinger(  144): AudioFlinger createTrack() sampleRate=44100 streamType=1
I/AudioFlinger(  144): createTrack() sessionId: 0
I/AudioFlinger(  144): AudioFlinger createTrack() lSessionId: 386 sampleRate=44100
I/AudioFlinger(  144): AudioFlinger createTrack() done
I/AudioFlinger(  144): AudioFlinger ~TrackHandle()
I/AudioFlinger(  144): AudioFlinger PlaybackThread::Track::destroy() releaseOutput()
I/AudioSystem(  144): AudioSystem releaseOutput() output 2
I/AudioFlinger(  144): AudioFlinger PlaybackThread::destroyTrack_l()
I/AudioSystem(  470): getFrameCount() streamType 1, output 2, frameCount 1024
I/AudioSystem(  470): getSamplingRate() reading from output desc
I/AudioSystem(  470): getSamplingRate() streamType 1, output 2, sampling rate 44100
I/AudioTrack(  470): set() streamType 1 frameCount 4096 flags 0004 sampleRate 44100
I/AudioTrack(  470): AudioTrack getOutput streamType 1, sampleRate 44100, format 1, channelMask 1, flags 4
I/AudioTrack(  470): AudioTrack::createTrack_l sampleRate=44100 format=1
I/AudioTrack(  470): createTrack_l() output 2 afLatency 69
I/AudioTrack(  470): AudioTrack::createTrack_l createTrack() sampleRate=44100
I/AudioFlinger(  144): AudioFlinger createTrack() sampleRate=44100 streamType=1
I/AudioFlinger(  144): createTrack() sessionId: 0
I/AudioFlinger(  144): AudioFlinger createTrack() lSessionId: 387 sampleRate=44100
I/AudioFlinger(  144): AudioFlinger createTrack() done
I/AudioFlinger(  144): AudioFlinger ~TrackHandle()
I/AudioFlinger(  144): AudioFlinger PlaybackThread::Track::destroy() releaseOutput()
I/AudioSystem(  144): AudioSystem releaseOutput() output 2
I/AudioFlinger(  144): AudioFlinger PlaybackThread::destroyTrack_l()
I/AudioSystem(  470): getFrameCount() streamType 1, output 2, frameCount 1024
I/AudioSystem(  470): getSamplingRate() reading from output desc
I/AudioSystem(  470): getSamplingRate() streamType 1, output 2, sampling rate 44100
I/AudioTrack(  470): set() streamType 1 frameCount 4096 flags 0004 sampleRate 44100
I/AudioTrack(  470): AudioTrack getOutput streamType 1, sampleRate 44100, format 1, channelMask 1, flags 4
I/AudioTrack(  470): AudioTrack::createTrack_l sampleRate=44100 format=1
I/AudioTrack(  470): createTrack_l() output 2 afLatency 69
I/AudioTrack(  470): AudioTrack::createTrack_l createTrack() sampleRate=44100
I/AudioFlinger(  144): AudioFlinger createTrack() sampleRate=44100 streamType=1
I/AudioFlinger(  144): createTrack() sessionId: 0
I/AudioFlinger(  144): AudioFlinger createTrack() lSessionId: 388 sampleRate=44100
I/AudioFlinger(  144): AudioFlinger createTrack() done
I/AudioFlinger(  144): AudioFlinger ~TrackHandle()
I/AudioFlinger(  144): AudioFlinger PlaybackThread::Track::destroy() releaseOutput()
I/AudioSystem(  144): AudioSystem releaseOutput() output 2
I/AudioFlinger(  144): AudioFlinger PlaybackThread::destroyTrack_l()
I/AudioSystem(  470): getFrameCount() streamType 1, output 2, frameCount 1024
I/AudioSystem(  470): getSamplingRate() reading from output desc
I/AudioSystem(  470): getSamplingRate() streamType 1, output 2, sampling rate 44100
I/AudioTrack(  470): set() streamType 1 frameCount 4096 flags 0004 sampleRate 44100
I/AudioTrack(  470): AudioTrack getOutput streamType 1, sampleRate 44100, format 1, channelMask 1, flags 4
I/AudioTrack(  470): AudioTrack::createTrack_l sampleRate=44100 format=1
I/AudioTrack(  470): createTrack_l() output 2 afLatency 69
I/AudioTrack(  470): AudioTrack::createTrack_l createTrack() sampleRate=44100
I/AudioFlinger(  144): AudioFlinger createTrack() sampleRate=44100 streamType=1
I/AudioFlinger(  144): createTrack() sessionId: 0
I/AudioFlinger(  144): AudioFlinger createTrack() lSessionId: 389 sampleRate=44100
I/AudioFlinger(  144): AudioFlinger createTrack() done
I/AudioFlinger(  144): AudioFlinger ~TrackHandle()
I/AudioFlinger(  144): AudioFlinger PlaybackThread::Track::destroy() releaseOutput()
I/AudioSystem(  144): AudioSystem releaseOutput() output 2
I/AudioFlinger(  144): AudioFlinger PlaybackThread::destroyTrack_l()
I/AudioSystem(  470): getFrameCount() streamType 1, output 2, frameCount 1024
I/AudioSystem(  470): getSamplingRate() reading from output desc
I/AudioSystem(  470): getSamplingRate() streamType 1, output 2, sampling rate 44100
I/AudioTrack(  470): set() streamType 1 frameCount 4096 flags 0004 sampleRate 44100
I/AudioTrack(  470): AudioTrack getOutput streamType 1, sampleRate 44100, format 1, channelMask 1, flags 4
I/AudioTrack(  470): AudioTrack::createTrack_l sampleRate=44100 format=1
I/AudioTrack(  470): createTrack_l() output 2 afLatency 69
I/AudioTrack(  470): AudioTrack::createTrack_l createTrack() sampleRate=44100
I/AudioFlinger(  144): AudioFlinger createTrack() sampleRate=44100 streamType=1
I/AudioFlinger(  144): createTrack() sessionId: 0
I/AudioFlinger(  144): AudioFlinger createTrack() lSessionId: 390 sampleRate=44100
I/AudioFlinger(  144): AudioFlinger createTrack() done
I/AudioFlinger(  144): AudioFlinger ~TrackHandle()
I/AudioFlinger(  144): AudioFlinger PlaybackThread::Track::destroy() releaseOutput()
I/AudioSystem(  144): AudioSystem releaseOutput() output 2
I/AudioFlinger(  144): AudioFlinger PlaybackThread::destroyTrack_l()
I/AudioSystem(  470): getFrameCount() streamType 1, output 2, frameCount 1024
I/AudioSystem(  470): getSamplingRate() reading from output desc
I/AudioSystem(  470): getSamplingRate() streamType 1, output 2, sampling rate 44100
I/AudioTrack(  470): set() streamType 1 frameCount 4096 flags 0004 sampleRate 44100
I/AudioTrack(  470): AudioTrack getOutput streamType 1, sampleRate 44100, format 1, channelMask 1, flags 4
I/AudioTrack(  470): AudioTrack::createTrack_l sampleRate=44100 format=1
I/AudioTrack(  470): createTrack_l() output 2 afLatency 69
I/AudioTrack(  470): AudioTrack::createTrack_l createTrack() sampleRate=44100
I/AudioFlinger(  144): AudioFlinger createTrack() sampleRate=44100 streamType=1
I/AudioFlinger(  144): createTrack() sessionId: 0
I/AudioFlinger(  144): AudioFlinger createTrack() lSessionId: 391 sampleRate=44100
I/AudioFlinger(  144): AudioFlinger createTrack() done
I/AudioFlinger(  144): AudioFlinger ~TrackHandle()
I/AudioFlinger(  144): AudioFlinger PlaybackThread::Track::destroy() releaseOutput()
I/AudioSystem(  144): AudioSystem releaseOutput() output 2
I/AudioFlinger(  144): AudioFlinger PlaybackThread::destroyTrack_l()
I/AudioSystem(  470): getFrameCount() streamType 1, output 2, frameCount 1024
I/AudioSystem(  470): getSamplingRate() reading from output desc
I/AudioSystem(  470): getSamplingRate() streamType 1, output 2, sampling rate 44100
I/AudioTrack(  470): set() streamType 1 frameCount 4096 flags 0004 sampleRate 44100
I/AudioTrack(  470): AudioTrack getOutput streamType 1, sampleRate 44100, format 1, channelMask 1, flags 4
I/AudioTrack(  470): AudioTrack::createTrack_l sampleRate=44100 format=1
I/AudioTrack(  470): createTrack_l() output 2 afLatency 69
I/AudioTrack(  470): AudioTrack::createTrack_l createTrack() sampleRate=44100
I/AudioFlinger(  144): AudioFlinger createTrack() sampleRate=44100 streamType=1
I/AudioFlinger(  144): createTrack() sessionId: 0
I/AudioFlinger(  144): AudioFlinger createTrack() lSessionId: 392 sampleRate=44100
I/AudioFlinger(  144): AudioFlinger createTrack() done
I/AudioFlinger(  144): AudioFlinger ~TrackHandle()
I/AudioFlinger(  144): AudioFlinger PlaybackThread::Track::destroy() releaseOutput()
I/AudioSystem(  144): AudioSystem releaseOutput() output 2
I/AudioFlinger(  144): AudioFlinger PlaybackThread::destroyTrack_l()
I/AudioSystem(  470): getFrameCount() streamType 1, output 2, frameCount 1024
I/AudioSystem(  470): getSamplingRate() reading from output desc
I/AudioSystem(  470): getSamplingRate() streamType 1, output 2, sampling rate 44100
I/AudioTrack(  470): set() streamType 1 frameCount 4096 flags 0004 sampleRate 44100
I/AudioTrack(  470): AudioTrack getOutput streamType 1, sampleRate 44100, format 1, channelMask 1, flags 4
I/AudioTrack(  470): AudioTrack::createTrack_l sampleRate=44100 format=1
I/AudioTrack(  470): createTrack_l() output 2 afLatency 69
I/AudioTrack(  470): AudioTrack::createTrack_l createTrack() sampleRate=44100
I/AudioFlinger(  144): AudioFlinger createTrack() sampleRate=44100 streamType=1
I/AudioFlinger(  144): createTrack() sessionId: 0
I/AudioFlinger(  144): AudioFlinger createTrack() lSessionId: 393 sampleRate=44100
I/AudioFlinger(  144): AudioFlinger createTrack() done
I/AudioFlinger(  144): AudioFlinger ~TrackHandle()
I/AudioFlinger(  144): AudioFlinger PlaybackThread::Track::destroy() releaseOutput()
I/AudioSystem(  144): AudioSystem releaseOutput() output 2
I/AudioFlinger(  144): AudioFlinger PlaybackThread::destroyTrack_l()
I/AudioSystem(  470): getFrameCount() streamType 1, output 2, frameCount 1024
I/AudioSystem(  470): getSamplingRate() reading from output desc
I/AudioSystem(  470): getSamplingRate() streamType 1, output 2, sampling rate 44100
I/AudioTrack(  470): set() streamType 1 frameCount 4096 flags 0004 sampleRate 44100
I/AudioTrack(  470): AudioTrack getOutput streamType 1, sampleRate 44100, format 1, channelMask 1, flags 4
I/AudioTrack(  470): AudioTrack::createTrack_l sampleRate=44100 format=1
I/AudioTrack(  470): createTrack_l() output 2 afLatency 69
I/AudioTrack(  470): AudioTrack::createTrack_l createTrack() sampleRate=44100
I/AudioFlinger(  144): AudioFlinger createTrack() sampleRate=44100 streamType=1
I/AudioFlinger(  144): createTrack() sessionId: 0
I/AudioFlinger(  144): AudioFlinger createTrack() lSessionId: 394 sampleRate=44100
I/AudioFlinger(  144): AudioFlinger createTrack() done
I/AudioFlinger(  144): AudioFlinger ~TrackHandle()
I/AudioFlinger(  144): AudioFlinger PlaybackThread::Track::destroy() releaseOutput()
I/AudioSystem(  144): AudioSystem releaseOutput() output 2
I/AudioFlinger(  144): AudioFlinger PlaybackThread::destroyTrack_l()
I/ConnectivityManager( 1847): getActiveNetworkInfo networkInfo=null unetDeviceName=
I/AudioSystem(  470): getFrameCount() streamType 1, output 2, frameCount 1024
I/AudioSystem(  470): getSamplingRate() reading from output desc
I/AudioSystem(  470): getSamplingRate() streamType 1, output 2, sampling rate 44100
I/AudioTrack(  470): set() streamType 1 frameCount 4096 flags 0004 sampleRate 44100
I/AudioTrack(  470): AudioTrack getOutput streamType 1, sampleRate 44100, format 1, channelMask 1, flags 4
I/AudioTrack(  470): AudioTrack::createTrack_l sampleRate=44100 format=1
I/AudioTrack(  470): createTrack_l() output 2 afLatency 69
I/AudioTrack(  470): AudioTrack::createTrack_l createTrack() sampleRate=44100
I/AudioFlinger(  144): AudioFlinger createTrack() sampleRate=44100 streamType=1
I/AudioFlinger(  144): createTrack() sessionId: 0
I/AudioFlinger(  144): AudioFlinger createTrack() lSessionId: 395 sampleRate=44100
I/AudioFlinger(  144): AudioFlinger createTrack() done
I/AudioFlinger(  144): AudioFlinger ~TrackHandle()
I/AudioFlinger(  144): AudioFlinger PlaybackThread::Track::destroy() releaseOutput()
I/AudioSystem(  144): AudioSystem releaseOutput() output 2
I/AudioFlinger(  144): AudioFlinger PlaybackThread::destroyTrack_l()
I/AudioSystem(  470): getFrameCount() streamType 1, output 2, frameCount 1024
I/AudioSystem(  470): getSamplingRate() reading from output desc
I/AudioSystem(  470): getSamplingRate() streamType 1, output 2, sampling rate 44100
I/AudioTrack(  470): set() streamType 1 frameCount 4096 flags 0004 sampleRate 44100
I/AudioTrack(  470): AudioTrack getOutput streamType 1, sampleRate 44100, format 1, channelMask 1, flags 4
I/AudioTrack(  470): AudioTrack::createTrack_l sampleRate=44100 format=1
I/AudioTrack(  470): createTrack_l() output 2 afLatency 69
I/AudioTrack(  470): AudioTrack::createTrack_l createTrack() sampleRate=44100
I/AudioFlinger(  144): AudioFlinger createTrack() sampleRate=44100 streamType=1
I/AudioFlinger(  144): createTrack() sessionId: 0
I/AudioFlinger(  144): AudioFlinger createTrack() lSessionId: 396 sampleRate=44100
I/AudioFlinger(  144): AudioFlinger createTrack() done
I/AudioFlinger(  144): AudioFlinger ~TrackHandle()
I/AudioFlinger(  144): AudioFlinger PlaybackThread::Track::destroy() releaseOutput()
I/AudioSystem(  144): AudioSystem releaseOutput() output 2
I/AudioFlinger(  144): AudioFlinger PlaybackThread::destroyTrack_l()
I/AudioSystem(  470): getFrameCount() streamType 1, output 2, frameCount 1024
I/AudioSystem(  470): getSamplingRate() reading from output desc
I/AudioSystem(  470): getSamplingRate() streamType 1, output 2, sampling rate 44100
I/AudioTrack(  470): set() streamType 1 frameCount 4096 flags 0004 sampleRate 44100
I/AudioTrack(  470): AudioTrack getOutput streamType 1, sampleRate 44100, format 1, channelMask 1, flags 4
I/AudioTrack(  470): AudioTrack::createTrack_l sampleRate=44100 format=1
I/AudioTrack(  470): createTrack_l() output 2 afLatency 69
I/AudioTrack(  470): AudioTrack::createTrack_l createTrack() sampleRate=44100
I/AudioFlinger(  144): AudioFlinger createTrack() sampleRate=44100 streamType=1
I/AudioFlinger(  144): createTrack() sessionId: 0
I/AudioFlinger(  144): AudioFlinger createTrack() lSessionId: 397 sampleRate=44100
I/AudioFlinger(  144): AudioFlinger createTrack() done
I/AudioFlinger(  144): AudioFlinger ~TrackHandle()
I/AudioFlinger(  144): AudioFlinger PlaybackThread::Track::destroy() releaseOutput()
I/AudioSystem(  144): AudioSystem releaseOutput() output 2
I/AudioFlinger(  144): AudioFlinger PlaybackThread::destroyTrack_l()
I/AudioSystem(  470): getFrameCount() streamType 1, output 2, frameCount 1024
I/AudioSystem(  470): getSamplingRate() reading from output desc
I/AudioSystem(  470): getSamplingRate() streamType 1, output 2, sampling rate 44100
I/AudioTrack(  470): set() streamType 1 frameCount 4096 flags 0004 sampleRate 44100
I/AudioTrack(  470): AudioTrack getOutput streamType 1, sampleRate 44100, format 1, channelMask 1, flags 4
I/AudioTrack(  470): AudioTrack::createTrack_l sampleRate=44100 format=1
I/AudioTrack(  470): createTrack_l() output 2 afLatency 69
I/AudioTrack(  470): AudioTrack::createTrack_l createTrack() sampleRate=44100
I/AudioFlinger(  144): AudioFlinger createTrack() sampleRate=44100 streamType=1
I/AudioFlinger(  144): createTrack() sessionId: 0
I/AudioFlinger(  144): AudioFlinger createTrack() lSessionId: 398 sampleRate=44100
I/AudioFlinger(  144): AudioFlinger createTrack() done
I/AudioFlinger(  144): AudioFlinger ~TrackHandle()
I/AudioFlinger(  144): AudioFlinger PlaybackThread::Track::destroy() releaseOutput()
I/AudioSystem(  144): AudioSystem releaseOutput() output 2
I/AudioFlinger(  144): AudioFlinger PlaybackThread::destroyTrack_l()
I/AudioSystem(  470): getFrameCount() streamType 1, output 2, frameCount 1024
I/AudioSystem(  470): getSamplingRate() reading from output desc
I/AudioSystem(  470): getSamplingRate() streamType 1, output 2, sampling rate 44100
I/AudioTrack(  470): set() streamType 1 frameCount 4096 flags 0004 sampleRate 44100
I/AudioTrack(  470): AudioTrack getOutput streamType 1, sampleRate 44100, format 1, channelMask 1, flags 4
I/AudioTrack(  470): AudioTrack::createTrack_l sampleRate=44100 format=1
I/AudioTrack(  470): createTrack_l() output 2 afLatency 69
I/AudioTrack(  470): AudioTrack::createTrack_l createTrack() sampleRate=44100
I/AudioFlinger(  144): AudioFlinger createTrack() sampleRate=44100 streamType=1
I/AudioFlinger(  144): createTrack() sessionId: 0
I/AudioFlinger(  144): AudioFlinger createTrack() lSessionId: 399 sampleRate=44100
I/AudioFlinger(  144): AudioFlinger createTrack() done
I/AudioFlinger(  144): AudioFlinger ~TrackHandle()
I/AudioFlinger(  144): AudioFlinger PlaybackThread::Track::destroy() releaseOutput()
I/AudioSystem(  144): AudioSystem releaseOutput() output 2
I/AudioFlinger(  144): AudioFlinger PlaybackThread::destroyTrack_l()
I/AudioSystem(  470): getFrameCount() streamType 1, output 2, frameCount 1024
I/AudioSystem(  470): getSamplingRate() reading from output desc
I/AudioSystem(  470): getSamplingRate() streamType 1, output 2, sampling rate 44100
I/AudioTrack(  470): set() streamType 1 frameCount 4096 flags 0004 sampleRate 44100
I/AudioTrack(  470): AudioTrack getOutput streamType 1, sampleRate 44100, format 1, channelMask 1, flags 4
I/AudioTrack(  470): AudioTrack::createTrack_l sampleRate=44100 format=1
I/AudioTrack(  470): createTrack_l() output 2 afLatency 69
I/AudioTrack(  470): AudioTrack::createTrack_l createTrack() sampleRate=44100
I/AudioFlinger(  144): AudioFlinger createTrack() sampleRate=44100 streamType=1
I/AudioFlinger(  144): createTrack() sessionId: 0
I/AudioFlinger(  144): AudioFlinger createTrack() lSessionId: 400 sampleRate=44100
I/AudioFlinger(  144): AudioFlinger createTrack() done
I/AudioFlinger(  144): AudioFlinger ~TrackHandle()
I/AudioFlinger(  144): AudioFlinger PlaybackThread::Track::destroy() releaseOutput()
I/AudioSystem(  144): AudioSystem releaseOutput() output 2
I/AudioFlinger(  144): AudioFlinger PlaybackThread::destroyTrack_l()
I/AudioSystem(  470): getFrameCount() streamType 1, output 2, frameCount 1024
I/AudioSystem(  470): getSamplingRate() reading from output desc
I/AudioSystem(  470): getSamplingRate() streamType 1, output 2, sampling rate 44100
I/AudioTrack(  470): set() streamType 1 frameCount 4096 flags 0004 sampleRate 44100
I/AudioTrack(  470): AudioTrack getOutput streamType 1, sampleRate 44100, format 1, channelMask 1, flags 4
I/AudioTrack(  470): AudioTrack::createTrack_l sampleRate=44100 format=1
