I/ActivityManager(  470): Start proc com.cyanogenmod.lockclock for broadcast com.cyanogenmod.lockclock/.ClockWidgetProvider: pid=1829 uid=10027 gids={50027, 3003, 1028}
I/ActivityManager(  470): No longer want com.android.email (pid 1187): empty #17
I/AlarmManager(  470): ACCEPTED type=0 triggerAtTime=1391202000607 interval=43200000 PendingIntent=PendingIntent{416d7c20: PendingIntentRecord{4139fa58 com.doubleTwist.androidPlayer startService}} idx=-2 search=null
I/AlarmManager(  470): ACCEPTED type=0 triggerAtTime=1387596231620 interval=0 PendingIntent=PendingIntent{414207c8: PendingIntentRecord{418343e8 com.cyanogenmod.lockclock startService}} idx=-2 search=null
I/ActivityManager(  470): Start proc de.hinterhofapps.sliderwidget for broadcast de.hinterhofapps.sliderwidget/.SliderWidget_1x1: pid=1847 uid=10066 gids={50066, 3003, 1028}
I/AlarmManager(  470): ACCEPTED type=1 triggerAtTime=1391176801895 interval=900000 PendingIntent=PendingIntent{415034f0: PendingIntentRecord{413a0630 com.android.deskclock broadcastIntent}} idx=-2 search=null
I/ActivityManager(  470): Start proc jp.co.bii.android.app.dskvzr:widgetprovider for broadcast jp.co.bii.android.app.dskvzr/.VisualizerWidgetProvider2by2: pid=1863 uid=10082 gids={50082, 1015, 3003, 1028}
I/ActivityManager(  470): No longer want com.android.exchange (pid 1205): empty #17
I/AlarmManager(  470): ACCEPTED type=2 triggerAtTime=60758 interval=0 PendingIntent=PendingIntent{4117baf0: PendingIntentRecord{4118d200 jp.co.bii.android.app.dskvzr broadcastIntent}} idx=-2 search=null
I/AlarmManager(  470): ACCEPTED type=2 triggerAtTime=61634 interval=0 PendingIntent=PendingIntent{4164b2a8: PendingIntentRecord{417af7b0 jp.co.bii.android.app.dskvzr broadcastIntent}} idx=-2 search=null
I/AlarmManager(  470): ACCEPTED type=2 triggerAtTime=61816 interval=0 PendingIntent=PendingIntent{41631720: PendingIntentRecord{417d03a0 jp.co.bii.android.app.dskvzr broadcastIntent}} idx=-2 search=null
I/AlarmManager(  470): ACCEPTED type=2 triggerAtTime=62016 interval=0 PendingIntent=PendingIntent{412bbb20: PendingIntentRecord{413600d0 jp.co.bii.android.app.dskvzr broadcastIntent}} idx=-2 search=null
E/ActivityThread( 1764): Failed to find provider info for com.google.android.music.MusicContent
I/AlarmManager(  470): ACCEPTED type=2 triggerAtTime=62198 interval=0 PendingIntent=PendingIntent{41620b90: PendingIntentRecord{417cfab0 jp.co.bii.android.app.dskvzr broadcastIntent}} idx=-2 search=null
I/ActivityManager(  470): Start proc com.nullsoft.winamp for broadcast com.nullsoft.winamp/.widget.MediaAppWidgetProvider: pid=1890 uid=10089 gids={50089, 3003, 1015, 1028}
I/ActivityManager(  470): No longer want com.android.settings (pid 909): empty #17
W/ActivityManager(  470): Unable to start service Intent { act=com.nullsoft.prostub.service.IWinampLicenseCheckService } U=0: not found
I/ActivityManager(  470): Start proc com.jrtstudio.AnotherMusicPlayer for broadcast com.jrtstudio.AnotherMusicPlayer/com.jrtstudio.android.music.MusicWidgetSmall: pid=1906 uid=10096 gids={50096, 3003, 1015, 3002, 1028}
I/ActivityManager(  470): No longer want com.tmobile.thememanager (pid 1102): empty #17
I/ActivityManager(  470): No longer want com.android.voicedialer (pid 1258): empty #17
I/AlarmManager(  470): ACCEPTED type=2 triggerAtTime=63316 interval=0 PendingIntent=PendingIntent{4139c308: PendingIntentRecord{4136bbe8 jp.co.bii.android.app.dskvzr broadcastIntent}} idx=-2 search=null
I/AlarmManager(  470): ACCEPTED type=2 triggerAtTime=63583 interval=0 PendingIntent=PendingIntent{415bc290: PendingIntentRecord{416798b8 jp.co.bii.android.app.dskvzr broadcastIntent}} idx=-2 search=null
I/AlarmManager(  470): ACCEPTED type=2 triggerAtTime=63775 interval=0 PendingIntent=PendingIntent{414f4040: PendingIntentRecord{415e7be0 jp.co.bii.android.app.dskvzr broadcastIntent}} idx=-2 search=null
I/AlarmManager(  470): ACCEPTED type=2 triggerAtTime=63998 interval=0 PendingIntent=PendingIntent{4156b038: PendingIntentRecord{416b1310 jp.co.bii.android.app.dskvzr broadcastIntent}} idx=-2 search=null
I/AlarmManager(  470): ACCEPTED type=2 triggerAtTime=64207 interval=0 PendingIntent=PendingIntent{41533f10: PendingIntentRecord{4161ced8 jp.co.bii.android.app.dskvzr broadcastIntent}} idx=-2 search=null
I/AlarmManager(  470): ACCEPTED type=2 triggerAtTime=64422 interval=0 PendingIntent=PendingIntent{414c8e28: PendingIntentRecord{415093b8 jp.co.bii.android.app.dskvzr broadcastIntent}} idx=-2 search=null
I/AlarmManager(  470): ACCEPTED type=2 triggerAtTime=64621 interval=0 PendingIntent=PendingIntent{4155feb0: PendingIntentRecord{4162b160 jp.co.bii.android.app.dskvzr broadcastIntent}} idx=-2 search=null
W/ActivityManager(  470): Unable to start service Intent { act=com.google.android.gms.analytics.service.START cmp=com.google.android.gms/.analytics.service.AnalyticsService (has extras) } U=0: not found
I/AlarmManager(  470): ACCEPTED type=2 triggerAtTime=64827 interval=0 PendingIntent=PendingIntent{41538940: PendingIntentRecord{41607210 jp.co.bii.android.app.dskvzr broadcastIntent}} idx=-2 search=null
I/AlarmManager(  470): ACCEPTED type=2 triggerAtTime=65037 interval=0 PendingIntent=PendingIntent{414d0760: PendingIntentRecord{415e7be0 jp.co.bii.android.app.dskvzr broadcastIntent}} idx=-2 search=null
I/AlarmManager(  470): ACCEPTED type=2 triggerAtTime=65178 interval=0 PendingIntent=PendingIntent{41353488: PendingIntentRecord{4153f878 jp.co.bii.android.app.dskvzr broadcastIntent}} idx=-2 search=null
I/AlarmManager(  470): ACCEPTED type=2 triggerAtTime=65395 interval=0 PendingIntent=PendingIntent{4155feb0: PendingIntentRecord{41655538 jp.co.bii.android.app.dskvzr broadcastIntent}} idx=-2 search=null
I/AlarmManager(  470): ACCEPTED type=2 triggerAtTime=65591 interval=0 PendingIntent=PendingIntent{415ad090: PendingIntentRecord{416ad738 jp.co.bii.android.app.dskvzr broadcastIntent}} idx=-2 search=null
I/AlarmManager(  470): ACCEPTED type=2 triggerAtTime=65771 interval=0 PendingIntent=PendingIntent{415bd0f8: PendingIntentRecord{417c6eb0 jp.co.bii.android.app.dskvzr broadcastIntent}} idx=-2 search=null
I/AlarmManager(  470): ACCEPTED type=2 triggerAtTime=65951 interval=0 PendingIntent=PendingIntent{4156b038: PendingIntentRecord{41655538 jp.co.bii.android.app.dskvzr broadcastIntent}} idx=-2 search=null
I/AlarmManager(  470): ACCEPTED type=2 triggerAtTime=66133 interval=0 PendingIntent=PendingIntent{41590720: PendingIntentRecord{416a7350 jp.co.bii.android.app.dskvzr broadcastIntent}} idx=-2 search=null
I/AlarmManager(  470): ACCEPTED type=2 triggerAtTime=66323 interval=0 PendingIntent=PendingIntent{4154db60: PendingIntentRecord{416270f8 jp.co.bii.android.app.dskvzr broadcastIntent}} idx=-2 search=null
I/AlarmManager(  470): ACCEPTED type=2 triggerAtTime=66504 interval=0 PendingIntent=PendingIntent{41547e18: PendingIntentRecord{41651e90 jp.co.bii.android.app.dskvzr broadcastIntent}} idx=-2 search=null
I/AlarmManager(  470): ACCEPTED type=2 triggerAtTime=66717 interval=0 PendingIntent=PendingIntent{4156b038: PendingIntentRecord{416a7350 jp.co.bii.android.app.dskvzr broadcastIntent}} idx=-2 search=null
I/AlarmManager(  470): ACCEPTED type=2 triggerAtTime=66917 interval=0 PendingIntent=PendingIntent{4154db60: PendingIntentRecord{416506d0 jp.co.bii.android.app.dskvzr broadcastIntent}} idx=-2 search=null
I/AlarmManager(  470): ACCEPTED type=2 triggerAtTime=67128 interval=0 PendingIntent=PendingIntent{41533f10: PendingIntentRecord{416270f8 jp.co.bii.android.app.dskvzr broadcastIntent}} idx=-2 search=null
I/AlarmManager(  470): ACCEPTED type=2 triggerAtTime=67319 interval=0 PendingIntent=PendingIntent{41538940: PendingIntentRecord{4163b900 jp.co.bii.android.app.dskvzr broadcastIntent}} idx=-2 search=null
I/AlarmManager(  470): ACCEPTED type=2 triggerAtTime=67509 interval=0 PendingIntent=PendingIntent{4154db60: PendingIntentRecord{416a7350 jp.co.bii.android.app.dskvzr broadcastIntent}} idx=-2 search=null
I/AlarmManager(  470): ACCEPTED type=2 triggerAtTime=67718 interval=0 PendingIntent=PendingIntent{415ad090: PendingIntentRecord{416b1310 jp.co.bii.android.app.dskvzr broadcastIntent}} idx=-2 search=null
I/AlarmManager(  470): ACCEPTED type=2 triggerAtTime=67914 interval=0 PendingIntent=PendingIntent{41533f10: PendingIntentRecord{416506d0 jp.co.bii.android.app.dskvzr broadcastIntent}} idx=-2 search=null
I/AlarmManager(  470): ACCEPTED type=2 triggerAtTime=68101 interval=0 PendingIntent=PendingIntent{4119b3f8: PendingIntentRecord{413e9ef0 jp.co.bii.android.app.dskvzr broadcastIntent}} idx=-2 search=null
I/AlarmManager(  470): ACCEPTED type=2 triggerAtTime=68299 interval=0 PendingIntent=PendingIntent{4152bfc0: PendingIntentRecord{416270f8 jp.co.bii.android.app.dskvzr broadcastIntent}} idx=-2 search=null
I/AlarmManager(  470): ACCEPTED type=2 triggerAtTime=68509 interval=0 PendingIntent=PendingIntent{41547e18: PendingIntentRecord{416509d8 jp.co.bii.android.app.dskvzr broadcastIntent}} idx=-2 search=null
I/AlarmManager(  470): ACCEPTED type=2 triggerAtTime=68686 interval=0 PendingIntent=PendingIntent{4156b038: PendingIntentRecord{416a7350 jp.co.bii.android.app.dskvzr broadcastIntent}} idx=-2 search=null
I/AlarmManager(  470): ACCEPTED type=2 triggerAtTime=68864 interval=0 PendingIntent=PendingIntent{41538940: PendingIntentRecord{4163b900 jp.co.bii.android.app.dskvzr broadcastIntent}} idx=-2 search=null
I/AlarmManager(  470): ACCEPTED type=2 triggerAtTime=69052 interval=0 PendingIntent=PendingIntent{4151a7f8: PendingIntentRecord{416270f8 jp.co.bii.android.app.dskvzr broadcastIntent}} idx=-2 search=null
I/AlarmManager(  470): ACCEPTED type=2 triggerAtTime=69232 interval=0 PendingIntent=PendingIntent{415211e8: PendingIntentRecord{41622ee0 jp.co.bii.android.app.dskvzr broadcastIntent}} idx=-2 search=null
I/AlarmManager(  470): ACCEPTED type=2 triggerAtTime=69410 interval=0 PendingIntent=PendingIntent{41533f10: PendingIntentRecord{41699248 jp.co.bii.android.app.dskvzr broadcastIntent}} idx=-2 search=null
I/AlarmManager(  470): ACCEPTED type=2 triggerAtTime=69608 interval=0 PendingIntent=PendingIntent{4151ed20: PendingIntentRecord{4163b900 jp.co.bii.android.app.dskvzr broadcastIntent}} idx=-2 search=null
I/AlarmManager(  470): ACCEPTED type=2 triggerAtTime=69792 interval=0 PendingIntent=PendingIntent{4152bfc0: PendingIntentRecord{41631200 jp.co.bii.android.app.dskvzr broadcastIntent}} idx=-2 search=null
W/ActivityManager(  470): Unable to start service Intent { act=com.google.android.gms.analytics.service.START cmp=com.google.android.gms/.analytics.service.AnalyticsService (has extras) } U=0: not found
I/AlarmManager(  470): ACCEPTED type=2 triggerAtTime=69972 interval=0 PendingIntent=PendingIntent{4152f3b8: PendingIntentRecord{4162b160 jp.co.bii.android.app.dskvzr broadcastIntent}} idx=-2 search=null
I/AlarmManager(  470): ACCEPTED type=2 triggerAtTime=70159 interval=0 PendingIntent=PendingIntent{41511d60: PendingIntentRecord{4161ced8 jp.co.bii.android.app.dskvzr broadcastIntent}} idx=-2 search=null
I/AlarmManager(  470): ACCEPTED type=2 triggerAtTime=70342 interval=0 PendingIntent=PendingIntent{4154db60: PendingIntentRecord{416a7350 jp.co.bii.android.app.dskvzr broadcastIntent}} idx=-2 search=null
I/AlarmManager(  470): ACCEPTED type=2 triggerAtTime=70526 interval=0 PendingIntent=PendingIntent{4152f3b8: PendingIntentRecord{41651e90 jp.co.bii.android.app.dskvzr broadcastIntent}} idx=-2 search=null
I/AlarmManager(  470): ACCEPTED type=2 triggerAtTime=70711 interval=0 PendingIntent=PendingIntent{4156b038: PendingIntentRecord{416a1728 jp.co.bii.android.app.dskvzr broadcastIntent}} idx=-2 search=null
I/AlarmManager(  470): ACCEPTED type=2 triggerAtTime=70928 interval=0 PendingIntent=PendingIntent{4152f3b8: PendingIntentRecord{416509d8 jp.co.bii.android.app.dskvzr broadcastIntent}} idx=-2 search=null
I/AlarmManager(  470): ACCEPTED type=2 triggerAtTime=71115 interval=0 PendingIntent=PendingIntent{4152bfc0: PendingIntentRecord{4162b160 jp.co.bii.android.app.dskvzr broadcastIntent}} idx=-2 search=null
I/AlarmManager(  470): ACCEPTED type=2 triggerAtTime=71317 interval=0 PendingIntent=PendingIntent{41533f10: PendingIntentRecord{416a1728 jp.co.bii.android.app.dskvzr broadcastIntent}} idx=-2 search=null
I/AlarmManager(  470): ACCEPTED type=2 triggerAtTime=71513 interval=0 PendingIntent=PendingIntent{4152f3b8: PendingIntentRecord{41651e90 jp.co.bii.android.app.dskvzr broadcastIntent}} idx=-2 search=null
I/AlarmManager(  470): ACCEPTED type=2 triggerAtTime=71687 interval=0 PendingIntent=PendingIntent{414fded0: PendingIntentRecord{4162b160 jp.co.bii.android.app.dskvzr broadcastIntent}} idx=-2 search=null
I/AlarmManager(  470): ACCEPTED type=2 triggerAtTime=71864 interval=0 PendingIntent=PendingIntent{41533f10: PendingIntentRecord{416a8b38 jp.co.bii.android.app.dskvzr broadcastIntent}} idx=-2 search=null
I/AlarmManager(  470): ACCEPTED type=2 triggerAtTime=72062 interval=0 PendingIntent=PendingIntent{414c25d0: PendingIntentRecord{41614930 jp.co.bii.android.app.dskvzr broadcastIntent}} idx=-2 search=null
I/AlarmManager(  470): ACCEPTED type=2 triggerAtTime=72232 interval=0 PendingIntent=PendingIntent{41590720: PendingIntentRecord{416a1728 jp.co.bii.android.app.dskvzr broadcastIntent}} idx=-2 search=null
I/AlarmManager(  470): ACCEPTED type=2 triggerAtTime=72407 interval=0 PendingIntent=PendingIntent{4152bfc0: PendingIntentRecord{41699248 jp.co.bii.android.app.dskvzr broadcastIntent}} idx=-2 search=null
I/AlarmManager(  470): ACCEPTED type=2 triggerAtTime=72579 interval=0 PendingIntent=PendingIntent{41533f10: PendingIntentRecord{416509d8 jp.co.bii.android.app.dskvzr broadcastIntent}} idx=-2 search=null
I/AlarmManager(  470): ACCEPTED type=2 triggerAtTime=72759 interval=0 PendingIntent=PendingIntent{414f4040: PendingIntentRecord{4161fda8 jp.co.bii.android.app.dskvzr broadcastIntent}} idx=-2 search=null
I/AlarmManager(  470): ACCEPTED type=2 triggerAtTime=72946 interval=0 PendingIntent=PendingIntent{41590720: PendingIntentRecord{416a1728 jp.co.bii.android.app.dskvzr broadcastIntent}} idx=-2 search=null
I/AlarmManager(  470): ACCEPTED type=2 triggerAtTime=73121 interval=0 PendingIntent=PendingIntent{4151ed20: PendingIntentRecord{41651e90 jp.co.bii.android.app.dskvzr broadcastIntent}} idx=-2 search=null
I/AlarmManager(  470): ACCEPTED type=2 triggerAtTime=73308 interval=0 PendingIntent=PendingIntent{4150fb20: PendingIntentRecord{4162b160 jp.co.bii.android.app.dskvzr broadcastIntent}} idx=-2 search=null
I/AlarmManager(  470): ACCEPTED type=2 triggerAtTime=73479 interval=0 PendingIntent=PendingIntent{4151ed20: PendingIntentRecord{416506d0 jp.co.bii.android.app.dskvzr broadcastIntent}} idx=-2 search=null
I/AlarmManager(  470): ACCEPTED type=2 triggerAtTime=73656 interval=0 PendingIntent=PendingIntent{415bc290: PendingIntentRecord{416b1310 jp.co.bii.android.app.dskvzr broadcastIntent}} idx=-2 search=null
I/AlarmManager(  470): ACCEPTED type=2 triggerAtTime=73843 interval=0 PendingIntent=PendingIntent{414f4040: PendingIntentRecord{41619c80 jp.co.bii.android.app.dskvzr broadcastIntent}} idx=-2 search=null
I/AlarmManager(  470): ACCEPTED type=2 triggerAtTime=74011 interval=0 PendingIntent=PendingIntent{4152bfc0: PendingIntentRecord{4163b900 jp.co.bii.android.app.dskvzr broadcastIntent}} idx=-2 search=null
I/AlarmManager(  470): ACCEPTED type=2 triggerAtTime=74198 interval=0 PendingIntent=PendingIntent{4150fb20: PendingIntentRecord{416a1728 jp.co.bii.android.app.dskvzr broadcastIntent}} idx=-2 search=null
I/AlarmManager(  470): ACCEPTED type=2 triggerAtTime=74380 interval=0 PendingIntent=PendingIntent{414fded0: PendingIntentRecord{4161fda8 jp.co.bii.android.app.dskvzr broadcastIntent}} idx=-2 search=null
I/AlarmManager(  470): ACCEPTED type=2 triggerAtTime=74550 interval=0 PendingIntent=PendingIntent{4150fb20: PendingIntentRecord{4162b160 jp.co.bii.android.app.dskvzr broadcastIntent}} idx=-2 search=null
I/AlarmManager(  470): ACCEPTED type=2 triggerAtTime=74728 interval=0 PendingIntent=PendingIntent{414d83c0: PendingIntentRecord{41614930 jp.co.bii.android.app.dskvzr broadcastIntent}} idx=-2 search=null
I/AlarmManager(  470): ACCEPTED type=2 triggerAtTime=74913 interval=0 PendingIntent=PendingIntent{4151a7f8: PendingIntentRecord{416509d8 jp.co.bii.android.app.dskvzr broadcastIntent}} idx=-2 search=null
I/AlarmManager(  470): ACCEPTED type=2 triggerAtTime=75095 interval=0 PendingIntent=PendingIntent{41533f10: PendingIntentRecord{416a1728 jp.co.bii.android.app.dskvzr broadcastIntent}} idx=-2 search=null
I/AlarmManager(  470): ACCEPTED type=2 triggerAtTime=75340 interval=0 PendingIntent=PendingIntent{4150fb20: PendingIntentRecord{4161ced8 jp.co.bii.android.app.dskvzr broadcastIntent}} idx=-2 search=null
I/AlarmManager(  470): ACCEPTED type=2 triggerAtTime=75519 interval=0 PendingIntent=PendingIntent{4151a7f8: PendingIntentRecord{416506d0 jp.co.bii.android.app.dskvzr broadcastIntent}} idx=-2 search=null
I/AlarmManager(  470): ACCEPTED type=2 triggerAtTime=75687 interval=0 PendingIntent=PendingIntent{414b7fd8: PendingIntentRecord{41614930 jp.co.bii.android.app.dskvzr broadcastIntent}} idx=-2 search=null
I/AlarmManager(  470): ACCEPTED type=2 triggerAtTime=75867 interval=0 PendingIntent=PendingIntent{4156b038: PendingIntentRecord{416a8b38 jp.co.bii.android.app.dskvzr broadcastIntent}} idx=-2 search=null
I/AlarmManager(  470): ACCEPTED type=2 triggerAtTime=76053 interval=0 PendingIntent=PendingIntent{41516608: PendingIntentRecord{416509d8 jp.co.bii.android.app.dskvzr broadcastIntent}} idx=-2 search=null
I/AlarmManager(  470): ACCEPTED type=2 triggerAtTime=76236 interval=0 PendingIntent=PendingIntent{4150fb20: PendingIntentRecord{4162b160 jp.co.bii.android.app.dskvzr broadcastIntent}} idx=-2 search=null
I/AlarmManager(  470): ACCEPTED type=2 triggerAtTime=76417 interval=0 PendingIntent=PendingIntent{414c8e28: PendingIntentRecord{4161fda8 jp.co.bii.android.app.dskvzr broadcastIntent}} idx=-2 search=null
I/AlarmManager(  470): ACCEPTED type=2 triggerAtTime=76605 interval=0 PendingIntent=PendingIntent{414c0528: PendingIntentRecord{41613430 jp.co.bii.android.app.dskvzr broadcastIntent}} idx=-2 search=null
I/AlarmManager(  470): ACCEPTED type=2 triggerAtTime=76770 interval=0 PendingIntent=PendingIntent{4156b038: PendingIntentRecord{416a8b38 jp.co.bii.android.app.dskvzr broadcastIntent}} idx=-2 search=null
I/AlarmManager(  470): ACCEPTED type=2 triggerAtTime=76950 interval=0 PendingIntent=PendingIntent{414fded0: PendingIntentRecord{41651e90 jp.co.bii.android.app.dskvzr broadcastIntent}} idx=-2 search=null
I/AlarmManager(  470): ACCEPTED type=2 triggerAtTime=77123 interval=0 PendingIntent=PendingIntent{41533f10: PendingIntentRecord{416509d8 jp.co.bii.android.app.dskvzr broadcastIntent}} idx=-2 search=null
I/AlarmManager(  470): ACCEPTED type=2 triggerAtTime=77287 interval=0 PendingIntent=PendingIntent{414d0760: PendingIntentRecord{4162b160 jp.co.bii.android.app.dskvzr broadcastIntent}} idx=-2 search=null
I/AlarmManager(  470): ACCEPTED type=2 triggerAtTime=77477 interval=0 PendingIntent=PendingIntent{414b9ec8: PendingIntentRecord{4161ced8 jp.co.bii.android.app.dskvzr broadcastIntent}} idx=-2 search=null
I/AlarmManager(  470): ACCEPTED type=2 triggerAtTime=77656 interval=0 PendingIntent=PendingIntent{4152bfc0: PendingIntentRecord{416a7350 jp.co.bii.android.app.dskvzr broadcastIntent}} idx=-2 search=null
I/AlarmManager(  470): ACCEPTED type=2 triggerAtTime=77839 interval=0 PendingIntent=PendingIntent{41516608: PendingIntentRecord{41699248 jp.co.bii.android.app.dskvzr broadcastIntent}} idx=-2 search=null
I/AlarmManager(  470): ACCEPTED type=2 triggerAtTime=78037 interval=0 PendingIntent=PendingIntent{4151a7f8: PendingIntentRecord{4163b900 jp.co.bii.android.app.dskvzr broadcastIntent}} idx=-2 search=null
I/AlarmManager(  470): ACCEPTED type=2 triggerAtTime=78214 interval=0 PendingIntent=PendingIntent{414d0760: PendingIntentRecord{41622ee0 jp.co.bii.android.app.dskvzr broadcastIntent}} idx=-2 search=null
I/AlarmManager(  470): ACCEPTED type=2 triggerAtTime=78416 interval=0 PendingIntent=PendingIntent{414b7fd8: PendingIntentRecord{41614930 jp.co.bii.android.app.dskvzr broadcastIntent}} idx=-2 search=null
I/AlarmManager(  470): ACCEPTED type=2 triggerAtTime=78584 interval=0 PendingIntent=PendingIntent{4166cbf0: PendingIntentRecord{417d72e8 jp.co.bii.android.app.dskvzr broadcastIntent}} idx=-2 search=null
I/AlarmManager(  470): ACCEPTED type=2 triggerAtTime=78741 interval=0 PendingIntent=PendingIntent{414b7fd8: PendingIntentRecord{417cfbc8 jp.co.bii.android.app.dskvzr broadcastIntent}} idx=-2 search=null
I/AlarmManager(  470): ACCEPTED type=2 triggerAtTime=78900 interval=0 PendingIntent=PendingIntent{41610788: PendingIntentRecord{416b1310 jp.co.bii.android.app.dskvzr broadcastIntent}} idx=-2 search=null
I/AlarmManager(  470): ACCEPTED type=2 triggerAtTime=79054 interval=0 PendingIntent=PendingIntent{4160b800: PendingIntentRecord{417c6eb0 jp.co.bii.android.app.dskvzr broadcastIntent}} idx=-2 search=null
I/ActivityManager(  470): Start proc com.android.calendar for broadcast com.android.calendar/.alerts.AlertReceiver: pid=1992 uid=10008 gids={50008, 3003, 1028}
I/ActivityManager(  470): Start proc com.android.providers.calendar for content provider com.android.providers.calendar/.CalendarProvider2: pid=2014 uid=10009 gids={50009, 3003, 1015, 1028}
W/ActivityManager(  470): Permission denied: checkComponentPermission() owningUid=10000
W/BroadcastQueue(  470): Permission Denial: broadcasting Intent { act=android.appwidget.action.APPWIDGET_UPDATE_OPTIONS flg=0x10 cmp=com.andrew.apollo/.appwidgets.AppWidgetSmall (has extras) } from android (pid=738, uid=10071) is not exported from uid 10000 due to receiver com.andrew.apollo/.appwidgets.AppWidgetSmall
I/ActivityManager(  470): Start proc com.android.cellbroadcastreceiver for broadcast com.android.cellbroadcastreceiver/.CellBroadcastReceiver: pid=2029 uid=10010 gids={50010, 1028}
I/ActivityManager(  470): No longer want org.cyanogenmod.voiceplus (pid 1271): empty #17
I/AlarmManager(  470): ACCEPTED type=1 triggerAtTime=1391202000000 interval=0 PendingIntent=PendingIntent{411bc018: PendingIntentRecord{412cc358 com.android.calendar broadcastIntent}} idx=-2 search=null
I/ActivityManager(  470): No longer want com.google.android.configupdater (pid 1284): empty #17
I/AlarmManager(  470): ACCEPTED type=0 triggerAtTime=1391255475174 interval=0 PendingIntent=PendingIntent{413a9830: PendingIntentRecord{41301ca8 com.android.providers.calendar broadcastIntent}} idx=-2 search=null
I/AlarmManager(  470): ACCEPTED type=3 triggerAtTime=109658 interval=0 PendingIntent=PendingIntent{411cb9a0: PendingIntentRecord{41161998 android broadcastIntent}} idx=-2 search=null
I/AlarmManager(  470): ACCEPTED type=1 triggerAtTime=1391202000000 interval=0 PendingIntent=PendingIntent{4116e568: PendingIntentRecord{412cc358 com.android.calendar broadcastIntent}} idx=-2 search=null
I/AlarmManager(  470): ACCEPTED type=1 triggerAtTime=1391202000000 interval=0 PendingIntent=PendingIntent{4109a8b0: PendingIntentRecord{412cc358 com.android.calendar broadcastIntent}} idx=-2 search=null
I/ActivityManager(  470): No longer want com.google.android.apps.genie.geniewidget (pid 1307): empty #17
I/ActivityManager(  470): Start proc com.google.android.gsf.login for service com.google.android.gsf.login/com.google.android.gsf.loginservice.GoogleLoginService: pid=2067 uid=10048 gids={50048, 3003, 1007, 1028, 1015, 1006, 2001, 3006}
I/ActivityManager(  470): No longer want android.process.acore (pid 746): empty #17
I/ActivityManager(  470): No longer want com.google.android.partnersetup (pid 1327): empty #17
I/AlarmManager(  470): ACCEPTED type=0 triggerAtTime=1391176236769 interval=0 PendingIntent=PendingIntent{412e2c30: PendingIntentRecord{412e2b40 com.android.vending startService}} idx=-2 search=null
I/AlarmManager(  470): ACCEPTED type=0 triggerAtTime=1391176821940 interval=0 PendingIntent=PendingIntent{4186bdb0: PendingIntentRecord{41533c18 com.android.vending startService}} idx=-2 search=null
I/AlarmManager(  470): ACCEPTED type=3 triggerAtTime=169658 interval=0 PendingIntent=PendingIntent{411cb9a0: PendingIntentRecord{41161998 android broadcastIntent}} idx=-2 search=null
W/SocketClient(  139): write error (Broken pipe)
W/ThrottleService(  470): unable to find stats for iface rmnet0
I/AlarmManager(  470): ACCEPTED type=3 triggerAtTime=721050 interval=0 PendingIntent=PendingIntent{41520640: PendingIntentRecord{415205a0 android broadcastIntent}} idx=-2 search=null
I/AlarmManager(  470): ACCEPTED type=3 triggerAtTime=229658 interval=0 PendingIntent=PendingIntent{411cb9a0: PendingIntentRecord{41161998 android broadcastIntent}} idx=-2 search=null
I/AlarmManager(  470): ACCEPTED type=3 triggerAtTime=289658 interval=0 PendingIntent=PendingIntent{411cb9a0: PendingIntentRecord{41161998 android broadcastIntent}} idx=-2 search=null
I/AlarmManager(  470): ACCEPTED type=3 triggerAtTime=349658 interval=0 PendingIntent=PendingIntent{411cb9a0: PendingIntentRecord{41161998 android broadcastIntent}} idx=-2 search=null
I/AlarmManager(  470): ACCEPTED type=3 triggerAtTime=409657 interval=0 PendingIntent=PendingIntent{411cb9a0: PendingIntentRecord{41161998 android broadcastIntent}} idx=-2 search=null
I/AlarmManager(  470): ACCEPTED type=3 triggerAtTime=469658 interval=0 PendingIntent=PendingIntent{411cb9a0: PendingIntentRecord{41161998 android broadcastIntent}} idx=-2 search=null
I/AlarmManager(  470): ACCEPTED type=3 triggerAtTime=529657 interval=0 PendingIntent=PendingIntent{411cb9a0: PendingIntentRecord{41161998 android broadcastIntent}} idx=-2 search=null
I/ActivityManager(  470): START u0 {flg=0x10020000 cmp=ru.pccar/.Main} from pid 1496
I/ActivityManager(  470): moveTaskToBack: 3
I/AlarmManager(  470): ACCEPTED type=3 triggerAtTime=589658 interval=0 PendingIntent=PendingIntent{411cb9a0: PendingIntentRecord{41161998 android broadcastIntent}} idx=-2 search=null
I/ActivityManager(  470): Start proc org.timur.powereventmgr for broadcast org.timur.powereventmgr/.PowerMonitorReceiver: pid=2887 uid=1000 gids={41000, 1015, 1028, 3002, 3001, 3003, 3007}
E/NotificationService(  470): Ignoring notification with icon==0: Notification(pri=0 contentView=null vibrate=null sound=content://settings/system/notification_sound defaults=0xfffffffc flags=0x0 kind=[null])
I/WiredAccessoryManager(  470): #### onUEvent ALSA_ID name=snd/pcmC2D0c action=remove
I/WiredAccessoryManager(  470): #### onUEvent ALSA_ID name=snd/controlC2 action=remove
I/UsbHostManager(  470): usbDeviceRemoved deviceName=/dev/bus/usb/002/001
W/ContextImpl( 2887): Calling a method in the system process without a qualified user: android.app.ContextImpl.startActivity:982 android.content.ContextWrapper.startActivity:284 android.content.ContextWrapper.startActivity:284 org.timur.powereventmgr.PowerMonitorReceiver.onReceive:144 android.app.ActivityThread.handleReceiver:2504 
W/ContextImpl( 2887): Calling a method in the system process without a qualified user: android.app.ContextImpl.startActivity:994 android.app.ContextImpl.startActivity:983 android.content.ContextWrapper.startActivity:284 android.content.ContextWrapper.startActivity:284 org.timur.powereventmgr.PowerMonitorReceiver.onReceive:144 
I/ActivityManager(  470): START u0 {flg=0x10010000 cmp=org.timur.powereventmgr/.PowerEventMgr} from pid 2887
I/ActivityManager(  470): Start proc com.google.android.apps.uploader for broadcast com.google.android.apps.uploader/com.google.android.picasasync.BatteryReceiver: pid=2906 uid=10056 gids={50056, 3003, 1015, 1028}
I/ActivityManager(  470): Start proc com.android.chrome for broadcast com.android.chrome/org.chromium.base.PowerStatusReceiver: pid=2924 uid=10081 gids={50081, 1006, 3003, 1015, 1028}
I/ActivityManager(  470): No longer want com.google.android.onetimeinitializer (pid 1364): empty #17
I/ActivityManager(  470): No longer want com.google.android.gms.ui (pid 1457): empty #17
W/ContextImpl( 2887): Calling a method in the system process without a qualified user: android.app.ContextImpl.sendBroadcast:1084 android.content.ContextWrapper.sendBroadcast:338 org.timur.powereventmgr.PowerEventMgr.gotoSleep:229 org.timur.powereventmgr.PowerEventMgr.access$100:27 org.timur.powereventmgr.PowerEventMgr$1.run:123 
I/PowerManagerService(  470): Going to sleep by user request...
I/WindowManager(  470): No lock screen!
I/ActivityManager(  470): No longer want eu.chainfire.stickmount (pid 1591): empty #17
I/AlarmManager(  470): ACCEPTED type=2 triggerAtTime=576343 interval=0 PendingIntent=PendingIntent{4168c2e8: PendingIntentRecord{415b6e00 com.google.android.gms broadcastIntent}} idx=-2 search=null
I/PowerManagerService(  470): Waking up from sleep...
I/AlarmManager(  470): ACCEPTED type=1 triggerAtTime=1391177701061 interval=900000 PendingIntent=PendingIntent{411b33f0: PendingIntentRecord{413a0630 com.android.deskclock broadcastIntent}} idx=-2 search=null
I/UsbHostManager(  470): usbDeviceAdded deviceName=/dev/bus/usb/002/001 deviceClass=9 deviceSubclass=0 deviceProtocol=1
E/NotificationService(  470): Ignoring notification with icon==0: Notification(pri=0 contentView=null vibrate=null sound=content://settings/system/notification_sound defaults=0xfffffffc flags=0x0 kind=[null])
I/WindowManager(  470): No lock screen!
I/AlarmManager(  470): ACCEPTED type=3 triggerAtTime=1489658 interval=0 PendingIntent=PendingIntent{411cb9a0: PendingIntentRecord{41161998 android broadcastIntent}} idx=-2 search=null
I/UsbHostManager(  470): usbDeviceAdded deviceName=/dev/bus/usb/002/002 deviceClass=9 deviceSubclass=0 deviceProtocol=1
W/ThrottleService(  470): unable to find stats for iface rmnet0
I/AlarmManager(  470): ACCEPTED type=3 triggerAtTime=2049119 interval=0 PendingIntent=PendingIntent{41520640: PendingIntentRecord{415205a0 android broadcastIntent}} idx=-2 search=null
W/ContextImpl( 2887): Calling a method in the system process without a qualified user: android.app.ContextImpl.sendBroadcast:1084 android.content.ContextWrapper.sendBroadcast:338 android.content.ContextWrapper.sendBroadcast:338 org.timur.powereventmgr.PowerMonitorReceiver.checkAirplaneUndoFlag:351 org.timur.powereventmgr.PowerMonitorReceiver.onReceive:152 
I/AlarmManager(  470): ACCEPTED type=2 triggerAtTime=1749309 interval=0 PendingIntent=PendingIntent{4116bd20: PendingIntentRecord{4183cc20 com.doubleTwist.androidPlayer startService}} idx=-2 search=null
E/NotificationService(  470): Ignoring notification with icon==0: Notification(pri=0 contentView=null vibrate=null sound=content://settings/system/notification_sound defaults=0xfffffffc flags=0x0 kind=[null])
W/ContextImpl( 2887): Calling a method in the system process without a qualified user: android.app.ContextImpl.startActivity:982 android.content.ContextWrapper.startActivity:284 android.content.ContextWrapper.startActivity:284 org.timur.powereventmgr.PowerMonitorReceiver.onReceive:144 android.app.ActivityThread.handleReceiver:2504 
W/ContextImpl( 2887): Calling a method in the system process without a qualified user: android.app.ContextImpl.startActivity:994 android.app.ContextImpl.startActivity:983 android.content.ContextWrapper.startActivity:284 android.content.ContextWrapper.startActivity:284 org.timur.powereventmgr.PowerMonitorReceiver.onReceive:144 
I/ActivityManager(  470): START u0 {flg=0x10010000 cmp=org.timur.powereventmgr/.PowerEventMgr} from pid 2887
I/UsbHostManager(  470): usbDeviceRemoved deviceName=/dev/bus/usb/002/002
I/UsbHostManager(  470): usbDeviceRemoved deviceName=/dev/bus/usb/002/001
I/AlarmManager(  470): ACCEPTED type=0 triggerAtTime=1391177616324 interval=0 PendingIntent=PendingIntent{4150d398: PendingIntentRecord{412e2b40 com.android.vending startService}} idx=-2 search=null
I/AlarmManager(  470): ACCEPTED type=0 triggerAtTime=1391179401481 interval=0 PendingIntent=PendingIntent{4119ab10: PendingIntentRecord{41533c18 com.android.vending startService}} idx=-2 search=null
E/NotificationService(  470): Ignoring notification with icon==0: Notification(pri=0 contentView=null vibrate=null sound=content://settings/system/notification_sound defaults=0xfffffffc flags=0x0 kind=[null])
I/UsbHostManager(  470): usbDeviceAdded deviceName=/dev/bus/usb/002/001 deviceClass=9 deviceSubclass=0 deviceProtocol=1
I/AlarmManager(  470): ACCEPTED type=2 triggerAtTime=1751771 interval=0 PendingIntent=PendingIntent{411a5288: PendingIntentRecord{4183cc20 com.doubleTwist.androidPlayer startService}} idx=-2 search=null
I/UsbHostManager(  470): usbDeviceAdded deviceName=/dev/bus/usb/002/002 deviceClass=9 deviceSubclass=0 deviceProtocol=1
I/WiredAccessoryManager(  470): #### onUEvent ALSA_ID name=snd/pcmC2D0c action=add
I/UsbHostManager(  470): usbDeviceAdded deviceName=/dev/bus/usb/002/003 deviceClass=0 deviceSubclass=0 deviceProtocol=0
W/UsbHostManager(  470): device already on mDevices list: /dev/bus/usb/002/003
I/WiredAccessoryManager(  470): #### onUEvent ALSA_ID name=snd/controlC2 action=add
I/AlarmManager(  470): ACCEPTED type=3 triggerAtTime=1549658 interval=0 PendingIntent=PendingIntent{411cb9a0: PendingIntentRecord{41161998 android broadcastIntent}} idx=-2 search=null
I/AlarmManager(  470): ACCEPTED type=3 triggerAtTime=1609658 interval=0 PendingIntent=PendingIntent{411cb9a0: PendingIntentRecord{41161998 android broadcastIntent}} idx=-2 search=null
I/AlarmManager(  470): ACCEPTED type=1 triggerAtTime=1391178601079 interval=900000 PendingIntent=PendingIntent{4165a0e0: PendingIntentRecord{413a0630 com.android.deskclock broadcastIntent}} idx=-2 search=null
I/AlarmManager(  470): ACCEPTED type=3 triggerAtTime=1669658 interval=0 PendingIntent=PendingIntent{411cb9a0: PendingIntentRecord{41161998 android broadcastIntent}} idx=-2 search=null
I/AlarmManager(  470): ACCEPTED type=3 triggerAtTime=1729657 interval=0 PendingIntent=PendingIntent{411cb9a0: PendingIntentRecord{41161998 android broadcastIntent}} idx=-2 search=null
I/AlarmManager(  470): ACCEPTED type=3 triggerAtTime=1789658 interval=0 PendingIntent=PendingIntent{411cb9a0: PendingIntentRecord{41161998 android broadcastIntent}} idx=-2 search=null
I/AlarmManager(  470): ACCEPTED type=3 triggerAtTime=1849658 interval=0 PendingIntent=PendingIntent{411cb9a0: PendingIntentRecord{41161998 android broadcastIntent}} idx=-2 search=null
I/AlarmManager(  470): ACCEPTED type=0 triggerAtTime=1391179788977 interval=1800000 PendingIntent=PendingIntent{4149b6e0: PendingIntentRecord{4165f330 com.google.android.gsf broadcastIntent}} idx=-2 search=null
I/AlarmManager(  470): ACCEPTED type=3 triggerAtTime=1909658 interval=0 PendingIntent=PendingIntent{411cb9a0: PendingIntentRecord{41161998 android broadcastIntent}} idx=-2 search=null
I/AlarmManager(  470): ACCEPTED type=3 triggerAtTime=1969658 interval=0 PendingIntent=PendingIntent{411cb9a0: PendingIntentRecord{41161998 android broadcastIntent}} idx=-2 search=null
I/AlarmManager(  470): ACCEPTED type=3 triggerAtTime=2029657 interval=0 PendingIntent=PendingIntent{411cb9a0: PendingIntentRecord{41161998 android broadcastIntent}} idx=-2 search=null
I/AlarmManager(  470): ACCEPTED type=3 triggerAtTime=2089658 interval=0 PendingIntent=PendingIntent{411cb9a0: PendingIntentRecord{41161998 android broadcastIntent}} idx=-2 search=null
W/SocketClient(  139): write error (Broken pipe)
W/ThrottleService(  470): unable to find stats for iface rmnet0
I/AlarmManager(  470): ACCEPTED type=3 triggerAtTime=2649125 interval=0 PendingIntent=PendingIntent{41520640: PendingIntentRecord{415205a0 android broadcastIntent}} idx=-2 search=null
I/AlarmManager(  470): ACCEPTED type=3 triggerAtTime=2149658 interval=0 PendingIntent=PendingIntent{411cb9a0: PendingIntentRecord{41161998 android broadcastIntent}} idx=-2 search=null
I/AlarmManager(  470): ACCEPTED type=3 triggerAtTime=2209658 interval=0 PendingIntent=PendingIntent{411cb9a0: PendingIntentRecord{41161998 android broadcastIntent}} idx=-2 search=null
I/AlarmManager(  470): ACCEPTED type=3 triggerAtTime=2269658 interval=0 PendingIntent=PendingIntent{411cb9a0: PendingIntentRecord{41161998 android broadcastIntent}} idx=-2 search=null
I/AlarmManager(  470): ACCEPTED type=3 triggerAtTime=2329657 interval=0 PendingIntent=PendingIntent{411cb9a0: PendingIntentRecord{41161998 android broadcastIntent}} idx=-2 search=null
I/AlarmManager(  470): ACCEPTED type=3 triggerAtTime=2389657 interval=0 PendingIntent=PendingIntent{411cb9a0: PendingIntentRecord{41161998 android broadcastIntent}} idx=-2 search=null
I/AlarmManager(  470): ACCEPTED type=3 triggerAtTime=2449657 interval=0 PendingIntent=PendingIntent{411cb9a0: PendingIntentRecord{41161998 android broadcastIntent}} idx=-2 search=null
I/AlarmManager(  470): ACCEPTED type=3 triggerAtTime=2509658 interval=0 PendingIntent=PendingIntent{411cb9a0: PendingIntentRecord{41161998 android broadcastIntent}} idx=-2 search=null
I/AlarmManager(  470): ACCEPTED type=1 triggerAtTime=1391179501207 interval=900000 PendingIntent=PendingIntent{41815a40: PendingIntentRecord{413a0630 com.android.deskclock broadcastIntent}} idx=-2 search=null
I/AlarmManager(  470): ACCEPTED type=3 triggerAtTime=2569657 interval=0 PendingIntent=PendingIntent{411cb9a0: PendingIntentRecord{41161998 android broadcastIntent}} idx=-2 search=null
I/AlarmManager(  470): ACCEPTED type=3 triggerAtTime=2629658 interval=0 PendingIntent=PendingIntent{411cb9a0: PendingIntentRecord{41161998 android broadcastIntent}} idx=-2 search=null
I/AlarmManager(  470): ACCEPTED type=3 triggerAtTime=2689660 interval=0 PendingIntent=PendingIntent{411cb9a0: PendingIntentRecord{41161998 android broadcastIntent}} idx=-2 search=null
W/SocketClient(  139): write error (Broken pipe)
W/ThrottleService(  470): unable to find stats for iface rmnet0
I/AlarmManager(  470): ACCEPTED type=3 triggerAtTime=3249128 interval=0 PendingIntent=PendingIntent{41520640: PendingIntentRecord{415205a0 android broadcastIntent}} idx=-2 search=null
I/AlarmManager(  470): ACCEPTED type=3 triggerAtTime=2749658 interval=0 PendingIntent=PendingIntent{411cb9a0: PendingIntentRecord{41161998 android broadcastIntent}} idx=-2 search=null
I/ActivityManager(  470): No longer want com.andrew.apollo (pid 1798): empty #17
I/ActivityManager(  470): No longer want AutomateIt.mainPackage (pid 1558): empty for 1805s
I/ActivityManager(  470): No longer want com.bel.android.dspmanager (pid 1078): empty for 1812s
W/ActivityManager(  470): Scheduling restart of crashed service com.bel.android.dspmanager/.service.HeadsetService in 5000ms
W/ActivityManager(  470): Scheduling restart of crashed service AutomateIt.mainPackage/automateItLib.mainPackage.AutomateItService in 14999ms
I/AlarmManager(  470): ACCEPTED type=3 triggerAtTime=2809657 interval=0 PendingIntent=PendingIntent{411cb9a0: PendingIntentRecord{41161998 android broadcastIntent}} idx=-2 search=null
I/ActivityManager(  470): Start proc com.bel.android.dspmanager for service com.bel.android.dspmanager/.service.HeadsetService: pid=3264 uid=10012 gids={50012, 3002, 1028}
I/ActivityManager(  470): No longer want jp.co.bii.android.app.dskvzr:widgetprovider (pid 1863): empty #17
I/ActivityManager(  470): Start proc AutomateIt.mainPackage for service AutomateIt.mainPackage/automateItLib.mainPackage.AutomateItService: pid=3285 uid=10065 gids={50065, 1015, 3002, 3001, 3003, 1028}
I/AlarmManager(  470): ACCEPTED type=0 triggerAtTime=1391265315190 interval=0 PendingIntent=PendingIntent{413dda20: PendingIntentRecord{414e7c88 AutomateIt.mainPackage broadcastIntent}} idx=-2 search=null
I/ActivityManager(  470): No longer want com.cyanogenmod.lockclock (pid 1829): empty for 1842s
I/ActivityManager(  470): No longer want com.android.providers.calendar (pid 2014): empty for 1842s
I/ActivityManager(  470): No longer want com.android.calendar (pid 1992): empty for 1842s
I/ActivityManager(  470): No longer want eu.chainfire.supersu (pid 1510): empty for 1842s
I/ActivityManager(  470): No longer want com.google.android.gms (pid 1438): empty for 1843s
I/ActivityManager(  470): No longer want com.nullsoft.winamp (pid 1890): empty for 1843s
I/AlarmManager(  470): ACCEPTED type=3 triggerAtTime=2869658 interval=0 PendingIntent=PendingIntent{411cb9a0: PendingIntentRecord{41161998 android broadcastIntent}} idx=-2 search=null
I/ActivityManager(  470): No longer want com.jrtstudio.AnotherMusicPlayer (pid 1906): empty for 1854s
I/AlarmManager(  470): ACCEPTED type=3 triggerAtTime=2929658 interval=0 PendingIntent=PendingIntent{411cb9a0: PendingIntentRecord{41161998 android broadcastIntent}} idx=-2 search=null
W/ActivityManager(  470): Scheduling restart of crashed service com.jrtstudio.AnotherMusicPlayer/.TinyHeadsetService in 5000ms
I/ActivityManager(  470): Start proc com.jrtstudio.AnotherMusicPlayer for service com.jrtstudio.AnotherMusicPlayer/.TinyHeadsetService: pid=3337 uid=10096 gids={50096, 3003, 1015, 3002, 1028}
I/AlarmManager(  470): ACCEPTED type=3 triggerAtTime=2989658 interval=0 PendingIntent=PendingIntent{411cb9a0: PendingIntentRecord{41161998 android broadcastIntent}} idx=-2 search=null
I/AlarmManager(  470): ACCEPTED type=3 triggerAtTime=3049660 interval=0 PendingIntent=PendingIntent{411cb9a0: PendingIntentRecord{41161998 android broadcastIntent}} idx=-2 search=null
I/AlarmManager(  470): ACCEPTED type=3 triggerAtTime=3109657 interval=0 PendingIntent=PendingIntent{411cb9a0: PendingIntentRecord{41161998 android broadcastIntent}} idx=-2 search=null
I/AlarmManager(  470): ACCEPTED type=3 triggerAtTime=3169658 interval=0 PendingIntent=PendingIntent{411cb9a0: PendingIntentRecord{41161998 android broadcastIntent}} idx=-2 search=null
I/AlarmManager(  470): ACCEPTED type=3 triggerAtTime=3229657 interval=0 PendingIntent=PendingIntent{411cb9a0: PendingIntentRecord{41161998 android broadcastIntent}} idx=-2 search=null
I/AlarmManager(  470): ACCEPTED type=3 triggerAtTime=3289657 interval=0 PendingIntent=PendingIntent{411cb9a0: PendingIntentRecord{41161998 android broadcastIntent}} idx=-2 search=null
W/SocketClient(  139): write error (Broken pipe)
W/ThrottleService(  470): unable to find stats for iface rmnet0
I/AlarmManager(  470): ACCEPTED type=3 triggerAtTime=3849132 interval=0 PendingIntent=PendingIntent{41520640: PendingIntentRecord{415205a0 android broadcastIntent}} idx=-2 search=null
I/ActivityManager(  470): No longer want com.google.android.gsf.login (pid 2067): empty for 1800s
I/ActivityManager(  470): No longer want com.android.cellbroadcastreceiver (pid 2029): empty for 1801s
I/ActivityManager(  470): Start proc com.google.android.gsf.login for service com.google.android.gsf.login/com.google.android.gsf.loginservice.GoogleLoginService: pid=3411 uid=10048 gids={50048, 3003, 1007, 1028, 1015, 1006, 2001, 3006}
I/ActivityManager(  470): START u0 {act=android.intent.action.MAIN cat=[android.intent.category.LAUNCHER] flg=0x10200000 cmp=ru.pccar/.Main bnds=[1024,268][1216,385]} from pid 738
I/ActivityManager(  470): No longer want com.android.chrome (pid 2924): empty for 1800s
I/ActivityManager(  470): No longer want com.google.android.apps.uploader (pid 2906): empty for 1800s
I/ActivityManager(  470): No longer want org.timur.powereventmgr (pid 2887): empty for 1800s
I/AlarmManager(  470): ACCEPTED type=0 triggerAtTime=1391179418880 interval=0 PendingIntent=PendingIntent{41162eb0: PendingIntentRecord{412e2b40 com.android.vending startService}} idx=-2 search=null
I/AlarmManager(  470): ACCEPTED type=0 triggerAtTime=1391184804046 interval=0 PendingIntent=PendingIntent{416f8510: PendingIntentRecord{41533c18 com.android.vending startService}} idx=-2 search=null
I/ActivityManager(  470): No longer want com.google.android.youtube (pid 1615): empty for 1801s
I/ActivityManager(  470): START u0 {act=android.intent.action.MAIN cat=[android.intent.category.HOME] flg=0x10000000 cmp=com.teslacoilsw.launcher/com.android.launcher2.Launcher} from pid 1529
I/ActivityManager(  470): START u0 {flg=0x10020000 cmp=ru.pccar/.Main} from pid 1496
I/ActivityManager(  470): moveTaskToBack: 3
I/AlarmManager(  470): ACCEPTED type=3 triggerAtTime=3349657 interval=0 PendingIntent=PendingIntent{411cb9a0: PendingIntentRecord{41161998 android broadcastIntent}} idx=-2 search=null
I/AlarmManager(  470): ACCEPTED type=3 triggerAtTime=3409658 interval=0 PendingIntent=PendingIntent{411cb9a0: PendingIntentRecord{41161998 android broadcastIntent}} idx=-2 search=null
I/AlarmManager(  470): ACCEPTED type=1 triggerAtTime=1391180401240 interval=900000 PendingIntent=PendingIntent{413092f8: PendingIntentRecord{413a0630 com.android.deskclock broadcastIntent}} idx=-2 search=null
I/AlarmManager(  470): ACCEPTED type=3 triggerAtTime=3469658 interval=0 PendingIntent=PendingIntent{411cb9a0: PendingIntentRecord{41161998 android broadcastIntent}} idx=-2 search=null
I/AlarmManager(  470): ACCEPTED type=3 triggerAtTime=3529658 interval=0 PendingIntent=PendingIntent{411cb9a0: PendingIntentRecord{41161998 android broadcastIntent}} idx=-2 search=null
I/AlarmManager(  470): ACCEPTED type=3 triggerAtTime=3589657 interval=0 PendingIntent=PendingIntent{411cb9a0: PendingIntentRecord{41161998 android broadcastIntent}} idx=-2 search=null
I/ActivityManager(  470): No longer want android.process.media (pid 633): empty for 1837s
I/ActivityManager(  470): No longer want com.doubleTwist.androidPlayer (pid 1764): empty for 1837s
W/ActivityManager(  470): Scheduling restart of crashed service com.android.providers.downloads/.DownloadService in 5000ms
W/ActivityManager(  470): Scheduling restart of crashed service com.android.providers.media/.MediaScannerService in 14999ms
I/AlarmManager(  470): ACCEPTED type=3 triggerAtTime=3649657 interval=0 PendingIntent=PendingIntent{411cb9a0: PendingIntentRecord{41161998 android broadcastIntent}} idx=-2 search=null
W/ActivityManager(  470): Scheduling restart of crashed service com.doubleTwist.androidPlayer/.MediaPlaybackService in 14990ms
I/ActivityManager(  470): Start proc android.process.media for service com.android.providers.downloads/.DownloadService: pid=3960 uid=10016 gids={50016, 1015, 1023, 1024, 1028, 2001, 3003, 3007}
I/ActivityManager(  470): Start proc com.doubleTwist.androidPlayer for service com.doubleTwist.androidPlayer/.MediaPlaybackService: pid=3992 uid=10097 gids={50097, 3003, 1015, 3002, 1028}
I/ActivityManager(  470): Start proc com.google.android.gms for service com.google.android.gms/.gcm.PushMessagingRegistrarProxy: pid=4016 uid=10048 gids={50048, 3003, 1007, 1028, 1015, 1006, 2001, 3006}
I/AlarmManager(  470): ACCEPTED type=0 triggerAtTime=1391202000634 interval=43200000 PendingIntent=PendingIntent{4119b250: PendingIntentRecord{4139fa58 com.doubleTwist.androidPlayer startService}} idx=-2 search=null
W/ActivityManager(  470): Unable to start service Intent { act=com.google.android.gms.analytics.service.START cmp=com.google.android.gms/.analytics.service.AnalyticsService (has extras) } U=0: not found
W/ActivityManager(  470): Unable to start service Intent { act=com.google.android.gms.analytics.service.START cmp=com.google.android.gms/.analytics.service.AnalyticsService (has extras) } U=0: not found
I/AlarmManager(  470): ACCEPTED type=0 triggerAtTime=1391181589058 interval=1800000 PendingIntent=PendingIntent{41353170: PendingIntentRecord{4165f330 com.google.android.gsf broadcastIntent}} idx=-2 search=null
I/ActivityManager(  470): START u0 {act=com.teslacoilsw.launcher.ACTION flg=0x10000000 cmp=com.teslacoilsw.launcher/.NovaShortcutHandler bnds=[448,268][832,619] (has extras)} from pid -1
I/ActivityManager(  470): START u0 {act=com.teslacoilsw.launcher.ACTION flg=0x10800000 cmp=com.teslacoilsw.launcher/com.android.launcher2.Launcher bnds=[448,268][832,619] (has extras)} from pid 738
W/InputMethodManagerService(  470): Window already focused, ignoring focus gain of: com.android.internal.view.IInputMethodClient$Stub$Proxy@41601e98 attribute=null, token = android.os.BinderProxy@416779a0
W/ActivityManager(  470): Duplicate finish request for ActivityRecord{417ff630 u0 com.teslacoilsw.launcher/.NovaShortcutHandler}
D/PhoneStatusBar(  574): disable: < expand icons alerts TICKER* SYSTEM_INFO* back home recent clock search >
I/AlarmManager(  470): ACCEPTED type=0 triggerAtTime=-9223372036854642171 interval=3891861 PendingIntent=PendingIntent{414e34f8: PendingIntentRecord{414dc198 android broadcastIntent}} idx=-2 search=null
I/PerformBackupTask(  470): Backup pass finished.
I/ActivityManager(  470): START u0 {act=android.settings.SETTINGS flg=0x14000000 cmp=com.android.settings/.Settings} from pid 574
I/ActivityManager(  470): Start proc com.android.settings for activity com.android.settings/.Settings: pid=4127 uid=1000 gids={41000, 1015, 1028, 3002, 3001, 3003, 3007}
D/PhoneStatusBar(  574): disable: < expand icons alerts ticker* system_info* back home recent clock search >
W/ContextImpl( 4127): Calling a method in the system process without a qualified user: android.app.ContextImpl.bindService:1458 android.content.ContextWrapper.bindService:473 android.bluetooth.BluetoothInputDevice.<init>:240 android.bluetooth.BluetoothAdapter.getProfileProxy:1169 com.android.settings.bluetooth.LocalBluetoothAdapter.getProfileProxy:94 
W/ContextImpl( 4127): Calling a method in the system process without a qualified user: android.app.ContextImpl.bindService:1458 android.content.ContextWrapper.bindService:473 android.bluetooth.BluetoothPan.<init>:141 android.bluetooth.BluetoothAdapter.getProfileProxy:1172 com.android.settings.bluetooth.PanProfile.<init>:73 
W/ContextImpl( 4127): Calling a method in the system process without a qualified user: android.app.ContextImpl.bindService:1458 android.content.ContextWrapper.bindService:473 android.bluetooth.BluetoothPbap.<init>:161 com.android.settings.bluetooth.PbapServerProfile.<init>:68 com.android.settings.bluetooth.LocalBluetoothProfileManager.<init>:124 
I/AlarmManager(  470): ACCEPTED type=3 triggerAtTime=3709658 interval=0 PendingIntent=PendingIntent{411cb9a0: PendingIntentRecord{41161998 android broadcastIntent}} idx=-2 search=null
I/ActivityManager(  470): START u0 {act=android.intent.action.MAIN cmp=com.android.settings/.SubSettings (has extras)} from pid 4127
