I/AudioSystem(  470): getSamplingRate() reading from output desc
I/AudioSystem(  470): getSamplingRate() streamType 1, output 2, sampling rate 44100
I/AudioTrack(  470): set() streamType 1 frameCount 4096 flags 0004 sampleRate 44100
I/AudioTrack(  470): AudioTrack getOutput streamType 1, sampleRate 44100, format 1, channelMask 1, flags 4
I/AudioTrack(  470): AudioTrack::createTrack_l sampleRate=44100 format=1
I/AudioTrack(  470): createTrack_l() output 2 afLatency 69
I/AudioTrack(  470): AudioTrack::createTrack_l createTrack() sampleRate=44100
I/AudioFlinger(  144): AudioFlinger createTrack() sampleRate=44100 streamType=1
I/AudioFlinger(  144): createTrack() sessionId: 0
I/AudioFlinger(  144): AudioFlinger createTrack() lSessionId: 496 sampleRate=44100
I/AudioFlinger(  144): AudioFlinger createTrack() done
I/AudioFlinger(  144): AudioFlinger ~TrackHandle()
I/AudioFlinger(  144): AudioFlinger PlaybackThread::Track::destroy() releaseOutput()
I/AudioSystem(  144): AudioSystem releaseOutput() output 2
I/AudioFlinger(  144): AudioFlinger PlaybackThread::destroyTrack_l()
E/LatinIME(  691): Backspace when we don't know the selection position
I/AudioSystem(  470): getFrameCount() streamType 1, output 2, frameCount 1024
I/AudioSystem(  470): getSamplingRate() reading from output desc
I/AudioSystem(  470): getSamplingRate() streamType 1, output 2, sampling rate 44100
I/AudioTrack(  470): set() streamType 1 frameCount 4096 flags 0004 sampleRate 44100
I/AudioTrack(  470): AudioTrack getOutput streamType 1, sampleRate 44100, format 1, channelMask 1, flags 4
I/AudioTrack(  470): AudioTrack::createTrack_l sampleRate=44100 format=1
I/AudioTrack(  470): createTrack_l() output 2 afLatency 69
I/AudioTrack(  470): AudioTrack::createTrack_l createTrack() sampleRate=44100
I/AudioFlinger(  144): AudioFlinger createTrack() sampleRate=44100 streamType=1
I/AudioFlinger(  144): createTrack() sessionId: 0
I/AudioFlinger(  144): AudioFlinger createTrack() lSessionId: 497 sampleRate=44100
I/AudioFlinger(  144): AudioFlinger createTrack() done
I/AudioFlinger(  144): AudioFlinger ~TrackHandle()
I/AudioFlinger(  144): AudioFlinger PlaybackThread::Track::destroy() releaseOutput()
I/AudioSystem(  144): AudioSystem releaseOutput() output 2
I/AudioFlinger(  144): AudioFlinger PlaybackThread::destroyTrack_l()
I/AudioSystem(  470): getFrameCount() streamType 1, output 2, frameCount 1024
I/AudioSystem(  470): getSamplingRate() reading from output desc
I/AudioSystem(  470): getSamplingRate() streamType 1, output 2, sampling rate 44100
I/AudioTrack(  470): set() streamType 1 frameCount 4096 flags 0004 sampleRate 44100
I/AudioTrack(  470): AudioTrack getOutput streamType 1, sampleRate 44100, format 1, channelMask 1, flags 4
I/AudioTrack(  470): AudioTrack::createTrack_l sampleRate=44100 format=1
I/AudioTrack(  470): createTrack_l() output 2 afLatency 69
I/AudioTrack(  470): AudioTrack::createTrack_l createTrack() sampleRate=44100
I/AudioFlinger(  144): AudioFlinger createTrack() sampleRate=44100 streamType=1
I/AudioFlinger(  144): createTrack() sessionId: 0
I/AudioFlinger(  144): AudioFlinger createTrack() lSessionId: 498 sampleRate=44100
I/AudioFlinger(  144): AudioFlinger createTrack() done
I/AudioFlinger(  144): AudioFlinger ~TrackHandle()
I/AudioFlinger(  144): AudioFlinger PlaybackThread::Track::destroy() releaseOutput()
I/AudioSystem(  144): AudioSystem releaseOutput() output 2
I/AudioFlinger(  144): AudioFlinger PlaybackThread::destroyTrack_l()
I/ConnectivityManager( 1847): getActiveNetworkInfo networkInfo=null unetDeviceName=
I/AudioSystem(  470): getFrameCount() streamType 1, output 2, frameCount 1024
I/AudioSystem(  470): getSamplingRate() reading from output desc
I/AudioSystem(  470): getSamplingRate() streamType 1, output 2, sampling rate 44100
I/AudioTrack(  470): set() streamType 1 frameCount 4096 flags 0004 sampleRate 44100
I/AudioTrack(  470): AudioTrack getOutput streamType 1, sampleRate 44100, format 1, channelMask 1, flags 4
I/AudioTrack(  470): AudioTrack::createTrack_l sampleRate=44100 format=1
I/AudioTrack(  470): createTrack_l() output 2 afLatency 69
I/AudioTrack(  470): AudioTrack::createTrack_l createTrack() sampleRate=44100
I/AudioFlinger(  144): AudioFlinger createTrack() sampleRate=44100 streamType=1
I/AudioFlinger(  144): createTrack() sessionId: 0
I/AudioFlinger(  144): AudioFlinger createTrack() lSessionId: 499 sampleRate=44100
I/AudioFlinger(  144): AudioFlinger createTrack() done
I/AudioFlinger(  144): AudioFlinger ~TrackHandle()
I/AudioFlinger(  144): AudioFlinger PlaybackThread::Track::destroy() releaseOutput()
I/AudioSystem(  144): AudioSystem releaseOutput() output 2
I/AudioFlinger(  144): AudioFlinger PlaybackThread::destroyTrack_l()
I/AudioSystem(  470): getFrameCount() streamType 1, output 2, frameCount 1024
I/AudioSystem(  470): getSamplingRate() reading from output desc
I/AudioSystem(  470): getSamplingRate() streamType 1, output 2, sampling rate 44100
I/AudioTrack(  470): set() streamType 1 frameCount 4096 flags 0004 sampleRate 44100
I/AudioTrack(  470): AudioTrack getOutput streamType 1, sampleRate 44100, format 1, channelMask 1, flags 4
I/AudioTrack(  470): AudioTrack::createTrack_l sampleRate=44100 format=1
I/AudioTrack(  470): createTrack_l() output 2 afLatency 69
I/AudioTrack(  470): AudioTrack::createTrack_l createTrack() sampleRate=44100
I/AudioFlinger(  144): AudioFlinger createTrack() sampleRate=44100 streamType=1
I/AudioFlinger(  144): createTrack() sessionId: 0
I/AudioFlinger(  144): AudioFlinger createTrack() lSessionId: 500 sampleRate=44100
I/AudioFlinger(  144): AudioFlinger createTrack() done
I/AudioFlinger(  144): AudioFlinger ~TrackHandle()
I/AudioFlinger(  144): AudioFlinger PlaybackThread::Track::destroy() releaseOutput()
I/AudioSystem(  144): AudioSystem releaseOutput() output 2
I/AudioFlinger(  144): AudioFlinger PlaybackThread::destroyTrack_l()
I/AudioSystem(  470): getFrameCount() streamType 1, output 2, frameCount 1024
I/AudioSystem(  470): getSamplingRate() reading from output desc
I/AudioSystem(  470): getSamplingRate() streamType 1, output 2, sampling rate 44100
I/AudioTrack(  470): set() streamType 1 frameCount 4096 flags 0004 sampleRate 44100
I/AudioTrack(  470): AudioTrack getOutput streamType 1, sampleRate 44100, format 1, channelMask 1, flags 4
I/AudioTrack(  470): AudioTrack::createTrack_l sampleRate=44100 format=1
I/AudioTrack(  470): createTrack_l() output 2 afLatency 69
I/AudioTrack(  470): AudioTrack::createTrack_l createTrack() sampleRate=44100
I/AudioFlinger(  144): AudioFlinger createTrack() sampleRate=44100 streamType=1
I/AudioFlinger(  144): createTrack() sessionId: 0
I/AudioFlinger(  144): AudioFlinger createTrack() lSessionId: 501 sampleRate=44100
I/AudioFlinger(  144): AudioFlinger createTrack() done
I/AudioFlinger(  144): AudioFlinger ~TrackHandle()
I/AudioFlinger(  144): AudioFlinger PlaybackThread::Track::destroy() releaseOutput()
I/AudioSystem(  144): AudioSystem releaseOutput() output 2
I/AudioFlinger(  144): AudioFlinger PlaybackThread::destroyTrack_l()
W/audio_hw_primary(  144): out_write() limiting sleep time 34284 to 23219
W/audio_hw_primary(  144): out_write() limiting sleep time 34284 to 23219
W/audio_hw_primary(  144): out_write() limiting sleep time 34284 to 23219
W/audio_hw_primary(  144): out_write() limiting sleep time 34284 to 23219
W/audio_hw_primary(  144): out_write() limiting sleep time 34284 to 23219
W/audio_hw_primary(  144): out_write() limiting sleep time 33377 to 23219
I/AudioSystem(  470): getFrameCount() streamType 1, output 2, frameCount 1024
I/AudioSystem(  470): getSamplingRate() reading from output desc
I/AudioSystem(  470): getSamplingRate() streamType 1, output 2, sampling rate 44100
I/AudioTrack(  470): set() streamType 1 frameCount 4096 flags 0004 sampleRate 44100
I/AudioTrack(  470): AudioTrack getOutput streamType 1, sampleRate 44100, format 1, channelMask 1, flags 4
I/AudioTrack(  470): AudioTrack::createTrack_l sampleRate=44100 format=1
I/AudioTrack(  470): createTrack_l() output 2 afLatency 69
I/AudioTrack(  470): AudioTrack::createTrack_l createTrack() sampleRate=44100
I/AudioFlinger(  144): AudioFlinger createTrack() sampleRate=44100 streamType=1
I/AudioFlinger(  144): createTrack() sessionId: 0
I/AudioFlinger(  144): AudioFlinger createTrack() lSessionId: 502 sampleRate=44100
I/AudioFlinger(  144): AudioFlinger createTrack() done
I/AudioFlinger(  144): AudioFlinger ~TrackHandle()
I/AudioFlinger(  144): AudioFlinger PlaybackThread::Track::destroy() releaseOutput()
I/AudioSystem(  144): AudioSystem releaseOutput() output 2
I/AudioFlinger(  144): AudioFlinger PlaybackThread::destroyTrack_l()
I/AudioSystem(  470): getFrameCount() streamType 1, output 2, frameCount 1024
I/AudioSystem(  470): getSamplingRate() reading from output desc
I/AudioSystem(  470): getSamplingRate() streamType 1, output 2, sampling rate 44100
I/AudioTrack(  470): set() streamType 1 frameCount 4096 flags 0004 sampleRate 44100
I/AudioTrack(  470): AudioTrack getOutput streamType 1, sampleRate 44100, format 1, channelMask 1, flags 4
I/AudioTrack(  470): AudioTrack::createTrack_l sampleRate=44100 format=1
I/AudioTrack(  470): createTrack_l() output 2 afLatency 69
I/AudioTrack(  470): AudioTrack::createTrack_l createTrack() sampleRate=44100
I/AudioFlinger(  144): AudioFlinger createTrack() sampleRate=44100 streamType=1
I/AudioFlinger(  144): createTrack() sessionId: 0
I/AudioFlinger(  144): AudioFlinger createTrack() lSessionId: 503 sampleRate=44100
I/AudioFlinger(  144): AudioFlinger createTrack() done
I/AudioFlinger(  144): AudioFlinger ~TrackHandle()
I/AudioFlinger(  144): AudioFlinger PlaybackThread::Track::destroy() releaseOutput()
I/AudioSystem(  144): AudioSystem releaseOutput() output 2
I/AudioFlinger(  144): AudioFlinger PlaybackThread::destroyTrack_l()
I/AlarmManager(  470): ACCEPTED type=3 triggerAtTime=9229658 interval=0 PendingIntent=PendingIntent{411cb9a0: PendingIntentRecord{41161998 android broadcastIntent}} idx=-2 search=null
D/dalvikvm(  574): GC_CONCURRENT freed 3146K, 35% free 10245K/15588K, paused 3ms+3ms, total 44ms
I/AudioSystem(  470): getFrameCount() streamType 1, output 2, frameCount 1024
I/AudioSystem(  470): getSamplingRate() reading from output desc
I/AudioSystem(  470): getSamplingRate() streamType 1, output 2, sampling rate 44100
I/AudioTrack(  470): set() streamType 1 frameCount 4096 flags 0004 sampleRate 44100
I/AudioTrack(  470): AudioTrack getOutput streamType 1, sampleRate 44100, format 1, channelMask 1, flags 4
E/LatinIME(  691): Backspace when we don't know the selection position
I/AudioTrack(  470): AudioTrack::createTrack_l sampleRate=44100 format=1
I/AudioTrack(  470): createTrack_l() output 2 afLatency 69
I/AudioTrack(  470): AudioTrack::createTrack_l createTrack() sampleRate=44100
I/AudioFlinger(  144): AudioFlinger createTrack() sampleRate=44100 streamType=1
I/AudioFlinger(  144): createTrack() sessionId: 0
I/AudioFlinger(  144): AudioFlinger createTrack() lSessionId: 504 sampleRate=44100
I/AudioFlinger(  144): AudioFlinger createTrack() done
I/AudioFlinger(  144): AudioFlinger ~TrackHandle()
I/AudioFlinger(  144): AudioFlinger PlaybackThread::Track::destroy() releaseOutput()
I/AudioSystem(  144): AudioSystem releaseOutput() output 2
I/AudioFlinger(  144): AudioFlinger PlaybackThread::destroyTrack_l()
E/LatinIME(  691): Backspace when we don't know the selection position
I/AudioSystem(  470): getFrameCount() streamType 1, output 2, frameCount 1024
I/AudioSystem(  470): getSamplingRate() reading from output desc
I/AudioSystem(  470): getSamplingRate() streamType 1, output 2, sampling rate 44100
I/AudioTrack(  470): set() streamType 1 frameCount 4096 flags 0004 sampleRate 44100
I/AudioTrack(  470): AudioTrack getOutput streamType 1, sampleRate 44100, format 1, channelMask 1, flags 4
I/AudioTrack(  470): AudioTrack::createTrack_l sampleRate=44100 format=1
I/AudioTrack(  470): createTrack_l() output 2 afLatency 69
I/AudioTrack(  470): AudioTrack::createTrack_l createTrack() sampleRate=44100
I/AudioFlinger(  144): AudioFlinger createTrack() sampleRate=44100 streamType=1
I/AudioFlinger(  144): createTrack() sessionId: 0
I/AudioFlinger(  144): AudioFlinger createTrack() lSessionId: 505 sampleRate=44100
I/AudioFlinger(  144): AudioFlinger createTrack() done
I/AudioFlinger(  144): AudioFlinger ~TrackHandle()
I/AudioFlinger(  144): AudioFlinger PlaybackThread::Track::destroy() releaseOutput()
I/AudioSystem(  144): AudioSystem releaseOutput() output 2
I/AudioFlinger(  144): AudioFlinger PlaybackThread::destroyTrack_l()
I/AudioSystem(  470): getFrameCount() streamType 1, output 2, frameCount 1024
I/AudioSystem(  470): getSamplingRate() reading from output desc
I/AudioSystem(  470): getSamplingRate() streamType 1, output 2, sampling rate 44100
I/AudioTrack(  470): set() streamType 1 frameCount 4096 flags 0004 sampleRate 44100
I/AudioTrack(  470): AudioTrack getOutput streamType 1, sampleRate 44100, format 1, channelMask 1, flags 4
I/AudioTrack(  470): AudioTrack::createTrack_l sampleRate=44100 format=1
I/AudioTrack(  470): createTrack_l() output 2 afLatency 69
I/AudioTrack(  470): AudioTrack::createTrack_l createTrack() sampleRate=44100
I/AudioFlinger(  144): AudioFlinger createTrack() sampleRate=44100 streamType=1
I/AudioFlinger(  144): createTrack() sessionId: 0
I/AudioFlinger(  144): AudioFlinger createTrack() lSessionId: 506 sampleRate=44100
I/AudioFlinger(  144): AudioFlinger createTrack() done
I/AudioFlinger(  144): AudioFlinger ~TrackHandle()
I/AudioFlinger(  144): AudioFlinger PlaybackThread::Track::destroy() releaseOutput()
I/AudioSystem(  144): AudioSystem releaseOutput() output 2
I/AudioFlinger(  144): AudioFlinger PlaybackThread::destroyTrack_l()
I/AudioSystem(  470): getFrameCount() streamType 1, output 2, frameCount 1024
I/AudioSystem(  470): getSamplingRate() reading from output desc
I/AudioSystem(  470): getSamplingRate() streamType 1, output 2, sampling rate 44100
I/AudioTrack(  470): set() streamType 1 frameCount 4096 flags 0004 sampleRate 44100
I/AudioTrack(  470): AudioTrack getOutput streamType 1, sampleRate 44100, format 1, channelMask 1, flags 4
I/AudioTrack(  470): AudioTrack::createTrack_l sampleRate=44100 format=1
I/AudioTrack(  470): createTrack_l() output 2 afLatency 69
I/AudioTrack(  470): AudioTrack::createTrack_l createTrack() sampleRate=44100
I/AudioFlinger(  144): AudioFlinger createTrack() sampleRate=44100 streamType=1
I/AudioFlinger(  144): createTrack() sessionId: 0
I/AudioFlinger(  144): AudioFlinger createTrack() lSessionId: 507 sampleRate=44100
I/AudioFlinger(  144): AudioFlinger createTrack() done
I/AudioFlinger(  144): AudioFlinger ~TrackHandle()
I/AudioFlinger(  144): AudioFlinger PlaybackThread::Track::destroy() releaseOutput()
I/AudioSystem(  144): AudioSystem releaseOutput() output 2
I/AudioFlinger(  144): AudioFlinger PlaybackThread::destroyTrack_l()
W/audio_hw_primary(  144): out_write() limiting sleep time 34284 to 23219
I/AudioSystem(  470): getFrameCount() streamType 1, output 2, frameCount 1024
I/AudioSystem(  470): getSamplingRate() reading from output desc
I/AudioSystem(  470): getSamplingRate() streamType 1, output 2, sampling rate 44100
I/AudioTrack(  470): set() streamType 1 frameCount 4096 flags 0004 sampleRate 44100
I/AudioTrack(  470): AudioTrack getOutput streamType 1, sampleRate 44100, format 1, channelMask 1, flags 4
I/AudioTrack(  470): AudioTrack::createTrack_l sampleRate=44100 format=1
I/AudioTrack(  470): createTrack_l() output 2 afLatency 69
I/AudioTrack(  470): AudioTrack::createTrack_l createTrack() sampleRate=44100
I/AudioFlinger(  144): AudioFlinger createTrack() sampleRate=44100 streamType=1
I/AudioFlinger(  144): createTrack() sessionId: 0
I/AudioFlinger(  144): AudioFlinger createTrack() lSessionId: 508 sampleRate=44100
I/AudioFlinger(  144): AudioFlinger createTrack() done
I/AudioFlinger(  144): AudioFlinger ~TrackHandle()
I/AudioFlinger(  144): AudioFlinger PlaybackThread::Track::destroy() releaseOutput()
I/AudioSystem(  144): AudioSystem releaseOutput() output 2
I/AudioFlinger(  144): AudioFlinger PlaybackThread::destroyTrack_l()
I/AudioSystem(  470): getFrameCount() streamType 1, output 2, frameCount 1024
I/AudioSystem(  470): getSamplingRate() reading from output desc
I/AudioSystem(  470): getSamplingRate() streamType 1, output 2, sampling rate 44100
I/AudioTrack(  470): set() streamType 1 frameCount 4096 flags 0004 sampleRate 44100
I/AudioTrack(  470): AudioTrack getOutput streamType 1, sampleRate 44100, format 1, channelMask 1, flags 4
I/AudioTrack(  470): AudioTrack::createTrack_l sampleRate=44100 format=1
I/AudioTrack(  470): createTrack_l() output 2 afLatency 69
I/AudioTrack(  470): AudioTrack::createTrack_l createTrack() sampleRate=44100
I/AudioFlinger(  144): AudioFlinger createTrack() sampleRate=44100 streamType=1
I/AudioFlinger(  144): createTrack() sessionId: 0
I/AudioFlinger(  144): AudioFlinger createTrack() lSessionId: 509 sampleRate=44100
I/AudioFlinger(  144): AudioFlinger createTrack() done
I/AudioFlinger(  144): AudioFlinger ~TrackHandle()
I/AudioFlinger(  144): AudioFlinger PlaybackThread::Track::destroy() releaseOutput()
I/AudioSystem(  144): AudioSystem releaseOutput() output 2
I/AudioFlinger(  144): AudioFlinger PlaybackThread::destroyTrack_l()
I/AudioSystem(  470): getFrameCount() streamType 1, output 2, frameCount 1024
I/AudioSystem(  470): getSamplingRate() reading from output desc
I/AudioSystem(  470): getSamplingRate() streamType 1, output 2, sampling rate 44100
I/AudioTrack(  470): set() streamType 1 frameCount 4096 flags 0004 sampleRate 44100
I/AudioTrack(  470): AudioTrack getOutput streamType 1, sampleRate 44100, format 1, channelMask 1, flags 4
I/AudioTrack(  470): AudioTrack::createTrack_l sampleRate=44100 format=1
I/AudioTrack(  470): createTrack_l() output 2 afLatency 69
I/AudioTrack(  470): AudioTrack::createTrack_l createTrack() sampleRate=44100
I/AudioFlinger(  144): AudioFlinger createTrack() sampleRate=44100 streamType=1
I/AudioFlinger(  144): createTrack() sessionId: 0
I/AudioFlinger(  144): AudioFlinger createTrack() lSessionId: 510 sampleRate=44100
I/AudioFlinger(  144): AudioFlinger createTrack() done
I/AudioFlinger(  144): AudioFlinger ~TrackHandle()
I/AudioFlinger(  144): AudioFlinger PlaybackThread::Track::destroy() releaseOutput()
I/AudioSystem(  144): AudioSystem releaseOutput() output 2
I/AudioFlinger(  144): AudioFlinger PlaybackThread::destroyTrack_l()
W/audio_hw_primary(  144): out_write() limiting sleep time 34827 to 23219
W/audio_hw_primary(  144): out_write() limiting sleep time 34284 to 23219
I/AudioSystem(  470): getFrameCount() streamType 1, output 2, frameCount 1024
I/AudioSystem(  470): getSamplingRate() reading from output desc
I/AudioSystem(  470): getSamplingRate() streamType 1, output 2, sampling rate 44100
I/AudioTrack(  470): set() streamType 1 frameCount 4096 flags 0004 sampleRate 44100
I/AudioTrack(  470): AudioTrack getOutput streamType 1, sampleRate 44100, format 1, channelMask 1, flags 4
I/AudioTrack(  470): AudioTrack::createTrack_l sampleRate=44100 format=1
I/AudioTrack(  470): createTrack_l() output 2 afLatency 69
I/AudioTrack(  470): AudioTrack::createTrack_l createTrack() sampleRate=44100
I/AudioFlinger(  144): AudioFlinger createTrack() sampleRate=44100 streamType=1
I/AudioFlinger(  144): createTrack() sessionId: 0
I/AudioFlinger(  144): AudioFlinger createTrack() lSessionId: 511 sampleRate=44100
I/AudioFlinger(  144): AudioFlinger createTrack() done
I/AudioFlinger(  144): AudioFlinger ~TrackHandle()
I/AudioFlinger(  144): AudioFlinger PlaybackThread::Track::destroy() releaseOutput()
I/AudioSystem(  144): AudioSystem releaseOutput() output 2
I/AudioFlinger(  144): AudioFlinger PlaybackThread::destroyTrack_l()
D/dalvikvm( 8300): GC_CONCURRENT freed 1950K, 66% free 3806K/10892K, paused 1ms+5ms, total 46ms
I/AudioSystem(  470): getFrameCount() streamType 1, output 2, frameCount 1024
I/AudioSystem(  470): getSamplingRate() reading from output desc
I/AudioSystem(  470): getSamplingRate() streamType 1, output 2, sampling rate 44100
I/AudioTrack(  470): set() streamType 1 frameCount 4096 flags 0004 sampleRate 44100
I/AudioTrack(  470): AudioTrack getOutput streamType 1, sampleRate 44100, format 1, channelMask 1, flags 4
I/AudioTrack(  470): AudioTrack::createTrack_l sampleRate=44100 format=1
I/AudioTrack(  470): createTrack_l() output 2 afLatency 69
I/AudioTrack(  470): AudioTrack::createTrack_l createTrack() sampleRate=44100
I/AudioFlinger(  144): AudioFlinger createTrack() sampleRate=44100 streamType=1
I/AudioFlinger(  144): createTrack() sessionId: 0
I/AudioFlinger(  144): AudioFlinger createTrack() lSessionId: 512 sampleRate=44100
I/AudioFlinger(  144): AudioFlinger createTrack() done
I/AudioFlinger(  144): AudioFlinger ~TrackHandle()
I/AudioFlinger(  144): AudioFlinger PlaybackThread::Track::destroy() releaseOutput()
I/AudioSystem(  144): AudioSystem releaseOutput() output 2
I/AudioFlinger(  144): AudioFlinger PlaybackThread::destroyTrack_l()
I/AudioSystem(  470): getFrameCount() streamType 1, output 2, frameCount 1024
I/AudioSystem(  470): getSamplingRate() reading from output desc
I/AudioSystem(  470): getSamplingRate() streamType 1, output 2, sampling rate 44100
I/AudioTrack(  470): set() streamType 1 frameCount 4096 flags 0004 sampleRate 44100
I/AudioTrack(  470): AudioTrack getOutput streamType 1, sampleRate 44100, format 1, channelMask 1, flags 4
I/AudioTrack(  470): AudioTrack::createTrack_l sampleRate=44100 format=1
I/AudioTrack(  470): createTrack_l() output 2 afLatency 69
I/AudioTrack(  470): AudioTrack::createTrack_l createTrack() sampleRate=44100
I/AudioFlinger(  144): AudioFlinger createTrack() sampleRate=44100 streamType=1
I/AudioFlinger(  144): createTrack() sessionId: 0
I/AudioFlinger(  144): AudioFlinger createTrack() lSessionId: 513 sampleRate=44100
I/AudioFlinger(  144): AudioFlinger createTrack() done
I/AudioFlinger(  144): AudioFlinger ~TrackHandle()
I/AudioFlinger(  144): AudioFlinger PlaybackThread::Track::destroy() releaseOutput()
I/AudioSystem(  144): AudioSystem releaseOutput() output 2
I/AudioFlinger(  144): AudioFlinger PlaybackThread::destroyTrack_l()
I/AudioSystem(  470): getFrameCount() streamType 1, output 2, frameCount 1024
I/AudioSystem(  470): getSamplingRate() reading from output desc
I/AudioSystem(  470): getSamplingRate() streamType 1, output 2, sampling rate 44100
I/AudioTrack(  470): set() streamType 1 frameCount 4096 flags 0004 sampleRate 44100
I/AudioTrack(  470): AudioTrack getOutput streamType 1, sampleRate 44100, format 1, channelMask 1, flags 4
I/AudioTrack(  470): AudioTrack::createTrack_l sampleRate=44100 format=1
I/AudioTrack(  470): createTrack_l() output 2 afLatency 69
I/AudioTrack(  470): AudioTrack::createTrack_l createTrack() sampleRate=44100
I/AudioFlinger(  144): AudioFlinger createTrack() sampleRate=44100 streamType=1
I/AudioFlinger(  144): createTrack() sessionId: 0
I/AudioFlinger(  144): AudioFlinger createTrack() lSessionId: 514 sampleRate=44100
I/AudioFlinger(  144): AudioFlinger createTrack() done
I/AudioFlinger(  144): AudioFlinger ~TrackHandle()
I/AudioFlinger(  144): AudioFlinger PlaybackThread::Track::destroy() releaseOutput()
I/AudioSystem(  144): AudioSystem releaseOutput() output 2
I/AudioFlinger(  144): AudioFlinger PlaybackThread::destroyTrack_l()
I/AudioSystem(  470): getFrameCount() streamType 1, output 2, frameCount 1024
I/AudioSystem(  470): getSamplingRate() reading from output desc
I/AudioSystem(  470): getSamplingRate() streamType 1, output 2, sampling rate 44100
I/AudioTrack(  470): set() streamType 1 frameCount 4096 flags 0004 sampleRate 44100
I/AudioTrack(  470): AudioTrack getOutput streamType 1, sampleRate 44100, format 1, channelMask 1, flags 4
I/AudioTrack(  470): AudioTrack::createTrack_l sampleRate=44100 format=1
I/AudioTrack(  470): createTrack_l() output 2 afLatency 69
I/AudioTrack(  470): AudioTrack::createTrack_l createTrack() sampleRate=44100
I/AudioFlinger(  144): AudioFlinger createTrack() sampleRate=44100 streamType=1
I/AudioFlinger(  144): createTrack() sessionId: 0
I/AudioFlinger(  144): AudioFlinger createTrack() lSessionId: 515 sampleRate=44100
I/AudioFlinger(  144): AudioFlinger createTrack() done
I/AudioFlinger(  144): AudioFlinger ~TrackHandle()
I/AudioFlinger(  144): AudioFlinger PlaybackThread::Track::destroy() releaseOutput()
I/AudioSystem(  144): AudioSystem releaseOutput() output 2
I/AudioFlinger(  144): AudioFlinger PlaybackThread::destroyTrack_l()
I/AudioSystem(  470): getFrameCount() streamType 1, output 2, frameCount 1024
I/AudioSystem(  470): getSamplingRate() reading from output desc
I/AudioSystem(  470): getSamplingRate() streamType 1, output 2, sampling rate 44100
I/AudioTrack(  470): set() streamType 1 frameCount 4096 flags 0004 sampleRate 44100
I/AudioTrack(  470): AudioTrack getOutput streamType 1, sampleRate 44100, format 1, channelMask 1, flags 4
I/AudioTrack(  470): AudioTrack::createTrack_l sampleRate=44100 format=1
I/AudioTrack(  470): createTrack_l() output 2 afLatency 69
I/AudioTrack(  470): AudioTrack::createTrack_l createTrack() sampleRate=44100
I/AudioFlinger(  144): AudioFlinger createTrack() sampleRate=44100 streamType=1
I/AudioFlinger(  144): createTrack() sessionId: 0
I/AudioFlinger(  144): AudioFlinger createTrack() lSessionId: 516 sampleRate=44100
I/AudioFlinger(  144): AudioFlinger createTrack() done
I/AudioFlinger(  144): AudioFlinger ~TrackHandle()
I/AudioFlinger(  144): AudioFlinger PlaybackThread::Track::destroy() releaseOutput()
I/AudioSystem(  144): AudioSystem releaseOutput() output 2
I/AudioFlinger(  144): AudioFlinger PlaybackThread::destroyTrack_l()
I/AudioSystem(  470): getFrameCount() streamType 1, output 2, frameCount 1024
I/AudioSystem(  470): getSamplingRate() reading from output desc
I/AudioSystem(  470): getSamplingRate() streamType 1, output 2, sampling rate 44100
I/AudioTrack(  470): set() streamType 1 frameCount 4096 flags 0004 sampleRate 44100
I/AudioTrack(  470): AudioTrack getOutput streamType 1, sampleRate 44100, format 1, channelMask 1, flags 4
I/AudioTrack(  470): AudioTrack::createTrack_l sampleRate=44100 format=1
I/AudioTrack(  470): createTrack_l() output 2 afLatency 69
I/AudioTrack(  470): AudioTrack::createTrack_l createTrack() sampleRate=44100
I/AudioFlinger(  144): AudioFlinger createTrack() sampleRate=44100 streamType=1
I/AudioFlinger(  144): createTrack() sessionId: 0
I/AudioFlinger(  144): AudioFlinger createTrack() lSessionId: 517 sampleRate=44100
I/AudioFlinger(  144): AudioFlinger createTrack() done
I/AudioFlinger(  144): AudioFlinger ~TrackHandle()
I/AudioFlinger(  144): AudioFlinger PlaybackThread::Track::destroy() releaseOutput()
I/AudioSystem(  144): AudioSystem releaseOutput() output 2
I/AudioFlinger(  144): AudioFlinger PlaybackThread::destroyTrack_l()
I/AudioSystem(  470): getFrameCount() streamType 1, output 2, frameCount 1024
I/AudioSystem(  470): getSamplingRate() reading from output desc
I/AudioSystem(  470): getSamplingRate() streamType 1, output 2, sampling rate 44100
I/AudioTrack(  470): set() streamType 1 frameCount 4096 flags 0004 sampleRate 44100
I/AudioTrack(  470): AudioTrack getOutput streamType 1, sampleRate 44100, format 1, channelMask 1, flags 4
I/AudioTrack(  470): AudioTrack::createTrack_l sampleRate=44100 format=1
I/AudioTrack(  470): createTrack_l() output 2 afLatency 69
I/AudioTrack(  470): AudioTrack::createTrack_l createTrack() sampleRate=44100
I/AudioFlinger(  144): AudioFlinger createTrack() sampleRate=44100 streamType=1
I/AudioFlinger(  144): createTrack() sessionId: 0
I/AudioFlinger(  144): AudioFlinger createTrack() lSessionId: 518 sampleRate=44100
I/AudioFlinger(  144): AudioFlinger createTrack() done
I/AudioFlinger(  144): AudioFlinger ~TrackHandle()
I/AudioFlinger(  144): AudioFlinger PlaybackThread::Track::destroy() releaseOutput()
I/AudioSystem(  144): AudioSystem releaseOutput() output 2
I/AudioFlinger(  144): AudioFlinger PlaybackThread::destroyTrack_l()
I/AudioSystem(  470): getFrameCount() streamType 1, output 2, frameCount 1024
I/AudioSystem(  470): getSamplingRate() reading from output desc
I/AudioSystem(  470): getSamplingRate() streamType 1, output 2, sampling rate 44100
I/AudioTrack(  470): set() streamType 1 frameCount 4096 flags 0004 sampleRate 44100
I/AudioTrack(  470): AudioTrack getOutput streamType 1, sampleRate 44100, format 1, channelMask 1, flags 4
I/AudioTrack(  470): AudioTrack::createTrack_l sampleRate=44100 format=1
I/AudioTrack(  470): createTrack_l() output 2 afLatency 69
I/AudioTrack(  470): AudioTrack::createTrack_l createTrack() sampleRate=44100
I/AudioFlinger(  144): AudioFlinger createTrack() sampleRate=44100 streamType=1
I/AudioFlinger(  144): createTrack() sessionId: 0
I/AudioFlinger(  144): AudioFlinger createTrack() lSessionId: 519 sampleRate=44100
I/AudioFlinger(  144): AudioFlinger createTrack() done
I/AudioFlinger(  144): AudioFlinger ~TrackHandle()
I/AudioFlinger(  144): AudioFlinger PlaybackThread::Track::destroy() releaseOutput()
I/AudioSystem(  144): AudioSystem releaseOutput() output 2
I/AudioFlinger(  144): AudioFlinger PlaybackThread::destroyTrack_l()
I/AudioSystem(  470): getFrameCount() streamType 1, output 2, frameCount 1024
I/AudioSystem(  470): getSamplingRate() reading from output desc
I/AudioSystem(  470): getSamplingRate() streamType 1, output 2, sampling rate 44100
I/AudioTrack(  470): set() streamType 1 frameCount 4096 flags 0004 sampleRate 44100
I/AudioTrack(  470): AudioTrack getOutput streamType 1, sampleRate 44100, format 1, channelMask 1, flags 4
I/AudioTrack(  470): AudioTrack::createTrack_l sampleRate=44100 format=1
I/AudioTrack(  470): createTrack_l() output 2 afLatency 69
I/AudioTrack(  470): AudioTrack::createTrack_l createTrack() sampleRate=44100
I/AudioFlinger(  144): AudioFlinger createTrack() sampleRate=44100 streamType=1
I/AudioFlinger(  144): createTrack() sessionId: 0
I/AudioFlinger(  144): AudioFlinger createTrack() lSessionId: 520 sampleRate=44100
I/AudioFlinger(  144): AudioFlinger createTrack() done
I/AudioFlinger(  144): AudioFlinger ~TrackHandle()
I/AudioFlinger(  144): AudioFlinger PlaybackThread::Track::destroy() releaseOutput()
I/AudioSystem(  144): AudioSystem releaseOutput() output 2
I/AudioFlinger(  144): AudioFlinger PlaybackThread::destroyTrack_l()
I/AudioSystem(  470): getFrameCount() streamType 1, output 2, frameCount 1024
I/AudioSystem(  470): getSamplingRate() reading from output desc
I/AudioSystem(  470): getSamplingRate() streamType 1, output 2, sampling rate 44100
I/AudioTrack(  470): set() streamType 1 frameCount 4096 flags 0004 sampleRate 44100
I/AudioTrack(  470): AudioTrack getOutput streamType 1, sampleRate 44100, format 1, channelMask 1, flags 4
I/AudioTrack(  470): AudioTrack::createTrack_l sampleRate=44100 format=1
I/AudioTrack(  470): createTrack_l() output 2 afLatency 69
I/AudioTrack(  470): AudioTrack::createTrack_l createTrack() sampleRate=44100
I/AudioFlinger(  144): AudioFlinger createTrack() sampleRate=44100 streamType=1
I/AudioFlinger(  144): createTrack() sessionId: 0
I/AudioFlinger(  144): AudioFlinger createTrack() lSessionId: 521 sampleRate=44100
I/AudioFlinger(  144): AudioFlinger createTrack() done
I/AudioFlinger(  144): AudioFlinger ~TrackHandle()
I/AudioFlinger(  144): AudioFlinger PlaybackThread::Track::destroy() releaseOutput()
I/AudioSystem(  144): AudioSystem releaseOutput() output 2
I/AudioFlinger(  144): AudioFlinger PlaybackThread::destroyTrack_l()
I/AudioSystem(  470): getFrameCount() streamType 1, output 2, frameCount 1024
I/AudioSystem(  470): getSamplingRate() reading from output desc
I/AudioSystem(  470): getSamplingRate() streamType 1, output 2, sampling rate 44100
I/AudioTrack(  470): set() streamType 1 frameCount 4096 flags 0004 sampleRate 44100
I/AudioTrack(  470): AudioTrack getOutput streamType 1, sampleRate 44100, format 1, channelMask 1, flags 4
I/AudioTrack(  470): AudioTrack::createTrack_l sampleRate=44100 format=1
I/AudioTrack(  470): createTrack_l() output 2 afLatency 69
I/AudioTrack(  470): AudioTrack::createTrack_l createTrack() sampleRate=44100
I/AudioFlinger(  144): AudioFlinger createTrack() sampleRate=44100 streamType=1
I/AudioFlinger(  144): createTrack() sessionId: 0
I/AudioFlinger(  144): AudioFlinger createTrack() lSessionId: 522 sampleRate=44100
I/AudioFlinger(  144): AudioFlinger createTrack() done
I/AudioFlinger(  144): AudioFlinger ~TrackHandle()
I/AudioFlinger(  144): AudioFlinger PlaybackThread::Track::destroy() releaseOutput()
I/AudioSystem(  144): AudioSystem releaseOutput() output 2
I/AudioFlinger(  144): AudioFlinger PlaybackThread::destroyTrack_l()
I/AudioSystem(  470): getFrameCount() streamType 1, output 2, frameCount 1024
I/AudioSystem(  470): getSamplingRate() reading from output desc
I/AudioSystem(  470): getSamplingRate() streamType 1, output 2, sampling rate 44100
I/AudioTrack(  470): set() streamType 1 frameCount 4096 flags 0004 sampleRate 44100
I/AudioTrack(  470): AudioTrack getOutput streamType 1, sampleRate 44100, format 1, channelMask 1, flags 4
I/AudioTrack(  470): AudioTrack::createTrack_l sampleRate=44100 format=1
I/AudioTrack(  470): createTrack_l() output 2 afLatency 69
I/AudioTrack(  470): AudioTrack::createTrack_l createTrack() sampleRate=44100
I/AudioFlinger(  144): AudioFlinger createTrack() sampleRate=44100 streamType=1
I/AudioFlinger(  144): createTrack() sessionId: 0
I/AudioFlinger(  144): AudioFlinger createTrack() lSessionId: 523 sampleRate=44100
I/AudioFlinger(  144): AudioFlinger createTrack() done
I/AudioFlinger(  144): AudioFlinger ~TrackHandle()
I/AudioFlinger(  144): AudioFlinger PlaybackThread::Track::destroy() releaseOutput()
I/AudioSystem(  144): AudioSystem releaseOutput() output 2
I/AudioFlinger(  144): AudioFlinger PlaybackThread::destroyTrack_l()
I/AudioSystem(  470): getFrameCount() streamType 1, output 2, frameCount 1024
I/AudioSystem(  470): getSamplingRate() reading from output desc
I/AudioSystem(  470): getSamplingRate() streamType 1, output 2, sampling rate 44100
I/AudioTrack(  470): set() streamType 1 frameCount 4096 flags 0004 sampleRate 44100
I/AudioTrack(  470): AudioTrack getOutput streamType 1, sampleRate 44100, format 1, channelMask 1, flags 4
I/AudioTrack(  470): AudioTrack::createTrack_l sampleRate=44100 format=1
I/AudioTrack(  470): createTrack_l() output 2 afLatency 69
I/AudioTrack(  470): AudioTrack::createTrack_l createTrack() sampleRate=44100
I/AudioFlinger(  144): AudioFlinger createTrack() sampleRate=44100 streamType=1
I/AudioFlinger(  144): createTrack() sessionId: 0
I/AudioFlinger(  144): AudioFlinger createTrack() lSessionId: 524 sampleRate=44100
I/AudioFlinger(  144): AudioFlinger createTrack() done
I/AudioFlinger(  144): AudioFlinger ~TrackHandle()
I/AudioFlinger(  144): AudioFlinger PlaybackThread::Track::destroy() releaseOutput()
I/AudioSystem(  144): AudioSystem releaseOutput() output 2
I/AudioFlinger(  144): AudioFlinger PlaybackThread::destroyTrack_l()
I/AudioSystem(  470): getFrameCount() streamType 1, output 2, frameCount 1024
I/AudioSystem(  470): getSamplingRate() reading from output desc
I/AudioSystem(  470): getSamplingRate() streamType 1, output 2, sampling rate 44100
I/AudioTrack(  470): set() streamType 1 frameCount 4096 flags 0004 sampleRate 44100
I/AudioTrack(  470): AudioTrack getOutput streamType 1, sampleRate 44100, format 1, channelMask 1, flags 4
I/AudioTrack(  470): AudioTrack::createTrack_l sampleRate=44100 format=1
I/AudioTrack(  470): createTrack_l() output 2 afLatency 69
I/AudioTrack(  470): AudioTrack::createTrack_l createTrack() sampleRate=44100
I/AudioFlinger(  144): AudioFlinger createTrack() sampleRate=44100 streamType=1
I/AudioFlinger(  144): createTrack() sessionId: 0
I/AudioFlinger(  144): AudioFlinger createTrack() lSessionId: 525 sampleRate=44100
I/AudioFlinger(  144): AudioFlinger createTrack() done
I/AudioFlinger(  144): AudioFlinger ~TrackHandle()
I/AudioFlinger(  144): AudioFlinger PlaybackThread::Track::destroy() releaseOutput()
I/AudioSystem(  144): AudioSystem releaseOutput() output 2
I/AudioFlinger(  144): AudioFlinger PlaybackThread::destroyTrack_l()
W/audio_hw_primary(  144): out_write() limiting sleep time 34284 to 23219
W/audio_hw_primary(  144): out_write() limiting sleep time 34284 to 23219
W/audio_hw_primary(  144): out_write() limiting sleep time 34284 to 23219
W/audio_hw_primary(  144): out_write() limiting sleep time 34284 to 23219
W/audio_hw_primary(  144): out_write() limiting sleep time 34284 to 23219
W/audio_hw_primary(  144): out_write() limiting sleep time 34827 to 23219
W/audio_hw_primary(  144): out_write() limiting sleep time 34103 to 23219
W/audio_hw_primary(  144): out_write() limiting sleep time 34284 to 23219
I/AudioSystem(  470): getFrameCount() streamType 1, output 2, frameCount 1024
I/AudioSystem(  470): getSamplingRate() reading from output desc
I/AudioSystem(  470): getSamplingRate() streamType 1, output 2, sampling rate 44100
I/AudioTrack(  470): set() streamType 1 frameCount 4096 flags 0004 sampleRate 44100
I/AudioTrack(  470): AudioTrack getOutput streamType 1, sampleRate 44100, format 1, channelMask 1, flags 4
I/AudioTrack(  470): AudioTrack::createTrack_l sampleRate=44100 format=1
I/AudioTrack(  470): createTrack_l() output 2 afLatency 69
I/AudioTrack(  470): AudioTrack::createTrack_l createTrack() sampleRate=44100
I/AudioFlinger(  144): AudioFlinger createTrack() sampleRate=44100 streamType=1
I/AudioFlinger(  144): createTrack() sessionId: 0
I/AudioFlinger(  144): AudioFlinger createTrack() lSessionId: 526 sampleRate=44100
I/AudioFlinger(  144): AudioFlinger createTrack() done
I/AudioFlinger(  144): AudioFlinger ~TrackHandle()
I/AudioFlinger(  144): AudioFlinger PlaybackThread::Track::destroy() releaseOutput()
I/AudioSystem(  144): AudioSystem releaseOutput() output 2
I/AudioFlinger(  144): AudioFlinger PlaybackThread::destroyTrack_l()
W/audio_hw_primary(  144): out_write() limiting sleep time 34284 to 23219
W/audio_hw_primary(  144): out_write() limiting sleep time 34284 to 23219
W/audio_hw_primary(  144): out_write() limiting sleep time 33559 to 23219
I/ConnectivityManager( 1529): getActiveNetworkInfo networkInfo=null unetDeviceName=
D/LMT::Launcher( 1529): Fire action type: 3, string: null, pos: null
I/ActivityManager(  470): START u0 {act=android.intent.action.MAIN cat=[android.intent.category.HOME] flg=0x10000000 cmp=com.teslacoilsw.launcher/com.android.launcher2.Launcher} from pid 1529
D/dalvikvm(  470): GC_FOR_ALLOC freed 1229K, 21% free 13476K/17052K, paused 77ms, total 78ms
W/IInputConnectionWrapper( 8300): showStatusIcon on inactive InputConnection
D/CarbonRenderer(  671): ONRESUME
D/CarbonRenderer(  671): checkAndLoadSettings()
D/CarbonRenderer(  671): ONSURFACECREATED
D/CarbonRenderer(  671): ONSURFACECHANGED
D/CarbonRenderer(  671): onSharedPreferenceChanged()
D/CarbonRenderer(  671): checkAndLoadSettings()
D/CarbonRenderer(  671): GetShaderIdentifiers() 
D/dalvikvm(  738): GC_FOR_ALLOC freed 1989K, 28% free 10601K/14676K, paused 47ms, total 47ms
I/AudioFlinger(  144): AudioFlinger ~TrackHandle()
I/AudioFlinger(  144): AudioFlinger PlaybackThread::Track::destroy() releaseOutput()
I/AudioSystem(  144): AudioSystem releaseOutput() output 2
I/AudioFlinger(  144): AudioFlinger PlaybackThread::destroyTrack_l()
I/OMXNodeInstance(  144): OMX_FreeBuffer for buffer header 0x4181e848 successful
I/OMXNodeInstance(  144): OMX_FreeBuffer for buffer header 0x41810860 successful
I/OMXNodeInstance(  144): OMX_FreeBuffer for buffer header 0x417fe620 successful
I/OMXNodeInstance(  144): OMX_FreeBuffer for buffer header 0x418056b8 successful
I/OMXNodeInstance(  144): OMX_FreeBuffer for buffer header 0x4181a5d8 successful
I/OMXNodeInstance(  144): OMX_FreeBuffer for buffer header 0x41817668 successful
I/OMXNodeInstance(  144): OMX_FreeBuffer for buffer header 0x41826038 successful
I/OMXNodeInstance(  144): OMX_FreeBuffer for buffer header 0x4181d940 successful
I/Effect-Equalizer(  144): Setting band 0 to 0
I/Effect-Equalizer(  144): Setting band 1 to 0
I/Effect-Equalizer(  144): Setting band 2 to 0
I/Effect-Equalizer(  144): Setting band 3 to 0
I/Effect-Equalizer(  144): Setting band 4 to 0
I/Effect-Equalizer(  144): Setting band 0 to 0
I/Effect-Equalizer(  144): Setting band 1 to 0
I/Effect-Equalizer(  144): Setting band 2 to 0
I/Effect-Equalizer(  144): Setting band 3 to 0
I/Effect-Equalizer(  144): Setting band 4 to 0
I/AudioService(  470):  AudioFocus  requestAudioFocus() from android.media.AudioManager@41181140com.jrtstudio.AnotherMusicPlayer.xh@41181130
I/AudioSystem(  144): getFrameCount() streamType 3, output 2, frameCount 1024
I/AudioSystem(  144): getSamplingRate() reading from output desc
I/AudioSystem(  144): getSamplingRate() streamType 3, output 2, sampling rate 44100
I/AudioTrack(  144): set() streamType 3 frameCount 4096 flags 0008 sampleRate 44100
I/AudioTrack(  144): AudioTrack getOutput streamType 3, sampleRate 44100, format 1, channelMask 3, flags 8
I/AudioTrack(  144): AudioTrack::createTrack_l sampleRate=44100 format=1
I/AudioTrack(  144): createTrack_l() output 2 afLatency 69
I/AudioSystem(  144): getSamplingRate() reading from output desc
I/AudioSystem(  144): getSamplingRate() streamType 3, output 2, sampling rate 44100
I/AudioSystem(  144): getFrameCount() streamType 3, output 2, frameCount 1024
I/AudioTrack(  144): minFrameCount: 3072, afFrameCount=1024, minBufCount=3, sampleRate=44100, afSampleRate=44100, afLatency=69
I/AudioTrack(  144): AudioTrack::createTrack_l createTrack() sampleRate=44100
I/AudioFlinger(  144): AudioFlinger createTrack() sampleRate=44100 streamType=3
I/AudioFlinger(  144): createTrack() sessionId: 67
I/AudioFlinger(  144): AudioFlinger createTrack() lSessionId: 67 sampleRate=44100
I/AudioFlinger(  144): AudioFlinger createTrack() done
I/AudioSystem(  144): getSamplingRate() reading from output desc
I/AudioSystem(  144): getSamplingRate() streamType 3, output 2, sampling rate 44100
D/dalvikvm( 3960): GC_EXPLICIT freed 423K, 76% free 2671K/10888K, paused 3ms+3ms, total 34ms
I/PowerManager( 6505): newWakeLock WidgetUpdaterService levelAndFlags=1
I/AudioSystem(  470): getFrameCount() streamType 1, output 2, frameCount 1024
I/AudioSystem(  470): getSamplingRate() reading from output desc
I/AudioSystem(  470): getSamplingRate() streamType 1, output 2, sampling rate 44100
I/AudioTrack(  470): set() streamType 1 frameCount 4096 flags 0004 sampleRate 44100
I/AudioTrack(  470): AudioTrack getOutput streamType 1, sampleRate 44100, format 1, channelMask 1, flags 4
I/AudioTrack(  470): AudioTrack::createTrack_l sampleRate=44100 format=1
I/AudioTrack(  470): createTrack_l() output 2 afLatency 69
I/AudioTrack(  470): AudioTrack::createTrack_l createTrack() sampleRate=44100
I/AudioFlinger(  144): AudioFlinger createTrack() sampleRate=44100 streamType=1
I/AudioFlinger(  144): createTrack() sessionId: 0
I/AudioFlinger(  144): AudioFlinger createTrack() lSessionId: 527 sampleRate=44100
I/AudioFlinger(  144): AudioFlinger createTrack() done
I/AudioFlinger(  144): AudioFlinger ~TrackHandle()
I/AudioFlinger(  144): AudioFlinger PlaybackThread::Track::destroy() releaseOutput()
I/AudioSystem(  144): AudioSystem releaseOutput() output 2
I/AudioFlinger(  144): AudioFlinger PlaybackThread::destroyTrack_l()
D/CarbonRenderer(  671): ONPAUSE
I/ConnectivityManager( 1529): getActiveNetworkInfo networkInfo=null unetDeviceName=
D/LMT::Launcher( 1529): Fire action type: 3, string: null, pos: null
I/ActivityManager(  470): START u0 {act=android.intent.action.MAIN cat=[android.intent.category.HOME] flg=0x10000000 cmp=com.teslacoilsw.launcher/com.android.launcher2.Launcher} from pid 1529
D/CarbonRenderer(  671): ONRESUME
D/CarbonRenderer(  671): checkAndLoadSettings()
D/CarbonRenderer(  671): ONSURFACECREATED
D/CarbonRenderer(  671): ONSURFACECHANGED
D/CarbonRenderer(  671): onSharedPreferenceChanged()
D/CarbonRenderer(  671): checkAndLoadSettings()
D/CarbonRenderer(  671): GetShaderIdentifiers() 
I/AudioSystem(  470): getFrameCount() streamType 1, output 2, frameCount 1024
I/AudioSystem(  470): getSamplingRate() reading from output desc
I/AudioSystem(  470): getSamplingRate() streamType 1, output 2, sampling rate 44100
I/AudioTrack(  470): set() streamType 1 frameCount 4096 flags 0004 sampleRate 44100
I/AudioTrack(  470): AudioTrack getOutput streamType 1, sampleRate 44100, format 1, channelMask 1, flags 4
I/AudioTrack(  470): AudioTrack::createTrack_l sampleRate=44100 format=1
I/AudioTrack(  470): createTrack_l() output 2 afLatency 69
I/AudioTrack(  470): AudioTrack::createTrack_l createTrack() sampleRate=44100
I/AudioFlinger(  144): AudioFlinger createTrack() sampleRate=44100 streamType=1
I/AudioFlinger(  144): createTrack() sessionId: 0
I/AudioFlinger(  144): AudioFlinger createTrack() lSessionId: 528 sampleRate=44100
I/AudioFlinger(  144): AudioFlinger createTrack() done
I/AudioFlinger(  144): AudioFlinger ~TrackHandle()
I/AudioFlinger(  144): AudioFlinger PlaybackThread::Track::destroy() releaseOutput()
I/AudioSystem(  144): AudioSystem releaseOutput() output 2
I/AudioFlinger(  144): AudioFlinger PlaybackThread::destroyTrack_l()
I/PowerManager( 6505): newWakeLock WidgetUpdaterService levelAndFlags=1
I/AudioSystem(  470): getFrameCount() streamType 1, output 2, frameCount 1024
I/AudioSystem(  470): getSamplingRate() reading from output desc
I/AudioSystem(  470): getSamplingRate() streamType 1, output 2, sampling rate 44100
I/AudioTrack(  470): set() streamType 1 frameCount 4096 flags 0004 sampleRate 44100
I/AudioTrack(  470): AudioTrack getOutput streamType 1, sampleRate 44100, format 1, channelMask 1, flags 4
I/AudioTrack(  470): AudioTrack::createTrack_l sampleRate=44100 format=1
I/AudioTrack(  470): createTrack_l() output 2 afLatency 69
I/AudioTrack(  470): AudioTrack::createTrack_l createTrack() sampleRate=44100
I/AudioFlinger(  144): AudioFlinger createTrack() sampleRate=44100 streamType=1
I/AudioFlinger(  144): createTrack() sessionId: 0
I/AudioFlinger(  144): AudioFlinger createTrack() lSessionId: 529 sampleRate=44100
I/AudioFlinger(  144): AudioFlinger createTrack() done
I/AudioFlinger(  144): AudioFlinger ~TrackHandle()
I/AudioFlinger(  144): AudioFlinger PlaybackThread::Track::destroy() releaseOutput()
I/AudioSystem(  144): AudioSystem releaseOutput() output 2
I/AudioFlinger(  144): AudioFlinger PlaybackThread::destroyTrack_l()
I/AudioService(  470):  AudioFocus  requestAudioFocus() from android.media.AudioManager@41181140com.jrtstudio.AnotherMusicPlayer.xh@41181130
I/PowerManager( 6505): newWakeLock WidgetUpdaterService levelAndFlags=1
D/dalvikvm( 6505): GC_CONCURRENT freed 1892K, 34% free 7206K/10888K, paused 4ms+3ms, total 45ms
I/AudioSystem(  470): getFrameCount() streamType 1, output 2, frameCount 1024
I/AudioSystem(  470): getSamplingRate() reading from output desc
I/AudioSystem(  470): getSamplingRate() streamType 1, output 2, sampling rate 44100
I/AudioTrack(  470): set() streamType 1 frameCount 4096 flags 0004 sampleRate 44100
I/AudioTrack(  470): AudioTrack getOutput streamType 1, sampleRate 44100, format 1, channelMask 1, flags 4
I/AudioTrack(  470): AudioTrack::createTrack_l sampleRate=44100 format=1
I/AudioTrack(  470): createTrack_l() output 2 afLatency 69
I/AudioTrack(  470): AudioTrack::createTrack_l createTrack() sampleRate=44100
I/AudioFlinger(  144): AudioFlinger createTrack() sampleRate=44100 streamType=1
I/AudioFlinger(  144): createTrack() sessionId: 0
I/AudioFlinger(  144): AudioFlinger createTrack() lSessionId: 530 sampleRate=44100
I/AudioFlinger(  144): AudioFlinger createTrack() done
I/AudioFlinger(  144): AudioFlinger ~TrackHandle()
I/AudioFlinger(  144): AudioFlinger PlaybackThread::Track::destroy() releaseOutput()
I/AudioSystem(  144): AudioSystem releaseOutput() output 2
I/AudioFlinger(  144): AudioFlinger PlaybackThread::destroyTrack_l()
D/PhoneStatusBar(  574): disable: < expand ICONS* alerts TICKER* system_info back home recent CLOCK* search >
I/AudioSystem(  470): getFrameCount() streamType 1, output 2, frameCount 1024
I/AudioSystem(  470): getSamplingRate() reading from output desc
I/AudioSystem(  470): getSamplingRate() streamType 1, output 2, sampling rate 44100
I/AudioTrack(  470): set() streamType 1 frameCount 4096 flags 0004 sampleRate 44100
I/AudioTrack(  470): AudioTrack getOutput streamType 1, sampleRate 44100, format 1, channelMask 1, flags 4
I/AudioTrack(  470): AudioTrack::createTrack_l sampleRate=44100 format=1
I/AudioTrack(  470): createTrack_l() output 2 afLatency 69
I/AudioTrack(  470): AudioTrack::createTrack_l createTrack() sampleRate=44100
I/AudioFlinger(  144): AudioFlinger createTrack() sampleRate=44100 streamType=1
I/AudioFlinger(  144): createTrack() sessionId: 0
I/AudioFlinger(  144): AudioFlinger createTrack() lSessionId: 531 sampleRate=44100
I/AudioFlinger(  144): AudioFlinger createTrack() done
I/AudioFlinger(  144): AudioFlinger ~TrackHandle()
I/AudioFlinger(  144): AudioFlinger PlaybackThread::Track::destroy() releaseOutput()
I/AudioSystem(  144): AudioSystem releaseOutput() output 2
I/AudioFlinger(  144): AudioFlinger PlaybackThread::destroyTrack_l()
I/ActivityManager(  470): START u0 {flg=0x10000000 cmp=jackpal.androidterm/.Term bnds=[63,458][657,543]} from pid -1
D/dalvikvm(  470): GC_FOR_ALLOC freed 1396K, 21% free 13488K/17052K, paused 66ms, total 67ms
D/PhoneStatusBar(  574): disable: < expand icons* alerts ticker* system_info back home recent clock* search >
I/InputAttributes(  691): InputType.TYPE_NULL is specified
D/CarbonRenderer(  671): ONPAUSE
I/AudioSystem(  470): getFrameCount() streamType 1, output 2, frameCount 1024
I/AudioSystem(  470): getSamplingRate() reading from output desc
I/AudioSystem(  470): getSamplingRate() streamType 1, output 2, sampling rate 44100
I/AudioTrack(  470): set() streamType 1 frameCount 4096 flags 0004 sampleRate 44100
I/AudioTrack(  470): AudioTrack getOutput streamType 1, sampleRate 44100, format 1, channelMask 1, flags 4
I/AudioTrack(  470): AudioTrack::createTrack_l sampleRate=44100 format=1
I/AudioTrack(  470): createTrack_l() output 2 afLatency 69
