I/AudioSystem(  144): getSamplingRate() streamType 3, output 2, sampling rate 44100
I/PowerManager( 6505): newWakeLock WidgetUpdaterService levelAndFlags=1
D/dalvikvm(  738): GC_FOR_ALLOC freed 2382K, 33% free 9987K/14700K, paused 33ms, total 33ms
D/dalvikvm( 6505): GC_CONCURRENT freed 2021K, 35% free 7117K/10888K, paused 3ms+7ms, total 55ms
I/ActivityManager(  470): START u0 {flg=0x10020000 cmp=ru.pccar/.Main} from pid 1496
D/dalvikvm(  470): GC_FOR_ALLOC freed 782K, 21% free 13227K/16556K, paused 71ms, total 71ms
D/CarCam  ( 1496): ru.pccar.CarCamService$CarCamRepeat:start CarCam
D/CarCam  ( 1496): ru.pccar.CarCamService$CarCamRepeat:end repeating
D/CarCam  ( 1496): ru.pccar.Main:onRestart
D/CarCam  ( 1496): ru.pccar.CameraPreview:surfaceCreated
V/PhoneStatusBar(  574): setLightsOn(true)
D/CarCam  ( 1496): ru.pccar.CameraPreview:onServiceConnected
D/dalvikvm( 1496): GC_FOR_ALLOC freed 1629K, 48% free 5720K/10888K, paused 21ms, total 21ms
D/CarCam  ( 1496): ru.pccar.CarCamService:onRebindBind
D/CarbonRenderer(  671): ONPAUSE
I/ActivityManager(  470): moveTaskToBack: 31
D/dalvikvm(  470): GC_FOR_ALLOC freed 324K, 21% free 13220K/16556K, paused 56ms, total 56ms
D/CarCam  ( 1496): ru.pccar.CameraPreview:move task to back, lost signal
D/CarCam  ( 1496): ru.pccar.CameraPreview:stop capturing
D/CarbonRenderer(  671): ONRESUME
D/CarbonRenderer(  671): checkAndLoadSettings()
D/CarbonRenderer(  671): ONSURFACECREATED
D/CarbonRenderer(  671): ONSURFACECHANGED
D/CarbonRenderer(  671): onSharedPreferenceChanged()
D/CarbonRenderer(  671): checkAndLoadSettings()
D/CarbonRenderer(  671): GetShaderIdentifiers() 
D/CarCam  ( 1496): ru.pccar.CameraPreview:surfaceDestroyed
D/CarCam  ( 1496): ru.pccar.CarCamService$CarCamRepeat:start repeating
D/CarCam  ( 1496): ru.pccar.CarCamService:onUnbind
D/CarCam  ( 1496): ru.pccar.Main:onStop
I/AudioSystem(  470): getFrameCount() streamType 1, output 2, frameCount 1024
I/AudioSystem(  470): getSamplingRate() reading from output desc
I/AudioSystem(  470): getSamplingRate() streamType 1, output 2, sampling rate 44100
I/AudioTrack(  470): set() streamType 1 frameCount 4096 flags 0004 sampleRate 44100
I/AudioTrack(  470): AudioTrack getOutput streamType 1, sampleRate 44100, format 1, channelMask 1, flags 4
I/AudioTrack(  470): AudioTrack::createTrack_l sampleRate=44100 format=1
I/AudioTrack(  470): createTrack_l() output 2 afLatency 69
I/AudioTrack(  470): AudioTrack::createTrack_l createTrack() sampleRate=44100
I/AudioFlinger(  144): AudioFlinger createTrack() sampleRate=44100 streamType=1
I/AudioFlinger(  144): createTrack() sessionId: 0
I/AudioFlinger(  144): AudioFlinger createTrack() lSessionId: 465 sampleRate=44100
I/AudioFlinger(  144): AudioFlinger createTrack() done
I/AudioFlinger(  144): AudioFlinger ~TrackHandle()
I/AudioFlinger(  144): AudioFlinger PlaybackThread::Track::destroy() releaseOutput()
I/AudioSystem(  144): AudioSystem releaseOutput() output 2
I/AudioFlinger(  144): AudioFlinger PlaybackThread::destroyTrack_l()
D/CarbonRenderer(  671): ONPAUSE
I/AlarmManager(  470): ACCEPTED type=3 triggerAtTime=9109658 interval=0 PendingIntent=PendingIntent{411cb9a0: PendingIntentRecord{41161998 android broadcastIntent}} idx=-2 search=null
I/AudioSystem(  470): getFrameCount() streamType 1, output 2, frameCount 1024
I/AudioSystem(  470): getSamplingRate() reading from output desc
I/AudioSystem(  470): getSamplingRate() streamType 1, output 2, sampling rate 44100
I/AudioTrack(  470): set() streamType 1 frameCount 4096 flags 0004 sampleRate 44100
I/AudioTrack(  470): AudioTrack getOutput streamType 1, sampleRate 44100, format 1, channelMask 1, flags 4
I/AudioTrack(  470): AudioTrack::createTrack_l sampleRate=44100 format=1
I/AudioTrack(  470): createTrack_l() output 2 afLatency 69
I/AudioTrack(  470): AudioTrack::createTrack_l createTrack() sampleRate=44100
I/AudioFlinger(  144): AudioFlinger createTrack() sampleRate=44100 streamType=1
I/AudioFlinger(  144): createTrack() sessionId: 0
I/AudioFlinger(  144): AudioFlinger createTrack() lSessionId: 466 sampleRate=44100
I/AudioFlinger(  144): AudioFlinger createTrack() done
I/AudioFlinger(  144): AudioFlinger ~TrackHandle()
I/AudioFlinger(  144): AudioFlinger PlaybackThread::Track::destroy() releaseOutput()
I/AudioSystem(  144): AudioSystem releaseOutput() output 2
I/AudioFlinger(  144): AudioFlinger PlaybackThread::destroyTrack_l()
I/ActivityManager(  470): START u0 {act=android.intent.action.MAIN cat=[android.intent.category.LAUNCHER] flg=0x10200000 cmp=com.estrongs.android.pop/.view.FileExplorerActivity bnds=[640,368][640,368]} from pid 738
D/dalvikvm(  470): GC_FOR_ALLOC freed 389K, 21% free 13218K/16556K, paused 72ms, total 72ms
D/PodcastUpdateService(10841): onDestroy
I/AudioSystem(  470): getFrameCount() streamType 1, output 2, frameCount 1024
I/AudioSystem(  470): getSamplingRate() reading from output desc
I/AudioSystem(  470): getSamplingRate() streamType 1, output 2, sampling rate 44100
I/AudioTrack(  470): set() streamType 1 frameCount 4096 flags 0004 sampleRate 44100
I/AudioTrack(  470): AudioTrack getOutput streamType 1, sampleRate 44100, format 1, channelMask 1, flags 4
I/AudioTrack(  470): AudioTrack::createTrack_l sampleRate=44100 format=1
I/AudioTrack(  470): createTrack_l() output 2 afLatency 69
I/AudioTrack(  470): AudioTrack::createTrack_l createTrack() sampleRate=44100
I/AudioFlinger(  144): AudioFlinger createTrack() sampleRate=44100 streamType=1
I/AudioFlinger(  144): createTrack() sessionId: 0
I/AudioFlinger(  144): AudioFlinger createTrack() lSessionId: 467 sampleRate=44100
I/AudioFlinger(  144): AudioFlinger createTrack() done
I/AudioFlinger(  144): AudioFlinger ~TrackHandle()
I/AudioFlinger(  144): AudioFlinger PlaybackThread::Track::destroy() releaseOutput()
I/AudioSystem(  144): AudioSystem releaseOutput() output 2
I/AudioFlinger(  144): AudioFlinger PlaybackThread::destroyTrack_l()
I/ConnectivityManager( 1529): getActiveNetworkInfo networkInfo=null unetDeviceName=
D/LMT::Launcher( 1529): Fire action type: 3, string: null, pos: null
I/ActivityManager(  470): START u0 {act=android.intent.action.MAIN cat=[android.intent.category.HOME] flg=0x10000000 cmp=com.teslacoilsw.launcher/com.android.launcher2.Launcher} from pid 1529
D/dalvikvm(  470): GC_FOR_ALLOC freed 310K, 21% free 13211K/16556K, paused 65ms, total 66ms
D/CarbonRenderer(  671): ONRESUME
D/CarbonRenderer(  671): checkAndLoadSettings()
D/CarbonRenderer(  671): ONSURFACECREATED
D/CarbonRenderer(  671): ONSURFACECHANGED
D/CarbonRenderer(  671): onSharedPreferenceChanged()
D/CarbonRenderer(  671): checkAndLoadSettings()
D/CarbonRenderer(  671): GetShaderIdentifiers() 
I/AudioSystem(  470): getFrameCount() streamType 1, output 2, frameCount 1024
I/AudioSystem(  470): getSamplingRate() reading from output desc
I/AudioSystem(  470): getSamplingRate() streamType 1, output 2, sampling rate 44100
I/AudioTrack(  470): set() streamType 1 frameCount 4096 flags 0004 sampleRate 44100
I/AudioTrack(  470): AudioTrack getOutput streamType 1, sampleRate 44100, format 1, channelMask 1, flags 4
I/AudioTrack(  470): AudioTrack::createTrack_l sampleRate=44100 format=1
I/AudioTrack(  470): createTrack_l() output 2 afLatency 69
I/AudioTrack(  470): AudioTrack::createTrack_l createTrack() sampleRate=44100
I/AudioFlinger(  144): AudioFlinger createTrack() sampleRate=44100 streamType=1
I/AudioFlinger(  144): createTrack() sessionId: 0
I/AudioFlinger(  144): AudioFlinger createTrack() lSessionId: 468 sampleRate=44100
I/AudioFlinger(  144): AudioFlinger createTrack() done
I/AudioFlinger(  144): AudioFlinger ~TrackHandle()
I/AudioFlinger(  144): AudioFlinger PlaybackThread::Track::destroy() releaseOutput()
I/AudioSystem(  144): AudioSystem releaseOutput() output 2
I/AudioFlinger(  144): AudioFlinger PlaybackThread::destroyTrack_l()
D/CarbonRenderer(  671): ONPAUSE
D/dalvikvm(  738): GC_CONCURRENT freed 2067K, 30% free 10383K/14700K, paused 3ms+6ms, total 52ms
D/dalvikvm(  738): WAIT_FOR_CONCURRENT_GC blocked 45ms
I/AudioSystem(  470): getFrameCount() streamType 1, output 2, frameCount 1024
I/AudioSystem(  470): getSamplingRate() reading from output desc
I/AudioSystem(  470): getSamplingRate() streamType 1, output 2, sampling rate 44100
I/AudioTrack(  470): set() streamType 1 frameCount 4096 flags 0004 sampleRate 44100
I/AudioTrack(  470): AudioTrack getOutput streamType 1, sampleRate 44100, format 1, channelMask 1, flags 4
I/AudioTrack(  470): AudioTrack::createTrack_l sampleRate=44100 format=1
I/AudioTrack(  470): createTrack_l() output 2 afLatency 69
I/AudioTrack(  470): AudioTrack::createTrack_l createTrack() sampleRate=44100
I/AudioFlinger(  144): AudioFlinger createTrack() sampleRate=44100 streamType=1
I/AudioFlinger(  144): createTrack() sessionId: 0
I/AudioFlinger(  144): AudioFlinger createTrack() lSessionId: 469 sampleRate=44100
I/AudioFlinger(  144): AudioFlinger createTrack() done
I/ActivityManager(  470): START u0 {act=android.intent.action.MAIN cat=[android.intent.category.LAUNCHER] flg=0x10200000 cmp=jackpal.androidterm/.Term bnds=[640,368][640,368]} from pid 738
I/AudioFlinger(  144): AudioFlinger ~TrackHandle()
I/AudioFlinger(  144): AudioFlinger PlaybackThread::Track::destroy() releaseOutput()
I/AudioSystem(  144): AudioSystem releaseOutput() output 2
I/AudioFlinger(  144): AudioFlinger PlaybackThread::destroyTrack_l()
D/dalvikvm(  470): GC_FOR_ALLOC freed 322K, 21% free 13215K/16556K, paused 65ms, total 66ms
I/InputAttributes(  691): InputType.TYPE_NULL is specified
D/dalvikvm(  574): GC_CONCURRENT freed 2296K, 30% free 10918K/15400K, paused 17ms+17ms, total 113ms
D/dalvikvm(  574): WAIT_FOR_CONCURRENT_GC blocked 61ms
W/audio_hw_primary(  144): out_write() limiting sleep time 34827 to 23219
W/audio_hw_primary(  144): out_write() limiting sleep time 34284 to 23219
W/audio_hw_primary(  144): out_write() limiting sleep time 34827 to 23219
W/audio_hw_primary(  144): out_write() limiting sleep time 46438 to 23219
W/audio_hw_primary(  144): out_write() limiting sleep time 32108 to 23219
W/audio_hw_primary(  144): out_write() limiting sleep time 34827 to 23219
W/audio_hw_primary(  144): out_write() limiting sleep time 44624 to 23219
W/audio_hw_primary(  144): out_write() limiting sleep time 32108 to 23219
W/audio_hw_primary(  144): out_write() limiting sleep time 34284 to 23219
W/audio_hw_primary(  144): out_write() limiting sleep time 33559 to 23219
W/audio_hw_primary(  144): out_write() limiting sleep time 34284 to 23219
W/audio_hw_primary(  144): out_write() limiting sleep time 34284 to 23219
I/ActivityManager(  470): START u0 {flg=0x10020000 cmp=ru.pccar/.Main} from pid 1496
D/dalvikvm(  470): GC_FOR_ALLOC freed 590K, 21% free 13215K/16556K, paused 75ms, total 75ms
D/CarCam  ( 1496): ru.pccar.CarCamService$CarCamRepeat:start CarCam
D/CarCam  ( 1496): ru.pccar.CarCamService$CarCamRepeat:end repeating
D/CarCam  ( 1496): ru.pccar.Main:onRestart
D/CarCam  ( 1496): ru.pccar.CameraPreview:surfaceCreated
V/PhoneStatusBar(  574): setLightsOn(true)
D/CarCam  ( 1496): ru.pccar.CameraPreview:onServiceConnected
D/dalvikvm( 1496): GC_FOR_ALLOC freed 1629K, 48% free 5720K/10888K, paused 27ms, total 28ms
D/CarCam  ( 1496): ru.pccar.CarCamService:onRebindBind
W/IInputConnectionWrapper( 8300): showStatusIcon on inactive InputConnection
I/ActivityManager(  470): moveTaskToBack: 31
D/dalvikvm(  470): GC_FOR_ALLOC freed 328K, 21% free 13221K/16556K, paused 60ms, total 60ms
D/CarCam  ( 1496): ru.pccar.CameraPreview:move task to back, lost signal
D/CarCam  ( 1496): ru.pccar.CameraPreview:stop capturing
I/InputAttributes(  691): InputType.TYPE_NULL is specified
D/CarCam  ( 1496): ru.pccar.CameraPreview:surfaceDestroyed
D/CarCam  ( 1496): ru.pccar.CarCamService$CarCamRepeat:start repeating
D/CarCam  ( 1496): ru.pccar.CarCamService:onUnbind
D/CarCam  ( 1496): ru.pccar.Main:onStop
W/audio_hw_primary(  144): out_write() limiting sleep time 34827 to 23219
W/audio_hw_primary(  144): out_write() limiting sleep time 34827 to 23219
W/audio_hw_primary(  144): out_write() limiting sleep time 33377 to 23219
W/audio_hw_primary(  144): out_write() limiting sleep time 34284 to 23219
W/audio_hw_primary(  144): out_write() limiting sleep time 34284 to 23219
W/audio_hw_primary(  144): out_write() limiting sleep time 34284 to 23219
W/audio_hw_primary(  144): out_write() limiting sleep time 34284 to 23219
W/audio_hw_primary(  144): out_write() limiting sleep time 34284 to 23219
W/audio_hw_primary(  144): out_write() limiting sleep time 34284 to 23219
I/AlarmManager(  470): ACCEPTED type=3 triggerAtTime=9169657 interval=0 PendingIntent=PendingIntent{411cb9a0: PendingIntentRecord{41161998 android broadcastIntent}} idx=-2 search=null
W/audio_hw_primary(  144): out_write() limiting sleep time 34827 to 23219
W/audio_hw_primary(  144): out_write() limiting sleep time 45350 to 23219
W/audio_hw_primary(  144): out_write() limiting sleep time 33015 to 23219
I/AudioSystem(  470): getFrameCount() streamType 1, output 2, frameCount 1024
I/AudioSystem(  470): getSamplingRate() reading from output desc
I/AudioSystem(  470): getSamplingRate() streamType 1, output 2, sampling rate 44100
I/AudioTrack(  470): set() streamType 1 frameCount 4096 flags 0004 sampleRate 44100
I/AudioTrack(  470): AudioTrack getOutput streamType 1, sampleRate 44100, format 1, channelMask 1, flags 4
I/AudioTrack(  470): AudioTrack::createTrack_l sampleRate=44100 format=1
I/AudioTrack(  470): createTrack_l() output 2 afLatency 69
I/AudioTrack(  470): AudioTrack::createTrack_l createTrack() sampleRate=44100
I/AudioFlinger(  144): AudioFlinger createTrack() sampleRate=44100 streamType=1
I/AudioFlinger(  144): createTrack() sessionId: 0
I/AudioFlinger(  144): AudioFlinger createTrack() lSessionId: 470 sampleRate=44100
I/AudioFlinger(  144): AudioFlinger createTrack() done
I/AudioFlinger(  144): AudioFlinger ~TrackHandle()
I/AudioFlinger(  144): AudioFlinger PlaybackThread::Track::destroy() releaseOutput()
I/AudioSystem(  144): AudioSystem releaseOutput() output 2
I/AudioFlinger(  144): AudioFlinger PlaybackThread::destroyTrack_l()
D/dalvikvm( 8300): GC_CONCURRENT freed 1524K, 65% free 3821K/10892K, paused 2ms+3ms, total 23ms
D/dalvikvm( 8300): WAIT_FOR_CONCURRENT_GC blocked 19ms
I/ConnectivityManager( 1529): getActiveNetworkInfo networkInfo=null unetDeviceName=
I/ConnectivityManager( 1529): getActiveNetworkInfo networkInfo=null unetDeviceName=
D/LMT::Launcher( 1529): Fire action type: 3, string: null, pos: null
I/ActivityManager(  470): START u0 {act=android.intent.action.MAIN cat=[android.intent.category.HOME] flg=0x10000000 cmp=com.teslacoilsw.launcher/com.android.launcher2.Launcher} from pid 1529
D/dalvikvm(  470): GC_FOR_ALLOC freed 723K, 21% free 13237K/16556K, paused 71ms, total 72ms
D/CarbonRenderer(  671): ONRESUME
D/CarbonRenderer(  671): checkAndLoadSettings()
D/CarbonRenderer(  671): ONSURFACECREATED
D/CarbonRenderer(  671): ONSURFACECHANGED
D/CarbonRenderer(  671): onSharedPreferenceChanged()
D/CarbonRenderer(  671): checkAndLoadSettings()
D/CarbonRenderer(  671): GetShaderIdentifiers() 
W/IInputConnectionWrapper( 8300): showStatusIcon on inactive InputConnection
I/AudioSystem(  470): getFrameCount() streamType 1, output 2, frameCount 1024
I/AudioSystem(  470): getSamplingRate() reading from output desc
I/AudioSystem(  470): getSamplingRate() streamType 1, output 2, sampling rate 44100
I/AudioTrack(  470): set() streamType 1 frameCount 4096 flags 0004 sampleRate 44100
I/AudioTrack(  470): AudioTrack getOutput streamType 1, sampleRate 44100, format 1, channelMask 1, flags 4
I/AudioTrack(  470): AudioTrack::createTrack_l sampleRate=44100 format=1
I/AudioTrack(  470): createTrack_l() output 2 afLatency 69
I/AudioTrack(  470): AudioTrack::createTrack_l createTrack() sampleRate=44100
I/AudioFlinger(  144): AudioFlinger createTrack() sampleRate=44100 streamType=1
I/AudioFlinger(  144): createTrack() sessionId: 0
I/AudioFlinger(  144): AudioFlinger createTrack() lSessionId: 471 sampleRate=44100
I/AudioFlinger(  144): AudioFlinger createTrack() done
I/AudioFlinger(  144): AudioFlinger ~TrackHandle()
I/AudioFlinger(  144): AudioFlinger PlaybackThread::Track::destroy() releaseOutput()
I/AudioSystem(  144): AudioSystem releaseOutput() output 2
I/AudioFlinger(  144): AudioFlinger PlaybackThread::destroyTrack_l()
D/CarbonRenderer(  671): ONPAUSE
D/dalvikvm(  738): GC_FOR_ALLOC freed 1854K, 30% free 10299K/14676K, paused 28ms, total 28ms
I/AudioSystem(  470): getFrameCount() streamType 1, output 2, frameCount 1024
I/AudioSystem(  470): getSamplingRate() reading from output desc
I/AudioSystem(  470): getSamplingRate() streamType 1, output 2, sampling rate 44100
I/AudioTrack(  470): set() streamType 1 frameCount 4096 flags 0004 sampleRate 44100
I/AudioTrack(  470): AudioTrack getOutput streamType 1, sampleRate 44100, format 1, channelMask 1, flags 4
I/AudioTrack(  470): AudioTrack::createTrack_l sampleRate=44100 format=1
I/AudioTrack(  470): createTrack_l() output 2 afLatency 69
I/AudioTrack(  470): AudioTrack::createTrack_l createTrack() sampleRate=44100
I/AudioFlinger(  144): AudioFlinger createTrack() sampleRate=44100 streamType=1
I/AudioFlinger(  144): createTrack() sessionId: 0
I/AudioFlinger(  144): AudioFlinger createTrack() lSessionId: 472 sampleRate=44100
I/AudioFlinger(  144): AudioFlinger createTrack() done
I/AudioFlinger(  144): AudioFlinger ~TrackHandle()
I/AudioFlinger(  144): AudioFlinger PlaybackThread::Track::destroy() releaseOutput()
I/AudioSystem(  144): AudioSystem releaseOutput() output 2
I/AudioFlinger(  144): AudioFlinger PlaybackThread::destroyTrack_l()
I/dalvikvm(  738): Could not find method android.view.accessibility.AccessibilityNodeInfo.setCanOpenPopup, referenced from method o.iD.onInitializeAccessibilityNodeInfo
W/dalvikvm(  738): VFY: unable to resolve virtual method 1655: Landroid/view/accessibility/AccessibilityNodeInfo;.setCanOpenPopup (Z)V
D/dalvikvm(  738): VFY: replacing opcode 0x6e at 0x0014
I/ActivityManager(  470): START u0 {act=android.settings.MANAGE_ALL_APPLICATIONS_SETTINGS flg=0x14800000 cmp=com.android.settings/.Settings$ManageApplicationsActivity} from pid 738
I/AudioSystem(  470): getFrameCount() streamType 1, output 2, frameCount 1024
I/AudioSystem(  470): getSamplingRate() reading from output desc
I/AudioSystem(  470): getSamplingRate() streamType 1, output 2, sampling rate 44100
I/AudioTrack(  470): set() streamType 1 frameCount 4096 flags 0004 sampleRate 44100
I/AudioTrack(  470): AudioTrack getOutput streamType 1, sampleRate 44100, format 1, channelMask 1, flags 4
I/AudioTrack(  470): AudioTrack::createTrack_l sampleRate=44100 format=1
I/AudioTrack(  470): createTrack_l() output 2 afLatency 69
I/AudioTrack(  470): AudioTrack::createTrack_l createTrack() sampleRate=44100
I/AudioFlinger(  144): AudioFlinger createTrack() sampleRate=44100 streamType=1
I/AudioFlinger(  144): createTrack() sessionId: 0
I/AudioFlinger(  144): AudioFlinger createTrack() lSessionId: 473 sampleRate=44100
I/AudioFlinger(  144): AudioFlinger createTrack() done
I/AudioFlinger(  144): AudioFlinger ~TrackHandle()
I/AudioFlinger(  144): AudioFlinger PlaybackThread::Track::destroy() releaseOutput()
I/AudioSystem(  144): AudioSystem releaseOutput() output 2
I/AudioFlinger(  144): AudioFlinger PlaybackThread::destroyTrack_l()
D/dalvikvm(  470): GC_FOR_ALLOC freed 421K, 20% free 13286K/16556K, paused 66ms, total 66ms
W/ContextImpl( 4127): Calling a method in the system process without a qualified user: android.app.ContextImpl.bindService:1458 android.content.ContextWrapper.bindService:473 com.android.settings.applications.ManageApplications.onCreate:849 android.app.Fragment.performCreate:1673 android.app.FragmentManagerImpl.moveToState:854 
D/android.widget.GridLayout( 4127): vertical constraints: y3-y0>=64, y3-y2<=27, y2-y1<=0, y1-y0<=36 are inconsistent; permanently removing: y3-y2<=27. 
D/android.widget.GridLayout( 4127): vertical constraints: y3-y0>=64, y3-y2<=27, y2-y1<=0, y1-y0<=36 are inconsistent; permanently removing: y3-y2<=27. 
D/android.widget.GridLayout( 4127): vertical constraints: y3-y0>=64, y3-y2<=27, y2-y1<=0, y1-y0<=36 are inconsistent; permanently removing: y3-y2<=27. 
D/android.widget.GridLayout( 4127): vertical constraints: y3-y0>=64, y3-y2<=27, y2-y1<=0, y1-y0<=36 are inconsistent; permanently removing: y3-y2<=27. 
D/android.widget.GridLayout( 4127): vertical constraints: y3-y0>=64, y3-y2<=27, y2-y1<=0, y1-y0<=36 are inconsistent; permanently removing: y3-y2<=27. 
D/android.widget.GridLayout( 4127): vertical constraints: y3-y0>=64, y3-y2<=27, y2-y1<=0, y1-y0<=36 are inconsistent; permanently removing: y3-y2<=27. 
D/android.widget.GridLayout( 4127): vertical constraints: y3-y0>=64, y3-y2<=27, y2-y1<=0, y1-y0<=36 are inconsistent; permanently removing: y3-y2<=27. 
I/ActivityManager(  470): Displayed com.android.settings/.Settings$ManageApplicationsActivity: +350ms
D/android.widget.GridLayout( 4127): vertical constraints: y2-y0>=64, y2-y1<=27, y1-y0<=36 are inconsistent; permanently removing: y2-y1<=27. 
D/android.widget.GridLayout( 4127): vertical constraints: y2-y0>=64, y2-y1<=27, y1-y0<=36 are inconsistent; permanently removing: y2-y1<=27. 
D/android.widget.GridLayout( 4127): vertical constraints: y2-y0>=64, y2-y1<=27, y1-y0<=36 are inconsistent; permanently removing: y2-y1<=27. 
D/android.widget.GridLayout( 4127): vertical constraints: y2-y0>=64, y2-y1<=27, y1-y0<=36 are inconsistent; permanently removing: y2-y1<=27. 
D/android.widget.GridLayout( 4127): vertical constraints: y2-y0>=64, y2-y1<=27, y1-y0<=36 are inconsistent; permanently removing: y2-y1<=27. 
D/android.widget.GridLayout( 4127): vertical constraints: y2-y0>=64, y2-y1<=27, y1-y0<=36 are inconsistent; permanently removing: y2-y1<=27. 
D/android.widget.GridLayout( 4127): vertical constraints: y2-y0>=64, y2-y1<=27, y1-y0<=36 are inconsistent; permanently removing: y2-y1<=27. 
I/ConnectivityManager( 1529): getActiveNetworkInfo networkInfo=null unetDeviceName=
D/LMT::Launcher( 1529): Fire action type: 3, string: null, pos: null
I/ActivityManager(  470): START u0 {act=android.intent.action.MAIN cat=[android.intent.category.HOME] flg=0x10000000 cmp=com.teslacoilsw.launcher/com.android.launcher2.Launcher} from pid 1529
D/dalvikvm(  470): GC_FOR_ALLOC freed 1414K, 20% free 13333K/16556K, paused 72ms, total 73ms
D/CarbonRenderer(  671): ONRESUME
D/CarbonRenderer(  671): checkAndLoadSettings()
D/CarbonRenderer(  671): ONSURFACECREATED
D/CarbonRenderer(  671): ONSURFACECHANGED
D/CarbonRenderer(  671): onSharedPreferenceChanged()
D/CarbonRenderer(  671): checkAndLoadSettings()
D/CarbonRenderer(  671): GetShaderIdentifiers() 
I/AudioSystem(  470): getFrameCount() streamType 1, output 2, frameCount 1024
I/AudioSystem(  470): getSamplingRate() reading from output desc
I/AudioSystem(  470): getSamplingRate() streamType 1, output 2, sampling rate 44100
I/AudioTrack(  470): set() streamType 1 frameCount 4096 flags 0004 sampleRate 44100
I/AudioTrack(  470): AudioTrack getOutput streamType 1, sampleRate 44100, format 1, channelMask 1, flags 4
I/AudioTrack(  470): AudioTrack::createTrack_l sampleRate=44100 format=1
I/AudioTrack(  470): createTrack_l() output 2 afLatency 69
I/AudioTrack(  470): AudioTrack::createTrack_l createTrack() sampleRate=44100
I/AudioFlinger(  144): AudioFlinger createTrack() sampleRate=44100 streamType=1
I/AudioFlinger(  144): createTrack() sessionId: 0
I/AudioFlinger(  144): AudioFlinger createTrack() lSessionId: 474 sampleRate=44100
I/AudioFlinger(  144): AudioFlinger createTrack() done
I/AudioFlinger(  144): AudioFlinger ~TrackHandle()
I/AudioFlinger(  144): AudioFlinger PlaybackThread::Track::destroy() releaseOutput()
I/AudioSystem(  144): AudioSystem releaseOutput() output 2
I/AudioFlinger(  144): AudioFlinger PlaybackThread::destroyTrack_l()
I/ActivityManager(  470): START u0 {act=com.android.systemui.recent.action.TOGGLE_RECENTS flg=0x10800000 cmp=com.android.systemui/.recent.RecentsActivity (has extras)} from pid 574
D/dalvikvm(  470): GC_FOR_ALLOC freed 169K, 19% free 13471K/16556K, paused 77ms, total 77ms
I/dalvikvm-heap(  470): Grow heap (frag case) to 15.744MB for 251120-byte allocation
D/dalvikvm(  470): GC_FOR_ALLOC freed 7K, 19% free 13711K/16804K, paused 63ms, total 63ms
I/dalvikvm-heap(  470): Grow heap (frag case) to 15.978MB for 251120-byte allocation
D/dalvikvm(  574): GC_FOR_ALLOC freed 1231K, 28% free 11046K/15340K, paused 29ms, total 29ms
I/dalvikvm-heap(  574): Grow heap (frag case) to 13.376MB for 251120-byte allocation
D/dalvikvm(  574): GC_FOR_ALLOC freed 612K, 32% free 10724K/15588K, paused 35ms, total 35ms
D/CarbonRenderer(  671): ONPAUSE
I/AudioSystem(  470): getFrameCount() streamType 1, output 2, frameCount 1024
I/AudioSystem(  470): getSamplingRate() reading from output desc
I/AudioSystem(  470): getSamplingRate() streamType 1, output 2, sampling rate 44100
I/AudioTrack(  470): set() streamType 1 frameCount 4096 flags 0004 sampleRate 44100
I/AudioTrack(  470): AudioTrack getOutput streamType 1, sampleRate 44100, format 1, channelMask 1, flags 4
I/AudioTrack(  470): AudioTrack::createTrack_l sampleRate=44100 format=1
I/AudioTrack(  470): createTrack_l() output 2 afLatency 69
I/AudioTrack(  470): AudioTrack::createTrack_l createTrack() sampleRate=44100
I/AudioFlinger(  144): AudioFlinger createTrack() sampleRate=44100 streamType=1
I/AudioFlinger(  144): createTrack() sessionId: 0
I/AudioFlinger(  144): AudioFlinger createTrack() lSessionId: 475 sampleRate=44100
I/AudioFlinger(  144): AudioFlinger createTrack() done
I/AudioFlinger(  144): AudioFlinger ~TrackHandle()
I/AudioFlinger(  144): AudioFlinger PlaybackThread::Track::destroy() releaseOutput()
I/AudioSystem(  144): AudioSystem releaseOutput() output 2
I/AudioFlinger(  144): AudioFlinger PlaybackThread::destroyTrack_l()
D/dalvikvm(  470): GC_FOR_ALLOC freed 561K, 21% free 13475K/17052K, paused 60ms, total 60ms
I/InputAttributes(  691): InputType.TYPE_NULL is specified
W/audio_hw_primary(  144): out_write() limiting sleep time 34284 to 23219
W/audio_hw_primary(  144): out_write() limiting sleep time 33559 to 23219
W/audio_hw_primary(  144): out_write() limiting sleep time 34284 to 23219
W/audio_hw_primary(  144): out_write() limiting sleep time 33921 to 23219
W/audio_hw_primary(  144): out_write() limiting sleep time 34284 to 23219
I/AudioSystem(  470): getFrameCount() streamType 1, output 2, frameCount 1024
I/AudioSystem(  470): getSamplingRate() reading from output desc
I/AudioSystem(  470): getSamplingRate() streamType 1, output 2, sampling rate 44100
I/AudioTrack(  470): set() streamType 1 frameCount 4096 flags 0004 sampleRate 44100
I/AudioTrack(  470): AudioTrack getOutput streamType 1, sampleRate 44100, format 1, channelMask 1, flags 4
I/AudioTrack(  470): AudioTrack::createTrack_l sampleRate=44100 format=1
I/AudioTrack(  470): createTrack_l() output 2 afLatency 69
I/AudioTrack(  470): AudioTrack::createTrack_l createTrack() sampleRate=44100
I/AudioFlinger(  144): AudioFlinger createTrack() sampleRate=44100 streamType=1
I/AudioFlinger(  144): createTrack() sessionId: 0
I/AudioFlinger(  144): AudioFlinger createTrack() lSessionId: 476 sampleRate=44100
I/AudioFlinger(  144): AudioFlinger createTrack() done
I/AudioFlinger(  144): AudioFlinger ~TrackHandle()
I/AudioFlinger(  144): AudioFlinger PlaybackThread::Track::destroy() releaseOutput()
I/AudioSystem(  144): AudioSystem releaseOutput() output 2
I/AudioFlinger(  144): AudioFlinger PlaybackThread::destroyTrack_l()
I/AudioSystem(  470): getFrameCount() streamType 1, output 2, frameCount 1024
I/AudioSystem(  470): getSamplingRate() reading from output desc
I/AudioSystem(  470): getSamplingRate() streamType 1, output 2, sampling rate 44100
I/AudioTrack(  470): set() streamType 1 frameCount 4096 flags 0004 sampleRate 44100
I/AudioTrack(  470): AudioTrack getOutput streamType 1, sampleRate 44100, format 1, channelMask 1, flags 4
I/AudioTrack(  470): AudioTrack::createTrack_l sampleRate=44100 format=1
I/AudioTrack(  470): createTrack_l() output 2 afLatency 69
I/AudioTrack(  470): AudioTrack::createTrack_l createTrack() sampleRate=44100
I/AudioFlinger(  144): AudioFlinger createTrack() sampleRate=44100 streamType=1
I/AudioFlinger(  144): createTrack() sessionId: 0
I/AudioFlinger(  144): AudioFlinger createTrack() lSessionId: 477 sampleRate=44100
I/AudioFlinger(  144): AudioFlinger createTrack() done
I/AudioFlinger(  144): AudioFlinger ~TrackHandle()
I/AudioFlinger(  144): AudioFlinger PlaybackThread::Track::destroy() releaseOutput()
I/AudioSystem(  144): AudioSystem releaseOutput() output 2
I/AudioFlinger(  144): AudioFlinger PlaybackThread::destroyTrack_l()
I/AudioSystem(  470): getFrameCount() streamType 1, output 2, frameCount 1024
I/AudioSystem(  470): getSamplingRate() reading from output desc
I/AudioSystem(  470): getSamplingRate() streamType 1, output 2, sampling rate 44100
I/AudioTrack(  470): set() streamType 1 frameCount 4096 flags 0004 sampleRate 44100
I/AudioTrack(  470): AudioTrack getOutput streamType 1, sampleRate 44100, format 1, channelMask 1, flags 4
I/AudioTrack(  470): AudioTrack::createTrack_l sampleRate=44100 format=1
I/AudioTrack(  470): createTrack_l() output 2 afLatency 69
I/AudioTrack(  470): AudioTrack::createTrack_l createTrack() sampleRate=44100
I/AudioFlinger(  144): AudioFlinger createTrack() sampleRate=44100 streamType=1
I/AudioFlinger(  144): createTrack() sessionId: 0
I/AudioFlinger(  144): AudioFlinger createTrack() lSessionId: 478 sampleRate=44100
I/AudioFlinger(  144): AudioFlinger createTrack() done
I/AudioFlinger(  144): AudioFlinger ~TrackHandle()
I/AudioFlinger(  144): AudioFlinger PlaybackThread::Track::destroy() releaseOutput()
I/AudioSystem(  144): AudioSystem releaseOutput() output 2
I/AudioFlinger(  144): AudioFlinger PlaybackThread::destroyTrack_l()
I/AudioSystem(  470): getFrameCount() streamType 1, output 2, frameCount 1024
I/AudioSystem(  470): getSamplingRate() reading from output desc
I/AudioSystem(  470): getSamplingRate() streamType 1, output 2, sampling rate 44100
I/AudioTrack(  470): set() streamType 1 frameCount 4096 flags 0004 sampleRate 44100
I/AudioTrack(  470): AudioTrack getOutput streamType 1, sampleRate 44100, format 1, channelMask 1, flags 4
I/AudioTrack(  470): AudioTrack::createTrack_l sampleRate=44100 format=1
I/AudioTrack(  470): createTrack_l() output 2 afLatency 69
I/AudioTrack(  470): AudioTrack::createTrack_l createTrack() sampleRate=44100
I/AudioFlinger(  144): AudioFlinger createTrack() sampleRate=44100 streamType=1
I/AudioFlinger(  144): createTrack() sessionId: 0
I/AudioFlinger(  144): AudioFlinger createTrack() lSessionId: 479 sampleRate=44100
I/AudioFlinger(  144): AudioFlinger createTrack() done
I/AudioFlinger(  144): AudioFlinger ~TrackHandle()
I/AudioFlinger(  144): AudioFlinger PlaybackThread::Track::destroy() releaseOutput()
I/AudioSystem(  144): AudioSystem releaseOutput() output 2
I/AudioFlinger(  144): AudioFlinger PlaybackThread::destroyTrack_l()
I/AudioSystem(  470): getFrameCount() streamType 1, output 2, frameCount 1024
I/AudioSystem(  470): getSamplingRate() reading from output desc
I/AudioSystem(  470): getSamplingRate() streamType 1, output 2, sampling rate 44100
I/AudioTrack(  470): set() streamType 1 frameCount 4096 flags 0004 sampleRate 44100
I/AudioTrack(  470): AudioTrack getOutput streamType 1, sampleRate 44100, format 1, channelMask 1, flags 4
I/AudioTrack(  470): AudioTrack::createTrack_l sampleRate=44100 format=1
I/AudioTrack(  470): createTrack_l() output 2 afLatency 69
I/AudioTrack(  470): AudioTrack::createTrack_l createTrack() sampleRate=44100
I/AudioFlinger(  144): AudioFlinger createTrack() sampleRate=44100 streamType=1
I/AudioFlinger(  144): createTrack() sessionId: 0
I/AudioFlinger(  144): AudioFlinger createTrack() lSessionId: 480 sampleRate=44100
I/AudioFlinger(  144): AudioFlinger createTrack() done
I/AudioFlinger(  144): AudioFlinger ~TrackHandle()
I/AudioFlinger(  144): AudioFlinger PlaybackThread::Track::destroy() releaseOutput()
I/AudioSystem(  144): AudioSystem releaseOutput() output 2
I/AudioFlinger(  144): AudioFlinger PlaybackThread::destroyTrack_l()
I/AudioSystem(  470): getFrameCount() streamType 1, output 2, frameCount 1024
I/AudioSystem(  470): getSamplingRate() reading from output desc
I/AudioSystem(  470): getSamplingRate() streamType 1, output 2, sampling rate 44100
I/AudioTrack(  470): set() streamType 1 frameCount 4096 flags 0004 sampleRate 44100
I/AudioTrack(  470): AudioTrack getOutput streamType 1, sampleRate 44100, format 1, channelMask 1, flags 4
I/AudioTrack(  470): AudioTrack::createTrack_l sampleRate=44100 format=1
I/AudioTrack(  470): createTrack_l() output 2 afLatency 69
I/AudioTrack(  470): AudioTrack::createTrack_l createTrack() sampleRate=44100
I/AudioFlinger(  144): AudioFlinger createTrack() sampleRate=44100 streamType=1
I/AudioFlinger(  144): createTrack() sessionId: 0
I/AudioFlinger(  144): AudioFlinger createTrack() lSessionId: 481 sampleRate=44100
I/AudioFlinger(  144): AudioFlinger createTrack() done
I/AudioFlinger(  144): AudioFlinger ~TrackHandle()
I/AudioFlinger(  144): AudioFlinger PlaybackThread::Track::destroy() releaseOutput()
I/AudioSystem(  144): AudioSystem releaseOutput() output 2
I/AudioFlinger(  144): AudioFlinger PlaybackThread::destroyTrack_l()
I/AudioSystem(  470): getFrameCount() streamType 1, output 2, frameCount 1024
I/AudioSystem(  470): getSamplingRate() reading from output desc
I/AudioSystem(  470): getSamplingRate() streamType 1, output 2, sampling rate 44100
I/AudioTrack(  470): set() streamType 1 frameCount 4096 flags 0004 sampleRate 44100
I/AudioTrack(  470): AudioTrack getOutput streamType 1, sampleRate 44100, format 1, channelMask 1, flags 4
I/AudioTrack(  470): AudioTrack::createTrack_l sampleRate=44100 format=1
I/AudioTrack(  470): createTrack_l() output 2 afLatency 69
I/AudioTrack(  470): AudioTrack::createTrack_l createTrack() sampleRate=44100
I/AudioFlinger(  144): AudioFlinger createTrack() sampleRate=44100 streamType=1
I/AudioFlinger(  144): createTrack() sessionId: 0
I/AudioFlinger(  144): AudioFlinger createTrack() lSessionId: 482 sampleRate=44100
I/AudioFlinger(  144): AudioFlinger createTrack() done
I/AudioFlinger(  144): AudioFlinger ~TrackHandle()
I/AudioFlinger(  144): AudioFlinger PlaybackThread::Track::destroy() releaseOutput()
I/AudioSystem(  144): AudioSystem releaseOutput() output 2
I/AudioFlinger(  144): AudioFlinger PlaybackThread::destroyTrack_l()
I/AudioSystem(  470): getFrameCount() streamType 1, output 2, frameCount 1024
I/AudioSystem(  470): getSamplingRate() reading from output desc
I/AudioSystem(  470): getSamplingRate() streamType 1, output 2, sampling rate 44100
I/AudioTrack(  470): set() streamType 1 frameCount 4096 flags 0004 sampleRate 44100
I/AudioTrack(  470): AudioTrack getOutput streamType 1, sampleRate 44100, format 1, channelMask 1, flags 4
I/AudioTrack(  470): AudioTrack::createTrack_l sampleRate=44100 format=1
I/AudioTrack(  470): createTrack_l() output 2 afLatency 69
I/AudioTrack(  470): AudioTrack::createTrack_l createTrack() sampleRate=44100
I/AudioFlinger(  144): AudioFlinger createTrack() sampleRate=44100 streamType=1
I/AudioFlinger(  144): createTrack() sessionId: 0
I/AudioFlinger(  144): AudioFlinger createTrack() lSessionId: 483 sampleRate=44100
I/AudioFlinger(  144): AudioFlinger createTrack() done
E/LatinIME(  691): Backspace when we don't know the selection position
I/AudioFlinger(  144): AudioFlinger ~TrackHandle()
I/AudioFlinger(  144): AudioFlinger PlaybackThread::Track::destroy() releaseOutput()
I/AudioSystem(  144): AudioSystem releaseOutput() output 2
I/AudioFlinger(  144): AudioFlinger PlaybackThread::destroyTrack_l()
E/LatinIME(  691): Backspace when we don't know the selection position
I/AudioSystem(  470): getFrameCount() streamType 1, output 2, frameCount 1024
I/AudioSystem(  470): getSamplingRate() reading from output desc
I/AudioSystem(  470): getSamplingRate() streamType 1, output 2, sampling rate 44100
I/AudioTrack(  470): set() streamType 1 frameCount 4096 flags 0004 sampleRate 44100
I/AudioTrack(  470): AudioTrack getOutput streamType 1, sampleRate 44100, format 1, channelMask 1, flags 4
I/AudioTrack(  470): AudioTrack::createTrack_l sampleRate=44100 format=1
I/AudioTrack(  470): createTrack_l() output 2 afLatency 69
I/AudioTrack(  470): AudioTrack::createTrack_l createTrack() sampleRate=44100
I/AudioFlinger(  144): AudioFlinger createTrack() sampleRate=44100 streamType=1
I/AudioFlinger(  144): createTrack() sessionId: 0
I/AudioFlinger(  144): AudioFlinger createTrack() lSessionId: 484 sampleRate=44100
I/AudioFlinger(  144): AudioFlinger createTrack() done
I/AudioFlinger(  144): AudioFlinger ~TrackHandle()
I/AudioFlinger(  144): AudioFlinger PlaybackThread::Track::destroy() releaseOutput()
I/AudioSystem(  144): AudioSystem releaseOutput() output 2
I/AudioFlinger(  144): AudioFlinger PlaybackThread::destroyTrack_l()
E/LatinIME(  691): Backspace when we don't know the selection position
I/AudioSystem(  470): getFrameCount() streamType 1, output 2, frameCount 1024
I/AudioSystem(  470): getSamplingRate() reading from output desc
I/AudioSystem(  470): getSamplingRate() streamType 1, output 2, sampling rate 44100
I/AudioTrack(  470): set() streamType 1 frameCount 4096 flags 0004 sampleRate 44100
I/AudioTrack(  470): AudioTrack getOutput streamType 1, sampleRate 44100, format 1, channelMask 1, flags 4
I/AudioTrack(  470): AudioTrack::createTrack_l sampleRate=44100 format=1
I/AudioTrack(  470): createTrack_l() output 2 afLatency 69
I/AudioTrack(  470): AudioTrack::createTrack_l createTrack() sampleRate=44100
I/AudioFlinger(  144): AudioFlinger createTrack() sampleRate=44100 streamType=1
I/AudioFlinger(  144): createTrack() sessionId: 0
I/AudioFlinger(  144): AudioFlinger createTrack() lSessionId: 485 sampleRate=44100
I/AudioFlinger(  144): AudioFlinger createTrack() done
I/AudioFlinger(  144): AudioFlinger ~TrackHandle()
I/AudioFlinger(  144): AudioFlinger PlaybackThread::Track::destroy() releaseOutput()
I/AudioSystem(  144): AudioSystem releaseOutput() output 2
I/AudioFlinger(  144): AudioFlinger PlaybackThread::destroyTrack_l()
I/AudioSystem(  470): getFrameCount() streamType 1, output 2, frameCount 1024
E/LatinIME(  691): Backspace when we don't know the selection position
I/AudioSystem(  470): getSamplingRate() reading from output desc
I/AudioSystem(  470): getSamplingRate() streamType 1, output 2, sampling rate 44100
I/AudioTrack(  470): set() streamType 1 frameCount 4096 flags 0004 sampleRate 44100
I/AudioTrack(  470): AudioTrack getOutput streamType 1, sampleRate 44100, format 1, channelMask 1, flags 4
I/AudioTrack(  470): AudioTrack::createTrack_l sampleRate=44100 format=1
I/AudioTrack(  470): createTrack_l() output 2 afLatency 69
I/AudioTrack(  470): AudioTrack::createTrack_l createTrack() sampleRate=44100
I/AudioFlinger(  144): AudioFlinger createTrack() sampleRate=44100 streamType=1
I/AudioFlinger(  144): createTrack() sessionId: 0
I/AudioFlinger(  144): AudioFlinger createTrack() lSessionId: 486 sampleRate=44100
I/AudioFlinger(  144): AudioFlinger createTrack() done
I/AudioFlinger(  144): AudioFlinger ~TrackHandle()
I/AudioFlinger(  144): AudioFlinger PlaybackThread::Track::destroy() releaseOutput()
I/AudioSystem(  144): AudioSystem releaseOutput() output 2
I/AudioFlinger(  144): AudioFlinger PlaybackThread::destroyTrack_l()
I/AudioSystem(  470): getFrameCount() streamType 1, output 2, frameCount 1024
I/AudioSystem(  470): getSamplingRate() reading from output desc
I/AudioSystem(  470): getSamplingRate() streamType 1, output 2, sampling rate 44100
I/AudioTrack(  470): set() streamType 1 frameCount 4096 flags 0004 sampleRate 44100
I/AudioTrack(  470): AudioTrack getOutput streamType 1, sampleRate 44100, format 1, channelMask 1, flags 4
I/AudioTrack(  470): AudioTrack::createTrack_l sampleRate=44100 format=1
I/AudioTrack(  470): createTrack_l() output 2 afLatency 69
I/AudioTrack(  470): AudioTrack::createTrack_l createTrack() sampleRate=44100
I/AudioFlinger(  144): AudioFlinger createTrack() sampleRate=44100 streamType=1
I/AudioFlinger(  144): createTrack() sessionId: 0
I/AudioFlinger(  144): AudioFlinger createTrack() lSessionId: 487 sampleRate=44100
I/AudioFlinger(  144): AudioFlinger createTrack() done
I/AudioFlinger(  144): AudioFlinger ~TrackHandle()
I/AudioFlinger(  144): AudioFlinger PlaybackThread::Track::destroy() releaseOutput()
I/AudioSystem(  144): AudioSystem releaseOutput() output 2
I/AudioFlinger(  144): AudioFlinger PlaybackThread::destroyTrack_l()
I/AudioSystem(  470): getFrameCount() streamType 1, output 2, frameCount 1024
I/AudioSystem(  470): getSamplingRate() reading from output desc
I/AudioSystem(  470): getSamplingRate() streamType 1, output 2, sampling rate 44100
I/AudioTrack(  470): set() streamType 1 frameCount 4096 flags 0004 sampleRate 44100
I/AudioTrack(  470): AudioTrack getOutput streamType 1, sampleRate 44100, format 1, channelMask 1, flags 4
I/AudioTrack(  470): AudioTrack::createTrack_l sampleRate=44100 format=1
I/AudioTrack(  470): createTrack_l() output 2 afLatency 69
I/AudioTrack(  470): AudioTrack::createTrack_l createTrack() sampleRate=44100
I/AudioFlinger(  144): AudioFlinger createTrack() sampleRate=44100 streamType=1
I/AudioFlinger(  144): createTrack() sessionId: 0
I/AudioFlinger(  144): AudioFlinger createTrack() lSessionId: 488 sampleRate=44100
I/AudioFlinger(  144): AudioFlinger createTrack() done
I/AudioFlinger(  144): AudioFlinger ~TrackHandle()
I/AudioFlinger(  144): AudioFlinger PlaybackThread::Track::destroy() releaseOutput()
I/AudioSystem(  144): AudioSystem releaseOutput() output 2
I/AudioFlinger(  144): AudioFlinger PlaybackThread::destroyTrack_l()
I/AudioSystem(  470): getFrameCount() streamType 1, output 2, frameCount 1024
I/AudioSystem(  470): getSamplingRate() reading from output desc
I/AudioSystem(  470): getSamplingRate() streamType 1, output 2, sampling rate 44100
I/AudioTrack(  470): set() streamType 1 frameCount 4096 flags 0004 sampleRate 44100
I/AudioTrack(  470): AudioTrack getOutput streamType 1, sampleRate 44100, format 1, channelMask 1, flags 4
I/AudioTrack(  470): AudioTrack::createTrack_l sampleRate=44100 format=1
I/AudioTrack(  470): createTrack_l() output 2 afLatency 69
I/AudioTrack(  470): AudioTrack::createTrack_l createTrack() sampleRate=44100
I/AudioFlinger(  144): AudioFlinger createTrack() sampleRate=44100 streamType=1
I/AudioFlinger(  144): createTrack() sessionId: 0
I/AudioFlinger(  144): AudioFlinger createTrack() lSessionId: 489 sampleRate=44100
I/AudioFlinger(  144): AudioFlinger createTrack() done
I/AudioFlinger(  144): AudioFlinger ~TrackHandle()
I/AudioFlinger(  144): AudioFlinger PlaybackThread::Track::destroy() releaseOutput()
I/AudioSystem(  144): AudioSystem releaseOutput() output 2
I/AudioFlinger(  144): AudioFlinger PlaybackThread::destroyTrack_l()
W/audio_hw_primary(  144): out_write() limiting sleep time 34284 to 23219
W/audio_hw_primary(  144): out_write() limiting sleep time 34827 to 23219
I/AudioSystem(  470): getFrameCount() streamType 1, output 2, frameCount 1024
I/AudioSystem(  470): getSamplingRate() reading from output desc
I/AudioSystem(  470): getSamplingRate() streamType 1, output 2, sampling rate 44100
I/AudioTrack(  470): set() streamType 1 frameCount 4096 flags 0004 sampleRate 44100
I/AudioTrack(  470): AudioTrack getOutput streamType 1, sampleRate 44100, format 1, channelMask 1, flags 4
I/AudioTrack(  470): AudioTrack::createTrack_l sampleRate=44100 format=1
I/AudioTrack(  470): createTrack_l() output 2 afLatency 69
I/AudioTrack(  470): AudioTrack::createTrack_l createTrack() sampleRate=44100
I/AudioFlinger(  144): AudioFlinger createTrack() sampleRate=44100 streamType=1
I/AudioFlinger(  144): createTrack() sessionId: 0
I/AudioFlinger(  144): AudioFlinger createTrack() lSessionId: 490 sampleRate=44100
I/AudioFlinger(  144): AudioFlinger createTrack() done
I/AudioFlinger(  144): AudioFlinger ~TrackHandle()
I/AudioFlinger(  144): AudioFlinger PlaybackThread::Track::destroy() releaseOutput()
I/AudioSystem(  144): AudioSystem releaseOutput() output 2
I/AudioFlinger(  144): AudioFlinger PlaybackThread::destroyTrack_l()
I/AudioSystem(  470): getFrameCount() streamType 1, output 2, frameCount 1024
I/AudioSystem(  470): getSamplingRate() reading from output desc
I/AudioSystem(  470): getSamplingRate() streamType 1, output 2, sampling rate 44100
I/AudioTrack(  470): set() streamType 1 frameCount 4096 flags 0004 sampleRate 44100
I/AudioTrack(  470): AudioTrack getOutput streamType 1, sampleRate 44100, format 1, channelMask 1, flags 4
I/AudioTrack(  470): AudioTrack::createTrack_l sampleRate=44100 format=1
I/AudioTrack(  470): createTrack_l() output 2 afLatency 69
I/AudioTrack(  470): AudioTrack::createTrack_l createTrack() sampleRate=44100
I/AudioFlinger(  144): AudioFlinger createTrack() sampleRate=44100 streamType=1
I/AudioFlinger(  144): createTrack() sessionId: 0
I/AudioFlinger(  144): AudioFlinger createTrack() lSessionId: 491 sampleRate=44100
I/AudioFlinger(  144): AudioFlinger createTrack() done
I/AudioFlinger(  144): AudioFlinger ~TrackHandle()
I/AudioFlinger(  144): AudioFlinger PlaybackThread::Track::destroy() releaseOutput()
I/AudioSystem(  144): AudioSystem releaseOutput() output 2
I/AudioFlinger(  144): AudioFlinger PlaybackThread::destroyTrack_l()
I/AudioSystem(  470): getFrameCount() streamType 1, output 2, frameCount 1024
I/AudioSystem(  470): getSamplingRate() reading from output desc
I/AudioSystem(  470): getSamplingRate() streamType 1, output 2, sampling rate 44100
I/AudioTrack(  470): set() streamType 1 frameCount 4096 flags 0004 sampleRate 44100
I/AudioTrack(  470): AudioTrack getOutput streamType 1, sampleRate 44100, format 1, channelMask 1, flags 4
I/AudioTrack(  470): AudioTrack::createTrack_l sampleRate=44100 format=1
I/AudioTrack(  470): createTrack_l() output 2 afLatency 69
I/AudioTrack(  470): AudioTrack::createTrack_l createTrack() sampleRate=44100
I/AudioFlinger(  144): AudioFlinger createTrack() sampleRate=44100 streamType=1
I/AudioFlinger(  144): createTrack() sessionId: 0
I/AudioFlinger(  144): AudioFlinger createTrack() lSessionId: 492 sampleRate=44100
I/AudioFlinger(  144): AudioFlinger createTrack() done
I/AudioFlinger(  144): AudioFlinger ~TrackHandle()
I/AudioFlinger(  144): AudioFlinger PlaybackThread::Track::destroy() releaseOutput()
I/AudioSystem(  144): AudioSystem releaseOutput() output 2
I/AudioFlinger(  144): AudioFlinger PlaybackThread::destroyTrack_l()
I/AudioSystem(  470): getFrameCount() streamType 1, output 2, frameCount 1024
I/AudioSystem(  470): getSamplingRate() reading from output desc
I/AudioSystem(  470): getSamplingRate() streamType 1, output 2, sampling rate 44100
I/AudioTrack(  470): set() streamType 1 frameCount 4096 flags 0004 sampleRate 44100
I/AudioTrack(  470): AudioTrack getOutput streamType 1, sampleRate 44100, format 1, channelMask 1, flags 4
I/AudioTrack(  470): AudioTrack::createTrack_l sampleRate=44100 format=1
I/AudioTrack(  470): createTrack_l() output 2 afLatency 69
I/AudioTrack(  470): AudioTrack::createTrack_l createTrack() sampleRate=44100
I/AudioFlinger(  144): AudioFlinger createTrack() sampleRate=44100 streamType=1
I/AudioFlinger(  144): createTrack() sessionId: 0
I/AudioFlinger(  144): AudioFlinger createTrack() lSessionId: 493 sampleRate=44100
I/AudioFlinger(  144): AudioFlinger createTrack() done
I/AudioFlinger(  144): AudioFlinger ~TrackHandle()
I/AudioFlinger(  144): AudioFlinger PlaybackThread::Track::destroy() releaseOutput()
I/AudioSystem(  144): AudioSystem releaseOutput() output 2
I/AudioFlinger(  144): AudioFlinger PlaybackThread::destroyTrack_l()
I/AudioSystem(  470): getFrameCount() streamType 1, output 2, frameCount 1024
I/AudioSystem(  470): getSamplingRate() reading from output desc
I/AudioSystem(  470): getSamplingRate() streamType 1, output 2, sampling rate 44100
I/AudioTrack(  470): set() streamType 1 frameCount 4096 flags 0004 sampleRate 44100
I/AudioTrack(  470): AudioTrack getOutput streamType 1, sampleRate 44100, format 1, channelMask 1, flags 4
I/AudioTrack(  470): AudioTrack::createTrack_l sampleRate=44100 format=1
I/AudioTrack(  470): createTrack_l() output 2 afLatency 69
I/AudioTrack(  470): AudioTrack::createTrack_l createTrack() sampleRate=44100
I/AudioFlinger(  144): AudioFlinger createTrack() sampleRate=44100 streamType=1
I/AudioFlinger(  144): createTrack() sessionId: 0
I/AudioFlinger(  144): AudioFlinger createTrack() lSessionId: 494 sampleRate=44100
I/AudioFlinger(  144): AudioFlinger createTrack() done
I/AudioFlinger(  144): AudioFlinger ~TrackHandle()
I/AudioFlinger(  144): AudioFlinger PlaybackThread::Track::destroy() releaseOutput()
I/AudioSystem(  144): AudioSystem releaseOutput() output 2
I/AudioFlinger(  144): AudioFlinger PlaybackThread::destroyTrack_l()
I/AudioSystem(  470): getFrameCount() streamType 1, output 2, frameCount 1024
I/AudioSystem(  470): getSamplingRate() reading from output desc
I/AudioSystem(  470): getSamplingRate() streamType 1, output 2, sampling rate 44100
I/AudioTrack(  470): set() streamType 1 frameCount 4096 flags 0004 sampleRate 44100
I/AudioTrack(  470): AudioTrack getOutput streamType 1, sampleRate 44100, format 1, channelMask 1, flags 4
I/AudioTrack(  470): AudioTrack::createTrack_l sampleRate=44100 format=1
I/AudioTrack(  470): createTrack_l() output 2 afLatency 69
I/AudioTrack(  470): AudioTrack::createTrack_l createTrack() sampleRate=44100
I/AudioFlinger(  144): AudioFlinger createTrack() sampleRate=44100 streamType=1
I/AudioFlinger(  144): createTrack() sessionId: 0
I/AudioFlinger(  144): AudioFlinger createTrack() lSessionId: 495 sampleRate=44100
I/AudioFlinger(  144): AudioFlinger createTrack() done
I/AudioFlinger(  144): AudioFlinger ~TrackHandle()
I/AudioFlinger(  144): AudioFlinger PlaybackThread::Track::destroy() releaseOutput()
I/AudioSystem(  144): AudioSystem releaseOutput() output 2
I/AudioFlinger(  144): AudioFlinger PlaybackThread::destroyTrack_l()
I/AudioSystem(  470): getFrameCount() streamType 1, output 2, frameCount 1024
