W/ContextImpl( 4127): Calling a method in the system process without a qualified user: android.app.ContextImpl.bindService:1458 android.content.ContextWrapper.bindService:473 com.android.settings.applications.ManageApplications.onCreate:849 android.app.Fragment.performCreate:1673 android.app.FragmentManagerImpl.moveToState:854 
I/ActivityManager(  470): Start proc com.android.defcontainer for service com.android.defcontainer/.DefaultContainerService: pid=4163 uid=10013 gids={50013, 1015, 2001, 1028}
I/ActivityManager(  470): START u0 {flg=0x10020000 cmp=ru.pccar/.Main} from pid 1496
I/ActivityManager(  470): moveTaskToBack: 3
I/ActivityManager(  470): START u0 {act=android.intent.action.MAIN cat=[android.intent.category.HOME] flg=0x10000000 cmp=com.teslacoilsw.launcher/com.android.launcher2.Launcher} from pid 1529
D/PhoneStatusBar(  574): disable: < expand ICONS* alerts TICKER* system_info back home recent CLOCK* search >
I/ActivityManager(  470): START u0 {act=android.intent.action.MAIN cat=[android.intent.category.LAUNCHER] flg=0x10000000 cmp=AutomateIt.mainPackage/automateItLib.mainPackage.AutomateItMainActivity bnds=[63,101][657,189]} from pid -1
D/PhoneStatusBar(  574): disable: < expand icons* alerts ticker* system_info back home recent clock* search >
E/ActivityThread( 3285): Failed to find provider info for com.facebook.katana.provider.AttributionIdProvider
E/ActivityThread( 3285): Failed to find provider info for com.facebook.katana.provider.AttributionIdProvider
I/AlarmManager(  470): ACCEPTED type=0 triggerAtTime=1391266252680 interval=0 PendingIntent=PendingIntent{413d8040: PendingIntentRecord{41447040 AutomateIt.mainPackage broadcastIntent}} idx=-2 search=null
W/ActivityManager(  470): Unable to start service Intent { act=com.google.android.gms.analytics.service.START (has extras) } U=0: not found
I/AlarmManager(  470): ACCEPTED type=3 triggerAtTime=3769658 interval=0 PendingIntent=PendingIntent{411cb9a0: PendingIntentRecord{41161998 android broadcastIntent}} idx=-2 search=null
W/ActivityManager(  470): Unable to start service Intent { act=com.google.android.gms.analytics.service.START (has extras) } U=0: not found
I/ActivityManager(  470): START u0 {cmp=AutomateIt.mainPackage/automateItLib.mainPackage.MyRulesActivity} from pid 3285
I/ActivityManager(  470): START u0 {act=android.intent.action.MAIN cat=[android.intent.category.HOME] flg=0x10000000 cmp=com.teslacoilsw.launcher/com.android.launcher2.Launcher} from pid 1529
I/ActivityManager(  470): START u0 {dat=uri::media019 flg=0x10000000 cmp=de.hinterhofapps.sliderwidget/.ActChangeVolume bnds=[1187,557][1247,617] (has extras)} from pid -1
W/ActivityManager(  470): Duplicate finish request for ActivityRecord{4158ed10 u0 de.hinterhofapps.sliderwidget/.ActChangeVolume}
W/ActivityManager(  470): Unable to start service Intent { act=com.google.android.gms.analytics.service.START (has extras) } U=0: not found
D/PhoneStatusBar(  574): disable: < expand ICONS* alerts TICKER* system_info back home recent CLOCK* search >
I/ActivityManager(  470): START u0 {act=android.intent.action.MAIN cat=[android.intent.category.LAUNCHER] flg=0x10000000 cmp=AutomateIt.mainPackage/automateItLib.mainPackage.AutomateItMainActivity bnds=[63,101][657,189]} from pid -1
D/PhoneStatusBar(  574): disable: < expand icons* alerts ticker* system_info back home recent clock* search >
W/ActivityManager(  470): Unable to start service Intent { act=com.google.android.gms.analytics.service.START (has extras) } U=0: not found
W/SocketClient(  139): write error (Broken pipe)
I/AlarmManager(  470): ACCEPTED type=3 triggerAtTime=3829658 interval=0 PendingIntent=PendingIntent{411cb9a0: PendingIntentRecord{41161998 android broadcastIntent}} idx=-2 search=null
W/InputMethodManagerService(  470): Window already focused, ignoring focus gain of: com.android.internal.view.IInputMethodClient$Stub$Proxy@411a29f0 attribute=android.view.inputmethod.EditorInfo@414dfba0, token = android.os.BinderProxy@41597a68
D/PhoneStatusBar(  574): disable: < expand icons alerts TICKER* SYSTEM_INFO* back home recent clock search >
I/ActivityManager(  470): START u0 {act=android.settings.SETTINGS flg=0x14000000 cmp=com.android.settings/.Settings} from pid 574
D/PhoneStatusBar(  574): disable: < expand icons alerts ticker* system_info* back home recent clock search >
I/ActivityManager(  470): START u0 {act=android.intent.action.MAIN cmp=com.android.settings/.SubSettings (has extras)} from pid 4127
W/ContextImpl( 4127): Calling a method in the system process without a qualified user: android.app.ContextImpl.bindService:1458 android.content.ContextWrapper.bindService:473 com.android.settings.applications.ManageApplications.onCreate:849 android.app.Fragment.performCreate:1673 android.app.FragmentManagerImpl.moveToState:854 
I/ActivityManager(  470): START u0 {flg=0x10020000 cmp=ru.pccar/.Main} from pid 1496
I/ActivityManager(  470): moveTaskToBack: 3
I/ActivityManager(  470): START u0 {act=android.intent.action.MAIN cat=[android.intent.category.HOME] flg=0x10000000 cmp=com.teslacoilsw.launcher/com.android.launcher2.Launcher} from pid 1529
I/AlarmManager(  470): ACCEPTED type=3 triggerAtTime=3889658 interval=0 PendingIntent=PendingIntent{411cb9a0: PendingIntentRecord{41161998 android broadcastIntent}} idx=-2 search=null
I/ActivityManager(  470): START u0 {flg=0x10020000 cmp=ru.pccar/.Main} from pid 1496
I/ActivityManager(  470): moveTaskToBack: 3
W/SocketClient(  139): write error (Broken pipe)
W/ThrottleService(  470): unable to find stats for iface rmnet0
I/AlarmManager(  470): ACCEPTED type=3 triggerAtTime=4449133 interval=0 PendingIntent=PendingIntent{41520640: PendingIntentRecord{415205a0 android broadcastIntent}} idx=-2 search=null
I/ActivityManager(  470): Start proc org.timur.powereventmgr for broadcast org.timur.powereventmgr/.PowerMonitorReceiver: pid=4678 uid=1000 gids={41000, 1015, 1028, 3002, 3001, 3003, 3007}
E/NotificationService(  470): Ignoring notification with icon==0: Notification(pri=0 contentView=null vibrate=null sound=content://settings/system/notification_sound defaults=0xfffffffc flags=0x0 kind=[null])
I/UsbHostManager(  470): usbDeviceRemoved deviceName=/dev/bus/usb/002/003
I/UsbHostManager(  470): usbDeviceRemoved deviceName=/dev/bus/usb/002/002
I/WiredAccessoryManager(  470): #### onUEvent ALSA_ID name=snd/pcmC2D0c action=remove
I/WiredAccessoryManager(  470): #### onUEvent ALSA_ID name=snd/controlC2 action=remove
W/ContextImpl( 4678): Calling a method in the system process without a qualified user: android.app.ContextImpl.startActivity:982 android.content.ContextWrapper.startActivity:284 android.content.ContextWrapper.startActivity:284 org.timur.powereventmgr.PowerMonitorReceiver.onReceive:144 android.app.ActivityThread.handleReceiver:2504 
W/ContextImpl( 4678): Calling a method in the system process without a qualified user: android.app.ContextImpl.startActivity:994 android.app.ContextImpl.startActivity:983 android.content.ContextWrapper.startActivity:284 android.content.ContextWrapper.startActivity:284 org.timur.powereventmgr.PowerMonitorReceiver.onReceive:144 
I/ActivityManager(  470): START u0 {flg=0x10010000 cmp=org.timur.powereventmgr/.PowerEventMgr} from pid 4678
I/UsbHostManager(  470): usbDeviceRemoved deviceName=/dev/bus/usb/002/001
I/ActivityManager(  470): Start proc com.google.android.apps.uploader for broadcast com.google.android.apps.uploader/com.google.android.picasasync.BatteryReceiver: pid=4697 uid=10056 gids={50056, 3003, 1015, 1028}
I/ActivityManager(  470): Start proc com.android.chrome for broadcast com.android.chrome/org.chromium.base.PowerStatusReceiver: pid=4713 uid=10081 gids={50081, 1006, 3003, 1015, 1028}
I/ActivityManager(  470): Start proc eu.chainfire.stickmount for broadcast eu.chainfire.stickmount/.StickMountReceiver: pid=4729 uid=10068 gids={50068, 1028, 1015}
I/ActivityManager(  470): Start proc eu.chainfire.supersu for broadcast eu.chainfire.supersu/.NativeAccessReceiver: pid=4794 uid=10077 gids={50077, 1028}
I/AlarmManager(  470): ACCEPTED type=3 triggerAtTime=3949658 interval=0 PendingIntent=PendingIntent{411cb9a0: PendingIntentRecord{41161998 android broadcastIntent}} idx=-2 search=null
W/ContextImpl( 4678): Calling a method in the system process without a qualified user: android.app.ContextImpl.sendBroadcast:1084 android.content.ContextWrapper.sendBroadcast:338 org.timur.powereventmgr.PowerEventMgr.gotoSleep:229 org.timur.powereventmgr.PowerEventMgr.access$100:27 org.timur.powereventmgr.PowerEventMgr$1.run:123 
I/ActivityManager(  470): Start proc com.android.cellbroadcastreceiver for broadcast com.android.cellbroadcastreceiver/.CellBroadcastReceiver: pid=4820 uid=10010 gids={50010, 1028}
I/PowerManagerService(  470): Going to sleep by user request...
I/AlarmManager(  470): ACCEPTED type=2 triggerAtTime=3927067 interval=0 PendingIntent=PendingIntent{415a5fe0: PendingIntentRecord{415b6e00 com.google.android.gms broadcastIntent}} idx=-2 search=null
I/PowerManagerService(  470): Waking up from sleep...
I/UsbHostManager(  470): usbDeviceAdded deviceName=/dev/bus/usb/002/001 deviceClass=9 deviceSubclass=0 deviceProtocol=1
I/WindowManager(  470): No lock screen!
E/NotificationService(  470): Ignoring notification with icon==0: Notification(pri=0 contentView=null vibrate=null sound=content://settings/system/notification_sound defaults=0xfffffffc flags=0x0 kind=[null])
W/ContextImpl( 4678): Calling a method in the system process without a qualified user: android.app.ContextImpl.sendBroadcast:1084 android.content.ContextWrapper.sendBroadcast:338 android.content.ContextWrapper.sendBroadcast:338 org.timur.powereventmgr.PowerMonitorReceiver.checkAirplaneUndoFlag:351 org.timur.powereventmgr.PowerMonitorReceiver.onReceive:152 
I/UsbHostManager(  470): usbDeviceAdded deviceName=/dev/bus/usb/002/002 deviceClass=9 deviceSubclass=0 deviceProtocol=1
I/ActivityManager(  470): Start proc com.google.android.youtube for broadcast com.google.android.youtube/com.google.android.apps.youtube.app.prefetch.PrefetchService$DeviceStateReceiver: pid=4892 uid=10079 gids={50079, 3003, 1015, 1006, 1028}
I/AlarmManager(  470): ACCEPTED type=2 triggerAtTime=4235640 interval=0 PendingIntent=PendingIntent{414a4e88: PendingIntentRecord{413b8060 com.doubleTwist.androidPlayer startService}} idx=-2 search=null
E/NotificationService(  470): Ignoring notification with icon==0: Notification(pri=0 contentView=null vibrate=null sound=content://settings/system/notification_sound defaults=0xfffffffc flags=0x0 kind=[null])
W/ContextImpl( 4678): Calling a method in the system process without a qualified user: android.app.ContextImpl.startActivity:982 android.content.ContextWrapper.startActivity:284 android.content.ContextWrapper.startActivity:284 org.timur.powereventmgr.PowerMonitorReceiver.onReceive:144 android.app.ActivityThread.handleReceiver:2504 
W/ContextImpl( 4678): Calling a method in the system process without a qualified user: android.app.ContextImpl.startActivity:994 android.app.ContextImpl.startActivity:983 android.content.ContextWrapper.startActivity:284 android.content.ContextWrapper.startActivity:284 org.timur.powereventmgr.PowerMonitorReceiver.onReceive:144 
I/ActivityManager(  470): START u0 {flg=0x10010000 cmp=org.timur.powereventmgr/.PowerEventMgr} from pid 4678
I/UsbHostManager(  470): usbDeviceRemoved deviceName=/dev/bus/usb/002/003
I/WiredAccessoryManager(  470): #### onUEvent ALSA_ID name=snd/pcmC2D0c action=add
I/UsbHostManager(  470): usbDeviceRemoved deviceName=/dev/bus/usb/002/002
I/WiredAccessoryManager(  470): #### onUEvent ALSA_ID name=snd/controlC2 action=add
I/WiredAccessoryManager(  470): #### onUEvent ALSA_ID name=snd/pcmC2D0c action=remove
I/WiredAccessoryManager(  470): #### onUEvent ALSA_ID name=snd/controlC2 action=remove
I/UsbHostManager(  470): usbDeviceRemoved deviceName=/dev/bus/usb/002/001
E/NotificationService(  470): Ignoring notification with icon==0: Notification(pri=0 contentView=null vibrate=null sound=content://settings/system/notification_sound defaults=0xfffffffc flags=0x0 kind=[null])
I/AlarmManager(  470): ACCEPTED type=2 triggerAtTime=4237706 interval=0 PendingIntent=PendingIntent{41306d20: PendingIntentRecord{413b8060 com.doubleTwist.androidPlayer startService}} idx=-2 search=null
I/UsbHostManager(  470): usbDeviceAdded deviceName=/dev/bus/usb/002/001 deviceClass=9 deviceSubclass=0 deviceProtocol=1
I/UsbHostManager(  470): usbDeviceAdded deviceName=/dev/bus/usb/002/002 deviceClass=9 deviceSubclass=0 deviceProtocol=1
I/WiredAccessoryManager(  470): #### onUEvent ALSA_ID name=snd/pcmC2D0c action=add
I/WiredAccessoryManager(  470): #### onUEvent ALSA_ID name=snd/controlC2 action=add
I/UsbHostManager(  470): usbDeviceAdded deviceName=/dev/bus/usb/002/003 deviceClass=0 deviceSubclass=0 deviceProtocol=0
I/UsbSettingsManager(  470): deviceAttached device=UsbDevice[mName=/dev/bus/usb/002/003,mVendorId=1505,mProductId=1032,mClass=0,mSubclass=0,mProtocol=0,mInterfaces=[Landroid.hardware.usb.UsbInterface;@4158c9f0] matches=[] defaultPackage=null
W/ContextImpl(  470): Calling a method in the system process without a qualified user: android.app.ContextImpl.sendBroadcast:1084 com.android.server.usb.UsbSettingsManager.deviceAttached:622 com.android.server.usb.UsbHostManager.usbDeviceAdded:161 com.android.server.usb.UsbHostManager.monitorUsbHostBus:-2 com.android.server.usb.UsbHostManager.access$000:38 
I/AlarmManager(  470): ACCEPTED type=3 triggerAtTime=4009657 interval=0 PendingIntent=PendingIntent{411cb9a0: PendingIntentRecord{41161998 android broadcastIntent}} idx=-2 search=null
D/PhoneStatusBar(  574): disable: < expand icons alerts TICKER* SYSTEM_INFO* back home recent clock search >
I/ActivityManager(  470): START u0 {act=android.settings.SETTINGS flg=0x14000000 cmp=com.android.settings/.Settings} from pid 574
D/PhoneStatusBar(  574): disable: < expand icons alerts ticker* system_info* back home recent clock search >
I/ActivityManager(  470): START u0 {act=android.intent.action.MAIN cmp=com.android.settings/.SubSettings (has extras)} from pid 4127
W/ContextImpl( 4127): Calling a method in the system process without a qualified user: android.app.ContextImpl.bindService:1458 android.content.ContextWrapper.bindService:473 com.android.settings.applications.ManageApplications.onCreate:849 android.app.Fragment.performCreate:1673 android.app.FragmentManagerImpl.moveToState:854 
I/ActivityManager(  470): START u0 {act=android.intent.action.MAIN cmp=com.android.settings/.SubSettings (has extras)} from pid 4127
I/ActivityManager(  470): START u0 {act=android.intent.action.MAIN cmp=com.android.settings/.SubSettings (has extras)} from pid 4127
W/ContextImpl( 4127): Calling a method in the system process without a qualified user: android.app.ContextImpl.stopService:1410 android.content.ContextWrapper.stopService:455 com.android.settings.applications.RunningServiceDetails$ActiveDetail.stopActiveService:100 com.android.settings.applications.RunningServiceDetails$ActiveDetail.onClick:181 android.view.View.performClick:4211 
I/ActivityManager(  470): START u0 {act=android.intent.action.MAIN cmp=com.android.settings/.SubSettings (has extras)} from pid 4127
W/ContextImpl( 4127): Calling a method in the system process without a qualified user: android.app.ContextImpl.stopService:1410 android.content.ContextWrapper.stopService:455 com.android.settings.applications.RunningServiceDetails$ActiveDetail.stopActiveService:100 com.android.settings.applications.RunningServiceDetails$ActiveDetail.onClick:181 android.view.View.performClick:4211 
I/AlarmManager(  470): ACCEPTED type=3 triggerAtTime=4069658 interval=0 PendingIntent=PendingIntent{411cb9a0: PendingIntentRecord{41161998 android broadcastIntent}} idx=-2 search=null
I/ActivityManager(  470): START u0 {act=android.intent.action.MAIN cmp=com.android.settings/.SubSettings (has extras)} from pid 4127
I/ActivityManager(  470): Killing proc 4713:com.android.chrome/u0a10081: kill background
I/ActivityManager(  470): START u0 {act=android.intent.action.MAIN cat=[android.intent.category.HOME] flg=0x10000000 cmp=com.teslacoilsw.launcher/com.android.launcher2.Launcher} from pid 1529
I/ActivityManager(  470): START u0 {act=android.intent.action.MAIN cat=[android.intent.category.LAUNCHER] flg=0x10200000 cmp=ru.pccar/.Main bnds=[969,268][1150,385]} from pid 738
I/ActivityManager(  470): START u0 {act=android.intent.action.MAIN cat=[android.intent.category.HOME] flg=0x10000000 cmp=com.teslacoilsw.launcher/com.android.launcher2.Launcher} from pid 1529
I/ActivityManager(  470): START u0 {flg=0x10020000 cmp=ru.pccar/.Main} from pid 1496
I/ActivityManager(  470): moveTaskToBack: 3
E/NotificationService(  470): Ignoring notification with icon==0: Notification(pri=0 contentView=null vibrate=null sound=content://settings/system/notification_sound defaults=0xfffffffc flags=0x0 kind=[null])
I/WiredAccessoryManager(  470): #### onUEvent ALSA_ID name=snd/pcmC2D0c action=remove
I/WiredAccessoryManager(  470): #### onUEvent ALSA_ID name=snd/controlC2 action=remove
I/UsbHostManager(  470): usbDeviceRemoved deviceName=/dev/bus/usb/002/002
W/ContextImpl( 4678): Calling a method in the system process without a qualified user: android.app.ContextImpl.startActivity:982 android.content.ContextWrapper.startActivity:284 android.content.ContextWrapper.startActivity:284 org.timur.powereventmgr.PowerMonitorReceiver.onReceive:144 android.app.ActivityThread.handleReceiver:2504 
W/ContextImpl( 4678): Calling a method in the system process without a qualified user: android.app.ContextImpl.startActivity:994 android.app.ContextImpl.startActivity:983 android.content.ContextWrapper.startActivity:284 android.content.ContextWrapper.startActivity:284 org.timur.powereventmgr.PowerMonitorReceiver.onReceive:144 
I/ActivityManager(  470): START u0 {flg=0x10010000 cmp=org.timur.powereventmgr/.PowerEventMgr} from pid 4678
I/UsbHostManager(  470): usbDeviceRemoved deviceName=/dev/bus/usb/002/001
I/ActivityManager(  470): Start proc com.android.chrome for broadcast com.android.chrome/org.chromium.base.PowerStatusReceiver: pid=5192 uid=10081 gids={50081, 1006, 3003, 1015, 1028}
W/ContextImpl( 4678): Calling a method in the system process without a qualified user: android.app.ContextImpl.sendBroadcast:1084 android.content.ContextWrapper.sendBroadcast:338 org.timur.powereventmgr.PowerEventMgr.gotoSleep:229 org.timur.powereventmgr.PowerEventMgr.access$100:27 org.timur.powereventmgr.PowerEventMgr$1.run:123 
I/PowerManagerService(  470): Going to sleep by user request...
I/AlarmManager(  470): ACCEPTED type=2 triggerAtTime=4093091 interval=0 PendingIntent=PendingIntent{415af608: PendingIntentRecord{415b6e00 com.google.android.gms broadcastIntent}} idx=-2 search=null
I/UsbHostManager(  470): usbDeviceAdded deviceName=/dev/bus/usb/002/001 deviceClass=9 deviceSubclass=0 deviceProtocol=1
E/NotificationService(  470): Ignoring notification with icon==0: Notification(pri=0 contentView=null vibrate=null sound=content://settings/system/notification_sound defaults=0xfffffffc flags=0x0 kind=[null])
I/PowerManagerService(  470): Waking up from sleep...
I/WindowManager(  470): No lock screen!
W/ContextImpl( 4678): Calling a method in the system process without a qualified user: android.app.ContextImpl.sendBroadcast:1084 android.content.ContextWrapper.sendBroadcast:338 android.content.ContextWrapper.sendBroadcast:338 org.timur.powereventmgr.PowerMonitorReceiver.checkAirplaneUndoFlag:351 org.timur.powereventmgr.PowerMonitorReceiver.onReceive:152 
I/UsbHostManager(  470): usbDeviceAdded deviceName=/dev/bus/usb/002/002 deviceClass=9 deviceSubclass=0 deviceProtocol=1
I/AlarmManager(  470): ACCEPTED type=2 triggerAtTime=4366966 interval=0 PendingIntent=PendingIntent{41194e20: PendingIntentRecord{413b8060 com.doubleTwist.androidPlayer startService}} idx=-2 search=null
I/UsbHostManager(  470): usbDeviceAdded deviceName=/dev/bus/usb/002/003 deviceClass=0 deviceSubclass=0 deviceProtocol=0
W/UsbHostManager(  470): device already on mDevices list: /dev/bus/usb/002/003
I/WiredAccessoryManager(  470): #### onUEvent ALSA_ID name=snd/pcmC2D0c action=add
I/WiredAccessoryManager(  470): #### onUEvent ALSA_ID name=snd/controlC2 action=add
I/AlarmManager(  470): ACCEPTED type=3 triggerAtTime=4129658 interval=0 PendingIntent=PendingIntent{411cb9a0: PendingIntentRecord{41161998 android broadcastIntent}} idx=-2 search=null
I/ActivityManager(  470): START u0 {flg=0x10020000 cmp=ru.pccar/.Main} from pid 1496
I/ActivityManager(  470): moveTaskToBack: 3
I/AlarmManager(  470): ACCEPTED type=3 triggerAtTime=4189657 interval=0 PendingIntent=PendingIntent{411cb9a0: PendingIntentRecord{41161998 android broadcastIntent}} idx=-2 search=null
I/AlarmManager(  470): ACCEPTED type=3 triggerAtTime=4249658 interval=0 PendingIntent=PendingIntent{411cb9a0: PendingIntentRecord{41161998 android broadcastIntent}} idx=-2 search=null
I/AlarmManager(  470): ACCEPTED type=3 triggerAtTime=4309659 interval=0 PendingIntent=PendingIntent{411cb9a0: PendingIntentRecord{41161998 android broadcastIntent}} idx=-2 search=null
I/AlarmManager(  470): ACCEPTED type=1 triggerAtTime=1391181301247 interval=900000 PendingIntent=PendingIntent{41517ec0: PendingIntentRecord{413a0630 com.android.deskclock broadcastIntent}} idx=-2 search=null
I/WiredAccessoryManager(  470): #### onUEvent ALSA_ID name=snd/pcmC2D0c action=remove
I/WiredAccessoryManager(  470): #### onUEvent ALSA_ID name=snd/controlC2 action=remove
E/NotificationService(  470): Ignoring notification with icon==0: Notification(pri=0 contentView=null vibrate=null sound=content://settings/system/notification_sound defaults=0xfffffffc flags=0x0 kind=[null])
W/ContextImpl( 4678): Calling a method in the system process without a qualified user: android.app.ContextImpl.startActivity:982 android.content.ContextWrapper.startActivity:284 android.content.ContextWrapper.startActivity:284 org.timur.powereventmgr.PowerMonitorReceiver.onReceive:144 android.app.ActivityThread.handleReceiver:2504 
W/ContextImpl( 4678): Calling a method in the system process without a qualified user: android.app.ContextImpl.startActivity:994 android.app.ContextImpl.startActivity:983 android.content.ContextWrapper.startActivity:284 android.content.ContextWrapper.startActivity:284 org.timur.powereventmgr.PowerMonitorReceiver.onReceive:144 
I/ActivityManager(  470): START u0 {flg=0x10010000 cmp=org.timur.powereventmgr/.PowerEventMgr} from pid 4678
I/UsbHostManager(  470): usbDeviceRemoved deviceName=/dev/bus/usb/002/001
W/ContextImpl( 4678): Calling a method in the system process without a qualified user: android.app.ContextImpl.sendBroadcast:1084 android.content.ContextWrapper.sendBroadcast:338 org.timur.powereventmgr.PowerEventMgr.gotoSleep:229 org.timur.powereventmgr.PowerEventMgr.access$100:27 org.timur.powereventmgr.PowerEventMgr$1.run:123 
I/PowerManagerService(  470): Going to sleep by user request...
I/AlarmManager(  470): ACCEPTED type=2 triggerAtTime=4293418 interval=0 PendingIntent=PendingIntent{41603b60: PendingIntentRecord{415b6e00 com.google.android.gms broadcastIntent}} idx=-2 search=null
I/UsbHostManager(  470): usbDeviceAdded deviceName=/dev/bus/usb/002/001 deviceClass=9 deviceSubclass=0 deviceProtocol=1
I/PowerManagerService(  470): Waking up from sleep...
E/NotificationService(  470): Ignoring notification with icon==0: Notification(pri=0 contentView=null vibrate=null sound=content://settings/system/notification_sound defaults=0xfffffffc flags=0x0 kind=[null])
I/WindowManager(  470): No lock screen!
I/AlarmManager(  470): ACCEPTED type=3 triggerAtTime=4669658 interval=0 PendingIntent=PendingIntent{411cb9a0: PendingIntentRecord{41161998 android broadcastIntent}} idx=-2 search=null
I/UsbHostManager(  470): usbDeviceAdded deviceName=/dev/bus/usb/002/002 deviceClass=9 deviceSubclass=0 deviceProtocol=1
W/ThrottleService(  470): unable to find stats for iface rmnet0
I/AlarmManager(  470): ACCEPTED type=3 triggerAtTime=5233209 interval=0 PendingIntent=PendingIntent{41520640: PendingIntentRecord{415205a0 android broadcastIntent}} idx=-2 search=null
W/ContextImpl( 4678): Calling a method in the system process without a qualified user: android.app.ContextImpl.sendBroadcast:1084 android.content.ContextWrapper.sendBroadcast:338 android.content.ContextWrapper.sendBroadcast:338 org.timur.powereventmgr.PowerMonitorReceiver.checkAirplaneUndoFlag:351 org.timur.powereventmgr.PowerMonitorReceiver.onReceive:152 
I/AlarmManager(  470): ACCEPTED type=2 triggerAtTime=4933393 interval=0 PendingIntent=PendingIntent{414c72d0: PendingIntentRecord{413b8060 com.doubleTwist.androidPlayer startService}} idx=-2 search=null
I/WiredAccessoryManager(  470): #### onUEvent ALSA_ID name=snd/pcmC2D0c action=add
I/WiredAccessoryManager(  470): #### onUEvent ALSA_ID name=snd/controlC2 action=add
I/UsbHostManager(  470): usbDeviceAdded deviceName=/dev/bus/usb/002/003 deviceClass=0 deviceSubclass=0 deviceProtocol=0
W/UsbHostManager(  470): device already on mDevices list: /dev/bus/usb/002/003
I/AlarmManager(  470): ACCEPTED type=3 triggerAtTime=4729658 interval=0 PendingIntent=PendingIntent{411cb9a0: PendingIntentRecord{41161998 android broadcastIntent}} idx=-2 search=null
D/PhoneStatusBar(  574): disable: < expand icons alerts TICKER* SYSTEM_INFO* back home recent clock search >
I/ActivityManager(  470): START u0 {act=android.settings.SETTINGS flg=0x14000000 cmp=com.android.settings/.Settings} from pid 574
D/PhoneStatusBar(  574): disable: < expand icons alerts ticker* system_info* back home recent clock search >
I/ActivityManager(  470): START u0 {act=android.intent.action.MAIN cmp=com.android.settings/.SubSettings (has extras)} from pid 4127
W/ContextImpl( 4127): Calling a method in the system process without a qualified user: android.app.ContextImpl.bindService:1458 android.content.ContextWrapper.bindService:473 com.android.settings.applications.ManageApplications.onCreate:849 android.app.Fragment.performCreate:1673 android.app.FragmentManagerImpl.moveToState:854 
I/AlarmManager(  470): ACCEPTED type=3 triggerAtTime=4789657 interval=0 PendingIntent=PendingIntent{411cb9a0: PendingIntentRecord{41161998 android broadcastIntent}} idx=-2 search=null
I/ActivityManager(  470): START u0 {act=android.intent.action.MAIN cat=[android.intent.category.HOME] flg=0x10000000 cmp=com.teslacoilsw.launcher/com.android.launcher2.Launcher} from pid 1529
I/ActivityManager(  470): START u0 {act=android.intent.action.MAIN cat=[android.intent.category.LAUNCHER] flg=0x10200000 cmp=ru.pccar/.Main bnds=[969,268][1150,385]} from pid 738
I/ActivityManager(  470): START u0 {flg=0x10020000 cmp=ru.pccar/.Main} from pid 1496
I/ActivityManager(  470): moveTaskToBack: 14
I/AlarmManager(  470): ACCEPTED type=3 triggerAtTime=4849657 interval=0 PendingIntent=PendingIntent{411cb9a0: PendingIntentRecord{41161998 android broadcastIntent}} idx=-2 search=null
I/AlarmManager(  470): ACCEPTED type=3 triggerAtTime=4909658 interval=0 PendingIntent=PendingIntent{411cb9a0: PendingIntentRecord{41161998 android broadcastIntent}} idx=-2 search=null
I/AlarmManager(  470): ACCEPTED type=3 triggerAtTime=4969658 interval=0 PendingIntent=PendingIntent{411cb9a0: PendingIntentRecord{41161998 android broadcastIntent}} idx=-2 search=null
I/ActivityManager(  470): No longer want com.bel.android.dspmanager (pid 3264): empty for 1806s
W/ActivityManager(  470): Scheduling restart of crashed service com.bel.android.dspmanager/.service.HeadsetService in 5000ms
I/ActivityManager(  470): Start proc com.bel.android.dspmanager for service com.bel.android.dspmanager/.service.HeadsetService: pid=6056 uid=10012 gids={50012, 3002, 1028}
I/AlarmManager(  470): ACCEPTED type=3 triggerAtTime=5029658 interval=0 PendingIntent=PendingIntent{411cb9a0: PendingIntentRecord{41161998 android broadcastIntent}} idx=-2 search=null
I/AlarmManager(  470): ACCEPTED type=3 triggerAtTime=5089658 interval=0 PendingIntent=PendingIntent{411cb9a0: PendingIntentRecord{41161998 android broadcastIntent}} idx=-2 search=null
I/ActivityManager(  470): No longer want com.jrtstudio.AnotherMusicPlayer (pid 3337): empty for 1843s
I/AlarmManager(  470): ACCEPTED type=3 triggerAtTime=5149658 interval=0 PendingIntent=PendingIntent{411cb9a0: PendingIntentRecord{41161998 android broadcastIntent}} idx=-2 search=null
I/ActivityManager(  470): START u0 {flg=0x10020000 cmp=ru.pccar/.Main} from pid 1496
I/ActivityManager(  470): moveTaskToBack: 14
I/ActivityManager(  470): START u0 {flg=0x10020000 cmp=ru.pccar/.Main} from pid 1496
I/ActivityManager(  470): moveTaskToBack: 14
E/NotificationService(  470): Ignoring notification with icon==0: Notification(pri=0 contentView=null vibrate=null sound=content://settings/system/notification_sound defaults=0xfffffffc flags=0x0 kind=[null])
I/WiredAccessoryManager(  470): #### onUEvent ALSA_ID name=snd/pcmC2D0c action=remove
I/WiredAccessoryManager(  470): #### onUEvent ALSA_ID name=snd/controlC2 action=remove
W/ContextImpl( 4678): Calling a method in the system process without a qualified user: android.app.ContextImpl.startActivity:982 android.content.ContextWrapper.startActivity:284 android.content.ContextWrapper.startActivity:284 org.timur.powereventmgr.PowerMonitorReceiver.onReceive:144 android.app.ActivityThread.handleReceiver:2504 
W/ContextImpl( 4678): Calling a method in the system process without a qualified user: android.app.ContextImpl.startActivity:994 android.app.ContextImpl.startActivity:983 android.content.ContextWrapper.startActivity:284 android.content.ContextWrapper.startActivity:284 org.timur.powereventmgr.PowerMonitorReceiver.onReceive:144 
I/ActivityManager(  470): START u0 {flg=0x10010000 cmp=org.timur.powereventmgr/.PowerEventMgr} from pid 4678
I/UsbHostManager(  470): usbDeviceRemoved deviceName=/dev/bus/usb/002/001
I/AlarmManager(  470): ACCEPTED type=3 triggerAtTime=5209658 interval=0 PendingIntent=PendingIntent{411cb9a0: PendingIntentRecord{41161998 android broadcastIntent}} idx=-2 search=null
W/ContextImpl( 4678): Calling a method in the system process without a qualified user: android.app.ContextImpl.sendBroadcast:1084 android.content.ContextWrapper.sendBroadcast:338 org.timur.powereventmgr.PowerEventMgr.gotoSleep:229 org.timur.powereventmgr.PowerEventMgr.access$100:27 org.timur.powereventmgr.PowerEventMgr$1.run:123 
I/AlarmManager(  470): ACCEPTED type=1 triggerAtTime=1391182201264 interval=900000 PendingIntent=PendingIntent{4143f0a0: PendingIntentRecord{413a0630 com.android.deskclock broadcastIntent}} idx=-2 search=null
I/PowerManagerService(  470): Going to sleep by user request...
I/AlarmManager(  470): ACCEPTED type=2 triggerAtTime=5182006 interval=0 PendingIntent=PendingIntent{4161c778: PendingIntentRecord{415b6e00 com.google.android.gms broadcastIntent}} idx=-2 search=null
I/UsbHostManager(  470): usbDeviceAdded deviceName=/dev/bus/usb/002/001 deviceClass=9 deviceSubclass=0 deviceProtocol=1
E/NotificationService(  470): Ignoring notification with icon==0: Notification(pri=0 contentView=null vibrate=null sound=content://settings/system/notification_sound defaults=0xfffffffc flags=0x0 kind=[null])
I/PowerManagerService(  470): Waking up from sleep...
I/WindowManager(  470): No lock screen!
I/UsbHostManager(  470): usbDeviceAdded deviceName=/dev/bus/usb/002/002 deviceClass=9 deviceSubclass=0 deviceProtocol=1
I/AlarmManager(  470): ACCEPTED type=1 triggerAtTime=1391183101871 interval=900000 PendingIntent=PendingIntent{415256e8: PendingIntentRecord{413a0630 com.android.deskclock broadcastIntent}} idx=-2 search=null
I/AlarmManager(  470): ACCEPTED type=3 triggerAtTime=6949658 interval=0 PendingIntent=PendingIntent{411cb9a0: PendingIntentRecord{41161998 android broadcastIntent}} idx=-2 search=null
W/ThrottleService(  470): unable to find stats for iface rmnet0
I/AlarmManager(  470): ACCEPTED type=3 triggerAtTime=7501921 interval=0 PendingIntent=PendingIntent{41520640: PendingIntentRecord{415205a0 android broadcastIntent}} idx=-2 search=null
W/ContextImpl( 4678): Calling a method in the system process without a qualified user: android.app.ContextImpl.sendBroadcast:1084 android.content.ContextWrapper.sendBroadcast:338 android.content.ContextWrapper.sendBroadcast:338 org.timur.powereventmgr.PowerMonitorReceiver.checkAirplaneUndoFlag:351 org.timur.powereventmgr.PowerMonitorReceiver.onReceive:152 
I/AlarmManager(  470): ACCEPTED type=2 triggerAtTime=7202194 interval=0 PendingIntent=PendingIntent{4116ea18: PendingIntentRecord{413b8060 com.doubleTwist.androidPlayer startService}} idx=-2 search=null
I/AlarmManager(  470): ACCEPTED type=0 triggerAtTime=1391184852577 interval=1800000 PendingIntent=PendingIntent{412c5c80: PendingIntentRecord{4165f330 com.google.android.gsf broadcastIntent}} idx=-2 search=null
I/WiredAccessoryManager(  470): #### onUEvent ALSA_ID name=snd/pcmC2D0c action=add
I/UsbHostManager(  470): usbDeviceAdded deviceName=/dev/bus/usb/002/003 deviceClass=0 deviceSubclass=0 deviceProtocol=0
W/UsbHostManager(  470): device already on mDevices list: /dev/bus/usb/002/003
I/WiredAccessoryManager(  470): #### onUEvent ALSA_ID name=snd/controlC2 action=add
I/AlarmManager(  470): ACCEPTED type=3 triggerAtTime=7009658 interval=0 PendingIntent=PendingIntent{411cb9a0: PendingIntentRecord{41161998 android broadcastIntent}} idx=-2 search=null
I/AlarmManager(  470): ACCEPTED type=1 triggerAtTime=1391184001896 interval=900000 PendingIntent=PendingIntent{4185b238: PendingIntentRecord{413a0630 com.android.deskclock broadcastIntent}} idx=-2 search=null
I/AlarmManager(  470): ACCEPTED type=3 triggerAtTime=7069658 interval=0 PendingIntent=PendingIntent{411cb9a0: PendingIntentRecord{41161998 android broadcastIntent}} idx=-2 search=null
I/AlarmManager(  470): ACCEPTED type=3 triggerAtTime=7129657 interval=0 PendingIntent=PendingIntent{411cb9a0: PendingIntentRecord{41161998 android broadcastIntent}} idx=-2 search=null
W/SocketClient(  139): write error (Broken pipe)
I/AlarmManager(  470): ACCEPTED type=3 triggerAtTime=7189659 interval=0 PendingIntent=PendingIntent{411cb9a0: PendingIntentRecord{41161998 android broadcastIntent}} idx=-2 search=null
I/ActivityManager(  470): START u0 {act=com.teslacoilsw.launcher.ACTION flg=0x10000000 cmp=com.teslacoilsw.launcher/.NovaShortcutHandler bnds=[427,268][789,619] (has extras)} from pid -1
I/ActivityManager(  470): START u0 {act=com.teslacoilsw.launcher.ACTION flg=0x10800000 cmp=com.teslacoilsw.launcher/com.android.launcher2.Launcher bnds=[427,268][789,619] (has extras)} from pid 738
W/InputMethodManagerService(  470): Window already focused, ignoring focus gain of: com.android.internal.view.IInputMethodClient$Stub$Proxy@411a5598 attribute=null, token = android.os.BinderProxy@416779a0
W/ActivityManager(  470): Duplicate finish request for ActivityRecord{41284300 u0 com.teslacoilsw.launcher/.NovaShortcutHandler}
I/ActivityManager(  470): Start proc com.jrtstudio.AnotherMusicPlayer for service com.jrtstudio.AnotherMusicPlayer/.AnotherMusicPlayerService: pid=6505 uid=10096 gids={50096, 3003, 1015, 3002, 1028}
I/ActivityManager(  470): No longer want com.google.android.gsf.login (pid 3411): empty for 1800s
I/AlarmManager(  470): ACCEPTED type=3 triggerAtTime=7249657 interval=0 PendingIntent=PendingIntent{411cb9a0: PendingIntentRecord{41161998 android broadcastIntent}} idx=-2 search=null
I/AlarmManager(  470): ACCEPTED type=3 triggerAtTime=7309658 interval=0 PendingIntent=PendingIntent{411cb9a0: PendingIntentRecord{41161998 android broadcastIntent}} idx=-2 search=null
I/AlarmManager(  470): ACCEPTED type=3 triggerAtTime=7369657 interval=0 PendingIntent=PendingIntent{411cb9a0: PendingIntentRecord{41161998 android broadcastIntent}} idx=-2 search=null
I/AlarmManager(  470): ACCEPTED type=3 triggerAtTime=7429657 interval=0 PendingIntent=PendingIntent{411cb9a0: PendingIntentRecord{41161998 android broadcastIntent}} idx=-2 search=null
I/AlarmManager(  470): ACCEPTED type=3 triggerAtTime=7489657 interval=0 PendingIntent=PendingIntent{411cb9a0: PendingIntentRecord{41161998 android broadcastIntent}} idx=-2 search=null
I/AlarmManager(  470): ACCEPTED type=3 triggerAtTime=7549658 interval=0 PendingIntent=PendingIntent{411cb9a0: PendingIntentRecord{41161998 android broadcastIntent}} idx=-2 search=null
W/ThrottleService(  470): unable to find stats for iface rmnet0
I/AlarmManager(  470): ACCEPTED type=3 triggerAtTime=8101926 interval=0 PendingIntent=PendingIntent{41520640: PendingIntentRecord{415205a0 android broadcastIntent}} idx=-2 search=null
I/ActivityManager(  470): No longer want com.google.android.gms (pid 4016): empty for 1824s
I/AlarmManager(  470): ACCEPTED type=3 triggerAtTime=7609658 interval=0 PendingIntent=PendingIntent{411cb9a0: PendingIntentRecord{41161998 android broadcastIntent}} idx=-2 search=null
I/AlarmManager(  470): ACCEPTED type=3 triggerAtTime=7669658 interval=0 PendingIntent=PendingIntent{411cb9a0: PendingIntentRecord{41161998 android broadcastIntent}} idx=-2 search=null
I/ActivityManager(  470): No longer want com.android.vending (pid 1380): empty for 1847s
I/AlarmManager(  470): ACCEPTED type=3 triggerAtTime=7729658 interval=0 PendingIntent=PendingIntent{411cb9a0: PendingIntentRecord{41161998 android broadcastIntent}} idx=-2 search=null
W/ActivityManager(  470): Scheduling restart of crashed service com.android.vending/com.google.android.finsky.billing.iab.PendingNotificationsService in 5000ms
I/ActivityManager(  470): No longer want AutomateIt.mainPackage (pid 3285): empty for 1828s
I/AlarmManager(  470): ACCEPTED type=3 triggerAtTime=7789657 interval=0 PendingIntent=PendingIntent{411cb9a0: PendingIntentRecord{41161998 android broadcastIntent}} idx=-2 search=null
I/AlarmManager(  470): ACCEPTED type=3 triggerAtTime=7849659 interval=0 PendingIntent=PendingIntent{411cb9a0: PendingIntentRecord{41161998 android broadcastIntent}} idx=-2 search=null
I/ActivityManager(  470): No longer want eu.chainfire.supersu (pid 4794): empty for 1841s
I/ActivityManager(  470): No longer want eu.chainfire.stickmount (pid 4729): empty for 1841s
I/AlarmManager(  470): ACCEPTED type=3 triggerAtTime=7909658 interval=0 PendingIntent=PendingIntent{411cb9a0: PendingIntentRecord{41161998 android broadcastIntent}} idx=-2 search=null
I/AlarmManager(  470): ACCEPTED type=1 triggerAtTime=1391184901914 interval=900000 PendingIntent=PendingIntent{41441178: PendingIntentRecord{413a0630 com.android.deskclock broadcastIntent}} idx=-2 search=null
I/ActivityManager(  470): START u0 {act=android.intent.action.MAIN cat=[android.intent.category.LAUNCHER] flg=0x30000000 cmp=com.jrtstudio.AnotherMusicPlayer/.ActivityMusicBrowser bnds=[81,630][176,725]} from pid -1
I/ActivityManager(  470): START u0 {act=android.intent.action.MAIN cat=[android.intent.category.HOME] flg=0x10000000 cmp=com.teslacoilsw.launcher/com.android.launcher2.Launcher} from pid 1529
I/AlarmManager(  470): ACCEPTED type=3 triggerAtTime=7969658 interval=0 PendingIntent=PendingIntent{411cb9a0: PendingIntentRecord{41161998 android broadcastIntent}} idx=-2 search=null
I/AlarmManager(  470): ACCEPTED type=3 triggerAtTime=8029657 interval=0 PendingIntent=PendingIntent{411cb9a0: PendingIntentRecord{41161998 android broadcastIntent}} idx=-2 search=null
I/AlarmManager(  470): ACCEPTED type=3 triggerAtTime=8089657 interval=0 PendingIntent=PendingIntent{411cb9a0: PendingIntentRecord{41161998 android broadcastIntent}} idx=-2 search=null
I/AlarmManager(  470): ACCEPTED type=3 triggerAtTime=8149658 interval=0 PendingIntent=PendingIntent{411cb9a0: PendingIntentRecord{41161998 android broadcastIntent}} idx=-2 search=null
W/ThrottleService(  470): unable to find stats for iface rmnet0
I/AlarmManager(  470): ACCEPTED type=3 triggerAtTime=8701931 interval=0 PendingIntent=PendingIntent{41520640: PendingIntentRecord{415205a0 android broadcastIntent}} idx=-2 search=null
I/ActivityManager(  470): START u0 {flg=0x10000000 cmp=com.android.deskclock/.DeskClock bnds=[78,44][632,373]} from pid -1
I/AlarmManager(  470): ACCEPTED type=1 triggerAtTime=1391184901051 interval=900000 PendingIntent=PendingIntent{41320928: PendingIntentRecord{413a0630 com.android.deskclock broadcastIntent}} idx=-2 search=null
I/ActivityManager(  470): START u0 {act=com.teslacoilsw.launcher.ACTION flg=0x10000000 cmp=com.teslacoilsw.launcher/.NovaShortcutHandler bnds=[451,268][835,619] (has extras)} from pid -1
I/ActivityManager(  470): START u0 {act=com.teslacoilsw.launcher.ACTION flg=0x10800000 cmp=com.teslacoilsw.launcher/com.android.launcher2.Launcher bnds=[451,268][835,619] (has extras)} from pid 738
W/InputMethodManagerService(  470): Window already focused, ignoring focus gain of: com.android.internal.view.IInputMethodClient$Stub$Proxy@4165dd98 attribute=null, token = android.os.BinderProxy@416779a0
W/ActivityManager(  470): Duplicate finish request for ActivityRecord{413077f0 u0 com.teslacoilsw.launcher/.NovaShortcutHandler}
I/ActivityManager(  470): START u0 {act=android.intent.action.MAIN cat=[android.intent.category.LAUNCHER] flg=0x10200000 cmp=jackpal.androidterm/.Term bnds=[640,368][640,368]} from pid 738
I/ActivityManager(  470): Start proc jackpal.androidterm for activity jackpal.androidterm/.Term: pid=8300 uid=10040 gids={50040, 3003, 1015, 1028}
I/ActivityManager(  470): Start proc eu.chainfire.supersu for broadcast eu.chainfire.supersu/.NativeAccessReceiver: pid=8362 uid=10077 gids={50077, 1028}
I/ActivityManager(  470): START u0 {act=android.intent.action.MAIN flg=0x50840000 cmp=eu.chainfire.supersu/.PromptActivity (has extras)} from pid 8362
I/AlarmManager(  470): ACCEPTED type=3 triggerAtTime=8209658 interval=0 PendingIntent=PendingIntent{411cb9a0: PendingIntentRecord{41161998 android broadcastIntent}} idx=-2 search=null
W/ActivityManager(  470): Duplicate finish request for ActivityRecord{414fc2e0 u0 jackpal.androidterm/.Term}
W/InputMethodManagerService(  470): Window already focused, ignoring focus gain of: com.android.internal.view.IInputMethodClient$Stub$Proxy@417e5060 attribute=android.view.inputmethod.EditorInfo@417d02d8, token = android.os.BinderProxy@41350170
I/ActivityManager(  470): START u0 {act=android.intent.action.MAIN cat=[android.intent.category.LAUNCHER] flg=0x10200000 cmp=jackpal.androidterm/.Term bnds=[640,368][640,368]} from pid 738
I/AlarmManager(  470): ACCEPTED type=3 triggerAtTime=8269657 interval=0 PendingIntent=PendingIntent{411cb9a0: PendingIntentRecord{41161998 android broadcastIntent}} idx=-2 search=null
W/ActivityManager(  470): Duplicate finish request for ActivityRecord{413077f0 u0 jackpal.androidterm/.Term}
W/InputMethodManagerService(  470): Window already focused, ignoring focus gain of: com.android.internal.view.IInputMethodClient$Stub$Proxy@417ca470 attribute=android.view.inputmethod.EditorInfo@417f0590, token = android.os.BinderProxy@4147e108
I/ActivityManager(  470): START u0 {act=android.intent.action.MAIN cat=[android.intent.category.LAUNCHER] flg=0x10200000 cmp=jackpal.androidterm/.Term bnds=[640,368][640,368]} from pid 738
I/AlarmManager(  470): ACCEPTED type=3 triggerAtTime=8329658 interval=0 PendingIntent=PendingIntent{411cb9a0: PendingIntentRecord{41161998 android broadcastIntent}} idx=-2 search=null
I/AlarmManager(  470): ACCEPTED type=3 triggerAtTime=8389658 interval=0 PendingIntent=PendingIntent{411cb9a0: PendingIntentRecord{41161998 android broadcastIntent}} idx=-2 search=null
I/ActivityManager(  470): START u0 {act=android.intent.action.MAIN cat=[android.intent.category.HOME] flg=0x10000000 cmp=com.teslacoilsw.launcher/com.android.launcher2.Launcher} from pid 1529
I/ActivityManager(  470): START u0 {act=android.intent.action.MAIN cat=[android.intent.category.LAUNCHER] flg=0x10200000 cmp=com.estrongs.android.pop/.view.FileExplorerActivity bnds=[640,368][640,368]} from pid 738
I/ActivityManager(  470): Start proc com.estrongs.android.pop for activity com.estrongs.android.pop/.view.FileExplorerActivity: pid=8983 uid=10076 gids={50076, 3003, 3002, 3001, 1015, 1028}
I/ActivityManager(  470): START u0 {cmp=com.estrongs.android.pop/.app.OpenRecomm (has extras)} from pid 8983
I/ActivityManager(  470): START u0 {act=android.intent.action.VIEW cat=[android.intent.category.DEFAULT] dat=file:///storage/emulated/0/logcat.txt typ=text/plain flg=0x10000000 cmp=com.estrongs.android.pop/.app.editor.PopNoteEditor (has extras)} from pid 8983
I/AlarmManager(  470): ACCEPTED type=3 triggerAtTime=8449658 interval=0 PendingIntent=PendingIntent{411cb9a0: PendingIntentRecord{41161998 android broadcastIntent}} idx=-2 search=null
I/ActivityManager(  470): START u0 {act=android.intent.action.CHOOSER flg=0x1 cmp=android/com.android.internal.app.ChooserActivity (has clip) (has extras)} from pid 8983
I/ActivityManager(  470): START u0 {act=android.intent.action.SEND typ=text/plain flg=0x3000001 cmp=com.android.bluetooth/.opp.BluetoothOppLauncherActivity (has clip) (has extras)} from pid 8983
I/ActivityManager(  470): Start proc com.android.bluetooth for activity com.android.bluetooth/.opp.BluetoothOppLauncherActivity: pid=9161 uid=1002 gids={41002, 3003, 3002, 3001, 1015, 3005, 1016, 3008, 1028}
I/ActivityManager(  470): START u0 {flg=0x10000000 cmp=com.android.bluetooth/.opp.BluetoothOppBtEnableActivity} from pid 9161
I/ActivityManager(  470): START u0 {flg=0x10000000 cmp=com.android.bluetooth/.opp.BluetoothOppBtEnablingActivity} from pid 9161
W/ContextImpl( 4127): Calling a method in the system process without a qualified user: android.app.ContextImpl.bindService:1458 android.content.ContextWrapper.bindService:473 android.bluetooth.BluetoothPan$1.onBluetoothStateChange:173 android.bluetooth.IBluetoothStateChangeCallback$Stub.onTransact:55 android.os.Binder.execTransact:351 
W/ContextImpl( 4127): Calling a method in the system process without a qualified user: android.app.ContextImpl.bindService:1458 android.content.ContextWrapper.bindService:473 android.bluetooth.BluetoothPbap$1.onBluetoothStateChange:132 android.bluetooth.IBluetoothStateChangeCallback$Stub.onTransact:55 android.os.Binder.execTransact:351 
W/ContextImpl(  470): Calling a method in the system process without a qualified user: android.app.ContextImpl.bindService:1458 android.bluetooth.BluetoothPan$1.onBluetoothStateChange:173 com.android.server.BluetoothManagerService.sendBluetoothStateCallback:471 com.android.server.BluetoothManagerService.bluetoothStateChangeHandler:1049 com.android.server.BluetoothManagerService.access$2700:46 
W/ContextImpl( 4127): Calling a method in the system process without a qualified user: android.app.ContextImpl.bindService:1458 android.content.ContextWrapper.bindService:473 android.bluetooth.BluetoothA2dp.<init>:160 android.bluetooth.BluetoothAdapter.getProfileProxy:1166 com.android.settings.bluetooth.A2dpProfile.<init>:74 
W/ContextImpl( 4127): Calling a method in the system process without a qualified user: android.app.ContextImpl.bindService:1458 android.content.ContextWrapper.bindService:473 android.bluetooth.BluetoothHeadset.<init>:273 android.bluetooth.BluetoothAdapter.getProfileProxy:1163 com.android.settings.bluetooth.LocalBluetoothAdapter.getProfileProxy:94 
W/ContextImpl( 4127): Calling a method in the system process without a qualified user: android.app.ContextImpl.startService:1404 android.content.ContextWrapper.startService:450 android.content.ContextWrapper.startService:450 com.android.settings.bluetooth.DockEventReceiver.beginStartingService:134 com.android.settings.bluetooth.DockEventReceiver.onReceive:115 
I/ActivityManager(  470): START u0 {act=android.bluetooth.devicepicker.action.LAUNCH flg=0x10000000 cmp=com.android.settings/.bluetooth.DevicePickerActivity (has extras)} from pid 9161
I/ActivityManager(  470): Start proc com.android.email for content provider com.android.email/.provider.EmailProvider: pid=9224 uid=10017 gids={50017, 3003, 1015, 1028}
I/ActivityManager(  470): Start proc com.android.exchange for service com.android.exchange/.ExchangeService: pid=9242 uid=10018 gids={50018, 3003, 1015, 1028}
W/ActivityManager(  470): Unable to start service Intent { cmp=com.android.email/.service.AttachmentDownloadService } U=0: not found
W/ActivityManager(  470): Unable to start service Intent { cmp=com.android.email/.service.AttachmentDownloadService } U=0: not found
I/AlarmManager(  470): ACCEPTED type=3 triggerAtTime=8509658 interval=0 PendingIntent=PendingIntent{411cb9a0: PendingIntentRecord{41161998 android broadcastIntent}} idx=-2 search=null
W/ContextImpl( 4127): Calling a method in the system process without a qualified user: android.app.ContextImpl.sendBroadcast:1084 android.content.ContextWrapper.sendBroadcast:338 com.android.settings.bluetooth.DevicePickerFragment.sendDevicePickedIntent:107 com.android.settings.bluetooth.DevicePickerFragment.onDevicePreferenceClick:74 com.android.settings.bluetooth.DeviceListPreferenceFragment.onPreferenceTreeClick:143 
I/ActivityManager(  470): START u0 {cmp=com.estrongs.android.pop/.app.OpenRecomm (has extras)} from pid 8983
I/ActivityManager(  470): START u0 {act=android.intent.action.CHOOSER flg=0x1 cmp=android/com.android.internal.app.ChooserActivity (has clip) (has extras)} from pid 8983
I/ActivityManager(  470): No longer want com.bel.android.dspmanager (pid 6056): empty for 1802s
W/ActivityManager(  470): Scheduling restart of crashed service com.bel.android.dspmanager/.service.HeadsetService in 5000ms
I/ActivityManager(  470): START u0 {act=android.intent.action.SEND typ=text/plain flg=0x3000001 cmp=com.android.bluetooth/.opp.BluetoothOppLauncherActivity (has clip) (has extras)} from pid 8983
I/ActivityManager(  470): START u0 {act=android.bluetooth.devicepicker.action.LAUNCH flg=0x800000 cmp=com.android.settings/.bluetooth.DevicePickerActivity (has extras)} from pid 9161
I/ActivityManager(  470): Start proc com.bel.android.dspmanager for service com.bel.android.dspmanager/.service.HeadsetService: pid=9404 uid=10012 gids={50012, 3002, 1028}
