I/ActivityManager(  365): moveTaskToBack: 5
I/ActivityManager(  365): moveTaskToBack: 5
I/ActivityManager(  365): START {flg=0x10020000 cmp=ru.pccar/.Main} from pid 1627
I/ActivityManager(  365): moveTaskToBack: 5
I/ActivityManager(  365): moveTaskToBack: 5
I/ActivityManager(  365): moveTaskToBack: 5
I/ActivityManager(  365): moveTaskToBack: 5
W/ActivityManager(  365): Activity pause timeout for ActivityRecord{4253ca80 com.android.launcher/com.android.launcher2.Launcher}
W/InputManagerService(  365): Window already focused, ignoring focus gain of: com.android.internal.view.IInputMethodClient$Stub$Proxy@423b4090
I/ActivityManager(  365): START {flg=0x10020000 cmp=ru.pccar/.Main} from pid 1627
D/StatusBar.NetworkController(  481): refreshViews connected={ wifi } level=?? combinedSignalIconId=0x7f0200bd/com.android.systemui:drawable/stat_sys_wifi_signal_3_fully combinedActivityIconId=0x7f0200b6 mAirplaneMode=false mDataActivity=0 mPhoneSignalIconId=0x7f0200a1 mDataDirectionIconId=0x0 mDataSignalIconId=0x7f0200a1 mDataTypeIconId=0x0 mNoSimIconId=0x0 mWifiIconId=0x7f0200bd mBluetoothTetherIconId=0x108053d
D/StatusBar.NetworkController(  481): changing data overlay icon id to 2130837686
I/ONCRPC  (  167): Setup RPC Call for task 40080270
I/ONCRPC  (  167): oncrpc_xdr_call_msg_start: Prog: 3000006b, Ver: 00010001, Proc: 00000002
I/ONCRPC  (  167): xdr_std_msg_send_call: Sent Xid: 13, Prog: 3000006b, Ver: 00010001, Proc: 00000002
I/ONCRPC  (  167): xdr_std_msg_send_call: Received Reply Xid: 13, Prog: 3000006b, Ver: 00010001, Proc: 00000002
D/StatusBar.NetworkController(  481): refreshViews connected={ wifi } level=?? combinedSignalIconId=0x7f0200bd/com.android.systemui:drawable/stat_sys_wifi_signal_3_fully combinedActivityIconId=0x7f0200b5 mAirplaneMode=false mDataActivity=0 mPhoneSignalIconId=0x7f0200a1 mDataDirectionIconId=0x0 mDataSignalIconId=0x7f0200a1 mDataTypeIconId=0x0 mNoSimIconId=0x0 mWifiIconId=0x7f0200bd mBluetoothTetherIconId=0x108053d
D/StatusBar.NetworkController(  481): changing data overlay icon id to 2130837685
D/StatusBar.NetworkController(  481): refreshViews connected={ wifi } level=?? combinedSignalIconId=0x7f0200bd/com.android.systemui:drawable/stat_sys_wifi_signal_3_fully combinedActivityIconId=0x0 mAirplaneMode=false mDataActivity=0 mPhoneSignalIconId=0x7f0200a1 mDataDirectionIconId=0x0 mDataSignalIconId=0x7f0200a1 mDataTypeIconId=0x0 mNoSimIconId=0x0 mWifiIconId=0x7f0200bd mBluetoothTetherIconId=0x108053d
D/StatusBar.NetworkController(  481): changing data overlay icon id to 0
D/StatusBar.NetworkController(  481): refreshViews connected={ wifi } level=?? combinedSignalIconId=0x7f0200bd/com.android.systemui:drawable/stat_sys_wifi_signal_3_fully combinedActivityIconId=0x7f0200b4 mAirplaneMode=false mDataActivity=0 mPhoneSignalIconId=0x7f0200a1 mDataDirectionIconId=0x0 mDataSignalIconId=0x7f0200a1 mDataTypeIconId=0x0 mNoSimIconId=0x0 mWifiIconId=0x7f0200bd mBluetoothTetherIconId=0x108053d
D/StatusBar.NetworkController(  481): changing data overlay icon id to 2130837684
I/ActivityManager(  365): moveTaskToBack: 5
I/ActivityManager(  365): moveTaskToBack: 5
I/ActivityManager(  365): moveTaskToBack: 5
W/InputManagerService(  365): Window already focused, ignoring focus gain of: com.android.internal.view.IInputMethodClient$Stub$Proxy@42384ef0
W/ThrottleService(  365): unable to find stats for iface rmnet0
D/StatusBar.NetworkController(  481): refreshViews connected={ wifi } level=?? combinedSignalIconId=0x7f0200bd/com.android.systemui:drawable/stat_sys_wifi_signal_3_fully combinedActivityIconId=0x0 mAirplaneMode=false mDataActivity=0 mPhoneSignalIconId=0x7f0200a1 mDataDirectionIconId=0x0 mDataSignalIconId=0x7f0200a1 mDataTypeIconId=0x0 mNoSimIconId=0x0 mWifiIconId=0x7f0200bd mBluetoothTetherIconId=0x108053d
D/StatusBar.NetworkController(  481): changing data overlay icon id to 0
I/ActivityManager(  365): START {flg=0x10020000 cmp=ru.pccar/.Main} from pid 1627
I/ONCRPC  (  167): Setup RPC Call for task 40080270
I/ONCRPC  (  167): oncrpc_xdr_call_msg_start: Prog: 3000006b, Ver: 00010001, Proc: 00000002
I/ONCRPC  (  167): xdr_std_msg_send_call: Sent Xid: 14, Prog: 3000006b, Ver: 00010001, Proc: 00000002
I/ONCRPC  (  167): xdr_std_msg_send_call: Received Reply Xid: 14, Prog: 3000006b, Ver: 00010001, Proc: 00000002
I/ActivityManager(  365): moveTaskToBack: 5
W/InputManagerService(  365): Window already focused, ignoring focus gain of: com.android.internal.view.IInputMethodClient$Stub$Proxy@42847558
D/StatusBar.NetworkController(  481): refreshViews connected={ wifi } level=?? combinedSignalIconId=0x7f0200bd/com.android.systemui:drawable/stat_sys_wifi_signal_3_fully combinedActivityIconId=0x0 mAirplaneMode=false mDataActivity=0 mPhoneSignalIconId=0x7f0200a1 mDataDirectionIconId=0x0 mDataSignalIconId=0x7f0200a1 mDataTypeIconId=0x0 mNoSimIconId=0x0 mWifiIconId=0x7f0200bd mBluetoothTetherIconId=0x108053d
I/ActivityManager(  365): START {flg=0x10020000 cmp=ru.pccar/.Main} from pid 1627
I/ActivityManager(  365): moveTaskToBack: 5
D/StatusBar.NetworkController(  481): refreshViews connected={ wifi } level=?? combinedSignalIconId=0x7f0200bd/com.android.systemui:drawable/stat_sys_wifi_signal_3_fully combinedActivityIconId=0x0 mAirplaneMode=false mDataActivity=0 mPhoneSignalIconId=0x7f0200a1 mDataDirectionIconId=0x0 mDataSignalIconId=0x7f0200a1 mDataTypeIconId=0x0 mNoSimIconId=0x0 mWifiIconId=0x7f0200bd mBluetoothTetherIconId=0x108053d
I/ActivityManager(  365): moveTaskToBack: 5
I/ActivityManager(  365): START {flg=0x10020000 cmp=ru.pccar/.Main} from pid 1627
I/ActivityManager(  365): moveTaskToBack: 5
I/ActivityManager(  365): START {flg=0x10020000 cmp=ru.pccar/.Main} from pid 1627
D/StatusBar.NetworkController(  481): refreshViews connected={ wifi } level=?? combinedSignalIconId=0x7f0200bd/com.android.systemui:drawable/stat_sys_wifi_signal_3_fully combinedActivityIconId=0x0 mAirplaneMode=false mDataActivity=0 mPhoneSignalIconId=0x7f0200a1 mDataDirectionIconId=0x0 mDataSignalIconId=0x7f0200a1 mDataTypeIconId=0x0 mNoSimIconId=0x0 mWifiIconId=0x7f0200bd mBluetoothTetherIconId=0x108053d
I/ActivityManager(  365): moveTaskToBack: 5
I/ActivityManager(  365): moveTaskToBack: 5
I/ONCRPC  (  167): Setup RPC Call for task 40080270
I/ONCRPC  (  167): oncrpc_xdr_call_msg_start: Prog: 3000006b, Ver: 00010001, Proc: 00000002
I/ONCRPC  (  167): xdr_std_msg_send_call: Sent Xid: 15, Prog: 3000006b, Ver: 00010001, Proc: 00000002
I/ONCRPC  (  167): xdr_std_msg_send_call: Received Reply Xid: 15, Prog: 3000006b, Ver: 00010001, Proc: 00000002
I/ActivityManager(  365): START {flg=0x10020000 cmp=ru.pccar/.Main} from pid 1627
I/ActivityManager(  365): moveTaskToBack: 5
D/StatusBar.NetworkController(  481): refreshViews connected={ wifi } level=?? combinedSignalIconId=0x7f0200bd/com.android.systemui:drawable/stat_sys_wifi_signal_3_fully combinedActivityIconId=0x0 mAirplaneMode=false mDataActivity=0 mPhoneSignalIconId=0x7f0200a1 mDataDirectionIconId=0x0 mDataSignalIconId=0x7f0200a1 mDataTypeIconId=0x0 mNoSimIconId=0x0 mWifiIconId=0x7f0200bd mBluetoothTetherIconId=0x108053d
D/StatusBar.NetworkController(  481): refreshViews connected={ wifi } level=?? combinedSignalIconId=0x7f0200bd/com.android.systemui:drawable/stat_sys_wifi_signal_3_fully combinedActivityIconId=0x7f0200b4 mAirplaneMode=false mDataActivity=0 mPhoneSignalIconId=0x7f0200a1 mDataDirectionIconId=0x0 mDataSignalIconId=0x7f0200a1 mDataTypeIconId=0x0 mNoSimIconId=0x0 mWifiIconId=0x7f0200bd mBluetoothTetherIconId=0x108053d
D/StatusBar.NetworkController(  481): changing data overlay icon id to 2130837684
D/StatusBar.NetworkController(  481): refreshViews connected={ wifi } level=?? combinedSignalIconId=0x7f0200bd/com.android.systemui:drawable/stat_sys_wifi_signal_3_fully combinedActivityIconId=0x0 mAirplaneMode=false mDataActivity=0 mPhoneSignalIconId=0x7f0200a1 mDataDirectionIconId=0x0 mDataSignalIconId=0x7f0200a1 mDataTypeIconId=0x0 mNoSimIconId=0x0 mWifiIconId=0x7f0200bd mBluetoothTetherIconId=0x108053d
D/StatusBar.NetworkController(  481): changing data overlay icon id to 0
I/ONCRPC  (  167): Setup RPC Call for task 40080270
I/ONCRPC  (  167): oncrpc_xdr_call_msg_start: Prog: 3000006b, Ver: 00010001, Proc: 00000002
I/ONCRPC  (  167): xdr_std_msg_send_call: Sent Xid: 16, Prog: 3000006b, Ver: 00010001, Proc: 00000002
I/ONCRPC  (  167): xdr_std_msg_send_call: Received Reply Xid: 16, Prog: 3000006b, Ver: 00010001, Proc: 00000002
D/StatusBar.NetworkController(  481): refreshViews connected={ wifi } level=?? combinedSignalIconId=0x7f0200bd/com.android.systemui:drawable/stat_sys_wifi_signal_3_fully combinedActivityIconId=0x0 mAirplaneMode=false mDataActivity=0 mPhoneSignalIconId=0x7f0200a1 mDataDirectionIconId=0x0 mDataSignalIconId=0x7f0200a1 mDataTypeIconId=0x0 mNoSimIconId=0x0 mWifiIconId=0x7f0200bd mBluetoothTetherIconId=0x108053d
D/StatusBar.NetworkController(  481): refreshViews connected={ wifi } level=?? combinedSignalIconId=0x7f0200bd/com.android.systemui:drawable/stat_sys_wifi_signal_3_fully combinedActivityIconId=0x0 mAirplaneMode=false mDataActivity=0 mPhoneSignalIconId=0x7f0200a1 mDataDirectionIconId=0x0 mDataSignalIconId=0x7f0200a1 mDataTypeIconId=0x0 mNoSimIconId=0x0 mWifiIconId=0x7f0200bd mBluetoothTetherIconId=0x108053d
I/ONCRPC  (  167): Setup RPC Call for task 40080270
I/ONCRPC  (  167): oncrpc_xdr_call_msg_start: Prog: 3000006b, Ver: 00010001, Proc: 00000002
I/ONCRPC  (  167): xdr_std_msg_send_call: Sent Xid: 17, Prog: 3000006b, Ver: 00010001, Proc: 00000002
I/ONCRPC  (  167): xdr_std_msg_send_call: Received Reply Xid: 17, Prog: 3000006b, Ver: 00010001, Proc: 00000002
D/StatusBar.NetworkController(  481): refreshViews connected={ wifi } level=?? combinedSignalIconId=0x7f0200bd/com.android.systemui:drawable/stat_sys_wifi_signal_3_fully combinedActivityIconId=0x7f0200b6 mAirplaneMode=false mDataActivity=0 mPhoneSignalIconId=0x7f0200a1 mDataDirectionIconId=0x0 mDataSignalIconId=0x7f0200a1 mDataTypeIconId=0x0 mNoSimIconId=0x0 mWifiIconId=0x7f0200bd mBluetoothTetherIconId=0x108053d
D/StatusBar.NetworkController(  481): changing data overlay icon id to 2130837686
D/StatusBar.NetworkController(  481): refreshViews connected={ wifi } level=?? combinedSignalIconId=0x7f0200bd/com.android.systemui:drawable/stat_sys_wifi_signal_3_fully combinedActivityIconId=0x7f0200b5 mAirplaneMode=false mDataActivity=0 mPhoneSignalIconId=0x7f0200a1 mDataDirectionIconId=0x0 mDataSignalIconId=0x7f0200a1 mDataTypeIconId=0x0 mNoSimIconId=0x0 mWifiIconId=0x7f0200bd mBluetoothTetherIconId=0x108053d
D/StatusBar.NetworkController(  481): changing data overlay icon id to 2130837685
D/StatusBar.NetworkController(  481): refreshViews connected={ wifi } level=?? combinedSignalIconId=0x7f0200bd/com.android.systemui:drawable/stat_sys_wifi_signal_3_fully combinedActivityIconId=0x0 mAirplaneMode=false mDataActivity=0 mPhoneSignalIconId=0x7f0200a1 mDataDirectionIconId=0x0 mDataSignalIconId=0x7f0200a1 mDataTypeIconId=0x0 mNoSimIconId=0x0 mWifiIconId=0x7f0200bd mBluetoothTetherIconId=0x108053d
D/StatusBar.NetworkController(  481): changing data overlay icon id to 0
--------- beginning of /dev/log/main
D/MediaScanner(  534): yy begin time: 0ms Path=/mnt/sdcard/SF_IV_DATA/zgf_uc2.oto
D/MediaScanner(  534): yy begin time: 0ms Path=/mnt/sdcard/SF_IV_DATA/abel_03_2P.obm
D/MediaScanner(  534): yy begin time: 0ms Path=/mnt/sdcard/SF_IV_DATA/abel_53.obm
D/MediaScanner(  534): yy begin time: 0ms Path=/mnt/sdcard/SF_IV_DATA/blanka_39_2P.obm
D/MediaScanner(  534): yy begin time: 0ms Path=/mnt/sdcard/SF_IV_DATA/chunli_04_2P.obm
D/MediaScanner(  534): yy begin time: 0ms Path=/mnt/sdcard/SF_IV_DATA/cmy_c1_2.obm
D/MediaScanner(  534): yy begin time: 0ms Path=/mnt/sdcard/SF_IV_DATA/dhalsim_03.obm
D/MediaScanner(  534): yy begin time: 0ms Path=/mnt/sdcard/SF_IV_DATA/dhalsim_eff_08.im2
D/MediaScanner(  534): yy begin time: 0ms Path=/mnt/sdcard/SF_IV_DATA/dj_16_2P.obm
D/MediaScanner(  534): yy begin time: 0ms Path=/mnt/sdcard/SF_IV_DATA/dsm_ucmov.oto
D/MediaScanner(  534): yy begin time: 0ms Path=/mnt/sdcard/SF_IV_DATA/e_blk_atk_l2.oto
D/MediaScanner(  534): yy begin time: 0ms Path=/mnt/sdcard/SF_IV_DATA/e_cmy_fgn_throw0.oto
D/MediaScanner(  534): yy begin time: 0ms Path=/mnt/sdcard/SF_IV_DATA/e_cmy_win.mes
D/MediaScanner(  534): yy begin time: 0ms Path=/mnt/sdcard/SF_IV_DATA/e_com_list_agl_2.obm
D/MediaScanner(  534): yy begin time: 0ms Path=/mnt/sdcard/SF_IV_DATA/e_gul_summer.oto
D/MediaScanner(  534): yy begin time: 1ms Path=/mnt/sdcard/SF_IV_DATA/e_hnd_atk_l2.oto
D/MediaScanner(  534): yy begin time: 0ms Path=/mnt/sdcard/SF_IV_DATA/e_jhn_c4_2.obm
D/MediaScanner(  534): yy begin time: 0ms Path=/mnt/sdcard/SF_IV_DATA/e_ryu_sc_hadou.oto
D/MediaScanner(  534): yy begin time: 0ms Path=/mnt/sdcard/SF_IV_DATA/e_veg_ko.oto
D/MediaScanner(  534): yy begin time: 1ms Path=/mnt/sdcard/SF_IV_DATA/e_zgf_c2_1.obm
D/MediaScanner(  534): yy begin time: 0ms Path=/mnt/sdcard/SF_IV_DATA/f_blk_c5_3.obm
D/MediaScanner(  534): yy begin time: 0ms Path=/mnt/sdcard/SF_IV_DATA/f_veg_c4_2.obm
D/MediaScanner(  534): yy begin time: 0ms Path=/mnt/sdcard/SF_IV_DATA/guile_12.obm
D/MediaScanner(  534): yy begin time: 0ms Path=/mnt/sdcard/SF_IV_DATA/honda_18_2P.obm
D/MediaScanner(  534): yy begin time: 0ms Path=/mnt/sdcard/SF_IV_DATA/ken20.obm
D/MediaScanner(  534): yy begin time: 0ms Path=/mnt/sdcard/SF_IV_DATA/k_cmy_c2_3.obm
D/MediaScanner(  534): yy begin time: 0ms Path=/mnt/sdcard/SF_IV_DATA/k_com_list_agl_3.obm
D/MediaScanner(  534): yy begin time: 0ms Path=/mnt/sdcard/SF_IV_DATA/k_spmv09.tas
D/MediaScanner(  534): yy begin time: 0ms Path=/mnt/sdcard/SF_IV_DATA/nrt_now.oto
D/MediaScanner(  534): yy begin time: 0ms Path=/mnt/sdcard/SF_IV_DATA/nrt_round2_1.oto
D/MediaScanner(  534): yy begin time: 0ms Path=/mnt/sdcard/SF_IV_DATA/pc_img11.img
D/MediaScanner(  534): yy begin time: 0ms Path=/mnt/sdcard/SF_IV_DATA/re_dsm12_1.im2
D/MediaScanner(  534): yy begin time: 1ms Path=/mnt/sdcard/SF_IV_DATA/re_gul12_1.im2
D/MediaScanner(  534): yy begin time: 0ms Path=/mnt/sdcard/SF_IV_DATA/re_hnd3_2.im2
D/MediaScanner(  534): yy begin time: 0ms Path=/mnt/sdcard/SF_IV_DATA/ryu23_2P.obm
D/MediaScanner(  534): yy begin time: 0ms Path=/mnt/sdcard/SF_IV_DATA/sagat_Rect_2P.bin
D/MediaScanner(  534): yy begin time: 1ms Path=/mnt/sdcard/SF_IV_DATA/sgt36.obm
D/MediaScanner(  534): yy begin time: 0ms Path=/mnt/sdcard/SF_IV_DATA/sgt_c2_1.obm
D/MediaScanner(  534): yy begin time: 0ms Path=/mnt/sdcard/SF_IV_DATA/vega_35_2P.obm
D/MediaScanner(  534): yy begin time: 1ms Path=/mnt/sdcard/SF_IV_DATA/veg_sel_chara.obm
D/MediaScanner(  534): yy begin time: 0ms Path=/mnt/sdcard/SF_IV_DATA/vip35.obm
D/MediaScanner(  534): yy begin time: 0ms Path=/mnt/sdcard/SF_IV_DATA/vip_eff38.im2
D/MediaScanner(  534): yy begin time: 0ms Path=/mnt/sdcard/SF_IV_DATA/vip_eff61.im2
D/MediaScanner(  534): yy begin time: 1ms Path=/mnt/sdcard/SF_IV_DATA/zangief_41_2P.obm
D/MediaScanner(  534): yy begin time: 0ms Path=/mnt/sdcard/SF_IV_DATA/zgf_se_fly.oto
D/MediaScanner(  534): yy begin time: 0ms Path=/mnt/sdcard/SF_IV_DATA/zgf_throw_miss.oto
D/MediaScanner(  534): yy begin time: 0ms Path=/mnt/sdcard/SF_IV_DATA/abel_04.obm
D/MediaScanner(  534): yy begin time: 1ms Path=/mnt/sdcard/SF_IV_DATA/abel_53_2P.obm
D/MediaScanner(  534): yy begin time: 0ms Path=/mnt/sdcard/SF_IV_DATA/bgm_gouki.oto
D/MediaScanner(  534): yy begin time: 0ms Path=/mnt/sdcard/SF_IV_DATA/blanka_40.obm
D/MediaScanner(  534): yy begin time: 0ms Path=/mnt/sdcard/SF_IV_DATA/chunli_05.obm
D/MediaScanner(  534): yy begin time: 0ms Path=/mnt/sdcard/SF_IV_DATA/cmy_c1_3.obm
D/MediaScanner(  534): yy begin time: 0ms Path=/mnt/sdcard/SF_IV_DATA/cockpit_cmy.obm
D/MediaScanner(  534): yy begin time: 0ms Path=/mnt/sdcard/SF_IV_DATA/dhalsim_03_2P.obm
D/MediaScanner(  534): yy begin time: 0ms Path=/mnt/sdcard/SF_IV_DATA/dhalsim_eff_10.im2
D/MediaScanner(  534): yy begin time: 0ms Path=/mnt/sdcard/SF_IV_DATA/dj_17.obm
D/MediaScanner(  534): yy begin time: 0ms Path=/mnt/sdcard/SF_IV_DATA/dsm_blast.oto
D/MediaScanner(  534): yy begin time: 0ms Path=/mnt/sdcard/SF_IV_DATA/e_blk_bsroll.oto
D/MediaScanner(  534): yy begin time: 0ms Path=/mnt/sdcard/SF_IV_DATA/e_cmy_sc1.oto
D/MediaScanner(  534): yy begin time: 1ms Path=/mnt/sdcard/SF_IV_DATA/e_com_list_blk_1.obm
D/MediaScanner(  534): yy begin time: 0ms Path=/mnt/sdcard/SF_IV_DATA/e_cvp_uc1.oto
D/MediaScanner(  534): yy begin time: 0ms Path=/mnt/sdcard/SF_IV_DATA/e_dsm_ucmov.oto
D/MediaScanner(  534): yy begin time: 0ms Path=/mnt/sdcard/SF_IV_DATA/e_hnd_win1.oto
D/MediaScanner(  534): yy begin time: 1ms Path=/mnt/sdcard/SF_IV_DATA/e_jhn_c4_3.obm
D/MediaScanner(  534): yy begin time: 0ms Path=/mnt/sdcard/SF_IV_DATA/e_ken_atk_m0.oto
D/MediaScanner(  534): yy begin time: 0ms Path=/mnt/sdcard/SF_IV_DATA/e_ryu_atk_l2.oto
D/MediaScanner(  534): yy begin time: 0ms Path=/mnt/sdcard/SF_IV_DATA/e_spmv03.tas
D/MediaScanner(  534): yy begin time: 0ms Path=/mnt/sdcard/SF_IV_DATA/e_zgf_c2_2.obm
D/MediaScanner(  534): yy begin time: 0ms Path=/mnt/sdcard/SF_IV_DATA/e_zgf_uc4.oto
D/MediaScanner(  534): yy begin time: 0ms Path=/mnt/sdcard/SF_IV_DATA/f_dj_c5_3.obm
D/MediaScanner(  534): yy begin time: 0ms Path=/mnt/sdcard/SF_IV_DATA/f_veg_c5_1.obm
D/MediaScanner(  534): yy begin time: 0ms Path=/mnt/sdcard/SF_IV_DATA/guile_12_2P.obm
D/MediaScanner(  534): yy begin time: 0ms Path=/mnt/sdcard/SF_IV_DATA/honda_19.obm
D/MediaScanner(  534): yy begin time: 0ms Path=/mnt/sdcard/SF_IV_DATA/j_gil_win.mes
D/MediaScanner(  534): yy begin time: 0ms Path=/mnt/sdcard/SF_IV_DATA/ken20_2P.obm
D/MediaScanner(  534): yy begin time: 0ms Path=/mnt/sdcard/SF_IV_DATA/ken_Pict.bin
D/MediaScanner(  534): yy begin time: 1ms Path=/mnt/sdcard/SF_IV_DATA/k_cmy_c3_1.obm
D/MediaScanner(  534): yy begin time: 0ms Path=/mnt/sdcard/SF_IV_DATA/k_com_list_agl_4.obm
D/MediaScanner(  534): yy begin time: 0ms Path=/mnt/sdcard/SF_IV_DATA/RailYard2-2.im2
D/MediaScanner(  534): yy begin time: 0ms Path=/mnt/sdcard/SF_IV_DATA/re_agl10_2.im2
D/MediaScanner(  534): yy begin time: 0ms Path=/mnt/sdcard/SF_IV_DATA/re_blk2_2.im2
D/MediaScanner(  534): yy begin time: 0ms Path=/mnt/sdcard/SF_IV_DATA/re_dj3_2.im2
D/MediaScanner(  534): yy begin time: 1ms Path=/mnt/sdcard/SF_IV_DATA/re_jha5_1.im2
D/MediaScanner(  534): yy begin time: 0ms Path=/mnt/sdcard/SF_IV_DATA/ryu24.obm
D/MediaScanner(  534): yy begin time: 0ms Path=/mnt/sdcard/SF_IV_DATA/ryu_eff13.im2
D/MediaScanner(  534): yy begin time: 0ms Path=/mnt/sdcard/SF_IV_DATA/sgt36_2P.obm
D/MediaScanner(  534): yy begin time: 0ms Path=/mnt/sdcard/SF_IV_DATA/sgt_c4_2.obm
D/MediaScanner(  534): yy begin time: 0ms Path=/mnt/sdcard/SF_IV_DATA/vega_36.obm
D/MediaScanner(  534): yy begin time: 0ms Path=/mnt/sdcard/SF_IV_DATA/vip35_2P.obm
D/MediaScanner(  534): yy begin time: 0ms Path=/mnt/sdcard/SF_IV_DATA/zgf_atk_h2.oto
D/MediaScanner(  534): yy begin time: 0ms Path=/mnt/sdcard/SF_IV_DATA/zgf_atomic0.oto
D/MediaScanner(  534): yy begin time: 1ms Path=/mnt/sdcard/SF_IV_DATA/abel_04_2P.obm
D/MediaScanner(  534): yy begin time: 0ms Path=/mnt/sdcard/SF_IV_DATA/abel_54.obm
D/MediaScanner(  534): yy begin time: 0ms Path=/mnt/sdcard/SF_IV_DATA/bgm_gouken.oto
D/MediaScanner(  534): yy begin time: 0ms Path=/mnt/sdcard/SF_IV_DATA/bgm_modeselect.oto
D/MediaScanner(  534): yy begin time: 1ms Path=/mnt/sdcard/SF_IV_DATA/blanka_40_2P.obm
D/MediaScanner(  534): yy begin time: 0ms Path=/mnt/sdcard/SF_IV_DATA/chunli_05_2P.obm
D/MediaScanner(  534): yy begin time: 0ms Path=/mnt/sdcard/SF_IV_DATA/cmy_atk_h2.oto
D/MediaScanner(  534): yy begin time: 0ms Path=/mnt/sdcard/SF_IV_DATA/cmy_c3_2.obm
D/MediaScanner(  534): yy begin time: 0ms Path=/mnt/sdcard/SF_IV_DATA/cnl_atk_h0.oto
D/MediaScanner(  534): yy begin time: 0ms Path=/mnt/sdcard/SF_IV_DATA/cokpit_agl.obm
D/MediaScanner(  534): yy begin time: 0ms Path=/mnt/sdcard/SF_IV_DATA/dhalsim_04.obm
D/MediaScanner(  534): yy begin time: 0ms Path=/mnt/sdcard/SF_IV_DATA/dj_17_2P.obm
D/MediaScanner(  534): yy begin time: 0ms Path=/mnt/sdcard/SF_IV_DATA/dj_eff_20.im2
D/MediaScanner(  534): yy begin time: 0ms Path=/mnt/sdcard/SF_IV_DATA/dsm_sc2.oto
D/MediaScanner(  534): yy begin time: 0ms Path=/mnt/sdcard/SF_IV_DATA/e_cmy_uc3.oto
D/MediaScanner(  534): yy begin time: 0ms Path=/mnt/sdcard/SF_IV_DATA/e_cnl_atk_h2.oto
D/MediaScanner(  534): yy begin time: 0ms Path=/mnt/sdcard/SF_IV_DATA/e_com_list_blk_2.obm
D/MediaScanner(  534): yy begin time: 1ms Path=/mnt/sdcard/SF_IV_DATA/e_dsm_ko.oto
D/MediaScanner(  534): yy begin time: 0ms Path=/mnt/sdcard/SF_IV_DATA/e_ken_c2_1.obm
D/MediaScanner(  534): yy begin time: 0ms Path=/mnt/sdcard/SF_IV_DATA/e_ryu_tatsumaki.oto
D/MediaScanner(  534): yy begin time: 1ms Path=/mnt/sdcard/SF_IV_DATA/e_sgt_sc1.oto
D/MediaScanner(  534): yy begin time: 0ms Path=/mnt/sdcard/SF_IV_DATA/e_zgf_c2_3.obm
D/MediaScanner(  534): yy begin time: 0ms Path=/mnt/sdcard/SF_IV_DATA/f_dsm_c4_3.obm
D/MediaScanner(  534): yy begin time: 0ms Path=/mnt/sdcard/SF_IV_DATA/f_spmv07.tas
D/MediaScanner(  534): yy begin time: 1ms Path=/mnt/sdcard/SF_IV_DATA/f_veg_c5_2.obm
D/MediaScanner(  534): yy begin time: 0ms Path=/mnt/sdcard/SF_IV_DATA/guile_13.obm
D/MediaScanner(  534): yy begin time: 0ms Path=/mnt/sdcard/SF_IV_DATA/hit_bone.oto
D/MediaScanner(  534): yy begin time: 0ms Path=/mnt/sdcard/SF_IV_DATA/honda_19_2P.obm
D/MediaScanner(  534): yy begin time: 1ms Path=/mnt/sdcard/SF_IV_DATA/j_ryu_win.mes
D/MediaScanner(  534): yy begin time: 0ms Path=/mnt/sdcard/SF_IV_DATA/ken21.obm
D/MediaScanner(  534): yy begin time: 0ms Path=/mnt/sdcard/SF_IV_DATA/ken_Pict_2P.bin
D/MediaScanner(  534): yy begin time: 0ms Path=/mnt/sdcard/SF_IV_DATA/k_cmy_c4_2.obm
D/MediaScanner(  534): yy begin time: 0ms Path=/mnt/sdcard/SF_IV_DATA/k_com_list_blk_3.obm
D/MediaScanner(  534): yy begin time: 0ms Path=/mnt/sdcard/SF_IV_DATA/RailYard2-1.im2
D/MediaScanner(  534): yy begin time: 0ms Path=/mnt/sdcard/SF_IV_DATA/re_dj7_2.im2
D/MediaScanner(  534): yy begin time: 0ms Path=/mnt/sdcard/SF_IV_DATA/re_jha4_2.im2
D/MediaScanner(  534): yy begin time: 0ms Path=/mnt/sdcard/SF_IV_DATA/re_ken3_1.im2
D/MediaScanner(  534): yy begin time: 0ms Path=/mnt/sdcard/SF_IV_DATA/ryu24_2P.obm
D/MediaScanner(  534): yy begin time: 0ms Path=/mnt/sdcard/SF_IV_DATA/sgt37.obm
D/MediaScanner(  534): yy begin time: 0ms Path=/mnt/sdcard/SF_IV_DATA/vega_36_2P.obm
D/MediaScanner(  534): yy begin time: 0ms Path=/mnt/sdcard/SF_IV_DATA/veg_c2_1.obm
D/MediaScanner(  534): yy begin time: 0ms Path=/mnt/sdcard/SF_IV_DATA/vip36.obm
D/MediaScanner(  534): yy begin time: 0ms Path=/mnt/sdcard/SF_IV_DATA/vip_eff77.im2
D/MediaScanner(  534): yy begin time: 1ms Path=/mnt/sdcard/SF_IV_DATA/zangief_Rect.bin
D/MediaScanner(  534): yy begin time: 0ms Path=/mnt/sdcard/SF_IV_DATA/zgf_ucmov.oto
D/MediaScanner(  534): yy begin time: 0ms Path=/mnt/sdcard/SF_IV_DATA/abel_05.obm
D/MediaScanner(  534): yy begin time: 0ms Path=/mnt/sdcard/SF_IV_DATA/abel_54_2P.obm
D/MediaScanner(  534): yy begin time: 1ms Path=/mnt/sdcard/SF_IV_DATA/bgm_stage_bra.oto
D/MediaScanner(  534): yy begin time: 0ms Path=/mnt/sdcard/SF_IV_DATA/blanka_41.obm
D/MediaScanner(  534): yy begin time: 0ms Path=/mnt/sdcard/SF_IV_DATA/chunli_06.obm
D/MediaScanner(  534): yy begin time: 0ms Path=/mnt/sdcard/SF_IV_DATA/cmy_c3_3.obm
D/MediaScanner(  534): yy begin time: 1ms Path=/mnt/sdcard/SF_IV_DATA/cmy_ko.oto
D/MediaScanner(  534): yy begin time: 0ms Path=/mnt/sdcard/SF_IV_DATA/cokpit_blk.obm
D/MediaScanner(  534): yy begin time: 0ms Path=/mnt/sdcard/SF_IV_DATA/dhalsim_04_2P.obm
D/MediaScanner(  534): yy begin time: 0ms Path=/mnt/sdcard/SF_IV_DATA/dj_18.obm
D/MediaScanner(  534): yy begin time: 0ms Path=/mnt/sdcard/SF_IV_DATA/dj_eff_26.im2
D/MediaScanner(  534): yy begin time: 0ms Path=/mnt/sdcard/SF_IV_DATA/e_blk_win.mes
D/MediaScanner(  534): yy begin time: 0ms Path=/mnt/sdcard/SF_IV_DATA/e_com_list_cmy_1.obm
D/MediaScanner(  534): yy begin time: 1ms Path=/mnt/sdcard/SF_IV_DATA/e_dsm_sav3.oto
D/MediaScanner(  534): yy begin time: 0ms Path=/mnt/sdcard/SF_IV_DATA/e_ken_atk_h1.oto
D/MediaScanner(  534): yy begin time: 0ms Path=/mnt/sdcard/SF_IV_DATA/e_ken_c4_1.obm
D/MediaScanner(  534): yy begin time: 0ms Path=/mnt/sdcard/SF_IV_DATA/e_ken_uc2.oto
D/MediaScanner(  534): yy begin time: 1ms Path=/mnt/sdcard/SF_IV_DATA/e_ryu_throw1.oto
D/MediaScanner(  534): yy begin time: 0ms Path=/mnt/sdcard/SF_IV_DATA/e_veg_atk_l1.oto
D/MediaScanner(  534): yy begin time: 0ms Path=/mnt/sdcard/SF_IV_DATA/e_zgf_c3_1.obm
D/MediaScanner(  534): yy begin time: 0ms Path=/mnt/sdcard/SF_IV_DATA/e_zgf_ucmov.oto
D/MediaScanner(  534): yy begin time: 1ms Path=/mnt/sdcard/SF_IV_DATA/frontstep.oto
D/MediaScanner(  534): yy begin time: 0ms Path=/mnt/sdcard/SF_IV_DATA/f_dsm_c5_3.obm
D/MediaScanner(  534): yy begin time: 0ms Path=/mnt/sdcard/SF_IV_DATA/f_zgf_c4_1.obm
D/MediaScanner(  534): yy begin time: 0ms Path=/mnt/sdcard/SF_IV_DATA/guile_13_2P.obm
D/MediaScanner(  534): yy begin time: 1ms Path=/mnt/sdcard/SF_IV_DATA/gul_sav1.oto
D/MediaScanner(  534): yy begin time: 0ms Path=/mnt/sdcard/SF_IV_DATA/hnd_atk_h1.oto
D/MediaScanner(  534): yy begin time: 0ms Path=/mnt/sdcard/SF_IV_DATA/honda_20.obm
D/MediaScanner(  534): yy begin time: 0ms Path=/mnt/sdcard/SF_IV_DATA/Jammed1-2.im2
D/MediaScanner(  534): yy begin time: 1ms Path=/mnt/sdcard/SF_IV_DATA/j_spmv04.tas
D/MediaScanner(  534): yy begin time: 0ms Path=/mnt/sdcard/SF_IV_DATA/ken21_2P.obm
D/MediaScanner(  534): yy begin time: 0ms Path=/mnt/sdcard/SF_IV_DATA/ken_1p.bmv
D/MediaScanner(  534): yy begin time: 0ms Path=/mnt/sdcard/SF_IV_DATA/k_cmy_c4_3.obm
D/MediaScanner(  534): yy begin time: 1ms Path=/mnt/sdcard/SF_IV_DATA/k_com_list_blk_4.obm
D/MediaScanner(  534): yy begin time: 0ms Path=/mnt/sdcard/SF_IV_DATA/re_hnd8_2.im2
D/MediaScanner(  534): yy begin time: 0ms Path=/mnt/sdcard/SF_IV_DATA/re_jha6_1.im2
D/MediaScanner(  534): yy begin time: 0ms Path=/mnt/sdcard/SF_IV_DATA/re_jha9_2.im2
D/MediaScanner(  534): yy begin time: 0ms Path=/mnt/sdcard/SF_IV_DATA/ryu25.obm
D/MediaScanner(  534): yy begin time: 0ms Path=/mnt/sdcard/SF_IV_DATA/sgt37_2P.obm
D/MediaScanner(  534): yy begin time: 0ms Path=/mnt/sdcard/SF_IV_DATA/vega_37.obm
D/MediaScanner(  534): yy begin time: 0ms Path=/mnt/sdcard/SF_IV_DATA/veg_c2_2.obm
D/MediaScanner(  534): yy begin time: 0ms Path=/mnt/sdcard/SF_IV_DATA/vip36_2P.obm
D/MediaScanner(  534): yy begin time: 0ms Path=/mnt/sdcard/SF_IV_DATA/vip_eff73.im2
D/MediaScanner(  534): yy begin time: 0ms Path=/mnt/sdcard/SF_IV_DATA/zangief_Rect_2P.bin
D/MediaScanner(  534): yy begin time: 0ms Path=/mnt/sdcard/SF_IV_DATA/zgf_sav1.oto
D/MediaScanner(  534): yy begin time: 0ms Path=/mnt/sdcard/SF_IV_DATA/abel_05_2P.obm
D/MediaScanner(  534): yy begin time: 1ms Path=/mnt/sdcard/SF_IV_DATA/abel_55.obm
D/MediaScanner(  534): yy begin time: 0ms Path=/mnt/sdcard/SF_IV_DATA/abl_se_roll.oto
D/MediaScanner(  534): yy begin time: 0ms Path=/mnt/sdcard/SF_IV_DATA/bgm_stage_kor.oto
D/MediaScanner(  534): yy begin time: 0ms Path=/mnt/sdcard/SF_IV_DATA/blanka_41_2P.obm
D/MediaScanner(  534): yy begin time: 1ms Path=/mnt/sdcard/SF_IV_DATA/blk_atk_h2.oto
D/MediaScanner(  534): yy begin time: 0ms Path=/mnt/sdcard/SF_IV_DATA/chunli_06_2P.obm
D/MediaScanner(  534): yy begin time: 0ms Path=/mnt/sdcard/SF_IV_DATA/cokpit_cnl.obm
D/MediaScanner(  534): yy begin time: 1ms Path=/mnt/sdcard/SF_IV_DATA/dhalsim_05.obm
D/MediaScanner(  534): yy begin time: 0ms Path=/mnt/sdcard/SF_IV_DATA/djy_hiza_ko.oto
D/MediaScanner(  534): yy begin time: 0ms Path=/mnt/sdcard/SF_IV_DATA/dj_18_2P.obm
D/MediaScanner(  534): yy begin time: 0ms Path=/mnt/sdcard/SF_IV_DATA/dj_c1_2.obm
D/MediaScanner(  534): yy begin time: 0ms Path=/mnt/sdcard/SF_IV_DATA/dj_eff_17.im2
D/MediaScanner(  534): yy begin time: 0ms Path=/mnt/sdcard/SF_IV_DATA/e_com_list_cmy_2.obm
D/MediaScanner(  534): yy begin time: 0ms Path=/mnt/sdcard/SF_IV_DATA/e_cvp_atk_h2.oto
D/MediaScanner(  534): yy begin time: 0ms Path=/mnt/sdcard/SF_IV_DATA/e_djy_upper1.oto
D/MediaScanner(  534): yy begin time: 0ms Path=/mnt/sdcard/SF_IV_DATA/e_gul_w_summer1.oto
D/MediaScanner(  534): yy begin time: 0ms Path=/mnt/sdcard/SF_IV_DATA/e_ken_c4_2.obm
D/MediaScanner(  534): yy begin time: 0ms Path=/mnt/sdcard/SF_IV_DATA/e_zgf_c4_2.obm
D/MediaScanner(  534): yy begin time: 0ms Path=/mnt/sdcard/SF_IV_DATA/f_gul_c5_3.obm
D/MediaScanner(  534): yy begin time: 0ms Path=/mnt/sdcard/SF_IV_DATA/f_zgf_c4_2.obm
D/MediaScanner(  534): yy begin time: 1ms Path=/mnt/sdcard/SF_IV_DATA/guile_14.obm
D/MediaScanner(  534): yy begin time: 0ms Path=/mnt/sdcard/SF_IV_DATA/gul_atk_l0.oto
D/MediaScanner(  534): yy begin time: 0ms Path=/mnt/sdcard/SF_IV_DATA/honda_20_2P.obm
D/MediaScanner(  534): yy begin time: 0ms Path=/mnt/sdcard/SF_IV_DATA/icon_characters.obm
D/MediaScanner(  534): yy begin time: 0ms Path=/mnt/sdcard/SF_IV_DATA/ken22.obm
D/MediaScanner(  534): yy begin time: 0ms Path=/mnt/sdcard/SF_IV_DATA/k_cnl_c1_1.obm
D/MediaScanner(  534): yy begin time: 0ms Path=/mnt/sdcard/SF_IV_DATA/k_com_list_cmy_3.obm
D/MediaScanner(  534): yy begin time: 0ms Path=/mnt/sdcard/SF_IV_DATA/k_gkbtl.tas
D/MediaScanner(  534): yy begin time: 1ms Path=/mnt/sdcard/SF_IV_DATA/pc_img15.img
D/MediaScanner(  534): yy begin time: 0ms Path=/mnt/sdcard/SF_IV_DATA/re_dj10_2.im2
D/MediaScanner(  534): yy begin time: 0ms Path=/mnt/sdcard/SF_IV_DATA/re_dj1_1.im2
D/MediaScanner(  534): yy begin time: 0ms Path=/mnt/sdcard/SF_IV_DATA/re_veg1_2.im2
D/MediaScanner(  534): yy begin time: 1ms Path=/mnt/sdcard/SF_IV_DATA/ryu25_2P.obm
D/MediaScanner(  534): yy begin time: 0ms Path=/mnt/sdcard/SF_IV_DATA/ryu_atk_m2.oto
D/MediaScanner(  534): yy begin time: 0ms Path=/mnt/sdcard/SF_IV_DATA/ryu_eff15.im2
D/MediaScanner(  534): yy begin time: 0ms Path=/mnt/sdcard/SF_IV_DATA/ryu_ex_hadou.oto
D/MediaScanner(  534): yy begin time: 1ms Path=/mnt/sdcard/SF_IV_DATA/ryu_ex_syoryu.oto
D/MediaScanner(  534): yy begin time: 0ms Path=/mnt/sdcard/SF_IV_DATA/sennseki_1.img
D/MediaScanner(  534): yy begin time: 0ms Path=/mnt/sdcard/SF_IV_DATA/sgt38.obm
D/MediaScanner(  534): yy begin time: 0ms Path=/mnt/sdcard/SF_IV_DATA/sgt_eff_03.im2
D/MediaScanner(  534): yy begin time: 1ms Path=/mnt/sdcard/SF_IV_DATA/vega_37_2P.obm
D/MediaScanner(  534): yy begin time: 0ms Path=/mnt/sdcard/SF_IV_DATA/veg_c2_3.obm
D/MediaScanner(  534): yy begin time: 0ms Path=/mnt/sdcard/SF_IV_DATA/vip37.obm
D/MediaScanner(  534): yy begin time: 0ms Path=/mnt/sdcard/SF_IV_DATA/vschar.tan
D/MediaScanner(  534): yy begin time: 0ms Path=/mnt/sdcard/SF_IV_DATA/abel_06.obm
D/MediaScanner(  534): yy begin time: 0ms Path=/mnt/sdcard/SF_IV_DATA/abel_55_2P.obm
D/MediaScanner(  534): yy begin time: 0ms Path=/mnt/sdcard/SF_IV_DATA/abel_Pict.bin
D/MediaScanner(  534): yy begin time: 0ms Path=/mnt/sdcard/SF_IV_DATA/bgm_stage_usa.oto
D/MediaScanner(  534): yy begin time: 0ms Path=/mnt/sdcard/SF_IV_DATA/blanka_42.obm
D/MediaScanner(  534): yy begin time: 1ms Path=/mnt/sdcard/SF_IV_DATA/chunli_07.obm
D/MediaScanner(  534): yy begin time: 0ms Path=/mnt/sdcard/SF_IV_DATA/cnl_atk_l0.oto
D/MediaScanner(  534): yy begin time: 0ms Path=/mnt/sdcard/SF_IV_DATA/cnl_ko.oto
D/MediaScanner(  534): yy begin time: 0ms Path=/mnt/sdcard/SF_IV_DATA/cockpit_zgf.obm
D/MediaScanner(  534): yy begin time: 1ms Path=/mnt/sdcard/SF_IV_DATA/cokpit_dj.obm
D/MediaScanner(  534): yy begin time: 0ms Path=/mnt/sdcard/SF_IV_DATA/Cruiser2-1.im2
D/MediaScanner(  534): yy begin time: 0ms Path=/mnt/sdcard/SF_IV_DATA/cvp_se_flash.oto
D/MediaScanner(  534): yy begin time: 0ms Path=/mnt/sdcard/SF_IV_DATA/dhalsim_05_2P.obm
D/MediaScanner(  534): yy begin time: 0ms Path=/mnt/sdcard/SF_IV_DATA/djy_cont.oto
D/MediaScanner(  534): yy begin time: 0ms Path=/mnt/sdcard/SF_IV_DATA/dj_19.obm
D/MediaScanner(  534): yy begin time: 1ms Path=/mnt/sdcard/SF_IV_DATA/dsm_c1_2.obm
D/MediaScanner(  534): yy begin time: 0ms Path=/mnt/sdcard/SF_IV_DATA/dsm_sc_se.oto
D/MediaScanner(  534): yy begin time: 0ms Path=/mnt/sdcard/SF_IV_DATA/dsm_telepo_out.oto
D/MediaScanner(  534): yy begin time: 1ms Path=/mnt/sdcard/SF_IV_DATA/e_cmy_sc0.oto
D/MediaScanner(  534): yy begin time: 0ms Path=/mnt/sdcard/SF_IV_DATA/e_cnl_ko.oto
D/MediaScanner(  534): yy begin time: 0ms Path=/mnt/sdcard/SF_IV_DATA/e_com_list_cnl_2.obm
D/MediaScanner(  534): yy begin time: 1ms Path=/mnt/sdcard/SF_IV_DATA/e_djy_backstep.oto
D/MediaScanner(  534): yy begin time: 0ms Path=/mnt/sdcard/SF_IV_DATA/e_ken_c5_1.obm
D/MediaScanner(  534): yy begin time: 0ms Path=/mnt/sdcard/SF_IV_DATA/e_sgt_cont.oto
D/MediaScanner(  534): yy begin time: 1ms Path=/mnt/sdcard/SF_IV_DATA/e_zgf_c4_3.obm
D/MediaScanner(  534): yy begin time: 0ms Path=/mnt/sdcard/SF_IV_DATA/f_hnd_c3_3.obm
D/MediaScanner(  534): yy begin time: 0ms Path=/mnt/sdcard/SF_IV_DATA/f_zgf_c4_3.obm
D/MediaScanner(  534): yy begin time: 0ms Path=/mnt/sdcard/SF_IV_DATA/guile_14_2P.obm
D/MediaScanner(  534): yy begin time: 1ms Path=/mnt/sdcard/SF_IV_DATA/honda_21.obm
D/MediaScanner(  534): yy begin time: 0ms Path=/mnt/sdcard/SF_IV_DATA/j_spmv01.tas
D/MediaScanner(  534): yy begin time: 0ms Path=/mnt/sdcard/SF_IV_DATA/ken22_2P.obm
D/MediaScanner(  534): yy begin time: 0ms Path=/mnt/sdcard/SF_IV_DATA/k_cnl_c1_2.obm
D/MediaScanner(  534): yy begin time: 0ms Path=/mnt/sdcard/SF_IV_DATA/k_com_list_cmy_4.obm
D/MediaScanner(  534): yy begin time: 0ms Path=/mnt/sdcard/SF_IV_DATA/pc_img07.img
D/MediaScanner(  534): yy begin time: 0ms Path=/mnt/sdcard/SF_IV_DATA/re_cmy10_1.im2
D/MediaScanner(  534): yy begin time: 0ms Path=/mnt/sdcard/SF_IV_DATA/re_cmy5_2.im2
D/MediaScanner(  534): yy begin time: 1ms Path=/mnt/sdcard/SF_IV_DATA/re_ryu10_2.im2
D/MediaScanner(  534): yy begin time: 0ms Path=/mnt/sdcard/SF_IV_DATA/ryu26.obm
D/MediaScanner(  534): yy begin time: 0ms Path=/mnt/sdcard/SF_IV_DATA/sgt38_2P.obm
D/MediaScanner(  534): yy begin time: 0ms Path=/mnt/sdcard/SF_IV_DATA/swing_punch_l.oto
D/MediaScanner(  534): yy begin time: 0ms Path=/mnt/sdcard/SF_IV_DATA/vega_38.obm
D/MediaScanner(  534): yy begin time: 0ms Path=/mnt/sdcard/SF_IV_DATA/veg_c3_1.obm
D/MediaScanner(  534): yy begin time: 0ms Path=/mnt/sdcard/SF_IV_DATA/vip37_2P.obm
D/MediaScanner(  534): yy begin time: 0ms Path=/mnt/sdcard/SF_IV_DATA/vip_eff02.im2
D/MediaScanner(  534): yy begin time: 1ms Path=/mnt/sdcard/SF_IV_DATA/zangief_eff_05.im2
D/MediaScanner(  534): yy begin time: 0ms Path=/mnt/sdcard/SF_IV_DATA/abel_06_2P.obm
D/MediaScanner(  534): yy begin time: 0ms Path=/mnt/sdcard/SF_IV_DATA/abel_56.obm
D/MediaScanner(  534): yy begin time: 0ms Path=/mnt/sdcard/SF_IV_DATA/abel_Pict_2P.bin
D/MediaScanner(  534): yy begin time: 1ms Path=/mnt/sdcard/SF_IV_DATA/agl_c2_1.obm
D/MediaScanner(  534): yy begin time: 0ms Path=/mnt/sdcard/SF_IV_DATA/bgm_dhalsim.oto
D/MediaScanner(  534): yy begin time: 0ms Path=/mnt/sdcard/SF_IV_DATA/blanka_42_2P.obm
D/MediaScanner(  534): yy begin time: 0ms Path=/mnt/sdcard/SF_IV_DATA/blk_elec.oto
D/MediaScanner(  534): yy begin time: 0ms Path=/mnt/sdcard/SF_IV_DATA/chunli_07_2P.obm
D/MediaScanner(  534): yy begin time: 0ms Path=/mnt/sdcard/SF_IV_DATA/cnl_kikouken.oto
D/MediaScanner(  534): yy begin time: 0ms Path=/mnt/sdcard/SF_IV_DATA/cnl_uc2.oto
D/MediaScanner(  534): yy begin time: 0ms Path=/mnt/sdcard/SF_IV_DATA/cokpit_dsm.obm
D/MediaScanner(  534): yy begin time: 0ms Path=/mnt/sdcard/SF_IV_DATA/dhalsim_06.obm
D/MediaScanner(  534): yy begin time: 0ms Path=/mnt/sdcard/SF_IV_DATA/dj_19_2P.obm
D/MediaScanner(  534): yy begin time: 0ms Path=/mnt/sdcard/SF_IV_DATA/e_cmy_c1_2.obm
D/MediaScanner(  534): yy begin time: 0ms Path=/mnt/sdcard/SF_IV_DATA/e_cnl_atk_m2.oto
D/MediaScanner(  534): yy begin time: 1ms Path=/mnt/sdcard/SF_IV_DATA/e_com_list_cnl_3.obm
D/MediaScanner(  534): yy begin time: 0ms Path=/mnt/sdcard/SF_IV_DATA/e_cvp_ucmov.oto
D/MediaScanner(  534): yy begin time: 0ms Path=/mnt/sdcard/SF_IV_DATA/e_dsm_atk_h2.oto
D/MediaScanner(  534): yy begin time: 0ms Path=/mnt/sdcard/SF_IV_DATA/e_ryu_c4_1.obm
D/MediaScanner(  534): yy begin time: 0ms Path=/mnt/sdcard/SF_IV_DATA/e_ryu_ko.oto
D/MediaScanner(  534): yy begin time: 0ms Path=/mnt/sdcard/SF_IV_DATA/e_sgt_throw0.oto
D/MediaScanner(  534): yy begin time: 0ms Path=/mnt/sdcard/SF_IV_DATA/e_spmv10.tas
D/MediaScanner(  534): yy begin time: 1ms Path=/mnt/sdcard/SF_IV_DATA/e_zgf_atomic0.oto
D/MediaScanner(  534): yy begin time: 0ms Path=/mnt/sdcard/SF_IV_DATA/f_agl_c1_1.obm
D/MediaScanner(  534): yy begin time: 0ms Path=/mnt/sdcard/SF_IV_DATA/f_hnd_c5_3.obm
D/MediaScanner(  534): yy begin time: 0ms Path=/mnt/sdcard/SF_IV_DATA/f_zgf_c5_1.obm
D/MediaScanner(  534): yy begin time: 0ms Path=/mnt/sdcard/SF_IV_DATA/guile_15.obm
D/MediaScanner(  534): yy begin time: 0ms Path=/mnt/sdcard/SF_IV_DATA/guile_44.obm
D/MediaScanner(  534): yy begin time: 0ms Path=/mnt/sdcard/SF_IV_DATA/honda_21_2P.obm
D/MediaScanner(  534): yy begin time: 0ms Path=/mnt/sdcard/SF_IV_DATA/ken23.obm
D/MediaScanner(  534): yy begin time: 0ms Path=/mnt/sdcard/SF_IV_DATA/k_cnl_c2_1.obm
D/MediaScanner(  534): yy begin time: 0ms Path=/mnt/sdcard/SF_IV_DATA/k_com_list_cnl_1.obm
D/MediaScanner(  534): yy begin time: 0ms Path=/mnt/sdcard/SF_IV_DATA/k_spmv12.tas
D/MediaScanner(  534): yy begin time: 0ms Path=/mnt/sdcard/SF_IV_DATA/RailYard2-3.im2
D/MediaScanner(  534): yy begin time: 1ms Path=/mnt/sdcard/SF_IV_DATA/re_agl8_1.im2
D/MediaScanner(  534): yy begin time: 0ms Path=/mnt/sdcard/SF_IV_DATA/re_blk12_2.im2
D/MediaScanner(  534): yy begin time: 0ms Path=/mnt/sdcard/SF_IV_DATA/re_sgt2_1.im2
D/MediaScanner(  534): yy begin time: 0ms Path=/mnt/sdcard/SF_IV_DATA/re_veg1_1.im2
D/MediaScanner(  534): yy begin time: 1ms Path=/mnt/sdcard/SF_IV_DATA/ryu26_2P.obm
D/MediaScanner(  534): yy begin time: 0ms Path=/mnt/sdcard/SF_IV_DATA/sgt39.obm
D/MediaScanner(  534): yy begin time: 0ms Path=/mnt/sdcard/SF_IV_DATA/vega_38_2P.obm
D/MediaScanner(  534): yy begin time: 0ms Path=/mnt/sdcard/SF_IV_DATA/veg_c4_2.obm
D/MediaScanner(  534): yy begin time: 1ms Path=/mnt/sdcard/SF_IV_DATA/vip38.obm
D/MediaScanner(  534): yy begin time: 0ms Path=/mnt/sdcard/SF_IV_DATA/vip_eff41.im2
D/MediaScanner(  534): yy begin time: 0ms Path=/mnt/sdcard/SF_IV_DATA/vip_eff62.im2
D/MediaScanner(  534): yy begin time: 0ms Path=/mnt/sdcard/SF_IV_DATA/abel_07.obm
D/MediaScanner(  534): yy begin time: 1ms Path=/mnt/sdcard/SF_IV_DATA/abel_56_2P.obm
D/MediaScanner(  534): yy begin time: 0ms Path=/mnt/sdcard/SF_IV_DATA/abl_atk_m2.oto
D/MediaScanner(  534): yy begin time: 0ms Path=/mnt/sdcard/SF_IV_DATA/agl_c3_1.obm
D/MediaScanner(  534): yy begin time: 0ms Path=/mnt/sdcard/SF_IV_DATA/bgm_dojo.oto
D/MediaScanner(  534): yy begin time: 1ms Path=/mnt/sdcard/SF_IV_DATA/blanka_43.obm
D/MediaScanner(  534): yy begin time: 0ms Path=/mnt/sdcard/SF_IV_DATA/bla_eff_12.im2
D/MediaScanner(  534): yy begin time: 0ms Path=/mnt/sdcard/SF_IV_DATA/chunli_08.obm
D/MediaScanner(  534): yy begin time: 0ms Path=/mnt/sdcard/SF_IV_DATA/cnl_hiza_ko.oto
D/MediaScanner(  534): yy begin time: 1ms Path=/mnt/sdcard/SF_IV_DATA/cokpit_gil.obm
D/MediaScanner(  534): yy begin time: 0ms Path=/mnt/sdcard/SF_IV_DATA/Cruiser1-1.im2
D/MediaScanner(  534): yy begin time: 0ms Path=/mnt/sdcard/SF_IV_DATA/dhalsim_06_2P.obm
D/MediaScanner(  534): yy begin time: 1ms Path=/mnt/sdcard/SF_IV_DATA/dj_20.obm
D/MediaScanner(  534): yy begin time: 0ms Path=/mnt/sdcard/SF_IV_DATA/e_cmy_c1_3.obm
D/MediaScanner(  534): yy begin time: 0ms Path=/mnt/sdcard/SF_IV_DATA/e_cnl_atk_h0.oto
D/MediaScanner(  534): yy begin time: 0ms Path=/mnt/sdcard/SF_IV_DATA/e_cnl_ex_hazan.oto
D/MediaScanner(  534): yy begin time: 0ms Path=/mnt/sdcard/SF_IV_DATA/e_com_list_dj_1.obm
D/MediaScanner(  534): yy begin time: 0ms Path=/mnt/sdcard/SF_IV_DATA/e_hnd_stun.oto
D/MediaScanner(  534): yy begin time: 0ms Path=/mnt/sdcard/SF_IV_DATA/e_ryu_atk_m1.oto
D/MediaScanner(  534): yy begin time: 0ms Path=/mnt/sdcard/SF_IV_DATA/e_ryu_c4_2.obm
D/MediaScanner(  534): yy begin time: 0ms Path=/mnt/sdcard/SF_IV_DATA/e_veg_ex_head.oto
D/MediaScanner(  534): yy begin time: 0ms Path=/mnt/sdcard/SF_IV_DATA/e_zgf_uc1.oto
D/MediaScanner(  534): yy begin time: 0ms Path=/mnt/sdcard/SF_IV_DATA/f_agl_c1_2.obm
D/MediaScanner(  534): yy begin time: 0ms Path=/mnt/sdcard/SF_IV_DATA/f_cnl_win.mes
D/MediaScanner(  534): yy begin time: 0ms Path=/mnt/sdcard/SF_IV_DATA/f_ken_c4_3.obm
D/MediaScanner(  534): yy begin time: 0ms Path=/mnt/sdcard/SF_IV_DATA/f_zgf_c5_2.obm
D/MediaScanner(  534): yy begin time: 0ms Path=/mnt/sdcard/SF_IV_DATA/guile_15_2P.obm
D/MediaScanner(  534): yy begin time: 0ms Path=/mnt/sdcard/SF_IV_DATA/guile_44_2P.obm
D/MediaScanner(  534): yy begin time: 0ms Path=/mnt/sdcard/SF_IV_DATA/honda_22.obm
D/MediaScanner(  534): yy begin time: 1ms Path=/mnt/sdcard/SF_IV_DATA/ken23_2P.obm
D/MediaScanner(  534): yy begin time: 0ms Path=/mnt/sdcard/SF_IV_DATA/k_cnl_c2_2.obm
D/MediaScanner(  534): yy begin time: 0ms Path=/mnt/sdcard/SF_IV_DATA/k_com_list_cnl_5.obm
D/MediaScanner(  534): yy begin time: 0ms Path=/mnt/sdcard/SF_IV_DATA/k_spmv11.tas
D/MediaScanner(  534): yy begin time: 1ms Path=/mnt/sdcard/SF_IV_DATA/re_agl3_1.im2
D/MediaScanner(  534): yy begin time: 0ms Path=/mnt/sdcard/SF_IV_DATA/re_cnl12_1.im2
D/MediaScanner(  534): yy begin time: 0ms Path=/mnt/sdcard/SF_IV_DATA/re_dsm9_1.im2
D/MediaScanner(  534): yy begin time: 0ms Path=/mnt/sdcard/SF_IV_DATA/re_hnd4_1.im2
D/MediaScanner(  534): yy begin time: 1ms Path=/mnt/sdcard/SF_IV_DATA/ryu27.obm
D/MediaScanner(  534): yy begin time: 0ms Path=/mnt/sdcard/SF_IV_DATA/sgt39_2P.obm
D/MediaScanner(  534): yy begin time: 0ms Path=/mnt/sdcard/SF_IV_DATA/vega_39.obm
D/MediaScanner(  534): yy begin time: 0ms Path=/mnt/sdcard/SF_IV_DATA/veg_c5_1.obm
D/MediaScanner(  534): yy begin time: 1ms Path=/mnt/sdcard/SF_IV_DATA/veg_psycho_ef.oto
D/MediaScanner(  534): yy begin time: 0ms Path=/mnt/sdcard/SF_IV_DATA/vip38_2P.obm
D/MediaScanner(  534): yy begin time: 0ms Path=/mnt/sdcard/SF_IV_DATA/vip_eff50.im2
D/MediaScanner(  534): yy begin time: 0ms Path=/mnt/sdcard/SF_IV_DATA/zgf_atk_l1.oto
D/MediaScanner(  534): yy begin time: 1ms Path=/mnt/sdcard/SF_IV_DATA/abel_07_2P.obm
D/MediaScanner(  534): yy begin time: 0ms Path=/mnt/sdcard/SF_IV_DATA/abel_57.obm
D/MediaScanner(  534): yy begin time: 0ms Path=/mnt/sdcard/SF_IV_DATA/agl_c3_2.obm
D/MediaScanner(  534): yy begin time: 0ms Path=/mnt/sdcard/SF_IV_DATA/bgm_vega.oto
D/MediaScanner(  534): yy begin time: 0ms Path=/mnt/sdcard/SF_IV_DATA/blanka_43_2P.obm
D/MediaScanner(  534): yy begin time: 0ms Path=/mnt/sdcard/SF_IV_DATA/chunli_08_2P.obm
D/MediaScanner(  534): yy begin time: 0ms Path=/mnt/sdcard/SF_IV_DATA/cmy_atk_m1.oto
D/MediaScanner(  534): yy begin time: 1ms Path=/mnt/sdcard/SF_IV_DATA/cokpit_hnd.obm
D/MediaScanner(  534): yy begin time: 0ms Path=/mnt/sdcard/SF_IV_DATA/countfx.oto
D/MediaScanner(  534): yy begin time: 0ms Path=/mnt/sdcard/SF_IV_DATA/Cruiser2-2.im2
D/MediaScanner(  534): yy begin time: 0ms Path=/mnt/sdcard/SF_IV_DATA/dhalsim_07.obm
D/MediaScanner(  534): yy begin time: 0ms Path=/mnt/sdcard/SF_IV_DATA/djy_atk_h0.oto
D/MediaScanner(  534): yy begin time: 0ms Path=/mnt/sdcard/SF_IV_DATA/dj_20_2P.obm
D/MediaScanner(  534): yy begin time: 0ms Path=/mnt/sdcard/SF_IV_DATA/e_abl_throw_miss.oto
D/MediaScanner(  534): yy begin time: 0ms Path=/mnt/sdcard/SF_IV_DATA/e_cmy_c3_2.obm
D/MediaScanner(  534): yy begin time: 0ms Path=/mnt/sdcard/SF_IV_DATA/e_com_list_dj_2.obm
D/MediaScanner(  534): yy begin time: 0ms Path=/mnt/sdcard/SF_IV_DATA/e_cvp_cont.oto
D/MediaScanner(  534): yy begin time: 0ms Path=/mnt/sdcard/SF_IV_DATA/e_ken_hiza_ko.oto
D/MediaScanner(  534): yy begin time: 0ms Path=/mnt/sdcard/SF_IV_DATA/e_ryu_c5_1.obm
D/MediaScanner(  534): yy begin time: 0ms Path=/mnt/sdcard/SF_IV_DATA/e_spmv09.tas
D/MediaScanner(  534): yy begin time: 0ms Path=/mnt/sdcard/SF_IV_DATA/e_veg_atk_m0.oto
D/MediaScanner(  534): yy begin time: 0ms Path=/mnt/sdcard/SF_IV_DATA/e_veg_headpress.oto
D/MediaScanner(  534): yy begin time: 0ms Path=/mnt/sdcard/SF_IV_DATA/e_veg_sav2.oto
D/MediaScanner(  534): yy begin time: 0ms Path=/mnt/sdcard/SF_IV_DATA/f_agl_c2_2.obm
D/MediaScanner(  534): yy begin time: 1ms Path=/mnt/sdcard/SF_IV_DATA/f_ryu_c4_3.obm
D/MediaScanner(  534): yy begin time: 0ms Path=/mnt/sdcard/SF_IV_DATA/guile_16.obm
D/MediaScanner(  534): yy begin time: 0ms Path=/mnt/sdcard/SF_IV_DATA/gul_c1_1.obm
D/MediaScanner(  534): yy begin time: 0ms Path=/mnt/sdcard/SF_IV_DATA/honda_22_2P.obm
D/MediaScanner(  534): yy begin time: 1ms Path=/mnt/sdcard/SF_IV_DATA/honda_49.obm
D/MediaScanner(  534): yy begin time: 0ms Path=/mnt/sdcard/SF_IV_DATA/ken24.obm
D/MediaScanner(  534): yy begin time: 0ms Path=/mnt/sdcard/SF_IV_DATA/ken_throw_miss.oto
D/MediaScanner(  534): yy begin time: 0ms Path=/mnt/sdcard/SF_IV_DATA/k_cnl_c3_2.obm
D/MediaScanner(  534): yy begin time: 1ms Path=/mnt/sdcard/SF_IV_DATA/k_com_list_dj_3.obm
D/MediaScanner(  534): yy begin time: 0ms Path=/mnt/sdcard/SF_IV_DATA/re_agl7_1.im2
D/MediaScanner(  534): yy begin time: 0ms Path=/mnt/sdcard/SF_IV_DATA/re_cmy6_1.im2
D/MediaScanner(  534): yy begin time: 1ms Path=/mnt/sdcard/SF_IV_DATA/re_gul12_2.im2
D/MediaScanner(  534): yy begin time: 0ms Path=/mnt/sdcard/SF_IV_DATA/re_jha12_1.im2
D/MediaScanner(  534): yy begin time: 0ms Path=/mnt/sdcard/SF_IV_DATA/ryu27_2P.obm
D/MediaScanner(  534): yy begin time: 1ms Path=/mnt/sdcard/SF_IV_DATA/ryu_eff03.im2
D/MediaScanner(  534): yy begin time: 0ms Path=/mnt/sdcard/SF_IV_DATA/ryu_Pict.idx
D/MediaScanner(  534): yy begin time: 0ms Path=/mnt/sdcard/SF_IV_DATA/sgt40.obm
D/MediaScanner(  534): yy begin time: 0ms Path=/mnt/sdcard/SF_IV_DATA/vega_39_2P.obm
D/MediaScanner(  534): yy begin time: 0ms Path=/mnt/sdcard/SF_IV_DATA/veg_c5_2.obm
D/MediaScanner(  534): yy begin time: 0ms Path=/mnt/sdcard/SF_IV_DATA/vip39.obm
D/MediaScanner(  534): yy begin time: 0ms Path=/mnt/sdcard/SF_IV_DATA/vip_eff82.im2
D/MediaScanner(  534): yy begin time: 0ms Path=/mnt/sdcard/SF_IV_DATA/abel_08.obm
D/MediaScanner(  534): yy begin time: 0ms Path=/mnt/sdcard/SF_IV_DATA/abel_57_2P.obm
D/MediaScanner(  534): yy begin time: 0ms Path=/mnt/sdcard/SF_IV_DATA/agl_c3_3.obm
D/MediaScanner(  534): yy begin time: 1ms Path=/mnt/sdcard/SF_IV_DATA/bgm_stage_chn.oto
D/MediaScanner(  534): yy begin time: 0ms Path=/mnt/sdcard/SF_IV_DATA/blanka_44.obm
D/MediaScanner(  534): yy begin time: 0ms Path=/mnt/sdcard/SF_IV_DATA/chunli_09.obm
D/MediaScanner(  534): yy begin time: 0ms Path=/mnt/sdcard/SF_IV_DATA/cmy_throw0.oto
D/MediaScanner(  534): yy begin time: 0ms Path=/mnt/sdcard/SF_IV_DATA/cokpit_jhn.obm
D/MediaScanner(  534): yy begin time: 0ms Path=/mnt/sdcard/SF_IV_DATA/dhalsim_07_2P.obm
D/MediaScanner(  534): yy begin time: 0ms Path=/mnt/sdcard/SF_IV_DATA/djy_atk_m1.oto
D/MediaScanner(  534): yy begin time: 0ms Path=/mnt/sdcard/SF_IV_DATA/djy_jack0.oto
D/MediaScanner(  534): yy begin time: 0ms Path=/mnt/sdcard/SF_IV_DATA/dj_21.obm
D/MediaScanner(  534): yy begin time: 0ms Path=/mnt/sdcard/SF_IV_DATA/e_cmy_c3_3.obm
D/MediaScanner(  534): yy begin time: 0ms Path=/mnt/sdcard/SF_IV_DATA/e_cmy_fgn_slide.oto
D/MediaScanner(  534): yy begin time: 0ms Path=/mnt/sdcard/SF_IV_DATA/e_com_list_dsm_1.obm
D/MediaScanner(  534): yy begin time: 0ms Path=/mnt/sdcard/SF_IV_DATA/e_cvp_atk_l1.oto
D/MediaScanner(  534): yy begin time: 0ms Path=/mnt/sdcard/SF_IV_DATA/e_ryu_c5_2.obm
D/MediaScanner(  534): yy begin time: 0ms Path=/mnt/sdcard/SF_IV_DATA/e_sgt_ex_shot.oto
D/MediaScanner(  534): yy begin time: 1ms Path=/mnt/sdcard/SF_IV_DATA/e_sgt_ex_upper.oto
D/MediaScanner(  534): yy begin time: 0ms Path=/mnt/sdcard/SF_IV_DATA/f_abl_win.mes
D/MediaScanner(  534): yy begin time: 0ms Path=/mnt/sdcard/SF_IV_DATA/f_blk_c1_1.obm
D/MediaScanner(  534): yy begin time: 0ms Path=/mnt/sdcard/SF_IV_DATA/f_ryu_c5_3.obm
D/MediaScanner(  534): yy begin time: 1ms Path=/mnt/sdcard/SF_IV_DATA/guile_16_2P.obm
D/MediaScanner(  534): yy begin time: 0ms Path=/mnt/sdcard/SF_IV_DATA/gul_c2_1.obm
D/MediaScanner(  534): yy begin time: 0ms Path=/mnt/sdcard/SF_IV_DATA/honda_23.obm
D/MediaScanner(  534): yy begin time: 0ms Path=/mnt/sdcard/SF_IV_DATA/honda_49_2P.obm
D/MediaScanner(  534): yy begin time: 1ms Path=/mnt/sdcard/SF_IV_DATA/ken24_2P.obm
D/MediaScanner(  534): yy begin time: 0ms Path=/mnt/sdcard/SF_IV_DATA/ken_uc_se.oto
D/MediaScanner(  534): yy begin time: 0ms Path=/mnt/sdcard/SF_IV_DATA/k_com_list_dsm_3.obm
D/MediaScanner(  534): yy begin time: 0ms Path=/mnt/sdcard/SF_IV_DATA/k_dj_c1_1.obm
D/MediaScanner(  534): yy begin time: 0ms Path=/mnt/sdcard/SF_IV_DATA/nrt_rival.oto
D/MediaScanner(  534): yy begin time: 0ms Path=/mnt/sdcard/SF_IV_DATA/re_agl1_1.im2
D/MediaScanner(  534): yy begin time: 0ms Path=/mnt/sdcard/SF_IV_DATA/re_blk5_1.im2
D/MediaScanner(  534): yy begin time: 0ms Path=/mnt/sdcard/SF_IV_DATA/re_dj1_2.im2
D/MediaScanner(  534): yy begin time: 1ms Path=/mnt/sdcard/SF_IV_DATA/re_zgf9_2.im2
D/MediaScanner(  534): yy begin time: 0ms Path=/mnt/sdcard/SF_IV_DATA/ryu28.obm
D/MediaScanner(  534): yy begin time: 0ms Path=/mnt/sdcard/SF_IV_DATA/ryu_Pict_2P.idx
D/MediaScanner(  534): yy begin time: 0ms Path=/mnt/sdcard/SF_IV_DATA/ryu_sav2.oto
D/MediaScanner(  534): yy begin time: 0ms Path=/mnt/sdcard/SF_IV_DATA/sgt40_2P.obm
D/MediaScanner(  534): yy begin time: 0ms Path=/mnt/sdcard/SF_IV_DATA/stage_map.img
D/MediaScanner(  534): yy begin time: 0ms Path=/mnt/sdcard/SF_IV_DATA/vega_40.obm
D/MediaScanner(  534): yy begin time: 0ms Path=/mnt/sdcard/SF_IV_DATA/veg_hiza_ko.oto
D/MediaScanner(  534): yy begin time: 0ms Path=/mnt/sdcard/SF_IV_DATA/vip39_2P.obm
D/MediaScanner(  534): yy begin time: 0ms Path=/mnt/sdcard/SF_IV_DATA/vip_eff63.im2
D/MediaScanner(  534): yy begin time: 0ms Path=/mnt/sdcard/SF_IV_DATA/zgf_c2_1.obm
D/MediaScanner(  534): yy begin time: 0ms Path=/mnt/sdcard/SF_IV_DATA/abel_08_2P.obm
D/MediaScanner(  534): yy begin time: 0ms Path=/mnt/sdcard/SF_IV_DATA/abel_58.obm
D/MediaScanner(  534): yy begin time: 0ms Path=/mnt/sdcard/SF_IV_DATA/abl_throw_miss.oto
D/MediaScanner(  534): yy begin time: 0ms Path=/mnt/sdcard/SF_IV_DATA/agl_c4_2.obm
D/MediaScanner(  534): yy begin time: 1ms Path=/mnt/sdcard/SF_IV_DATA/bgm_stage_ind.oto
D/MediaScanner(  534): yy begin time: 0ms Path=/mnt/sdcard/SF_IV_DATA/blanka_44_2P.obm
D/MediaScanner(  534): yy begin time: 0ms Path=/mnt/sdcard/SF_IV_DATA/chunli_09_2P.obm
