D/StatusBar.NetworkController(  481): refreshViews connected={ wifi } level=?? combinedSignalIconId=0x7f0200bb/com.android.systemui:drawable/stat_sys_wifi_signal_2_fully combinedActivityIconId=0x7f0200b5 mAirplaneMode=false mDataActivity=0 mPhoneSignalIconId=0x7f0200a1 mDataDirectionIconId=0x0 mDataSignalIconId=0x7f0200a1 mDataTypeIconId=0x0 mNoSimIconId=0x0 mWifiIconId=0x7f0200bb mBluetoothTetherIconId=0x108053d
D/StatusBar.NetworkController(  481): changing data overlay icon id to 2130837685
D/PowerManagerService(  365): setPowerState from userActivity! 
D/PowerManagerService(  365): setPowerState: mPowerState=0x3 newState=0x3 noChangeLights=false reason=2
V/webview ( 2242): hitTestResult use fallback
W/Controller( 2242): We should not show context menu when nothing is touched
D/PowerManagerService(  365): setPowerState from userActivity! 
D/PowerManagerService(  365): setPowerState: mPowerState=0x3 newState=0x3 noChangeLights=false reason=2
E/        ( 2242): glEndTilingQCOM: 0x502
E/        ( 2242): glEndTilingQCOM: 0x502
E/        ( 2242): glEndTilingQCOM: 0x502
E/        ( 2242): glEndTilingQCOM: 0x502
E/        ( 2242): glEndTilingQCOM: 0x502
E/        ( 2242): glEndTilingQCOM: 0x502
E/        ( 2242): glEndTilingQCOM: 0x502
D/PowerManagerService(  365): setPowerState from userActivity! 
D/PowerManagerService(  365): setPowerState: mPowerState=0x3 newState=0x3 noChangeLights=false reason=2
I/PowerManagerService(  365): received action:android.intent.action.BATTERY_CHANGED
I/CNE_DEBUG(  365): CNE received action: android.intent.action.BATTERY_CHANGED
I/CNE_DEBUG(  365): UpdateBatteryStatus status=3 pluginType=0 level=43
I/LowBatteryShowDialogPolicy( 1306): show dialog  ACTION_BATTERY_CHANGED
I/CNE_DEBUG(  365): CNE received action RSSI Changed events: android.net.wifi.RSSI_CHANGED
D/StatusBar.NetworkController(  481): refreshViews connected={ wifi } level=?? combinedSignalIconId=0x7f0200bd/com.android.systemui:drawable/stat_sys_wifi_signal_3_fully combinedActivityIconId=0x7f0200b5 mAirplaneMode=false mDataActivity=0 mPhoneSignalIconId=0x7f0200a1 mDataDirectionIconId=0x0 mDataSignalIconId=0x7f0200a1 mDataTypeIconId=0x0 mNoSimIconId=0x0 mWifiIconId=0x7f0200bd mBluetoothTetherIconId=0x108053d
I/CNE     (  365): CNE received action RSSI Changed events - networkState: CONNECTED ssid= MTS-ROUTER rssi=-77 ipV4Addr=192.168.0.178 timeStamp:2013-11-19 18:06:29.446 networkState: CONNECTED
I/CNE_DEBUG(  365): UpdateWlanStatus type=21 state=1 softApState=11 rssi=-77 ssid=MTS-ROUTER ipAddr=192.168.0.178 iface=wlan0 timeStamp=2013-11-19 18:06:29.446
I/ONCRPC  (  167): Setup RPC Call for task 40080270
I/ONCRPC  (  167): oncrpc_xdr_call_msg_start: Prog: 3000006b, Ver: 00010001, Proc: 00000002
I/ONCRPC  (  167): xdr_std_msg_send_call: Sent Xid: 30, Prog: 3000006b, Ver: 00010001, Proc: 00000002
I/ONCRPC  (  167): xdr_std_msg_send_call: Received Reply Xid: 30, Prog: 3000006b, Ver: 00010001, Proc: 00000002
D/StatusBar.NetworkController(  481): refreshViews connected={ wifi } level=?? combinedSignalIconId=0x7f0200bd/com.android.systemui:drawable/stat_sys_wifi_signal_3_fully combinedActivityIconId=0x7f0200b6 mAirplaneMode=false mDataActivity=0 mPhoneSignalIconId=0x7f0200a1 mDataDirectionIconId=0x0 mDataSignalIconId=0x7f0200a1 mDataTypeIconId=0x0 mNoSimIconId=0x0 mWifiIconId=0x7f0200bd mBluetoothTetherIconId=0x108053d
D/StatusBar.NetworkController(  481): changing data overlay icon id to 2130837686
D/PowerManagerService(  365): setPowerState from userActivity! 
D/PowerManagerService(  365): setPowerState: mPowerState=0x3 newState=0x3 noChangeLights=false reason=2
D/PowerManagerService(  365): setPowerState from userActivity! 
D/PowerManagerService(  365): setPowerState: mPowerState=0x3 newState=0x3 noChangeLights=false reason=2
D/StatusBar.NetworkController(  481): refreshViews connected={ wifi } level=?? combinedSignalIconId=0x7f0200bd/com.android.systemui:drawable/stat_sys_wifi_signal_3_fully combinedActivityIconId=0x7f0200b5 mAirplaneMode=false mDataActivity=0 mPhoneSignalIconId=0x7f0200a1 mDataDirectionIconId=0x0 mDataSignalIconId=0x7f0200a1 mDataTypeIconId=0x0 mNoSimIconId=0x0 mWifiIconId=0x7f0200bd mBluetoothTetherIconId=0x108053d
D/StatusBar.NetworkController(  481): changing data overlay icon id to 2130837685
D/PowerManagerService(  365): setPowerState from userActivity! 
D/PowerManagerService(  365): setPowerState: mPowerState=0x3 newState=0x3 noChangeLights=false reason=2
D/PowerManagerService(  365): setPowerState from userActivity! 
D/PowerManagerService(  365): setPowerState: mPowerState=0x3 newState=0x3 noChangeLights=false reason=2
W/webview ( 2242): Miss a drag as we are waiting for WebCore's response for touch down.
D/PowerManagerService(  365): setPowerState from userActivity! 
D/PowerManagerService(  365): setPowerState: mPowerState=0x3 newState=0x3 noChangeLights=false reason=2
D/StatusBar.NetworkController(  481): refreshViews connected={ wifi } level=?? combinedSignalIconId=0x7f0200bd/com.android.systemui:drawable/stat_sys_wifi_signal_3_fully combinedActivityIconId=0x0 mAirplaneMode=false mDataActivity=0 mPhoneSignalIconId=0x7f0200a1 mDataDirectionIconId=0x0 mDataSignalIconId=0x7f0200a1 mDataTypeIconId=0x0 mNoSimIconId=0x0 mWifiIconId=0x7f0200bd mBluetoothTetherIconId=0x108053d
D/StatusBar.NetworkController(  481): changing data overlay icon id to 0
D/PowerManagerService(  365): setPowerState from userActivity! 
D/PowerManagerService(  365): setPowerState: mPowerState=0x3 newState=0x3 noChangeLights=false reason=2
D/PowerManagerService(  365): setPowerState from userActivity! 
D/PowerManagerService(  365): setPowerState: mPowerState=0x3 newState=0x3 noChangeLights=false reason=2
D/PowerManagerService(  365): setPowerState from userActivity! 
D/PowerManagerService(  365): setPowerState: mPowerState=0x3 newState=0x3 noChangeLights=false reason=2
D/PowerManagerService(  365): setPowerState from userActivity! 
D/PowerManagerService(  365): setPowerState: mPowerState=0x3 newState=0x3 noChangeLights=false reason=2
D/PowerManagerService(  365): setPowerState from userActivity! 
D/PowerManagerService(  365): setPowerState: mPowerState=0x3 newState=0x3 noChangeLights=false reason=2
W/webview ( 2242): Miss a drag as we are waiting for WebCore's response for touch down.
D/PowerManagerService(  365): setPowerState from userActivity! 
D/PowerManagerService(  365): setPowerState: mPowerState=0x3 newState=0x3 noChangeLights=false reason=2
D/StatusBar.NetworkController(  481): refreshViews connected={ wifi } level=?? combinedSignalIconId=0x7f0200bd/com.android.systemui:drawable/stat_sys_wifi_signal_3_fully combinedActivityIconId=0x7f0200b6 mAirplaneMode=false mDataActivity=0 mPhoneSignalIconId=0x7f0200a1 mDataDirectionIconId=0x0 mDataSignalIconId=0x7f0200a1 mDataTypeIconId=0x0 mNoSimIconId=0x0 mWifiIconId=0x7f0200bd mBluetoothTetherIconId=0x108053d
D/StatusBar.NetworkController(  481): changing data overlay icon id to 2130837686
D/PowerManagerService(  365): setPowerState from acquireWakeLockLocked! 
D/PowerManagerService(  365): setPowerState: mPowerState=0x3 newState=0x3 noChangeLights=false reason=3
E/        ( 2242): glEndTilingQCOM: 0x502
D/memalloc(  154): /dev/pmem: Allocated buffer base:0x434ff000 size:73728 offset:32292864 fd:40
D/memalloc( 2242): /dev/pmem: Mapped buffer base:0x6a8dd000 size:32366592 offset:32292864 fd:141
I/Adreno200-EGLSUB(  154): <CreateImage:893>: Android Image
I/Adreno200-EGLSUB(  154): <GetImageAttributes:1102>: RGBA_8888
E/        ( 2242): glEndTilingQCOM: 0x502
E/        ( 2242): glEndTilingQCOM: 0x502
E/        ( 2242): glEndTilingQCOM: 0x502
E/        ( 2242): glEndTilingQCOM: 0x502
D/StatusBar.NetworkController(  481): refreshViews connected={ wifi } level=?? combinedSignalIconId=0x7f0200bd/com.android.systemui:drawable/stat_sys_wifi_signal_3_fully combinedActivityIconId=0x0 mAirplaneMode=false mDataActivity=0 mPhoneSignalIconId=0x7f0200a1 mDataDirectionIconId=0x0 mDataSignalIconId=0x7f0200a1 mDataTypeIconId=0x0 mNoSimIconId=0x0 mWifiIconId=0x7f0200bd mBluetoothTetherIconId=0x108053d
D/StatusBar.NetworkController(  481): changing data overlay icon id to 0
I/ONCRPC  (  167): Setup RPC Call for task 40080270
I/ONCRPC  (  167): oncrpc_xdr_call_msg_start: Prog: 3000006b, Ver: 00010001, Proc: 00000002
I/ONCRPC  (  167): xdr_std_msg_send_call: Sent Xid: 31, Prog: 3000006b, Ver: 00010001, Proc: 00000002
I/ONCRPC  (  167): xdr_std_msg_send_call: Received Reply Xid: 31, Prog: 3000006b, Ver: 00010001, Proc: 00000002
D/PowerManagerService(  365): setPowerState from userActivity! 
D/PowerManagerService(  365): setPowerState: mPowerState=0x3 newState=0x3 noChangeLights=false reason=2
E/WMS.preprocess(  365): mFlags =25231616
W/WindowManager(  365): statePower =normal
D/PowerManagerService(  365): setPowerState from userActivity! 
D/PowerManagerService(  365): setPowerState: mPowerState=0x3 newState=0x3 noChangeLights=false reason=2
D/memalloc( 2242): /dev/pmem: Unmapping buffer base:0x6a8dd000 size:32366592 offset:32292864
E/WMS.preprocess(  365): mFlags =25231616
W/WindowManager(  365): statePower =normal
I/ActivityManager(  365): START {act=android.intent.action.MAIN cat=[android.intent.category.HOME] flg=0x10200000 cmp=com.android.launcher/com.android.launcher2.Launcher} from pid 365
D/WebViewTimersControl( 2242): onBrowserActivityPause
D/WebViewTimersControl( 2242): Pausing webview timers, view=com.android.browser.BrowserWebView@42389f18
I/WindowManager(  365): SCREENLAYOUT_SIZE (1:small, 2:normal, 3:large, 4:xlarge) 4
I/Adreno200-EGLSUB(  610): <ConfigWindowMatch:2078>: Format RGBA_8888.
D/memalloc(  154): /dev/pmem: Allocated buffer base:0x434ff000 size:3932160 offset:28344320 fd:50
D/memalloc(  610): /dev/pmem: Mapped buffer base:0x5ec58000 size:32276480 offset:28344320 fd:46
D/memalloc(  154): /dev/pmem: Allocated buffer base:0x434ff000 size:3932160 offset:0 fd:64
D/memalloc(  610): /dev/pmem: Mapped buffer base:0x5d787000 size:3932160 offset:0 fd:49
D/PowerManagerService(  365): setPowerState from userActivity! 
D/PowerManagerService(  365): setPowerState: mPowerState=0x3 newState=0x3 noChangeLights=false reason=2
D/PowerManagerService(  365): setPowerState from acquireWakeLockLocked! 
D/PowerManagerService(  365): setPowerState: mPowerState=0x3 newState=0x3 noChangeLights=false reason=3
D/memalloc(  154): /dev/pmem: Freeing buffer base:0x453cb000 size:73728 offset:32292864 fd:40
I/Adreno200-EGLSUB(  154): <CreateImage:893>: Android Image
D/memalloc( 2242): /dev/pmem: Unmapping buffer base:0x640ab000 size:24264704 offset:20332544
D/memalloc( 2242): /dev/pmem: Unmapping buffer base:0x657cf000 size:40468480 offset:36536320
D/memalloc( 2242): /dev/pmem: Unmapping buffer base:0x67e85000 size:44400640 offset:40468480
D/memalloc(  154): /dev/pmem: Freeing buffer base:0x457d7000 size:3932160 offset:36536320 fd:74
D/memalloc(  154): /dev/pmem: Freeing buffer base:0x45b97000 size:3932160 offset:40468480 fd:77
I/Adreno200-EGLSUB(  154): <GetImageAttributes:1102>: RGBA_8888
D/Settings(  594): getAllInstallLangId().length10
W/IInputConnectionWrapper(  610): showStatusIcon on inactive InputConnection
D/Settings(  594): getAllInstallLangId().length10
D/memalloc(  154): /dev/pmem: Freeing buffer base:0x44863000 size:3932160 offset:20332544 fd:51
D/PowerManagerService(  365): setPowerState from userActivity! 
D/PowerManagerService(  365): setPowerState: mPowerState=0x3 newState=0x3 noChangeLights=false reason=2
I/Adreno200-EGLSUB(  481): <ConfigWindowMatch:2078>: Format RGBA_8888.
D/memalloc(  154): /dev/pmem: Allocated buffer base:0x434ff000 size:1945600 offset:20332544 fd:38
D/memalloc(  481): /dev/pmem: Mapped buffer base:0x5f6f1000 size:22278144 offset:20332544 fd:50
E/        (  481): glEndTilingQCOM: 0x502
D/memalloc(  154): /dev/pmem: Allocated buffer base:0x434ff000 size:1945600 offset:22278144 fd:48
D/memalloc(  481): /dev/pmem: Mapped buffer base:0x6101f000 size:24223744 offset:22278144 fd:75
I/Adreno200-EGLSUB(  154): <CreateImage:893>: Android Image
I/Adreno200-EGLSUB(  154): <GetImageAttributes:1102>: RGBA_8888
E/msm8660.hwcomposer(  154): DYN: switch to GPU (4215590 > 4096000)
E/msm8660.hwcomposer(  154): DYN: weight = 200, height=752, width=1280
E/msm8660.hwcomposer(  154): DYN: weight = 150, height=752, width=1280
E/msm8660.hwcomposer(  154): DYN: weight = 200, height=48, width=1280
E/msm8660.hwcomposer(  154): DYN: weight = 150, height=800, width=600
E/msm8660.hwcomposer(  154): DYN: weight = 150, height=50, width=50
D/memalloc(  154): /dev/pmem: Allocated buffer base:0x434ff000 size:1945600 offset:24223744 fd:52
D/memalloc(  481): /dev/pmem: Mapped buffer base:0x62cd1000 size:26169344 offset:24223744 fd:78
I/Adreno200-EGLSUB(  154): <CreateImage:893>: Android Image
I/Adreno200-EGLSUB(  154): <GetImageAttributes:1102>: RGBA_8888
I/Adreno200-EGLSUB(  154): <CreateImage:893>: Android Image
I/Adreno200-EGLSUB(  154): <GetImageAttributes:1102>: RGBA_8888
D/PowerManagerService(  365): setPowerState from userActivity! 
D/PowerManagerService(  365): setPowerState: mPowerState=0x3 newState=0x3 noChangeLights=false reason=2
I/WindowManager(  365): SCREENLAYOUT_SIZE (1:small, 2:normal, 3:large, 4:xlarge) 4
I/WindowManager(  365): SCREENLAYOUT_SIZE (1:small, 2:normal, 3:large, 4:xlarge) 4
D/memalloc(  154): /dev/pmem: Allocated buffer base:0x434ff000 size:3932160 offset:3932160 fd:68
D/memalloc( 2678): /dev/pmem: Mapped buffer base:0x5c91e000 size:7864320 offset:3932160 fd:43
I/Adreno200-EGLSUB(  154): <CreateImage:893>: Android Image
I/Adreno200-EGLSUB(  154): <GetImageAttributes:1158>: RGBX_8888
D/memalloc(  610): /dev/pmem: Unmapping buffer base:0x5ec58000 size:32276480 offset:28344320
D/memalloc(  610): /dev/pmem: Unmapping buffer base:0x5d787000 size:3932160 offset:0
D/memalloc(  154): /dev/pmem: Freeing buffer base:0x434ff000 size:3932160 offset:0 fd:64
E/msm8660.hwcomposer(  154): DYN: switch to C2D (4095000 > 4096000)
E/msm8660.hwcomposer(  154): DYN: weight = 200, height=752, width=1280
E/msm8660.hwcomposer(  154): DYN: weight = 150, height=721, width=1227
E/msm8660.hwcomposer(  154): DYN: weight = 200, height=48, width=1280
E/msm8660.hwcomposer(  154): DYN: weight = 150, height=800, width=600
D/memalloc(  481): /dev/pmem: Unmapping buffer base:0x5f6f1000 size:22278144 offset:20332544
D/memalloc(  481): /dev/pmem: Unmapping buffer base:0x6101f000 size:24223744 offset:22278144
D/memalloc(  481): /dev/pmem: Unmapping buffer base:0x62cd1000 size:26169344 offset:24223744
D/memalloc(  154): /dev/pmem: Freeing buffer base:0x44a3e000 size:1945600 offset:22278144 fd:48
D/memalloc(  154): /dev/pmem: Freeing buffer base:0x44c19000 size:1945600 offset:24223744 fd:52
D/Settings(  594): getAllInstallLangId().length10
W/InputManagerService(  365): Starting input on non-focused client com.android.internal.view.IInputMethodClient$Stub$Proxy@42a96540 (uid=10036 pid=2242)
D/memalloc(  154): /dev/pmem: Freeing buffer base:0x44863000 size:1945600 offset:20332544 fd:38
D/memalloc(  154): /dev/pmem: Freeing buffer base:0x45007000 size:3932160 offset:28344320 fd:50
I/CNE_DEBUG(  365): CNE received action RSSI Changed events: android.net.wifi.RSSI_CHANGED
D/StatusBar.NetworkController(  481): refreshViews connected={ wifi } level=?? combinedSignalIconId=0x7f0200bb/com.android.systemui:drawable/stat_sys_wifi_signal_2_fully combinedActivityIconId=0x0 mAirplaneMode=false mDataActivity=0 mPhoneSignalIconId=0x7f0200a1 mDataDirectionIconId=0x0 mDataSignalIconId=0x7f0200a1 mDataTypeIconId=0x0 mNoSimIconId=0x0 mWifiIconId=0x7f0200bb mBluetoothTetherIconId=0x108053d
I/CNE     (  365): CNE received action RSSI Changed events - networkState: CONNECTED ssid= MTS-ROUTER rssi=-83 ipV4Addr=192.168.0.178 timeStamp:2013-11-19 18:06:44.554 networkState: CONNECTED
I/CNE_DEBUG(  365): UpdateWlanStatus type=21 state=1 softApState=11 rssi=-83 ssid=MTS-ROUTER ipAddr=192.168.0.178 iface=wlan0 timeStamp=2013-11-19 18:06:44.554
D/PowerManagerService(  365): setPowerState from userActivity! 
D/PowerManagerService(  365): setPowerState: mPowerState=0x3 newState=0x3 noChangeLights=false reason=2
D/memalloc(  154): /dev/pmem: Allocated buffer base:0x434ff000 size:3932160 offset:0 fd:38
D/memalloc( 2678): /dev/pmem: Mapped buffer base:0x5c15e000 size:3932160 offset:0 fd:49
I/Adreno200-EGLSUB(  154): <CreateImage:893>: Android Image
I/Adreno200-EGLSUB(  154): <GetImageAttributes:1158>: RGBX_8888
D/PowerManagerService(  365): setPowerState from userActivity! 
D/PowerManagerService(  365): setPowerState: mPowerState=0x3 newState=0x3 noChangeLights=false reason=2
D/PowerManagerService(  365): setPowerState from userActivity! 
D/PowerManagerService(  365): setPowerState: mPowerState=0x3 newState=0x3 noChangeLights=false reason=2
D/PowerManagerService(  365): setPowerState from userActivity! 
D/PowerManagerService(  365): setPowerState: mPowerState=0x3 newState=0x3 noChangeLights=false reason=2
D/PowerManagerService(  365): setPowerState from userActivity! 
D/PowerManagerService(  365): setPowerState: mPowerState=0x3 newState=0x3 noChangeLights=false reason=2
D/PowerManagerService(  365): setPowerState from userActivity! 
D/PowerManagerService(  365): setPowerState: mPowerState=0x3 newState=0x3 noChangeLights=false reason=2
I/CNE_DEBUG(  365): CNE received action RSSI Changed events: android.net.wifi.RSSI_CHANGED
D/StatusBar.NetworkController(  481): refreshViews connected={ wifi } level=?? combinedSignalIconId=0x7f0200bd/com.android.systemui:drawable/stat_sys_wifi_signal_3_fully combinedActivityIconId=0x0 mAirplaneMode=false mDataActivity=0 mPhoneSignalIconId=0x7f0200a1 mDataDirectionIconId=0x0 mDataSignalIconId=0x7f0200a1 mDataTypeIconId=0x0 mNoSimIconId=0x0 mWifiIconId=0x7f0200bd mBluetoothTetherIconId=0x108053d
I/CNE     (  365): CNE received action RSSI Changed events - networkState: CONNECTED ssid= MTS-ROUTER rssi=-79 ipV4Addr=192.168.0.178 timeStamp:2013-11-19 18:06:47.568 networkState: CONNECTED
I/CNE_DEBUG(  365): UpdateWlanStatus type=21 state=1 softApState=11 rssi=-79 ssid=MTS-ROUTER ipAddr=192.168.0.178 iface=wlan0 timeStamp=2013-11-19 18:06:47.568
D/StatusBar.NetworkController(  481): refreshViews connected={ wifi } level=?? combinedSignalIconId=0x7f0200bd/com.android.systemui:drawable/stat_sys_wifi_signal_3_fully combinedActivityIconId=0x7f0200b4 mAirplaneMode=false mDataActivity=0 mPhoneSignalIconId=0x7f0200a1 mDataDirectionIconId=0x0 mDataSignalIconId=0x7f0200a1 mDataTypeIconId=0x0 mNoSimIconId=0x0 mWifiIconId=0x7f0200bd mBluetoothTetherIconId=0x108053d
D/StatusBar.NetworkController(  481): changing data overlay icon id to 2130837684
D/PowerManagerService(  365): setPowerState from userActivity! 
D/PowerManagerService(  365): setPowerState: mPowerState=0x3 newState=0x3 noChangeLights=false reason=2
D/memalloc(  154): /dev/pmem: Allocated buffer base:0x434ff000 size:856064 offset:28344320 fd:48
D/memalloc( 2678): /dev/pmem: Mapped buffer base:0x5d09e000 size:29200384 offset:28344320 fd:52
I/Adreno200-EGLSUB(  154): <CreateImage:893>: Android Image
I/Adreno200-EGLSUB(  154): <GetImageAttributes:1102>: RGBA_8888
D/PowerManagerService(  365): setPowerState from userActivity! 
D/PowerManagerService(  365): setPowerState: mPowerState=0x3 newState=0x3 noChangeLights=false reason=2
D/StatusBar.NetworkController(  481): refreshViews connected={ wifi } level=?? combinedSignalIconId=0x7f0200bd/com.android.systemui:drawable/stat_sys_wifi_signal_3_fully combinedActivityIconId=0x0 mAirplaneMode=false mDataActivity=0 mPhoneSignalIconId=0x7f0200a1 mDataDirectionIconId=0x0 mDataSignalIconId=0x7f0200a1 mDataTypeIconId=0x0 mNoSimIconId=0x0 mWifiIconId=0x7f0200bd mBluetoothTetherIconId=0x108053d
D/StatusBar.NetworkController(  481): changing data overlay icon id to 0
D/memalloc(  154): /dev/pmem: Allocated buffer base:0x434ff000 size:856064 offset:29200384 fd:51
D/memalloc( 2678): /dev/pmem: Mapped buffer base:0x5ed0c000 size:30056448 offset:29200384 fd:58
I/Adreno200-EGLSUB(  154): <CreateImage:893>: Android Image
I/Adreno200-EGLSUB(  154): <GetImageAttributes:1102>: RGBA_8888
I/ONCRPC  (  167): Setup RPC Call for task 40080270
I/ONCRPC  (  167): oncrpc_xdr_call_msg_start: Prog: 3000006b, Ver: 00010001, Proc: 00000002
I/ONCRPC  (  167): xdr_std_msg_send_call: Sent Xid: 32, Prog: 3000006b, Ver: 00010001, Proc: 00000002
I/ONCRPC  (  167): xdr_std_msg_send_call: Received Reply Xid: 32, Prog: 3000006b, Ver: 00010001, Proc: 00000002
D/PowerManagerService(  365): setPowerState from userActivity! 
D/PowerManagerService(  365): setPowerState: mPowerState=0x3 newState=0x3 noChangeLights=false reason=2
D/memalloc( 2678): /dev/pmem: Unmapping buffer base:0x5d09e000 size:29200384 offset:28344320
D/memalloc( 2678): /dev/pmem: Unmapping buffer base:0x5ed0c000 size:30056448 offset:29200384
D/memalloc(  154): /dev/pmem: Freeing buffer base:0x45007000 size:856064 offset:28344320 fd:48
W/InputManagerService(  365): Window already focused, ignoring focus gain of: com.android.internal.view.IInputMethodClient$Stub$Proxy@42354dd0
D/memalloc(  154): /dev/pmem: Freeing buffer base:0x450d8000 size:856064 offset:29200384 fd:51
I/CNE_DEBUG(  365): CNE received action RSSI Changed events: android.net.wifi.RSSI_CHANGED
D/StatusBar.NetworkController(  481): refreshViews connected={ wifi } level=?? combinedSignalIconId=0x7f0200bb/com.android.systemui:drawable/stat_sys_wifi_signal_2_fully combinedActivityIconId=0x0 mAirplaneMode=false mDataActivity=0 mPhoneSignalIconId=0x7f0200a1 mDataDirectionIconId=0x0 mDataSignalIconId=0x7f0200a1 mDataTypeIconId=0x0 mNoSimIconId=0x0 mWifiIconId=0x7f0200bb mBluetoothTetherIconId=0x108053d
D/StatusBar.NetworkController(  481): refreshViews connected={ wifi } level=?? combinedSignalIconId=0x7f0200bb/com.android.systemui:drawable/stat_sys_wifi_signal_2_fully combinedActivityIconId=0x7f0200b6 mAirplaneMode=false mDataActivity=0 mPhoneSignalIconId=0x7f0200a1 mDataDirectionIconId=0x0 mDataSignalIconId=0x7f0200a1 mDataTypeIconId=0x0 mNoSimIconId=0x0 mWifiIconId=0x7f0200bb mBluetoothTetherIconId=0x108053d
D/StatusBar.NetworkController(  481): changing data overlay icon id to 2130837686
I/CNE     (  365): CNE received action RSSI Changed events - networkState: CONNECTED ssid= MTS-ROUTER rssi=-82 ipV4Addr=192.168.0.178 timeStamp:2013-11-19 18:06:50.72 networkState: CONNECTED
I/CNE_DEBUG(  365): UpdateWlanStatus type=21 state=1 softApState=11 rssi=-82 ssid=MTS-ROUTER ipAddr=192.168.0.178 iface=wlan0 timeStamp=2013-11-19 18:06:50.72
D/StatusBar.NetworkController(  481): refreshViews connected={ wifi } level=?? combinedSignalIconId=0x7f0200bb/com.android.systemui:drawable/stat_sys_wifi_signal_2_fully combinedActivityIconId=0x0 mAirplaneMode=false mDataActivity=0 mPhoneSignalIconId=0x7f0200a1 mDataDirectionIconId=0x0 mDataSignalIconId=0x7f0200a1 mDataTypeIconId=0x0 mNoSimIconId=0x0 mWifiIconId=0x7f0200bb mBluetoothTetherIconId=0x108053d
D/StatusBar.NetworkController(  481): changing data overlay icon id to 0
I/CNE_DEBUG(  365): CNE received action RSSI Changed events: android.net.wifi.RSSI_CHANGED
D/StatusBar.NetworkController(  481): refreshViews connected={ wifi } level=?? combinedSignalIconId=0x7f0200bd/com.android.systemui:drawable/stat_sys_wifi_signal_3_fully combinedActivityIconId=0x0 mAirplaneMode=false mDataActivity=0 mPhoneSignalIconId=0x7f0200a1 mDataDirectionIconId=0x0 mDataSignalIconId=0x7f0200a1 mDataTypeIconId=0x0 mNoSimIconId=0x0 mWifiIconId=0x7f0200bd mBluetoothTetherIconId=0x108053d
I/CNE     (  365): CNE received action RSSI Changed events - networkState: CONNECTED ssid= MTS-ROUTER rssi=-74 ipV4Addr=192.168.0.178 timeStamp:2013-11-19 18:06:53.673 networkState: CONNECTED
I/CNE_DEBUG(  365): UpdateWlanStatus type=21 state=1 softApState=11 rssi=-74 ssid=MTS-ROUTER ipAddr=192.168.0.178 iface=wlan0 timeStamp=2013-11-19 18:06:53.673
D/PowerManagerService(  365): setPowerState from TimeoutTask! 
D/PowerManagerService(  365): setPowerState: mPowerState=0x3 newState=0x3 noChangeLights=false reason=3
D/PowerManagerService(  365): setPowerState from userActivity! 
D/PowerManagerService(  365): setPowerState: mPowerState=0x3 newState=0x3 noChangeLights=false reason=2
D/PinyinIME(  594): 2
D/Settings(  594): getAllInstallLangId().length10
E/InputMethodService(  594): Unexpected null in startExtractingText : mExtractedText = null, input connection = com.android.internal.view.InputConnectionWrapper@41f93aa0
E/        (  594): nativeHwInitEngine
E/PinyinIME(  594): showWindow called.
E/xxx     (  594): setKeyboardChanged:true
E/@@      (  594): enableToggleStates() rowid:14
E/xxx     (  594): setKeyboardChanged:true
D/memalloc(  154): /dev/pmem: Allocated buffer base:0x434ff000 size:3932160 offset:28344320 fd:48
D/memalloc(  594): /dev/pmem: Mapped buffer base:0x5c93a000 size:32276480 offset:28344320 fd:38
D/memalloc(  154): /dev/pmem: Allocated buffer base:0x434ff000 size:3932160 offset:7864320 fd:51
I/Adreno200-EGLSUB(  154): <CreateImage:893>: Android Image
I/Adreno200-EGLSUB(  154): <GetImageAttributes:1102>: RGBA_8888
D/memalloc(  594): /dev/pmem: Mapped buffer base:0x5e916000 size:11796480 offset:7864320 fd:44
I/Adreno200-EGLSUB(  154): <CreateImage:893>: Android Image
I/Adreno200-EGLSUB(  154): <GetImageAttributes:1102>: RGBA_8888
I/ONCRPC  (  167): Setup RPC Call for task 40080270
I/ONCRPC  (  167): oncrpc_xdr_call_msg_start: Prog: 3000006b, Ver: 00010001, Proc: 00000002
I/ONCRPC  (  167): xdr_std_msg_send_call: Sent Xid: 33, Prog: 3000006b, Ver: 00010001, Proc: 00000002
I/ONCRPC  (  167): xdr_std_msg_send_call: Received Reply Xid: 33, Prog: 3000006b, Ver: 00010001, Proc: 00000002
I/PowerManagerService(  365): received action:android.intent.action.BATTERY_CHANGED
I/CNE_DEBUG(  365): CNE received action: android.intent.action.BATTERY_CHANGED
I/CNE_DEBUG(  365): UpdateBatteryStatus status=3 pluginType=0 level=43
I/LowBatteryShowDialogPolicy( 1306): show dialog  ACTION_BATTERY_CHANGED
D/PowerManagerService(  365): setPowerState from userActivity! 
D/PowerManagerService(  365): setPowerState: mPowerState=0x3 newState=0x3 noChangeLights=false reason=2
D/memalloc(  154): /dev/pmem: Allocated buffer base:0x434ff000 size:163840 offset:32292864 fd:62
D/memalloc(  594): /dev/pmem: Mapped buffer base:0x5f456000 size:32456704 offset:32292864 fd:47
I/Adreno200-EGLSUB(  154): <CreateImage:893>: Android Image
I/Adreno200-EGLSUB(  154): <GetImageAttributes:1102>: RGBA_8888
D/memalloc(  594): /dev/pmem: Unmapping buffer base:0x5f456000 size:32456704 offset:32292864
D/memalloc(  154): /dev/pmem: Freeing buffer base:0x453cb000 size:163840 offset:32292864 fd:62
--------- beginning of /dev/log/system
W/PackageManager(  365): Library not found: /system/framework/com.qualcomm.location.quipslib.jar
W/PackageManager(  365): Library not found: /system/framework/com.android.future.usb.accessory.jar
W/PackageManager(  365): Library not found: /system/framework/com.google.widevine.software.drm.jar
W/PackageManager(  365): Exception reading jar: /system/framework/framework-res-hwext.apk
W/PackageManager(  365): java.io.IOException: /system/framework/framework-res-hwext.apk
W/PackageManager(  365): 	at dalvik.system.DexFile.isDexOptNeeded(Native Method)
W/PackageManager(  365): 	at com.android.server.pm.PackageManagerService.<init>(PackageManagerService.java:1060)
W/PackageManager(  365): 	at com.android.server.pm.PackageManagerService.main(PackageManagerService.java:871)
W/PackageManager(  365): 	at com.android.server.ServerThread.run(SystemServer.java:181)
I/PackageParser(  365): com.huawei.inputmethod.language.cangjie: compat added android.permission.WRITE_EXTERNAL_STORAGE android.permission.READ_PHONE_STATE
W/PackageParser(  365): No actions in intent filter at /data/cust/app/Contacts.apk Binary XML file line #542
I/PackageParser(  365): com.huawei.inputmethod.language.french: compat added android.permission.WRITE_EXTERNAL_STORAGE android.permission.READ_PHONE_STATE
I/PackageParser(  365): com.huawei.inputmethod.language.german: compat added android.permission.WRITE_EXTERNAL_STORAGE android.permission.READ_PHONE_STATE
I/PackageParser(  365): com.huawei.inputmethod.language.italian: compat added android.permission.WRITE_EXTERNAL_STORAGE android.permission.READ_PHONE_STATE
I/PackageParser(  365): com.huawei.inputmethod.language.pinyin: compat added android.permission.WRITE_EXTERNAL_STORAGE android.permission.READ_PHONE_STATE
I/PackageParser(  365): com.huawei.inputmethod.language.portuguese: compat added android.permission.WRITE_EXTERNAL_STORAGE android.permission.READ_PHONE_STATE
I/PackageParser(  365): com.huawei.inputmethod.language.russian: compat added android.permission.WRITE_EXTERNAL_STORAGE android.permission.READ_PHONE_STATE
I/PackageParser(  365): com.huawei.inputmethod.language.spanish: compat added android.permission.WRITE_EXTERNAL_STORAGE android.permission.READ_PHONE_STATE
I/PackageParser(  365): com.huawei.inputmethod.language.ukrainian: compat added android.permission.WRITE_EXTERNAL_STORAGE android.permission.READ_PHONE_STATE
W/PackageParser(  365): No actions in intent filter at /system/app/Bluetooth.apk Binary XML file line #126
W/PackageParser(  365): No actions in intent filter at /system/app/Bluetooth.apk Binary XML file line #195
W/PackageParser(  365): No actions in intent filter at /system/app/Bluetooth.apk Binary XML file line #214
W/PackageParser(  365): Unknown element under <manifest>: receiver at /system/app/Browser.apk Binary XML file line #284
W/PackageManager(  365): Package com.android.browser desires unavailable shared library com.android.qualcomm.modemwarmup; ignoring!
W/PackageParser(  365): Problem in package /system/app/Settings.apk:
W/PackageParser(  365): Unknown element under <activity>: action at /system/app/Settings.apk Binary XML file line #1344
W/PackageParser(  365): Problem in package /system/app/Settings.apk:
W/PackageParser(  365): Unknown element under <activity>: category at /system/app/Settings.apk Binary XML file line #1345
W/PackageParser(  365): Unknown element under <manifest>: supports-screen at /data/cust/delapp/Aldiko.apk Binary XML file line #16
I/Installer(  365): connecting...
I/PackageParser(  365): me.zed_0xff.android.alchemy: compat added android.permission.WRITE_EXTERNAL_STORAGE
I/PackageParser(  365): com.yoshisoft.ShutdownTimer: compat added android.permission.WRITE_EXTERNAL_STORAGE android.permission.READ_PHONE_STATE
W/PackageParser(  365): Unknown element under <manifest>: activity at /data/app/com.gameloft.android.ANMP.GloftPPHM-2.apk Binary XML file line #14
W/PackageParser(  365): <meta-data> only supports string, integer, float, color, boolean, and resource reference types: meta-data at /data/app/com.maxmpz.audioplayer-1.apk Binary XML file line #261
W/PackageParser(  365): <meta-data> only supports string, integer, float, color, boolean, and resource reference types: meta-data at /data/app/com.maxmpz.audioplayer-1.apk Binary XML file line #262
W/PackageParser(  365): <meta-data> only supports string, integer, float, color, boolean, and resource reference types: meta-data at /data/app/com.maxmpz.audioplayer-1.apk Binary XML file line #263
W/PackageParser(  365): <meta-data> only supports string, integer, float, color, boolean, and resource reference types: meta-data at /data/app/com.maxmpz.audioplayer-1.apk Binary XML file line #264
W/PackageManager(  365): Package com.maxmpz.audioplayer desires unavailable shared library com.kyocera.dualscreen; ignoring!
W/PackageManager(  365): Package com.maxmpz.audioplayer desires unavailable shared library android.media.dolby; ignoring!
W/PackageManager(  365): Package com.maxmpz.audioplayer desires unavailable shared library com.sec.android.app.multiwindow; ignoring!
W/PackageParser(  365): Unknown element under <application>: library at /data/app/com.google.android.gms-1.apk Binary XML file line #155
W/PackageParser(  365): Unknown element under <manifest>: supports-gl-texture at /data/app/ru.gonorovsky.kv.livewall.earthhddon-1.apk Binary XML file line #8
W/PackageParser(  365): Unknown element under <manifest>: supports-screen at /data/app/com.aldiko.android-1.apk Binary XML file line #8
W/PackageManager(  365): Package com.mxtech.videoplayer.ad desires unavailable shared library com.sec.android.app.multiwindow; ignoring!
I/ONCRPC  (  167): Setup RPC Call for task 40080270
I/ONCRPC  (  167): oncrpc_xdr_call_msg_start: Prog: 3000006b, Ver: 00010001, Proc: 00000002
I/ONCRPC  (  167): xdr_std_msg_send_call: Sent Xid: 5, Prog: 3000006b, Ver: 00010001, Proc: 00000002
I/ONCRPC  (  167): xdr_std_msg_send_call: Received Reply Xid: 5, Prog: 3000006b, Ver: 00010001, Proc: 00000002
W/PackageManager(  365): Package com.skype.raider desires unavailable shared library com.htc.hardware.twinCamDevice; ignoring!
W/PackageManager(  365): Package com.skype.raider desires unavailable shared library com.motorola.hardware.frontcamera; ignoring!
W/PackageManager(  365): Package com.skype.raider desires unavailable shared library com.sprint.hardware.twinCamDevice; ignoring!
I/PackageManager(  365): Time to scan packages: 7.335 seconds
W/PackageManager(  365): Removing dangling permission: com.qualcomm.permission.ACCESS_LOCATION_API from package null
W/PackageManager(  365): Not granting permission com.google.android.c2dm.permission.SEND to package ru.ok.android (protectionLevel=3 flags=0x8be46)
W/PackageManager(  365): Unknown permission android.permission.ADD_SYSTEM_SERVICE in package com.android.phone
W/PackageManager(  365): Not granting permission android.permission.SET_ORIENTATION to package com.huawei.hisuite (protectionLevel=2 flags=0xb444)
W/PackageManager(  365): Unknown permission android.permission.ANDROID_POWER in package com.huawei.hisuite
W/PackageManager(  365): Not granting permission android.permission.INSTALL_PACKAGES to package com.huawei.hisuite (protectionLevel=3 flags=0xb444)
W/PackageManager(  365): Not granting permission android.permission.DELETE_PACKAGES to package com.huawei.hisuite (protectionLevel=3 flags=0xb444)
W/PackageManager(  365): Not granting permission android.permission.CLEAR_APP_USER_DATA to package com.huawei.hisuite (protectionLevel=2 flags=0xb444)
W/PackageManager(  365): Not granting permission android.permission.WRITE_SECURE_SETTINGS to package com.huawei.hisuite (protectionLevel=3 flags=0xb444)
W/PackageManager(  365): Not granting permission com.android.email.permission.ACCESS_PROVIDER to package com.huawei.hisuite (protectionLevel=2 flags=0xb444)
W/PackageManager(  365): Not granting permission android.permission.BROADCAST_WAP_PUSH to package com.huawei.hisuite (protectionLevel=2 flags=0xb444)
W/PackageManager(  365): Not granting permission android.permission.WRITE_MEDIA_STORAGE to package com.huawei.hisuite (protectionLevel=3 flags=0xb444)
W/PackageManager(  365): Unknown permission com.android.vending.billing.IBillingAccountService.BIND2 in package com.google.android.gsf.login
W/PackageManager(  365): Unknown permission android.permission.MMS_PUSH in package com.android.bluetooth
W/PackageManager(  365): Not granting permission android.permission.SEND_DOWNLOAD_COMPLETED_INTENTS to package com.android.browser (protectionLevel=2 flags=0x9be45)
W/PackageManager(  365): Unknown permission android.permission.READ_OWNER_DATA in package com.huawei.mmitest
W/PackageManager(  365): Unknown permission com.lge.launcher.permission.INSTALL_SHORTCUT in package jp.co.bii.android.app.dskvzr
W/PackageManager(  365): Unknown permission com.motorola.launcher.permission.INSTALL_SHORTCUT in package jp.co.bii.android.app.dskvzr
W/PackageManager(  365): Unknown permission com.htc.launcher.permission.READ_SETTINGS in package jp.co.bii.android.app.dskvzr
W/PackageManager(  365): Unknown permission jp.co.sharp.android.home.permission.INSTALL_SHORTCUT in package jp.co.bii.android.app.dskvzr
W/PackageManager(  365): Unknown permission au.android.apps.oceanhome03.permission.INSTALL_SHORTCUT in package jp.co.bii.android.app.dskvzr
W/PackageManager(  365): Unknown permission jp.co.bii.android.app.dskvzr.RUN_ADDONS in package jp.co.bii.android.app.dskvzr
W/PackageManager(  365): Unknown permission jp.co.bii.android.app.dskvzr.permission.CALL_PHONE in package jp.co.bii.android.app.dskvzr
W/PackageManager(  365): Unknown permission com.google.android.providers.gmail.permission.WRITE_GMAIL in package com.android.huawei.projectmenu
W/PackageManager(  365): Unknown permission com.google.android.providers.gmail.permission.READ_GMAIL in package com.android.huawei.projectmenu
W/PackageManager(  365): Unknown permission android.permission.INTERACT_ACROSS_USERS in package com.google.android.gms
I/PackageManager(  365): Un-granting permission android.permission.DUMP from package com.google.android.gms (protectionLevel=3 flags=0x8be44)
W/PackageManager(  365): Unknown permission android.permission.READ_EXTERNAL_STORAGE in package com.google.android.gms
W/PackageManager(  365): Unknown permission android.permission.LOCATION_HARDWARE in package com.google.android.gms
W/PackageManager(  365): Unknown permission android.permission.GET_APP_OPS_STATS in package com.google.android.gms
W/PackageManager(  365): Unknown permission android.permission.UPDATE_APP_OPS_STATS in package com.google.android.gms
W/PackageManager(  365): Unknown permission android.permission.ACCESS_NETWORK_CONDITIONS in package com.google.android.gms
W/PackageManager(  365): Unknown permission android.permission.MANAGE_DEVICE_ADMINS in package com.google.android.gms
W/PackageManager(  365): Not granting permission android.permission.MODIFY_PHONE_STATE to package com.google.android.gms (protectionLevel=3 flags=0x8be44)
W/PackageManager(  365): Not granting permission android.permission.MANAGE_USB to package com.google.android.gms (protectionLevel=3 flags=0x8be44)
W/PackageManager(  365): Not granting permission android.permission.CALL_PRIVILEGED to package com.google.android.gms (protectionLevel=3 flags=0x8be44)
W/PackageManager(  365): Unknown permission android.permission.BLUETOOTH_PRIVILEGED in package com.google.android.gms
W/PackageManager(  365): Unknown permission android.permission.CAPTURE_AUDIO_OUTPUT in package com.google.android.gms
W/PackageManager(  365): Unknown permission android.permission.CAPTURE_VIDEO_OUTPUT in package com.google.android.gms
W/PackageManager(  365): Unknown permission android.permission.CAPTURE_SECURE_VIDEO_OUTPUT in package com.google.android.gms
W/PackageManager(  365): Unknown permission android.permission.READ_OWNER_DATA in package com.google.android.setupwizard
W/PackageManager(  365): Unknown permission android.permission.WRITE_OWNER_DATA in package com.google.android.setupwizard
W/PackageManager(  365): Unknown permission android.permission.ACCESS_SUPERUSER in package com.jrummy.root.browserfree
W/PackageManager(  365): Unknown permission android.permission.READ_EXTERNAL_STORAGE in package com.android.videoeditor
W/PackageManager(  365): Unknown permission android.permission.READ_EXTERNAL_STORAGE in package com.glu.deerhunt2
W/PackageManager(  365): Not granting permission android.permission.BACKUP to package com.glu.deerhunt2 (protectionLevel=3 flags=0xbbc44)
W/PackageManager(  365): Unknown permission android.permission.ACCESS_SUPERUSER in package jackpal.androidterm
W/PackageManager(  365): Unknown permission com.facebook.orca.provider.ACCESS in package com.facebook.katana
W/PackageManager(  365): Not granting permission android.permission.ACCOUNT_MANAGER to package com.google.android.music (protectionLevel=2 flags=0x8bee5)
W/PackageManager(  365): Unknown permission android.webkit.permission.PLUGIN in package com.adobe.flashplayer
W/PackageManager(  365): Unknown permission android.permission.READ_EXTERNAL_STORAGE in package com.gameloft.android.ANMP.GloftWBHM
W/PackageManager(  365): Unknown permission com.latedroid.juicedefender.permission.CONTROL_JUICEDEFENDER in package net.dinglisch.android.taskerm
W/PackageManager(  365): Unknown permission com.latedroid.juicedefender.permission.TOGGLE_MOBILE_DATA in package net.dinglisch.android.taskerm
W/PackageManager(  365): Not granting permission android.permission.MODIFY_PHONE_STATE to package net.dinglisch.android.taskerm (protectionLevel=3 flags=0x8be44)
W/PackageManager(  365): Unknown permission com.android.phone.CHANGE_NETWORK_MODE in package net.dinglisch.android.taskerm
W/PackageManager(  365): Unknown permission com.android.providers.im.permission.READ_ONLY in package com.google.android.apps.maps
W/PackageManager(  365): Unknown permission com.google.android.providers.gmail.permission.WRITE_GMAIL in package com.huawei.init
W/PackageManager(  365): Unknown permission com.google.android.providers.gmail.permission.READ_GMAIL in package com.huawei.init
W/PackageManager(  365): Not granting permission android.permission.MODIFY_PHONE_STATE to package AutomateItPro.mainPackage (protectionLevel=3 flags=0x8be44)
W/PackageManager(  365): Unknown permission android.permission.READ_CALL_LOG in package AutomateItPro.mainPackage
W/PackageManager(  365): Unknown permission com.smarterapps.permission.AUTOMATEIT_EXTENSION in package AutomateItPro.mainPackage
W/PackageManager(  365): Unknown permission com.android.vending.permission.UPDATE_MARKET_FAILURE in package com.android.vending.updater
W/PackageManager(  365): Unknown permission android.permission.READ_EXTERNAL_STORAGE in package com.gameloft.android.ANMP.GloftPPHM
W/PackageManager(  365): Unknown permission com.google.android.apps.googlevoice.permission.AUTO_SEND in package com.google.android.voicesearch
W/PackageManager(  365): Not granting permission android.permission.WRITE_SECURE_SETTINGS to package ru.NanoDinamics.NovaTester (protectionLevel=3 flags=0x8be44)
W/PackageManager(  365): Not granting permission android.permission.MODIFY_PHONE_STATE to package ru.NanoDinamics.NovaTester (protectionLevel=3 flags=0x8be44)
W/PackageManager(  365): Not granting permission android.permission.DEVICE_POWER to package ru.NanoDinamics.NovaTester (protectionLevel=2 flags=0x8be44)
W/PackageManager(  365): Unknown permission android.permission.START_BACKGROUND_SERVICE in package com.ea.game.simpsons4_row
W/PackageManager(  365): Unknown permission android.permission.VIBRATION in package com.ea.game.simpsons4_row
W/PackageManager(  365): Not granting permission android.permission.CALL_PRIVILEGED to package com.skype.raider (protectionLevel=3 flags=0x8be44)
W/PackageManager(  365): Not granting permission com.google.android.gm.permission.READ_GMAIL to package com.google.android.apps.uploader (protectionLevel=2 flags=0x8be45)
W/PackageManager(  365): Unknown permission android.permission.Access_SUPERUSER in package com.ghisler.android.TotalCommander
W/PackageManager(  365): Unknown permission com.google.android.gallery3d.permission.PICASA_STORE in package com.google.android.apps.plus
W/PackageManager(  365): Unknown permission com.google.android.hangouts.START_HANGOUT in package com.google.android.apps.plus
W/PackageManager(  365): Unknown permission android.permission.READ_EXTERNAL_STORAGE in package com.android.vending
W/PackageManager(  365): Not granting permission android.permission.SEND_DOWNLOAD_COMPLETED_INTENTS to package com.android.vending (protectionLevel=2 flags=0xabec5)
W/PackageManager(  365): Not granting permission android.permission.SEND_SMS_NO_CONFIRMATION to package com.android.vending (protectionLevel=3 flags=0xabec5)
W/PackageManager(  365): Not granting permission android.permission.PACKAGE_USAGE_STATS to package com.android.vending (protectionLevel=3 flags=0xabec5)
W/PackageManager(  365): Not granting permission android.permission.PACKAGE_VERIFICATION_AGENT to package com.android.vending (protectionLevel=3 flags=0xabec5)
W/PackageManager(  365): Unknown permission android.permission.MANAGE_USERS in package com.android.vending
W/PackageManager(  365): Unknown permission android.permission.INTERACT_ACROSS_USERS in package com.android.vending
W/PackageManager(  365): Not granting permission android.permission.WRITE_SECURE_SETTINGS to package com.android.vending (protectionLevel=3 flags=0xabec5)
W/PackageManager(  365): Not granting permission android.permission.WRITE_SECURE_SETTINGS to package com.elsdoerfer.android.autostarts (protectionLevel=3 flags=0x8be44)
W/PackageManager(  365): Not granting permission android.permission.CHANGE_COMPONENT_ENABLED_STATE to package com.elsdoerfer.android.autostarts (protectionLevel=3 flags=0x8be44)
W/PackageManager(  365): Not granting permission android.permission.DEVICE_POWER to package com.android.deskclock (protectionLevel=2 flags=0x8be45)
I/SystemServer(  365): Account Manager
I/SystemServer(  365): Content Manager
I/SystemServer(  365): System Content Providers
I/SystemServer(  365): Lights Service
I/SystemServer(  365): Battery Service
I/SystemServer(  365): Vibrator Service
D/PowerManagerService(  365): setScreenOffTimeouts mKeylightDelay=6000 mDimDelay=-1 mScreenOffDelay=2147483647 mDimScreen=true
D/PowerManagerService(  365): setScreenOffTimeouts mKeylightDelay=6000 mDimDelay=-1 mScreenOffDelay=2147483647 mDimScreen=true
D/PowerManagerService(  365): setPowerState from userActivity! 
D/PowerManagerService(  365): setPowerState: mPowerState=0x0 newState=0x3 noChangeLights=false reason=2
D/PowerManagerService(  365): setPowerState: mPowerState=0 newState=3 noChangeLights=false
D/PowerManagerService(  365):   oldKeyboardBright=false newKeyboardBright=false
D/PowerManagerService(  365):   oldScreenBright=false newScreenBright=true
D/PowerManagerService(  365):   oldButtonBright=false newButtonBright=false
D/PowerManagerService(  365):   oldScreenOn=false newScreenOn=true
D/PowerManagerService(  365):   oldBatteryLow=false newBatteryLow=false
I/PowerManagerService(  365): Set screen state: true
I/PowerManagerService(  365): Forcing brightness 0: mPowerState=0x0 mSkippedScreenOn=false
I/PowerManagerService(  365): Power setScreenState result : 0
I/PowerManagerService(  365): Setting screen brightness: 255
I/SystemServer(  365): Alarm Manager
I/ONCRPC  (  167): Setup RPC Call for task 40080270
I/ONCRPC  (  167): oncrpc_xdr_call_msg_start: Prog: 3000006b, Ver: 00010001, Proc: 00000002
I/ONCRPC  (  167): xdr_std_msg_send_call: Sent Xid: 6, Prog: 3000006b, Ver: 00010001, Proc: 00000002
I/ONCRPC  (  167): xdr_std_msg_send_call: Received Reply Xid: 6, Prog: 3000006b, Ver: 00010001, Proc: 00000002
I/ONCRPC  (  167): Setup RPC Call for task 40080270
I/ONCRPC  (  167): oncrpc_xdr_call_msg_start: Prog: 3000006b, Ver: 00010001, Proc: 00000002
I/ONCRPC  (  167): xdr_std_msg_send_call: Sent Xid: 7, Prog: 3000006b, Ver: 00010001, Proc: 00000002
I/ONCRPC  (  167): xdr_std_msg_send_call: Received Reply Xid: 7, Prog: 3000006b, Ver: 00010001, Proc: 00000002
I/SystemServer(  365): Huawei Service Manager
I/ONCRPC  (  167): Setup RPC Call for task 40080270
I/ONCRPC  (  167): oncrpc_xdr_call_msg_start: Prog: 3000006b, Ver: 00010001, Proc: 00000002
I/ONCRPC  (  167): xdr_std_msg_send_call: Sent Xid: 8, Prog: 3000006b, Ver: 00010001, Proc: 00000002
I/ONCRPC  (  167): xdr_std_msg_send_call: Received Reply Xid: 8, Prog: 3000006b, Ver: 00010001, Proc: 00000002
I/ONCRPC  (  167): Setup RPC Call for task 40080270
I/ONCRPC  (  167): oncrpc_xdr_call_msg_start: Prog: 3000006b, Ver: 00010001, Proc: 00000002
I/ONCRPC  (  167): xdr_std_msg_send_call: Sent Xid: 9, Prog: 3000006b, Ver: 00010001, Proc: 00000002
I/ONCRPC  (  167): xdr_std_msg_send_call: Received Reply Xid: 9, Prog: 3000006b, Ver: 00010001, Proc: 00000002
I/SystemServer(  365): HWDrmDialogs Service
I/HWDrmDialogsService(  365): HWDrmDialogsService  errorListener = com.android.server.HWDrmDialogsService$1@41fbf3e0
I/SystemServer(  365): Init Watchdog
I/SystemServer(  365): Window Manager
I/InputManager(  365): Initializing input manager
W/StatusBarManager(  365): warning: no STATUS_BAR_SERVICE
I/InputManager(  365): Starting input manager
I/SystemServer(  365): Bluetooth Service
I/SystemServer(  365): DynamicMemoryManager Service
I/SystemServer(  365): Input Method Service
W/InputManagerService(  365): Couldn't create dir.: /data/system/inputmethod
I/SystemServer(  365): Accessibility Manager
I/ActivityManager(  365): Config changed: {1.0 0mcc0mnc ru_RU layoutdir=0 sw800dp w1280dp h752dp xlrg land ?uimode ?night finger -keyb/v/h -nav/h s.2}
I/SystemServer(  365): Device Policy
I/SystemServer(  365): Status Bar
I/SystemServer(  365): Clipboard Service
I/SystemServer(  365): NetworkManagement Service
D/NetworkManagementService(  365): Creating NetworkManagementService
D/NetworkManagementService(  365): Awaiting socket connection
D/NetworkManagementService(  365): onConnected
D/NetworkManagementService(  365): Connected
I/SystemServer(  365): Text Service Manager Service
I/SystemServer(  365): NetworkStats Service
I/SystemServer(  365): NetworkPolicy Service
I/SystemServer(  365): Wi-Fi P2pService
I/SystemServer(  365): Wi-Fi Service
I/ActivityManager(  365): Config changed: {1.0 0mcc0mnc ru_RU layoutdir=0 sw800dp w1280dp h752dp xlrg land ?uimode ?night finger -keyb/v/h dpad/v s.3}
D/NetdConnector(  365): SND -> {interface ipv6 wlan0 disable} {null}
D/NetdConnector(  365): RCV <- {400 Failed to change IPv6 state (No such file or directory)}
D/NetdConnector(  365): RSP <- {400 Failed to change IPv6 state (No such file or directory)}
I/SystemServer(  365): Connectivity Service
D/ConnectivityService(  365): ConnectivityService starting up
E/MobileDataStateTracker(  365): default: Ignoring feature request because could not acquire PhoneService
E/MobileDataStateTracker(  365): default: Could not enable APN type "default"
D/NetworkManagementService(  365): Registering observer
D/NetworkManagementService(  365): Registering observer
I/WifiService(  365): WifiService starting up with Wi-Fi enabled
V/ConnectivityService(  365): CNE is starting up
I/ONCRPC  (  365): Setup RPC Call for task 40626270
I/ONCRPC  (  365): oncrpc_xdr_call_msg_start: Prog: 3000000e, Ver: 00090001, Proc: 00000009
I/ONCRPC  (  365): xdr_std_msg_send_call: Sent Xid: 0, Prog: 3000000e, Ver: 00090001, Proc: 00000009
I/SystemServer(  365): Throttle Service
