--------- beginning of /dev/log/system
I/ONCRPC  (  183): oncrpc_xdr_call_msg_start: Prog: 30000048, Ver: 00040001, Proc: 00000000
I/ONCRPC  (  183): xdr_std_msg_send_call: Sent Xid: 0, Prog: 30000048, Ver: 00040001, Proc: 00000000
I/ONCRPC  (  167): Setup RPC Call for task 40080270
I/ONCRPC  (  167): oncrpc_xdr_call_msg_start: Prog: 3000006b, Ver: 00010001, Proc: 00000000
I/ONCRPC  (  167): xdr_std_msg_send_call: Sent Xid: 0, Prog: 3000006b, Ver: 00010001, Proc: 00000000
I/ONCRPC  (  167): xdr_std_msg_send_call: Received Reply Xid: 0, Prog: 3000006b, Ver: 00010001, Proc: 00000000
I/ONCRPC  (  183): xdr_std_msg_send_call: Received Reply Xid: 0, Prog: 30000048, Ver: 00040001, Proc: 00000000
I/ONCRPC  (  183): Setup RPC Call for task 4016a270
I/ONCRPC  (  183): oncrpc_xdr_call_msg_start: Prog: 30000048, Ver: 00040005, Proc: 0000001d
I/ONCRPC  (  183): xdr_std_msg_send_call: Sent Xid: 1, Prog: 30000048, Ver: 00040005, Proc: 0000001d
I/ONCRPC  (  183): xdr_std_msg_send_call: Received Reply Xid: 1, Prog: 30000048, Ver: 00040005, Proc: 0000001d
I/ONCRPC  (  183): Setup RPC Call for task 4016a270
I/ONCRPC  (  183): oncrpc_xdr_call_msg_start: Prog: 30000048, Ver: 00040001, Proc: 00000012
I/ONCRPC  (  183): xdr_std_msg_send_call: Sent Xid: 2, Prog: 30000048, Ver: 00040001, Proc: 00000012
I/ONCRPC  (  183): xdr_std_msg_send_call: Received Reply Xid: 2, Prog: 30000048, Ver: 00040001, Proc: 00000012
I/ONCRPC  (  183): Setup RPC Call for task 4016a270
I/ONCRPC  (  183): oncrpc_xdr_call_msg_start: Prog: 30000048, Ver: 00040001, Proc: 00000017
I/ONCRPC  (  183): xdr_std_msg_send_call: Sent Xid: 3, Prog: 30000048, Ver: 00040001, Proc: 00000017
I/ONCRPC  (  183): xdr_std_msg_send_call: Received Reply Xid: 3, Prog: 30000048, Ver: 00040001, Proc: 00000017
I/ONCRPC  (  167): Setup RPC Call for task 40080270
I/ONCRPC  (  167): oncrpc_xdr_call_msg_start: Prog: 3000006b, Ver: 00010001, Proc: 00000002
I/ONCRPC  (  167): xdr_std_msg_send_call: Sent Xid: 1, Prog: 3000006b, Ver: 00010001, Proc: 00000002
I/ONCRPC  (  167): xdr_std_msg_send_call: Received Reply Xid: 1, Prog: 3000006b, Ver: 00010001, Proc: 00000002
I/ONCRPC  (  167): Setup RPC Call for task 40080270
I/ONCRPC  (  167): oncrpc_xdr_call_msg_start: Prog: 3000006b, Ver: 00010001, Proc: 00000002
I/ONCRPC  (  167): xdr_std_msg_send_call: Sent Xid: 2, Prog: 3000006b, Ver: 00010001, Proc: 00000002
I/ONCRPC  (  167): xdr_std_msg_send_call: Received Reply Xid: 2, Prog: 3000006b, Ver: 00010001, Proc: 00000002
I/ONCRPC  (  167): Setup RPC Call for task 40080270
I/ONCRPC  (  167): oncrpc_xdr_call_msg_start: Prog: 3000006b, Ver: 00010001, Proc: 00000002
I/ONCRPC  (  167): xdr_std_msg_send_call: Sent Xid: 3, Prog: 3000006b, Ver: 00010001, Proc: 00000002
I/ONCRPC  (  167): xdr_std_msg_send_call: Received Reply Xid: 3, Prog: 3000006b, Ver: 00010001, Proc: 00000002
I/SystemServer(  365): Entered the Android system server!
I/SystemServer(  365): Entropy Service
I/SystemServer(  365): Power Manager
I/SystemServer(  365): Activity Manager
I/ActivityManager(  365): Memory class: 256
I/SystemServer(  365): Telephony Registry
I/SystemServer(  365): Package Manager
W/PackageManager(  365): Got execption parsing permissions.
W/PackageManager(  365): org.xmlpull.v1.XmlPullParserException: Comments may not contain -- (position:COMMENT 
W/PackageManager(  365):     @23:9 in java.io.FileReader@4207d888) 
W/PackageManager(  365): 	at org.kxml2.io.KXmlParser.readComment(KXmlParser.java:564)
W/PackageManager(  365): 	at org.kxml2.io.KXmlParser.next(KXmlParser.java:405)
W/PackageManager(  365): 	at org.kxml2.io.KXmlParser.next(KXmlParser.java:310)
W/PackageManager(  365): 	at com.android.internal.util.XmlUtils.nextElement(XmlUtils.java:887)
W/PackageManager(  365): 	at com.android.server.pm.PackageManagerService.readPermissionsFromXml(PackageManagerService.java:1361)
W/PackageManager(  365): 	at com.android.server.pm.PackageManagerService.readPermissions(PackageManagerService.java:1336)
W/PackageManager(  365): 	at com.android.server.pm.PackageManagerService.<init>(PackageManagerService.java:967)
W/PackageManager(  365): 	at com.android.server.pm.PackageManagerService.main(PackageManagerService.java:871)
W/PackageManager(  365): 	at com.android.server.ServerThread.run(SystemServer.java:181)
W/PackageManager(  365): Got execption parsing permissions.
W/PackageManager(  365): org.xmlpull.v1.XmlPullParserException: No start tag found
W/PackageManager(  365): 	at com.android.internal.util.XmlUtils.beginDocument(XmlUtils.java:874)
W/PackageManager(  365): 	at com.android.server.pm.PackageManagerService.readPermissionsFromXml(PackageManagerService.java:1358)
W/PackageManager(  365): 	at com.android.server.pm.PackageManagerService.readPermissions(PackageManagerService.java:1336)
W/PackageManager(  365): 	at com.android.server.pm.PackageManagerService.<init>(PackageManagerService.java:967)
W/PackageManager(  365): 	at com.android.server.pm.PackageManagerService.main(PackageManagerService.java:871)
W/PackageManager(  365): 	at com.android.server.ServerThread.run(SystemServer.java:181)
I/ONCRPC  (  167): Setup RPC Call for task 40080270
I/ONCRPC  (  167): oncrpc_xdr_call_msg_start: Prog: 3000006b, Ver: 00010001, Proc: 00000002
I/ONCRPC  (  167): xdr_std_msg_send_call: Sent Xid: 4, Prog: 3000006b, Ver: 00010001, Proc: 00000002
I/ONCRPC  (  167): xdr_std_msg_send_call: Received Reply Xid: 4, Prog: 3000006b, Ver: 00010001, Proc: 00000002
W/PackageManager(  365): Library not found: /system/framework/com.qualcomm.location.quipslib.jar
W/PackageManager(  365): Library not found: /system/framework/com.android.future.usb.accessory.jar
W/PackageManager(  365): Library not found: /system/framework/com.google.widevine.software.drm.jar
W/PackageManager(  365): Exception reading jar: /system/framework/framework-res-hwext.apk
W/PackageManager(  365): java.io.IOException: /system/framework/framework-res-hwext.apk
W/PackageManager(  365): 	at dalvik.system.DexFile.isDexOptNeeded(Native Method)
W/PackageManager(  365): 	at com.android.server.pm.PackageManagerService.<init>(PackageManagerService.java:1060)
W/PackageManager(  365): 	at com.android.server.pm.PackageManagerService.main(PackageManagerService.java:871)
W/PackageManager(  365): 	at com.android.server.ServerThread.run(SystemServer.java:181)
I/PackageParser(  365): com.huawei.inputmethod.language.cangjie: compat added android.permission.WRITE_EXTERNAL_STORAGE android.permission.READ_PHONE_STATE
W/PackageParser(  365): No actions in intent filter at /data/cust/app/Contacts.apk Binary XML file line #542
I/PackageParser(  365): com.huawei.inputmethod.language.french: compat added android.permission.WRITE_EXTERNAL_STORAGE android.permission.READ_PHONE_STATE
I/PackageParser(  365): com.huawei.inputmethod.language.german: compat added android.permission.WRITE_EXTERNAL_STORAGE android.permission.READ_PHONE_STATE
I/PackageParser(  365): com.huawei.inputmethod.language.italian: compat added android.permission.WRITE_EXTERNAL_STORAGE android.permission.READ_PHONE_STATE
I/PackageParser(  365): com.huawei.inputmethod.language.pinyin: compat added android.permission.WRITE_EXTERNAL_STORAGE android.permission.READ_PHONE_STATE
I/PackageParser(  365): com.huawei.inputmethod.language.portuguese: compat added android.permission.WRITE_EXTERNAL_STORAGE android.permission.READ_PHONE_STATE
I/PackageParser(  365): com.huawei.inputmethod.language.russian: compat added android.permission.WRITE_EXTERNAL_STORAGE android.permission.READ_PHONE_STATE
I/PackageParser(  365): com.huawei.inputmethod.language.spanish: compat added android.permission.WRITE_EXTERNAL_STORAGE android.permission.READ_PHONE_STATE
I/PackageParser(  365): com.huawei.inputmethod.language.ukrainian: compat added android.permission.WRITE_EXTERNAL_STORAGE android.permission.READ_PHONE_STATE
W/PackageParser(  365): No actions in intent filter at /system/app/Bluetooth.apk Binary XML file line #126
W/PackageParser(  365): No actions in intent filter at /system/app/Bluetooth.apk Binary XML file line #195
W/PackageParser(  365): No actions in intent filter at /system/app/Bluetooth.apk Binary XML file line #214
W/PackageParser(  365): Unknown element under <manifest>: receiver at /system/app/Browser.apk Binary XML file line #284
W/PackageManager(  365): Package com.android.browser desires unavailable shared library com.android.qualcomm.modemwarmup; ignoring!
W/PackageParser(  365): Problem in package /system/app/Settings.apk:
W/PackageParser(  365): Unknown element under <activity>: action at /system/app/Settings.apk Binary XML file line #1344
W/PackageParser(  365): Problem in package /system/app/Settings.apk:
W/PackageParser(  365): Unknown element under <activity>: category at /system/app/Settings.apk Binary XML file line #1345
W/PackageParser(  365): Unknown element under <manifest>: supports-screen at /data/cust/delapp/Aldiko.apk Binary XML file line #16
I/Installer(  365): connecting...
I/PackageParser(  365): me.zed_0xff.android.alchemy: compat added android.permission.WRITE_EXTERNAL_STORAGE
I/PackageParser(  365): com.yoshisoft.ShutdownTimer: compat added android.permission.WRITE_EXTERNAL_STORAGE android.permission.READ_PHONE_STATE
W/PackageParser(  365): Unknown element under <manifest>: activity at /data/app/com.gameloft.android.ANMP.GloftPPHM-2.apk Binary XML file line #14
W/PackageParser(  365): <meta-data> only supports string, integer, float, color, boolean, and resource reference types: meta-data at /data/app/com.maxmpz.audioplayer-1.apk Binary XML file line #261
W/PackageParser(  365): <meta-data> only supports string, integer, float, color, boolean, and resource reference types: meta-data at /data/app/com.maxmpz.audioplayer-1.apk Binary XML file line #262
W/PackageParser(  365): <meta-data> only supports string, integer, float, color, boolean, and resource reference types: meta-data at /data/app/com.maxmpz.audioplayer-1.apk Binary XML file line #263
W/PackageParser(  365): <meta-data> only supports string, integer, float, color, boolean, and resource reference types: meta-data at /data/app/com.maxmpz.audioplayer-1.apk Binary XML file line #264
W/PackageManager(  365): Package com.maxmpz.audioplayer desires unavailable shared library com.kyocera.dualscreen; ignoring!
W/PackageManager(  365): Package com.maxmpz.audioplayer desires unavailable shared library android.media.dolby; ignoring!
W/PackageManager(  365): Package com.maxmpz.audioplayer desires unavailable shared library com.sec.android.app.multiwindow; ignoring!
W/PackageParser(  365): Unknown element under <application>: library at /data/app/com.google.android.gms-1.apk Binary XML file line #155
W/PackageParser(  365): Unknown element under <manifest>: supports-gl-texture at /data/app/ru.gonorovsky.kv.livewall.earthhddon-1.apk Binary XML file line #8
W/PackageParser(  365): Unknown element under <manifest>: supports-screen at /data/app/com.aldiko.android-1.apk Binary XML file line #8
W/PackageManager(  365): Package com.mxtech.videoplayer.ad desires unavailable shared library com.sec.android.app.multiwindow; ignoring!
I/ONCRPC  (  167): Setup RPC Call for task 40080270
I/ONCRPC  (  167): oncrpc_xdr_call_msg_start: Prog: 3000006b, Ver: 00010001, Proc: 00000002
I/ONCRPC  (  167): xdr_std_msg_send_call: Sent Xid: 5, Prog: 3000006b, Ver: 00010001, Proc: 00000002
I/ONCRPC  (  167): xdr_std_msg_send_call: Received Reply Xid: 5, Prog: 3000006b, Ver: 00010001, Proc: 00000002
W/PackageManager(  365): Package com.skype.raider desires unavailable shared library com.htc.hardware.twinCamDevice; ignoring!
W/PackageManager(  365): Package com.skype.raider desires unavailable shared library com.motorola.hardware.frontcamera; ignoring!
W/PackageManager(  365): Package com.skype.raider desires unavailable shared library com.sprint.hardware.twinCamDevice; ignoring!
I/PackageManager(  365): Time to scan packages: 7.335 seconds
W/PackageManager(  365): Removing dangling permission: com.qualcomm.permission.ACCESS_LOCATION_API from package null
W/PackageManager(  365): Not granting permission com.google.android.c2dm.permission.SEND to package ru.ok.android (protectionLevel=3 flags=0x8be46)
W/PackageManager(  365): Unknown permission android.permission.ADD_SYSTEM_SERVICE in package com.android.phone
W/PackageManager(  365): Not granting permission android.permission.SET_ORIENTATION to package com.huawei.hisuite (protectionLevel=2 flags=0xb444)
W/PackageManager(  365): Unknown permission android.permission.ANDROID_POWER in package com.huawei.hisuite
W/PackageManager(  365): Not granting permission android.permission.INSTALL_PACKAGES to package com.huawei.hisuite (protectionLevel=3 flags=0xb444)
W/PackageManager(  365): Not granting permission android.permission.DELETE_PACKAGES to package com.huawei.hisuite (protectionLevel=3 flags=0xb444)
W/PackageManager(  365): Not granting permission android.permission.CLEAR_APP_USER_DATA to package com.huawei.hisuite (protectionLevel=2 flags=0xb444)
W/PackageManager(  365): Not granting permission android.permission.WRITE_SECURE_SETTINGS to package com.huawei.hisuite (protectionLevel=3 flags=0xb444)
W/PackageManager(  365): Not granting permission com.android.email.permission.ACCESS_PROVIDER to package com.huawei.hisuite (protectionLevel=2 flags=0xb444)
W/PackageManager(  365): Not granting permission android.permission.BROADCAST_WAP_PUSH to package com.huawei.hisuite (protectionLevel=2 flags=0xb444)
W/PackageManager(  365): Not granting permission android.permission.WRITE_MEDIA_STORAGE to package com.huawei.hisuite (protectionLevel=3 flags=0xb444)
W/PackageManager(  365): Unknown permission com.android.vending.billing.IBillingAccountService.BIND2 in package com.google.android.gsf.login
W/PackageManager(  365): Unknown permission android.permission.MMS_PUSH in package com.android.bluetooth
W/PackageManager(  365): Not granting permission android.permission.SEND_DOWNLOAD_COMPLETED_INTENTS to package com.android.browser (protectionLevel=2 flags=0x9be45)
W/PackageManager(  365): Unknown permission android.permission.READ_OWNER_DATA in package com.huawei.mmitest
W/PackageManager(  365): Unknown permission com.lge.launcher.permission.INSTALL_SHORTCUT in package jp.co.bii.android.app.dskvzr
W/PackageManager(  365): Unknown permission com.motorola.launcher.permission.INSTALL_SHORTCUT in package jp.co.bii.android.app.dskvzr
W/PackageManager(  365): Unknown permission com.htc.launcher.permission.READ_SETTINGS in package jp.co.bii.android.app.dskvzr
W/PackageManager(  365): Unknown permission jp.co.sharp.android.home.permission.INSTALL_SHORTCUT in package jp.co.bii.android.app.dskvzr
W/PackageManager(  365): Unknown permission au.android.apps.oceanhome03.permission.INSTALL_SHORTCUT in package jp.co.bii.android.app.dskvzr
W/PackageManager(  365): Unknown permission jp.co.bii.android.app.dskvzr.RUN_ADDONS in package jp.co.bii.android.app.dskvzr
W/PackageManager(  365): Unknown permission jp.co.bii.android.app.dskvzr.permission.CALL_PHONE in package jp.co.bii.android.app.dskvzr
W/PackageManager(  365): Unknown permission com.google.android.providers.gmail.permission.WRITE_GMAIL in package com.android.huawei.projectmenu
W/PackageManager(  365): Unknown permission com.google.android.providers.gmail.permission.READ_GMAIL in package com.android.huawei.projectmenu
W/PackageManager(  365): Unknown permission android.permission.INTERACT_ACROSS_USERS in package com.google.android.gms
I/PackageManager(  365): Un-granting permission android.permission.DUMP from package com.google.android.gms (protectionLevel=3 flags=0x8be44)
W/PackageManager(  365): Unknown permission android.permission.READ_EXTERNAL_STORAGE in package com.google.android.gms
W/PackageManager(  365): Unknown permission android.permission.LOCATION_HARDWARE in package com.google.android.gms
W/PackageManager(  365): Unknown permission android.permission.GET_APP_OPS_STATS in package com.google.android.gms
W/PackageManager(  365): Unknown permission android.permission.UPDATE_APP_OPS_STATS in package com.google.android.gms
W/PackageManager(  365): Unknown permission android.permission.ACCESS_NETWORK_CONDITIONS in package com.google.android.gms
W/PackageManager(  365): Unknown permission android.permission.MANAGE_DEVICE_ADMINS in package com.google.android.gms
W/PackageManager(  365): Not granting permission android.permission.MODIFY_PHONE_STATE to package com.google.android.gms (protectionLevel=3 flags=0x8be44)
W/PackageManager(  365): Not granting permission android.permission.MANAGE_USB to package com.google.android.gms (protectionLevel=3 flags=0x8be44)
W/PackageManager(  365): Not granting permission android.permission.CALL_PRIVILEGED to package com.google.android.gms (protectionLevel=3 flags=0x8be44)
W/PackageManager(  365): Unknown permission android.permission.BLUETOOTH_PRIVILEGED in package com.google.android.gms
W/PackageManager(  365): Unknown permission android.permission.CAPTURE_AUDIO_OUTPUT in package com.google.android.gms
W/PackageManager(  365): Unknown permission android.permission.CAPTURE_VIDEO_OUTPUT in package com.google.android.gms
W/PackageManager(  365): Unknown permission android.permission.CAPTURE_SECURE_VIDEO_OUTPUT in package com.google.android.gms
W/PackageManager(  365): Unknown permission android.permission.READ_OWNER_DATA in package com.google.android.setupwizard
W/PackageManager(  365): Unknown permission android.permission.WRITE_OWNER_DATA in package com.google.android.setupwizard
W/PackageManager(  365): Unknown permission android.permission.ACCESS_SUPERUSER in package com.jrummy.root.browserfree
W/PackageManager(  365): Unknown permission android.permission.READ_EXTERNAL_STORAGE in package com.android.videoeditor
W/PackageManager(  365): Unknown permission android.permission.READ_EXTERNAL_STORAGE in package com.glu.deerhunt2
W/PackageManager(  365): Not granting permission android.permission.BACKUP to package com.glu.deerhunt2 (protectionLevel=3 flags=0xbbc44)
W/PackageManager(  365): Unknown permission android.permission.ACCESS_SUPERUSER in package jackpal.androidterm
W/PackageManager(  365): Unknown permission com.facebook.orca.provider.ACCESS in package com.facebook.katana
W/PackageManager(  365): Not granting permission android.permission.ACCOUNT_MANAGER to package com.google.android.music (protectionLevel=2 flags=0x8bee5)
W/PackageManager(  365): Unknown permission android.webkit.permission.PLUGIN in package com.adobe.flashplayer
W/PackageManager(  365): Unknown permission android.permission.READ_EXTERNAL_STORAGE in package com.gameloft.android.ANMP.GloftWBHM
W/PackageManager(  365): Unknown permission com.latedroid.juicedefender.permission.CONTROL_JUICEDEFENDER in package net.dinglisch.android.taskerm
W/PackageManager(  365): Unknown permission com.latedroid.juicedefender.permission.TOGGLE_MOBILE_DATA in package net.dinglisch.android.taskerm
W/PackageManager(  365): Not granting permission android.permission.MODIFY_PHONE_STATE to package net.dinglisch.android.taskerm (protectionLevel=3 flags=0x8be44)
W/PackageManager(  365): Unknown permission com.android.phone.CHANGE_NETWORK_MODE in package net.dinglisch.android.taskerm
W/PackageManager(  365): Unknown permission com.android.providers.im.permission.READ_ONLY in package com.google.android.apps.maps
W/PackageManager(  365): Unknown permission com.google.android.providers.gmail.permission.WRITE_GMAIL in package com.huawei.init
W/PackageManager(  365): Unknown permission com.google.android.providers.gmail.permission.READ_GMAIL in package com.huawei.init
W/PackageManager(  365): Not granting permission android.permission.MODIFY_PHONE_STATE to package AutomateItPro.mainPackage (protectionLevel=3 flags=0x8be44)
W/PackageManager(  365): Unknown permission android.permission.READ_CALL_LOG in package AutomateItPro.mainPackage
W/PackageManager(  365): Unknown permission com.smarterapps.permission.AUTOMATEIT_EXTENSION in package AutomateItPro.mainPackage
W/PackageManager(  365): Unknown permission com.android.vending.permission.UPDATE_MARKET_FAILURE in package com.android.vending.updater
W/PackageManager(  365): Unknown permission android.permission.READ_EXTERNAL_STORAGE in package com.gameloft.android.ANMP.GloftPPHM
W/PackageManager(  365): Unknown permission com.google.android.apps.googlevoice.permission.AUTO_SEND in package com.google.android.voicesearch
W/PackageManager(  365): Not granting permission android.permission.WRITE_SECURE_SETTINGS to package ru.NanoDinamics.NovaTester (protectionLevel=3 flags=0x8be44)
W/PackageManager(  365): Not granting permission android.permission.MODIFY_PHONE_STATE to package ru.NanoDinamics.NovaTester (protectionLevel=3 flags=0x8be44)
W/PackageManager(  365): Not granting permission android.permission.DEVICE_POWER to package ru.NanoDinamics.NovaTester (protectionLevel=2 flags=0x8be44)
W/PackageManager(  365): Unknown permission android.permission.START_BACKGROUND_SERVICE in package com.ea.game.simpsons4_row
W/PackageManager(  365): Unknown permission android.permission.VIBRATION in package com.ea.game.simpsons4_row
W/PackageManager(  365): Not granting permission android.permission.CALL_PRIVILEGED to package com.skype.raider (protectionLevel=3 flags=0x8be44)
W/PackageManager(  365): Not granting permission com.google.android.gm.permission.READ_GMAIL to package com.google.android.apps.uploader (protectionLevel=2 flags=0x8be45)
W/PackageManager(  365): Unknown permission android.permission.Access_SUPERUSER in package com.ghisler.android.TotalCommander
W/PackageManager(  365): Unknown permission com.google.android.gallery3d.permission.PICASA_STORE in package com.google.android.apps.plus
W/PackageManager(  365): Unknown permission com.google.android.hangouts.START_HANGOUT in package com.google.android.apps.plus
W/PackageManager(  365): Unknown permission android.permission.READ_EXTERNAL_STORAGE in package com.android.vending
W/PackageManager(  365): Not granting permission android.permission.SEND_DOWNLOAD_COMPLETED_INTENTS to package com.android.vending (protectionLevel=2 flags=0xabec5)
W/PackageManager(  365): Not granting permission android.permission.SEND_SMS_NO_CONFIRMATION to package com.android.vending (protectionLevel=3 flags=0xabec5)
W/PackageManager(  365): Not granting permission android.permission.PACKAGE_USAGE_STATS to package com.android.vending (protectionLevel=3 flags=0xabec5)
W/PackageManager(  365): Not granting permission android.permission.PACKAGE_VERIFICATION_AGENT to package com.android.vending (protectionLevel=3 flags=0xabec5)
W/PackageManager(  365): Unknown permission android.permission.MANAGE_USERS in package com.android.vending
W/PackageManager(  365): Unknown permission android.permission.INTERACT_ACROSS_USERS in package com.android.vending
W/PackageManager(  365): Not granting permission android.permission.WRITE_SECURE_SETTINGS to package com.android.vending (protectionLevel=3 flags=0xabec5)
W/PackageManager(  365): Not granting permission android.permission.WRITE_SECURE_SETTINGS to package com.elsdoerfer.android.autostarts (protectionLevel=3 flags=0x8be44)
W/PackageManager(  365): Not granting permission android.permission.CHANGE_COMPONENT_ENABLED_STATE to package com.elsdoerfer.android.autostarts (protectionLevel=3 flags=0x8be44)
W/PackageManager(  365): Not granting permission android.permission.DEVICE_POWER to package com.android.deskclock (protectionLevel=2 flags=0x8be45)
I/SystemServer(  365): Account Manager
I/SystemServer(  365): Content Manager
I/SystemServer(  365): System Content Providers
I/SystemServer(  365): Lights Service
I/SystemServer(  365): Battery Service
I/SystemServer(  365): Vibrator Service
D/PowerManagerService(  365): setScreenOffTimeouts mKeylightDelay=6000 mDimDelay=-1 mScreenOffDelay=2147483647 mDimScreen=true
D/PowerManagerService(  365): setScreenOffTimeouts mKeylightDelay=6000 mDimDelay=-1 mScreenOffDelay=2147483647 mDimScreen=true
D/PowerManagerService(  365): setPowerState from userActivity! 
D/PowerManagerService(  365): setPowerState: mPowerState=0x0 newState=0x3 noChangeLights=false reason=2
D/PowerManagerService(  365): setPowerState: mPowerState=0 newState=3 noChangeLights=false
D/PowerManagerService(  365):   oldKeyboardBright=false newKeyboardBright=false
D/PowerManagerService(  365):   oldScreenBright=false newScreenBright=true
D/PowerManagerService(  365):   oldButtonBright=false newButtonBright=false
D/PowerManagerService(  365):   oldScreenOn=false newScreenOn=true
D/PowerManagerService(  365):   oldBatteryLow=false newBatteryLow=false
I/PowerManagerService(  365): Set screen state: true
I/PowerManagerService(  365): Forcing brightness 0: mPowerState=0x0 mSkippedScreenOn=false
I/PowerManagerService(  365): Power setScreenState result : 0
I/PowerManagerService(  365): Setting screen brightness: 255
I/SystemServer(  365): Alarm Manager
I/ONCRPC  (  167): Setup RPC Call for task 40080270
I/ONCRPC  (  167): oncrpc_xdr_call_msg_start: Prog: 3000006b, Ver: 00010001, Proc: 00000002
I/ONCRPC  (  167): xdr_std_msg_send_call: Sent Xid: 6, Prog: 3000006b, Ver: 00010001, Proc: 00000002
I/ONCRPC  (  167): xdr_std_msg_send_call: Received Reply Xid: 6, Prog: 3000006b, Ver: 00010001, Proc: 00000002
I/ONCRPC  (  167): Setup RPC Call for task 40080270
I/ONCRPC  (  167): oncrpc_xdr_call_msg_start: Prog: 3000006b, Ver: 00010001, Proc: 00000002
I/ONCRPC  (  167): xdr_std_msg_send_call: Sent Xid: 7, Prog: 3000006b, Ver: 00010001, Proc: 00000002
I/ONCRPC  (  167): xdr_std_msg_send_call: Received Reply Xid: 7, Prog: 3000006b, Ver: 00010001, Proc: 00000002
I/SystemServer(  365): Huawei Service Manager
I/ONCRPC  (  167): Setup RPC Call for task 40080270
I/ONCRPC  (  167): oncrpc_xdr_call_msg_start: Prog: 3000006b, Ver: 00010001, Proc: 00000002
I/ONCRPC  (  167): xdr_std_msg_send_call: Sent Xid: 8, Prog: 3000006b, Ver: 00010001, Proc: 00000002
I/ONCRPC  (  167): xdr_std_msg_send_call: Received Reply Xid: 8, Prog: 3000006b, Ver: 00010001, Proc: 00000002
I/ONCRPC  (  167): Setup RPC Call for task 40080270
I/ONCRPC  (  167): oncrpc_xdr_call_msg_start: Prog: 3000006b, Ver: 00010001, Proc: 00000002
I/ONCRPC  (  167): xdr_std_msg_send_call: Sent Xid: 9, Prog: 3000006b, Ver: 00010001, Proc: 00000002
I/ONCRPC  (  167): xdr_std_msg_send_call: Received Reply Xid: 9, Prog: 3000006b, Ver: 00010001, Proc: 00000002
I/SystemServer(  365): HWDrmDialogs Service
I/HWDrmDialogsService(  365): HWDrmDialogsService  errorListener = com.android.server.HWDrmDialogsService$1@41fbf3e0
I/SystemServer(  365): Init Watchdog
I/SystemServer(  365): Window Manager
I/InputManager(  365): Initializing input manager
W/StatusBarManager(  365): warning: no STATUS_BAR_SERVICE
I/InputManager(  365): Starting input manager
I/SystemServer(  365): Bluetooth Service
I/SystemServer(  365): DynamicMemoryManager Service
I/SystemServer(  365): Input Method Service
W/InputManagerService(  365): Couldn't create dir.: /data/system/inputmethod
I/SystemServer(  365): Accessibility Manager
I/ActivityManager(  365): Config changed: {1.0 0mcc0mnc ru_RU layoutdir=0 sw800dp w1280dp h752dp xlrg land ?uimode ?night finger -keyb/v/h -nav/h s.2}
I/SystemServer(  365): Device Policy
I/SystemServer(  365): Status Bar
I/SystemServer(  365): Clipboard Service
I/SystemServer(  365): NetworkManagement Service
D/NetworkManagementService(  365): Creating NetworkManagementService
D/NetworkManagementService(  365): Awaiting socket connection
D/NetworkManagementService(  365): onConnected
D/NetworkManagementService(  365): Connected
I/SystemServer(  365): Text Service Manager Service
I/SystemServer(  365): NetworkStats Service
I/SystemServer(  365): NetworkPolicy Service
I/SystemServer(  365): Wi-Fi P2pService
I/SystemServer(  365): Wi-Fi Service
I/ActivityManager(  365): Config changed: {1.0 0mcc0mnc ru_RU layoutdir=0 sw800dp w1280dp h752dp xlrg land ?uimode ?night finger -keyb/v/h dpad/v s.3}
D/NetdConnector(  365): SND -> {interface ipv6 wlan0 disable} {null}
D/NetdConnector(  365): RCV <- {400 Failed to change IPv6 state (No such file or directory)}
D/NetdConnector(  365): RSP <- {400 Failed to change IPv6 state (No such file or directory)}
I/SystemServer(  365): Connectivity Service
D/ConnectivityService(  365): ConnectivityService starting up
E/MobileDataStateTracker(  365): default: Ignoring feature request because could not acquire PhoneService
E/MobileDataStateTracker(  365): default: Could not enable APN type "default"
D/NetworkManagementService(  365): Registering observer
D/NetworkManagementService(  365): Registering observer
I/WifiService(  365): WifiService starting up with Wi-Fi enabled
V/ConnectivityService(  365): CNE is starting up
I/ONCRPC  (  365): Setup RPC Call for task 40626270
I/ONCRPC  (  365): oncrpc_xdr_call_msg_start: Prog: 3000000e, Ver: 00090001, Proc: 00000009
I/ONCRPC  (  365): xdr_std_msg_send_call: Sent Xid: 0, Prog: 3000000e, Ver: 00090001, Proc: 00000009
I/SystemServer(  365): Throttle Service
I/SystemServer(  365): Mount Service
D/MountService(  365): got storage path: /mnt/sdcard description: SD-карта primary: true removable: true emulated: false mtpReserve: 0 allowMassStorage: false maxFileSize: 0
D/MountService(  365): got storage path: /mnt/sdcard2 description: Внутренняя память primary: false removable: false emulated: true mtpReserve: 0 allowMassStorage: false maxFileSize: 0
D/MountService(  365): got storage path: /mnt/usb description: USB-накопитель primary: false removable: true emulated: false mtpReserve: 0 allowMassStorage: false maxFileSize: 0
D/MountService(  365): using emulated external storage
I/ONCRPC  (  365): xdr_std_msg_send_call: Received Reply Xid: 0, Prog: 3000000e, Ver: 00090001, Proc: 00000009
I/SystemServer(  365): Notification Manager
I/SystemServer(  365): HDMI Service
I/SystemServer(  365): Device Storage Monitor
I/SystemServer(  365): Location Manager
I/SystemServer(  365): Country Detector
I/SystemServer(  365): Search Service
I/SystemServer(  365): DropBox Service
I/SystemServer(  365): Wallpaper Service
I/SystemServer(  365): Audio Service
D/VoldConnector(  365): SND -> {volume list} {null}
D/VoldCmdListener(  148): volume list
D/VoldConnector(  365): RCV <- {110 sdcard /mnt/sdcard 1}
D/VoldConnector(  365): RCV <- {110 udisk /mnt/usb 0}
D/VoldConnector(  365): RCV <- {200 Volumes listed.}
D/VoldConnector(  365): RSP <- {110 sdcard /mnt/sdcard 1}
D/VoldConnector(  365): RSP <- {110 udisk /mnt/usb 0}
D/VoldConnector(  365): RSP <- {200 Volumes listed.}
D/VoldConnector(  365): List terminated with {200 Volumes listed.}
D/MountService(  365): volume state changed for /mnt/sdcard (null -> unmounted)
D/MountService(  365): volume state changed for /mnt/usb (null -> removed)
I/SystemServer(  365): Dock Observer
W/DockObserver(  365): This kernel does not have dock station support
I/SystemServer(  365): Wired Accessory Observer
I/SystemServer(  365): USB Service
I/SystemServer(  365): UI Mode Manager Service
I/SystemServer(  365): Backup Service
D/UsbDeviceManager(  365): return mass_storage,adb for mass_storage,adb
V/BackupManagerService(  365): Initializing package tracking
V/BackupManagerService(  365): No ancestral data
V/BackupManagerService(  365): addPackageParticipantsLocked: null
I/ONCRPC  (  470): Setup RPC Call for task 4001f270
I/ONCRPC  (  470): oncrpc_xdr_call_msg_start: Prog: 3000000e, Ver: 00090001, Proc: 00000009
I/ONCRPC  (  470): xdr_std_msg_send_call: Sent Xid: 0, Prog: 3000000e, Ver: 00090001, Proc: 00000009
I/ONCRPC  (  470): xdr_std_msg_send_call: Received Reply Xid: 0, Prog: 3000000e, Ver: 00090001, Proc: 00000009
I/BackupManagerService(  365): New app android never backed up; scheduling
I/BackupManagerService(  365): New app com.android.browser never backed up; scheduling
I/BackupManagerService(  365): New app com.android.calendar never backed up; scheduling
I/BackupManagerService(  365): New app com.android.inputmethod.latin never backed up; scheduling
I/BackupManagerService(  365): New app com.android.providers.settings never backed up; scheduling
I/BackupManagerService(  365): New app com.android.providers.userdictionary never backed up; scheduling
I/BackupManagerService(  365): New app com.android.sharedstoragebackup never backed up; scheduling
I/BackupManagerService(  365): New app com.android.vending never backed up; scheduling
I/BackupManagerService(  365): New app com.fingersoft.hillclimb never backed up; scheduling
I/BackupManagerService(  365): New app com.glu.deerhunt2 never backed up; scheduling
I/BackupManagerService(  365): New app com.google.android.gm never backed up; scheduling
I/BackupManagerService(  365): New app me.zed_0xff.android.alchemy never backed up; scheduling
D/NetdConnector(  365): RCV <- {600 Iface added wlan0}
D/NetdConnector(  365): RCV <- {600 Iface linkstate wlan0 down}
V/BackupManagerService(  365): Registering transport android/com.android.internal.backup.LocalTransport = com.android.internal.backup.LocalTransport@42359160
V/BackupManagerService(  365): Starting with transport com.google.android.backup/.BackupTransportService
V/BackupManagerService(  365): Binding to Google transport
I/BackupManagerService(  365): Found stale backup journal, scheduling
I/BackupManagerService(  365):   android
I/BackupManagerService(  365):   com.android.browser
I/BackupManagerService(  365):   com.android.calendar
I/BackupManagerService(  365):   com.android.inputmethod.latin
I/BackupManagerService(  365):   com.android.providers.settings
I/BackupManagerService(  365):   com.android.providers.userdictionary
I/BackupManagerService(  365):   com.android.sharedstoragebackup
I/BackupManagerService(  365):   com.android.vending
I/BackupManagerService(  365):   com.fingersoft.hillclimb
I/BackupManagerService(  365):   com.glu.deerhunt2
I/BackupManagerService(  365):   com.google.android.gm
I/BackupManagerService(  365):   me.zed_0xff.android.alchemy
I/BackupManagerService(  365): Backup enabled => false
I/BackupManagerService(  365): Opting out of backup
I/SystemServer(  365): AppWidget Service
I/SystemServer(  365): Recognition Service
I/SystemServer(  365): Smartcard System Service
I/SystemServer(  365): DiskStats Service
I/SystemServer(  365): AtCmdFwd Service
I/SystemServer(  365): SamplingProfiler Service
I/SystemServer(  365): NetworkTimeUpdateService
D/PowerManagerService(  365): setScreenOffTimeouts mKeylightDelay=6000 mDimDelay=-1 mScreenOffDelay=2147483647 mDimScreen=true
D/PowerManagerService(  365): setPowerState: mPowerState=0x3 newState=0x3 noChangeLights=false reason=3
D/PowerManagerService(  365): system ready!
I/ActivityManager(  365): System now ready
I/SystemServer(  365): Making services ready
D/SystemServer(  365): Starting service: Intent { cmp=com.android.systemui/.SystemUIService }
I/ActivityManager(  365): Start proc com.android.systemui for service com.android.systemui/.SystemUIService: pid=481 uid=1000 gids={3003, 1006, 3002, 3001, 1015, 3007}
D/NetworkManagementService(  365): enabling bandwidth control
D/NetdConnector(  365): SND -> {bandwidth enable} {null}
D/SystemUIService(  481): loading: class com.android.systemui.statusbar.tablet.TabletStatusBar
D/SystemUIService(  481): running: com.android.systemui.statusbar.tablet.TabletStatusBar@41f808c8
I/StatusBar.HeightReceiver(  481): Resizing status bar plugged=false height=48 old=0
D/NetdConnector(  365): RCV <- {200 Bandwidth command succeeeded}
D/NetdConnector(  365): RSP <- {200 Bandwidth command succeeeded}
D/NetworkManagementService(  365): Registering observer
D/NetdConnector(  365): SND -> {bandwidth setglobalalert 2097152} {null}
D/NetdConnector(  365): RCV <- {200 Bandwidth command succeeeded}
D/NetdConnector(  365): RSP <- {200 Bandwidth command succeeeded}
D/NetworkManagementService(  365): Registering observer
I/ActivityManager(  365): Start proc android.process.media for broadcast com.android.providers.media/.UsbReceiver: pid=534 uid=10044 gids={1015, 1023, 1024, 2001, 3003, 3007}
I/ActivityManager(  365): Config changed: {1.0 0mcc0mnc ru_RU layoutdir=0 sw800dp w1280dp h752dp xlrg land finger -keyb/v/h dpad/v s.4}
W/AppWidgetService(  365): No android.appwidget.provider meta-data for AppWidget provider 'ComponentInfo{com.maxmpz.audioplayer/com.maxmpz.audioplayer.widgetpackcommon.WidgetKeyguardProvider}'
W/AppWidgetService(  365): No android.appwidget.provider meta-data for AppWidget provider 'ComponentInfo{com.maxmpz.audioplayer/com.maxmpz.audioplayer.widgetpackcommon.WidgetKg4x1Provider}'
I/ActivityManager(  365): Start proc com.maxmpz.audioplayer for broadcast com.maxmpz.audioplayer/.StorageBroadcastReceiver: pid=553 uid=10083 gids={1015, 3003, 3002}
I/ActivityManager(  365): Start proc com.huawei.hisuite for broadcast com.huawei.hisuite/.framework.SFPReceiver: pid=570 uid=10088 gids={3003, 1015}
I/ActivityManager(  365): Start proc com.android.galaxy4 for service com.android.galaxy4/.Galaxy4Wallpaper: pid=582 uid=10048 gids={}
W/InputManagerService(  365): Ignoring setImeWindowStatus of uid 1000 token: null
I/ActivityManager(  365): Start proc com.huawei.inputmethod.hwpal for service com.huawei.inputmethod.hwpal/.PinyinIME: pid=594 uid=10012 gids={3003, 1015}
I/ActivityManager(  365): Process com.huawei.hisuite (pid 570) has died.
I/ActivityManager(  365): START {act=android.intent.action.MAIN cat=[android.intent.category.HOME] flg=0x10000000 cmp=com.android.launcher/com.android.launcher2.Launcher} from pid 0
D/NetworkManagementService(  365): Registering observer
I/ActivityManager(  365): Start proc com.android.launcher for activity com.android.launcher/com.android.launcher2.Launcher: pid=610 uid=10055 gids={}
W/ThrottleService(  365): unable to find stats for iface rmnet0
I/ActivityManager(  365): Start proc com.android.phone for added application com.android.phone: pid=623 uid=1001 gids={3002, 3001, 3003, 1015}
D/NetdConnector(  365): SND -> {softap fwreload wlan0 STA} {null}
D/NetdConnector(  365): RCV <- {200 Softap operation succeeded}
D/NetdConnector(  365): RSP <- {200 Softap operation succeeded}
D/NetdConnector(  365): SND -> {interface setthrottle rmnet0 -1 -1} {null}
D/NetdConnector(  365): RCV <- {200 Interface throttling set}
D/NetdConnector(  365): RSP <- {200 Interface throttling set}
D/NetdConnector(  365): SND -> {interface getcfg wlan0} {null}
D/NetdConnector(  365): RCV <- {213 00:90:4c:11:22:33 0.0.0.0 0 [down broadcast multicast]}
D/NetdConnector(  365): RSP <- {213 00:90:4c:11:22:33 0.0.0.0 0 [down broadcast multicast]}
D/NetworkManagementService(  365): rsp <213 00:90:4c:11:22:33 0.0.0.0 0 [down broadcast multicast]>
D/NetworkManagementService(  365): flags <[down broadcast multicast]>
D/NetdConnector(  365): SND -> {interface setcfg wlan0 0.0.0.0 0 [down broadcast multicast]} {null}
D/NetdConnector(  365): RCV <- {200 Interface configuration set}
D/NetdConnector(  365): RSP <- {200 Interface configuration set}
D/NetdConnector(  365): SND -> {interface ipv6privacyextensions wlan0 enable} {null}
D/NetdConnector(  365): RCV <- {200 IPv6 privacy extensions changed}
D/NetdConnector(  365): RSP <- {200 IPv6 privacy extensions changed}
D/NetdConnector(  365): RCV <- {600 Iface linkstate wlan0 up}
I/ONCRPC  (  167): Setup RPC Call for task 40080270
I/ONCRPC  (  167): oncrpc_xdr_call_msg_start: Prog: 3000006b, Ver: 00010001, Proc: 00000002
I/ONCRPC  (  167): xdr_std_msg_send_call: Sent Xid: a, Prog: 3000006b, Ver: 00010001, Proc: 00000002
I/ONCRPC  (  167): xdr_std_msg_send_call: Received Reply Xid: a, Prog: 3000006b, Ver: 00010001, Proc: 00000002
I/StatusBarManagerService(  365): registerStatusBar bar=com.android.internal.statusbar.IStatusBar$Stub$Proxy@41fd28f0
I/WifiService(  365): WifiService trying to set country code to cn with persist set to true
I/ActivityManager(  365): Start proc com.android.smspush for service com.android.smspush/.WapPushManager: pid=670 uid=10073 gids={}
D/SystemUIService(  481): loading: class com.android.systemui.power.PowerUI
D/SystemUIService(  481): running: com.android.systemui.power.PowerUI@420b2c60
I/StatusBar.HeightReceiver(  481): Resizing status bar plugged=false height=48 old=48
I/StatusBar.HeightReceiver(  481): Resizing status bar plugged=false height=48 old=48
D/StatusBar.NetworkController(  481): refreshViews connected={ } level=?? combinedSignalIconId=0x0/(null) combinedActivityIconId=0x0 mAirplaneMode=false mDataActivity=0 mPhoneSignalIconId=0x0 mDataDirectionIconId=0x0 mDataSignalIconId=0x0 mDataTypeIconId=0x0 mNoSimIconId=0x0 mWifiIconId=0x0 mBluetoothTetherIconId=0x108053d
D/StatusBar.NetworkController(  481): changing data overlay icon id to 0
D/WifiService(  365): New client listening to asynchronous messages
I/ActivityManager(  365): Start proc com.android.contacts for broadcast com.android.contacts/.hap.sim.SimStateChangeReceiver: pid=682 uid=10002 gids={3003, 1015}
I/ActivityManager(  365): Start proc android.process.acore for content provider com.android.providers.contacts/.CallLogProvider: pid=700 uid=10002 gids={3003, 1015}
W/ActivityManager(  365): Unable to start service Intent { act=com.android.ussd.IExtendedNetworkService }: not found
D/NetdConnector(  365): RCV <- {600 Iface linkstate wlan0 up}
D/NetdConnector(  365): RCV <- {600 Iface linkstate wlan0 up}
I/ActivityManager(  365): Start proc com.google.process.gapps for service com.google.android.location/.NetworkLocationService: pid=718 uid=10001 gids={3003, 1015, 1007, 1006, 2001, 3006}
D/NetdConnector(  365): RCV <- {600 Iface linkstate wlan0 up}
V/BackupManagerService(  365): Connected to Google transport
V/BackupManagerService(  365): Registering transport com.google.android.backup/.BackupTransportService = com.google.android.backup.BackupTransportService$1@420a85b0
I/ActivityManager(  365): Start proc com.google.android.partnersetup for broadcast com.google.android.partnersetup/.PhoneStateReceiver: pid=753 uid=10009 gids={3003}
I/ActivityManager(  365): Start proc com.android.settings for broadcast com.android.settings/.widget.SettingsAppWidgetProvider: pid=772 uid=1000 gids={3003, 1006, 3002, 3001, 1015, 3007}
D/NetdConnector(  365): RCV <- {600 Iface linkstate wlan0 up}
D/NetdConnector(  365): RCV <- {600 Iface linkstate wlan0 up}
D/MobileDataStateTracker(  365): fota: Received state=DISCONNECTED, old=DISCONNECTED, reason=radioTurnedOff
D/NetdConnector(  365): RCV <- {600 Iface linkstate wlan0 up}
D/NetdConnector(  365): RCV <- {600 Iface linkstate wlan0 up}
D/NetdConnector(  365): RCV <- {600 Iface linkstate wlan0 up}
D/MobileDataStateTracker(  365): dun: Received state=DISCONNECTED, old=DISCONNECTED, reason=radioTurnedOff
D/NetdConnector(  365): RCV <- {600 Iface linkstate wlan0 up}
D/MobileDataStateTracker(  365): supl: Received state=DISCONNECTED, old=DISCONNECTED, reason=radioTurnedOff
D/NetdConnector(  365): SND -> {interface ipv6 wlan0 enable} {null}
D/NetdConnector(  365): RCV <- {600 Iface linkstate wlan0 up}
D/NetdConnector(  365): RCV <- {600 Iface linkstate wlan0 up}
D/NetdConnector(  365): RCV <- {200 IPv6 state changed}
D/NetdConnector(  365): RSP <- {200 IPv6 state changed}
D/MobileDataStateTracker(  365): hipri: Received state=DISCONNECTED, old=DISCONNECTED, reason=radioTurnedOff
D/MobileDataStateTracker(  365): ims: Received state=DISCONNECTED, old=DISCONNECTED, reason=radioTurnedOff
D/MobileDataStateTracker(  365): default: Received state=DISCONNECTED, old=DISCONNECTED, reason=radioTurnedOff
D/MobileDataStateTracker(  365): mms: Received state=DISCONNECTED, old=DISCONNECTED, reason=radioTurnedOff
D/MobileDataStateTracker(  365): cbs: Received state=DISCONNECTED, old=DISCONNECTED, reason=radioTurnedOff
D/MobileDataStateTracker(  365): fota: Received state=DISCONNECTED, old=DISCONNECTED, reason=radioTurnedOff
D/MobileDataStateTracker(  365): dun: Received state=DISCONNECTED, old=DISCONNECTED, reason=radioTurnedOff
D/MobileDataStateTracker(  365): supl: Received state=DISCONNECTED, old=DISCONNECTED, reason=radioTurnedOff
D/MobileDataStateTracker(  365): hipri: Received state=DISCONNECTED, old=DISCONNECTED, reason=radioTurnedOff
D/MobileDataStateTracker(  365): ims: Received state=DISCONNECTED, old=DISCONNECTED, reason=radioTurnedOff
D/MobileDataStateTracker(  365): mms: Received state=DISCONNECTED, old=DISCONNECTED, reason=radioTurnedOff
D/MobileDataStateTracker(  365): cbs: Received state=DISCONNECTED, old=DISCONNECTED, reason=radioTurnedOff
D/MobileDataStateTracker(  365): default: Received state=DISCONNECTED, old=DISCONNECTED, reason=dataDetached
D/MobileDataStateTracker(  365): fota: Received state=DISCONNECTED, old=DISCONNECTED, reason=dataDetached
D/MobileDataStateTracker(  365): dun: Received state=DISCONNECTED, old=DISCONNECTED, reason=dataDetached
I/ONCRPC  (  167): Setup RPC Call for task 40080270
I/ONCRPC  (  167): oncrpc_xdr_call_msg_start: Prog: 3000006b, Ver: 00010001, Proc: 00000002
I/ONCRPC  (  167): xdr_std_msg_send_call: Sent Xid: b, Prog: 3000006b, Ver: 00010001, Proc: 00000002
I/ONCRPC  (  167): xdr_std_msg_send_call: Received Reply Xid: b, Prog: 3000006b, Ver: 00010001, Proc: 00000002
D/MobileDataStateTracker(  365): supl: Received state=DISCONNECTED, old=DISCONNECTED, reason=dataDetached
D/ConnectivityService(  365): ConnectivityChange for WIFI: CONNECTING/OBTAINING_IPADDR
D/ConnectivityService(  365): ConnectivityChange for WIFI: CONNECTING/OBTAINING_IPADDR
D/MobileDataStateTracker(  365): hipri: Received state=DISCONNECTED, old=DISCONNECTED, reason=dataDetached
D/MobileDataStateTracker(  365): ims: Received state=DISCONNECTED, old=DISCONNECTED, reason=dataDetached
D/MobileDataStateTracker(  365): mms: Received state=DISCONNECTED, old=DISCONNECTED, reason=dataDetached
D/MobileDataStateTracker(  365): cbs: Received state=DISCONNECTED, old=DISCONNECTED, reason=dataDetached
D/MobileDataStateTracker(  365): fota: Received state=DISCONNECTED, old=DISCONNECTED, reason=roamingOff
D/MobileDataStateTracker(  365): dun: Received state=DISCONNECTED, old=DISCONNECTED, reason=roamingOff
D/MobileDataStateTracker(  365): supl: Received state=DISCONNECTED, old=DISCONNECTED, reason=roamingOff
D/MobileDataStateTracker(  365): hipri: Received state=DISCONNECTED, old=DISCONNECTED, reason=roamingOff
D/MobileDataStateTracker(  365): ims: Received state=DISCONNECTED, old=DISCONNECTED, reason=roamingOff
D/MobileDataStateTracker(  365): mms: Received state=DISCONNECTED, old=DISCONNECTED, reason=roamingOff
D/MobileDataStateTracker(  365): cbs: Received state=DISCONNECTED, old=DISCONNECTED, reason=roamingOff
D/MobileDataStateTracker(  365): fota: Received state=DISCONNECTED, old=DISCONNECTED, reason=roamingOff
D/MobileDataStateTracker(  365): dun: Received state=DISCONNECTED, old=DISCONNECTED, reason=roamingOff
D/MobileDataStateTracker(  365): supl: Received state=DISCONNECTED, old=DISCONNECTED, reason=roamingOff
I/TabletStatusBar(  481): DISABLE_NOTIFICATION_ICONS: yes (DND)
D/MobileDataStateTracker(  365): hipri: Received state=DISCONNECTED, old=DISCONNECTED, reason=roamingOff
D/MobileDataStateTracker(  365): ims: Received state=DISCONNECTED, old=DISCONNECTED, reason=roamingOff
D/StatusBar.NetworkController(  481): In updateSimIcon simState= UNKNOWN
D/StatusBar.NetworkController(  481): refreshViews connected={ } level=?? combinedSignalIconId=0x0/(null) combinedActivityIconId=0x0 mAirplaneMode=false mDataActivity=0 mPhoneSignalIconId=0x0 mDataDirectionIconId=0x0 mDataSignalIconId=0x0 mDataTypeIconId=0x0 mNoSimIconId=0x0 mWifiIconId=0x0 mBluetoothTetherIconId=0x108053d
D/MobileDataStateTracker(  365): mms: Received state=DISCONNECTED, old=DISCONNECTED, reason=roamingOff
D/StatusBar.NetworkController(  481): refreshViews connected={ } level=?? combinedSignalIconId=0x0/(null) combinedActivityIconId=0x0 mAirplaneMode=false mDataActivity=0 mPhoneSignalIconId=0x0 mDataDirectionIconId=0x0 mDataSignalIconId=0x0 mDataTypeIconId=0x0 mNoSimIconId=0x0 mWifiIconId=0x0 mBluetoothTetherIconId=0x108053d
D/StatusBar.NetworkController(  481): refreshViews connected={ } level=?? combinedSignalIconId=0x0/(null) combinedActivityIconId=0x0 mAirplaneMode=false mDataActivity=0 mPhoneSignalIconId=0x0 mDataDirectionIconId=0x0 mDataSignalIconId=0x0 mDataTypeIconId=0x0 mNoSimIconId=0x0 mWifiIconId=0x7f0200b7 mBluetoothTetherIconId=0x108053d
D/StatusBar.NetworkController(  481): onServiceStateChanged state=3 home null null null  Unknown:0 CSS not supported -1 -1 mDataState=3 RoamInd=-1 DefRoamInd=-1 EmergOnly=false
D/StatusBar.NetworkController(  481): Combining data service state3for signal
D/StatusBar.NetworkController(  481):  No service
D/MobileDataStateTracker(  365): cbs: Received state=DISCONNECTED, old=DISCONNECTED, reason=roamingOff
D/StatusBar.NetworkController(  481): refreshViews connected={ } level=?? combinedSignalIconId=0x7f0200a1/com.android.systemui:drawable/stat_sys_signal_0 combinedActivityIconId=0x0 mAirplaneMode=false mDataActivity=0 mPhoneSignalIconId=0x7f0200a1 mDataDirectionIconId=0x0 mDataSignalIconId=0x7f0200a1 mDataTypeIconId=0x0 mNoSimIconId=0x0 mWifiIconId=0x7f0200b7 mBluetoothTetherIconId=0x108053d
D/StatusBar.NetworkController(  481): refreshViews connected={ } level=?? combinedSignalIconId=0x7f0200a1/com.android.systemui:drawable/stat_sys_signal_0 combinedActivityIconId=0x0 mAirplaneMode=false mDataActivity=0 mPhoneSignalIconId=0x7f0200a1 mDataDirectionIconId=0x0 mDataSignalIconId=0x7f0200a1 mDataTypeIconId=0x0 mNoSimIconId=0x0 mWifiIconId=0x7f0200b7 mBluetoothTetherIconId=0x108053d
D/StatusBar.NetworkController(  481): refreshViews connected={ } level=?? combinedSignalIconId=0x7f0200a1/com.android.systemui:drawable/stat_sys_signal_0 combinedActivityIconId=0x0 mAirplaneMode=false mDataActivity=0 mPhoneSignalIconId=0x7f0200a1 mDataDirectionIconId=0x0 mDataSignalIconId=0x7f0200a1 mDataTypeIconId=0x0 mNoSimIconId=0x0 mWifiIconId=0x7f0200b7 mBluetoothTetherIconId=0x108053d
D/StatusBar.NetworkController(  481): onServiceStateChanged state=1 home null null null  Unknown:0 CSS not supported -1 -1 mDataState=1 RoamInd=-1 DefRoamInd=-1 EmergOnly=false
D/StatusBar.NetworkController(  481): Combining data service state1for signal
D/StatusBar.NetworkController(  481):  No service
