D/VoldConnector(  365): SND -> {asec mount com.integer3d.dirtroadtrucker-1 0e86d5a051f68a5573d8892238a5920d 1000} {null}
D/VoldCmdListener(  148): asec mount com.integer3d.dirtroadtrucker-1 {} 1000
I/ONCRPC  (  167): Setup RPC Call for task 40080270
I/ONCRPC  (  167): oncrpc_xdr_call_msg_start: Prog: 3000006b, Ver: 00010001, Proc: 00000002
I/ONCRPC  (  167): xdr_std_msg_send_call: Sent Xid: c, Prog: 3000006b, Ver: 00010001, Proc: 00000002
I/ONCRPC  (  167): xdr_std_msg_send_call: Received Reply Xid: c, Prog: 3000006b, Ver: 00010001, Proc: 00000002
I/ActivityManager(  365): Start proc com.google.process.location for service com.google.android.gms/com.google.android.location.internal.server.GoogleLocationService: pid=1018 uid=10001 gids={3003, 1015, 1007, 1006, 2001, 3006}
D/VoldConnector(  365): RCV <- {200 asec operation succeeded}
D/VoldConnector(  365): RSP <- {200 asec operation succeeded}
D/VoldConnector(  365): SND -> {asec path com.integer3d.dirtroadtrucker-1} {null}
D/VoldCmdListener(  148): asec path com.integer3d.dirtroadtrucker-1
D/VoldConnector(  365): RCV <- {211 /mnt/asec/com.integer3d.dirtroadtrucker-1}
D/VoldConnector(  365): RSP <- {211 /mnt/asec/com.integer3d.dirtroadtrucker-1}
D/StatusBar.NetworkController(  481): refreshViews connected={ wifi } level=?? combinedSignalIconId=0x7f0200ba/com.android.systemui:drawable/stat_sys_wifi_signal_2 combinedActivityIconId=0x7f0200b5 mAirplaneMode=false mDataActivity=0 mPhoneSignalIconId=0x7f0200a1 mDataDirectionIconId=0x0 mDataSignalIconId=0x7f0200a1 mDataTypeIconId=0x0 mNoSimIconId=0x0 mWifiIconId=0x7f0200ba mBluetoothTetherIconId=0x108053d
D/ConnectivityService(  365): sendStickyBroadcast: action=android.net.conn.CONNECTIVITY_CHANGE
D/StatusBar.NetworkController(  481): updateConnectivity: intent=Intent { act=android.net.conn.CONNECTIVITY_CHANGE flg=0x10000010 (has extras) }
D/StatusBar.NetworkController(  481): updateConnectivity: networkInfo=NetworkInfo: type: WIFI[], state: CONNECTED/CONNECTED, reason: (unspecified), extra: (none), roaming: false, failover: false, isAvailable: true
D/StatusBar.NetworkController(  481): updateConnectivity: connectionStatus=0
D/StatusBar.NetworkController(  481):  No service
D/StatusBar.NetworkController(  481): refreshViews connected={ wifi } level=?? combinedSignalIconId=0x7f0200ba/com.android.systemui:drawable/stat_sys_wifi_signal_2 combinedActivityIconId=0x7f0200b5 mAirplaneMode=false mDataActivity=0 mPhoneSignalIconId=0x7f0200a1 mDataDirectionIconId=0x0 mDataSignalIconId=0x7f0200a1 mDataTypeIconId=0x0 mNoSimIconId=0x0 mWifiIconId=0x7f0200ba mBluetoothTetherIconId=0x108053d
I/PackageManager(  365): Linking native library dir for /mnt/asec/com.integer3d.dirtroadtrucker-1/pkg.apk
D/ConnectivityService(  365): sendStickyBroadcast: action=android.net.conn.CONNECTIVITY_CHANGE
D/StatusBar.NetworkController(  481): updateConnectivity: intent=Intent { act=android.net.conn.CONNECTIVITY_CHANGE flg=0x10000010 (has extras) }
D/StatusBar.NetworkController(  481): updateConnectivity: networkInfo=NetworkInfo: type: WIFI[], state: CONNECTED/CONNECTED, reason: (unspecified), extra: (none), roaming: false, failover: false, isAvailable: true
D/StatusBar.NetworkController(  481): updateConnectivity: connectionStatus=0
D/StatusBar.NetworkController(  481):  No service
D/StatusBar.NetworkController(  481): refreshViews connected={ wifi } level=?? combinedSignalIconId=0x7f0200ba/com.android.systemui:drawable/stat_sys_wifi_signal_2 combinedActivityIconId=0x7f0200b5 mAirplaneMode=false mDataActivity=0 mPhoneSignalIconId=0x7f0200a1 mDataDirectionIconId=0x0 mDataSignalIconId=0x7f0200a1 mDataTypeIconId=0x0 mNoSimIconId=0x0 mWifiIconId=0x7f0200ba mBluetoothTetherIconId=0x108053d
I/ActivityManager(  365): Start proc com.qualcomm.privinit for broadcast com.qualcomm.privinit/.BootReciever: pid=1060 uid=1000 gids={3003, 1006, 3002, 3001, 1015, 3007}
D/VoldConnector(  365): SND -> {asec mount com.disney.WMPLite-2 0e86d5a051f68a5573d8892238a5920d 1000} {null}
D/VoldCmdListener(  148): asec mount com.disney.WMPLite-2 {} 1000
D/StatusBar.NetworkController(  481): refreshViews connected={ wifi } level=?? combinedSignalIconId=0x7f0200ba/com.android.systemui:drawable/stat_sys_wifi_signal_2 combinedActivityIconId=0x0 mAirplaneMode=false mDataActivity=0 mPhoneSignalIconId=0x7f0200a1 mDataDirectionIconId=0x0 mDataSignalIconId=0x7f0200a1 mDataTypeIconId=0x0 mNoSimIconId=0x0 mWifiIconId=0x7f0200ba mBluetoothTetherIconId=0x108053d
D/StatusBar.NetworkController(  481): changing data overlay icon id to 0
D/VoldConnector(  365): RCV <- {200 asec operation succeeded}
D/VoldConnector(  365): RSP <- {200 asec operation succeeded}
I/ActivityManager(  365): Start proc com.qualcomm.wiper for broadcast com.qualcomm.wiper/.BootUpReceiver: pid=1078 uid=10074 gids={3003}
D/VoldConnector(  365): SND -> {asec path com.disney.WMPLite-2} {null}
D/VoldCmdListener(  148): asec path com.disney.WMPLite-2
D/VoldConnector(  365): RCV <- {211 /mnt/asec/com.disney.WMPLite-2}
D/VoldConnector(  365): RSP <- {211 /mnt/asec/com.disney.WMPLite-2}
W/PackageParser(  365): No actions in intent filter at /mnt/asec/com.disney.WMPLite-2/pkg.apk Binary XML file line #60
I/PackageManager(  365): Linking native library dir for /mnt/asec/com.disney.WMPLite-2/pkg.apk
D/StatusBar.NetworkController(  481): refreshViews connected={ wifi } level=?? combinedSignalIconId=0x7f0200ba/com.android.systemui:drawable/stat_sys_wifi_signal_2 combinedActivityIconId=0x7f0200b5 mAirplaneMode=false mDataActivity=0 mPhoneSignalIconId=0x7f0200a1 mDataDirectionIconId=0x0 mDataSignalIconId=0x7f0200a1 mDataTypeIconId=0x0 mNoSimIconId=0x0 mWifiIconId=0x7f0200ba mBluetoothTetherIconId=0x108053d
D/StatusBar.NetworkController(  481): changing data overlay icon id to 2130837685
D/VoldConnector(  365): SND -> {asec mount com.outfit7.talkingben-1 0e86d5a051f68a5573d8892238a5920d 1000} {null}
D/VoldCmdListener(  148): asec mount com.outfit7.talkingben-1 {} 1000
D/NetdConnector(  365): RCV <- {600 Iface linkstate wlan0 up}
D/VoldConnector(  365): RCV <- {200 asec operation succeeded}
D/VoldConnector(  365): RSP <- {200 asec operation succeeded}
D/VoldConnector(  365): SND -> {asec path com.outfit7.talkingben-1} {null}
D/VoldCmdListener(  148): asec path com.outfit7.talkingben-1
D/VoldConnector(  365): RCV <- {211 /mnt/asec/com.outfit7.talkingben-1}
D/VoldConnector(  365): RSP <- {211 /mnt/asec/com.outfit7.talkingben-1}
I/PackageManager(  365): Linking native library dir for /mnt/asec/com.outfit7.talkingben-1/pkg.apk
D/StatusBar.NetworkController(  481): refreshViews connected={ wifi } level=?? combinedSignalIconId=0x7f0200ba/com.android.systemui:drawable/stat_sys_wifi_signal_2 combinedActivityIconId=0x7f0200b4 mAirplaneMode=false mDataActivity=0 mPhoneSignalIconId=0x7f0200a1 mDataDirectionIconId=0x0 mDataSignalIconId=0x7f0200a1 mDataTypeIconId=0x0 mNoSimIconId=0x0 mWifiIconId=0x7f0200ba mBluetoothTetherIconId=0x108053d
D/StatusBar.NetworkController(  481): changing data overlay icon id to 2130837684
D/VoldConnector(  365): SND -> {asec mount com.magi.gunshd-2 0e86d5a051f68a5573d8892238a5920d 1000} {null}
D/VoldCmdListener(  148): asec mount com.magi.gunshd-2 {} 1000
I/ActivityManager(  365): Start proc com.huawei.android.gpms for broadcast com.huawei.android.gpms/.ManagerHelper: pid=1120 uid=10095 gids={3003}
I/ActivityManager(  365): START {flg=0x10040000 cmp=com.google.android.gsf/.update.SystemUpdateInstallDialog} from pid 718
D/VoldConnector(  365): RCV <- {200 asec operation succeeded}
D/VoldConnector(  365): RSP <- {200 asec operation succeeded}
I/ActivityManager(  365): Start proc com.huawei.android.hwouc for broadcast com.huawei.android.hwouc/.biz.impl.reveiver.RebootReceiver: pid=1137 uid=10013 gids={2001, 3003, 1015, 1023}
D/VoldConnector(  365): SND -> {asec path com.magi.gunshd-2} {null}
D/VoldCmdListener(  148): asec path com.magi.gunshd-2
D/VoldConnector(  365): RCV <- {211 /mnt/asec/com.magi.gunshd-2}
D/StatusBar.NetworkController(  481): refreshViews connected={ wifi } level=?? combinedSignalIconId=0x7f0200ba/com.android.systemui:drawable/stat_sys_wifi_signal_2 combinedActivityIconId=0x0 mAirplaneMode=false mDataActivity=0 mPhoneSignalIconId=0x7f0200a1 mDataDirectionIconId=0x0 mDataSignalIconId=0x7f0200a1 mDataTypeIconId=0x0 mNoSimIconId=0x0 mWifiIconId=0x7f0200ba mBluetoothTetherIconId=0x108053d
D/StatusBar.NetworkController(  481): changing data overlay icon id to 0
D/VoldConnector(  365): RSP <- {211 /mnt/asec/com.magi.gunshd-2}
I/ActivityManager(  365): START {flg=0x10040000 cmp=com.google.android.gsf/.update.SystemUpdateDownloadDialog} from pid 718
I/PackageManager(  365): Linking native library dir for /mnt/asec/com.magi.gunshd-2/pkg.apk
D/VoldConnector(  365): SND -> {cryptfs cryptocomplete} {null}
D/VoldCmdListener(  148): cryptfs operation:<cryptocomplete>
D/VoldCmdListener(  148): cryptfs cryptocomplete
E/Cryptfs (  148): not running with encryption, aborting
D/VoldConnector(  365): RCV <- {200 1}
D/VoldConnector(  365): RSP <- {200 1}
D/VoldConnector(  365): SND -> {asec mount com.djinnworks.StickmanSkiRacer.free-2 0e86d5a051f68a5573d8892238a5920d 1000} {null}
D/VoldCmdListener(  148): asec mount com.djinnworks.StickmanSkiRacer.free-2 {} 1000
I/ActivityManager(  365): Start proc com.google.android.onetimeinitializer for broadcast com.google.android.onetimeinitializer/.OneTimeInitializerReceiver: pid=1150 uid=10019 gids={}
W/InputManagerService(  365): Window already focused, ignoring focus gain of: com.android.internal.view.IInputMethodClient$Stub$Proxy@426e8d90
I/ActivityManager(  365): Start proc com.google.android.talk for broadcast com.google.android.talk/.videochat.BootCompleteReceiver: pid=1165 uid=10029 gids={3003, 1015, 1006, 3002}
D/StatusBar.NetworkController(  481): refreshViews connected={ wifi } level=?? combinedSignalIconId=0x7f0200bc/com.android.systemui:drawable/stat_sys_wifi_signal_3 combinedActivityIconId=0x0 mAirplaneMode=false mDataActivity=0 mPhoneSignalIconId=0x7f0200a1 mDataDirectionIconId=0x0 mDataSignalIconId=0x7f0200a1 mDataTypeIconId=0x0 mNoSimIconId=0x0 mWifiIconId=0x7f0200bc mBluetoothTetherIconId=0x108053d
D/VoldConnector(  365): RCV <- {200 asec operation succeeded}
D/VoldConnector(  365): RSP <- {200 asec operation succeeded}
D/ConnectivityService(  365): reportNetworkCondition(1, 0)
D/ConnectivityService(  365): handleInetConditionChange: net=1, condition=0,mActiveDefaultNetwork=1
D/ConnectivityService(  365): handleInetConditionChange: starting a change hold
D/VoldConnector(  365): SND -> {asec path com.djinnworks.StickmanSkiRacer.free-2} {null}
D/VoldCmdListener(  148): asec path com.djinnworks.StickmanSkiRacer.free-2
D/VoldConnector(  365): RCV <- {211 /mnt/asec/com.djinnworks.StickmanSkiRacer.free-2}
D/VoldConnector(  365): RSP <- {211 /mnt/asec/com.djinnworks.StickmanSkiRacer.free-2}
D/ConnectivityService(  365): reportNetworkCondition(1, 0)
D/ConnectivityService(  365): handleInetConditionChange: net=1, condition=0,mActiveDefaultNetwork=1
D/ConnectivityService(  365): handleInetConditionChange: currently in hold - not setting new end evt
I/PackageManager(  365): Linking native library dir for /mnt/asec/com.djinnworks.StickmanSkiRacer.free-2/pkg.apk
I/ActivityManager(  365): Start proc com.android.providers.calendar for broadcast com.android.providers.calendar/.CalendarReceiver: pid=1191 uid=10039 gids={3003, 1015}
D/MobileDataStateTracker(  365): default: setPolicyDataEnable(enabled=true)
D/MobileDataStateTracker(  365): default: setPolicyDataEnable(enabled=true)
D/MobileDataStateTracker(  365): default: setPolicyDataEnable(enabled=true)
D/MobileDataStateTracker(  365): default: setPolicyDataEnable(enabled=true)
D/VoldConnector(  365): SND -> {asec mount com.mojang.minecraftpe-1 0e86d5a051f68a5573d8892238a5920d 1000} {null}
D/VoldCmdListener(  148): asec mount com.mojang.minecraftpe-1 {} 1000
I/ActivityManager(  365): Start proc com.android.deskclock for broadcast com.android.deskclock/.AlarmInitReceiver: pid=1207 uid=10043 gids={}
D/VoldConnector(  365): RCV <- {200 asec operation succeeded}
D/VoldConnector(  365): RSP <- {200 asec operation succeeded}
D/VoldConnector(  365): SND -> {asec path com.mojang.minecraftpe-1} {null}
D/VoldCmdListener(  148): asec path com.mojang.minecraftpe-1
D/VoldConnector(  365): RCV <- {211 /mnt/asec/com.mojang.minecraftpe-1}
D/VoldConnector(  365): RSP <- {211 /mnt/asec/com.mojang.minecraftpe-1}
D/PowerManagerService(  365): setPowerState from acquireWakeLockLocked! 
D/PowerManagerService(  365): setPowerState: mPowerState=0x3 newState=0x3 noChangeLights=false reason=3
W/PackageManager(  365): Package com.mojang.minecraftpe desires unavailable shared library xperiaplaycertified; ignoring!
I/PackageManager(  365): Linking native library dir for /mnt/asec/com.mojang.minecraftpe-1/pkg.apk
D/PowerManagerService(  365): setPowerState from acquireWakeLockLocked! 
D/PowerManagerService(  365): setPowerState: mPowerState=0x3 newState=0x3 noChangeLights=false reason=3
D/VoldConnector(  365): SND -> {asec mount com.outfit7.talkingtom2free-2 0e86d5a051f68a5573d8892238a5920d 1000} {null}
D/VoldCmdListener(  148): asec mount com.outfit7.talkingtom2free-2 {} 1000
I/ActivityManager(  365): Start proc com.android.email for broadcast com.android.email/.service.EmailBroadcastReceiver: pid=1228 uid=10045 gids={3003, 1015}
D/StatusBar.NetworkController(  481): refreshViews connected={ wifi } level=?? combinedSignalIconId=0x7f0200bc/com.android.systemui:drawable/stat_sys_wifi_signal_3 combinedActivityIconId=0x7f0200b5 mAirplaneMode=false mDataActivity=0 mPhoneSignalIconId=0x7f0200a1 mDataDirectionIconId=0x0 mDataSignalIconId=0x7f0200a1 mDataTypeIconId=0x0 mNoSimIconId=0x0 mWifiIconId=0x7f0200bc mBluetoothTetherIconId=0x108053d
D/StatusBar.NetworkController(  481): changing data overlay icon id to 2130837685
D/VoldConnector(  365): RCV <- {200 asec operation succeeded}
D/VoldConnector(  365): RSP <- {200 asec operation succeeded}
D/VoldConnector(  365): SND -> {asec path com.outfit7.talkingtom2free-2} {null}
D/VoldCmdListener(  148): asec path com.outfit7.talkingtom2free-2
D/VoldConnector(  365): RCV <- {211 /mnt/asec/com.outfit7.talkingtom2free-2}
D/VoldConnector(  365): RSP <- {211 /mnt/asec/com.outfit7.talkingtom2free-2}
D/ConnectivityService(  365): handleInetConditionHoldEnd: net=1, condition=0, published condition=0
D/ConnectivityService(  365): sendStickyBroadcast: action=android.net.conn.INET_CONDITION_ACTION
I/ActivityManager(  365): Start proc com.android.exchange for service com.android.exchange/.ExchangeService: pid=1247 uid=10046 gids={3003, 1015}
D/StatusBar.NetworkController(  481): updateConnectivity: intent=Intent { act=android.net.conn.INET_CONDITION_ACTION flg=0x10000010 (has extras) }
D/StatusBar.NetworkController(  481): updateConnectivity: networkInfo=NetworkInfo: type: WIFI[], state: CONNECTED/CONNECTED, reason: (unspecified), extra: (none), roaming: false, failover: false, isAvailable: true
D/StatusBar.NetworkController(  481): updateConnectivity: connectionStatus=0
D/StatusBar.NetworkController(  481):  No service
D/StatusBar.NetworkController(  481): refreshViews connected={ wifi } level=?? combinedSignalIconId=0x7f0200bc/com.android.systemui:drawable/stat_sys_wifi_signal_3 combinedActivityIconId=0x7f0200b5 mAirplaneMode=false mDataActivity=0 mPhoneSignalIconId=0x7f0200a1 mDataDirectionIconId=0x0 mDataSignalIconId=0x7f0200a1 mDataTypeIconId=0x0 mNoSimIconId=0x0 mWifiIconId=0x7f0200bc mBluetoothTetherIconId=0x108053d
I/ONCRPC  (  167): Setup RPC Call for task 40080270
I/ONCRPC  (  167): oncrpc_xdr_call_msg_start: Prog: 3000006b, Ver: 00010001, Proc: 00000002
I/ONCRPC  (  167): xdr_std_msg_send_call: Sent Xid: d, Prog: 3000006b, Ver: 00010001, Proc: 00000002
I/ONCRPC  (  167): xdr_std_msg_send_call: Received Reply Xid: d, Prog: 3000006b, Ver: 00010001, Proc: 00000002
I/ActivityManager(  365): Start proc com.huawei.init for broadcast com.huawei.init/.HuaweiInitReceiver: pid=1266 uid=1000 gids={3003, 1006, 3002, 3001, 1015, 3007}
I/ActivityManager(  365): No longer want com.google.android.apps.maps (pid 966): hidden #16
I/PackageManager(  365): Linking native library dir for /mnt/asec/com.outfit7.talkingtom2free-2/pkg.apk
D/VoldConnector(  365): SND -> {asec mount com.djinnworks.StickmanBaseJumper.lite-2 0e86d5a051f68a5573d8892238a5920d 1000} {null}
D/VoldCmdListener(  148): asec mount com.djinnworks.StickmanBaseJumper.lite-2 {} 1000
I/ActivityManager(  365): Start proc com.huawei.log for broadcast com.huawei.log/.LogBroadcastReceiver: pid=1288 uid=10052 gids={1007, 1015}
D/VoldConnector(  365): RCV <- {200 asec operation succeeded}
D/VoldConnector(  365): RSP <- {200 asec operation succeeded}
D/VoldConnector(  365): SND -> {asec path com.djinnworks.StickmanBaseJumper.lite-2} {null}
D/VoldCmdListener(  148): asec path com.djinnworks.StickmanBaseJumper.lite-2
D/VoldConnector(  365): RCV <- {211 /mnt/asec/com.djinnworks.StickmanBaseJumper.lite-2}
D/VoldConnector(  365): RSP <- {211 /mnt/asec/com.djinnworks.StickmanBaseJumper.lite-2}
I/ActivityManager(  365): Start proc com.huawei.policy for broadcast com.huawei.policy/.HuaweiPolicyInitReceiver: pid=1306 uid=1000 gids={3003, 1006, 3002, 3001, 1015, 3007}
I/ActivityManager(  365): No longer want cloudtv.hdwidgets (pid 811): hidden #16
I/PackageManager(  365): Linking native library dir for /mnt/asec/com.djinnworks.StickmanBaseJumper.lite-2/pkg.apk
I/ActivityManager(  365): No longer want com.google.android.gms (pid 1005): hidden #16
D/VoldConnector(  365): SND -> {asec mount com.talking.darthvader-1 0e86d5a051f68a5573d8892238a5920d 1000} {null}
D/VoldCmdListener(  148): asec mount com.talking.darthvader-1 {} 1000
D/VoldConnector(  365): RCV <- {200 asec operation succeeded}
D/VoldConnector(  365): RSP <- {200 asec operation succeeded}
D/VoldConnector(  365): SND -> {asec path com.talking.darthvader-1} {null}
D/VoldCmdListener(  148): asec path com.talking.darthvader-1
D/VoldConnector(  365): RCV <- {211 /mnt/asec/com.talking.darthvader-1}
D/VoldConnector(  365): RSP <- {211 /mnt/asec/com.talking.darthvader-1}
I/PackageManager(  365): Linking native library dir for /mnt/asec/com.talking.darthvader-1/pkg.apk
I/ActivityManager(  365): Start proc com.huawei for broadcast com.huawei/.receiver.BootBroadcastReceiver: pid=1337 uid=10053 gids={}
D/StatusBar.NetworkController(  481): onServiceStateChanged state=3 home null null null  Unknown:0 CSS not supported -1 -1 mDataState=3 RoamInd=-1 DefRoamInd=-1 EmergOnly=false
D/StatusBar.NetworkController(  481): Combining data service state3for signal
D/StatusBar.NetworkController(  481):  No service
D/StatusBar.NetworkController(  481): refreshViews connected={ wifi } level=?? combinedSignalIconId=0x7f0200bc/com.android.systemui:drawable/stat_sys_wifi_signal_3 combinedActivityIconId=0x7f0200b5 mAirplaneMode=false mDataActivity=0 mPhoneSignalIconId=0x7f0200a1 mDataDirectionIconId=0x0 mDataSignalIconId=0x7f0200a1 mDataTypeIconId=0x0 mNoSimIconId=0x0 mWifiIconId=0x7f0200bc mBluetoothTetherIconId=0x108053d
D/MobileDataStateTracker(  365): fota: Received state=DISCONNECTED, old=DISCONNECTED, reason=radioTurnedOff
D/MobileDataStateTracker(  365): dun: Received state=DISCONNECTED, old=DISCONNECTED, reason=radioTurnedOff
D/MobileDataStateTracker(  365): supl: Received state=DISCONNECTED, old=DISCONNECTED, reason=radioTurnedOff
D/MobileDataStateTracker(  365): hipri: Received state=DISCONNECTED, old=DISCONNECTED, reason=radioTurnedOff
D/MobileDataStateTracker(  365): ims: Received state=DISCONNECTED, old=DISCONNECTED, reason=radioTurnedOff
D/MobileDataStateTracker(  365): default: Received state=DISCONNECTED, old=DISCONNECTED, reason=radioTurnedOff
D/MobileDataStateTracker(  365): mms: Received state=DISCONNECTED, old=DISCONNECTED, reason=radioTurnedOff
D/MobileDataStateTracker(  365): cbs: Received state=DISCONNECTED, old=DISCONNECTED, reason=radioTurnedOff
D/MobileDataStateTracker(  365): fota: Received state=DISCONNECTED, old=DISCONNECTED, reason=radioTurnedOff
D/MobileDataStateTracker(  365): dun: Received state=DISCONNECTED, old=DISCONNECTED, reason=radioTurnedOff
D/MobileDataStateTracker(  365): supl: Received state=DISCONNECTED, old=DISCONNECTED, reason=radioTurnedOff
D/MobileDataStateTracker(  365): hipri: Received state=DISCONNECTED, old=DISCONNECTED, reason=radioTurnedOff
D/MobileDataStateTracker(  365): ims: Received state=DISCONNECTED, old=DISCONNECTED, reason=radioTurnedOff
D/MobileDataStateTracker(  365): mms: Received state=DISCONNECTED, old=DISCONNECTED, reason=radioTurnedOff
D/MobileDataStateTracker(  365): cbs: Received state=DISCONNECTED, old=DISCONNECTED, reason=radioTurnedOff
I/ActivityManager(  365): Start proc com.android.mms for broadcast com.android.mms/.transaction.MmsSystemEventReceiver: pid=1352 uid=10060 gids={3003, 1015}
D/VoldConnector(  365): SND -> {asec mount com.galapagossoft.trialdemo-2 0e86d5a051f68a5573d8892238a5920d 1000} {null}
D/VoldCmdListener(  148): asec mount com.galapagossoft.trialdemo-2 {} 1000
D/VoldConnector(  365): RCV <- {200 asec operation succeeded}
D/VoldConnector(  365): RSP <- {200 asec operation succeeded}
D/VoldConnector(  365): SND -> {asec path com.galapagossoft.trialdemo-2} {null}
D/VoldCmdListener(  148): asec path com.galapagossoft.trialdemo-2
D/VoldConnector(  365): RCV <- {211 /mnt/asec/com.galapagossoft.trialdemo-2}
D/VoldConnector(  365): RSP <- {211 /mnt/asec/com.galapagossoft.trialdemo-2}
D/CountryDetectorService(  365): The first listener is added
I/PackageManager(  365): Linking native library dir for /mnt/asec/com.galapagossoft.trialdemo-2/pkg.apk
D/StatusBar.NetworkController(  481): refreshViews connected={ wifi } level=?? combinedSignalIconId=0x7f0200bc/com.android.systemui:drawable/stat_sys_wifi_signal_3 combinedActivityIconId=0x0 mAirplaneMode=false mDataActivity=0 mPhoneSignalIconId=0x7f0200a1 mDataDirectionIconId=0x0 mDataSignalIconId=0x7f0200a1 mDataTypeIconId=0x0 mNoSimIconId=0x0 mWifiIconId=0x7f0200bc mBluetoothTetherIconId=0x108053d
D/StatusBar.NetworkController(  481): changing data overlay icon id to 0
D/ConnectivityService(  365): reportNetworkCondition(1, 100)
D/ConnectivityService(  365): handleInetConditionChange: net=1, condition=100,mActiveDefaultNetwork=1
D/ConnectivityService(  365): handleInetConditionChange: starting a change hold
D/VoldConnector(  365): SND -> {asec mount com.kiloo.subwaysurf-1 0e86d5a051f68a5573d8892238a5920d 1000} {null}
D/VoldCmdListener(  148): asec mount com.kiloo.subwaysurf-1 {} 1000
I/ActivityManager(  365): No longer want com.android.settings (pid 772): hidden #16
I/ActivityManager(  365): No longer want com.huawei.hisuite (pid 949): hidden #16
W/ActivityManager(  365): Permission Denial: receiving Intent { act=android.intent.action.BOOT_COMPLETED flg=0x10 } to com.android.musicfx requires android.permission.RECEIVE_BOOT_COMPLETED due to sender null (uid 1000)
D/VoldConnector(  365): RCV <- {200 asec operation succeeded}
D/VoldConnector(  365): RSP <- {200 asec operation succeeded}
D/VoldConnector(  365): SND -> {asec path com.kiloo.subwaysurf-1} {null}
D/VoldCmdListener(  148): asec path com.kiloo.subwaysurf-1
D/VoldConnector(  365): RCV <- {211 /mnt/asec/com.kiloo.subwaysurf-1}
D/VoldConnector(  365): RSP <- {211 /mnt/asec/com.kiloo.subwaysurf-1}
I/ActivityManager(  365): No longer want com.android.contacts (pid 682): hidden #16
I/PackageManager(  365): Linking native library dir for /mnt/asec/com.kiloo.subwaysurf-1/pkg.apk
I/ActivityManager(  365): Start proc com.android.settings for broadcast com.android.settings/.PowerSavingPolicy: pid=1386 uid=1000 gids={3003, 1006, 3002, 3001, 1015, 3007}
D/VoldConnector(  365): SND -> {asec mount com.gamehivecorp.kicktheboss2r-2 0e86d5a051f68a5573d8892238a5920d 1000} {null}
D/VoldCmdListener(  148): asec mount com.gamehivecorp.kicktheboss2r-2 {} 1000
I/ActivityManager(  365): No longer want com.qualcomm.privinit (pid 1060): hidden #16
D/ConnectivityService(  365): handleInetConditionHoldEnd: net=1, condition=100, published condition=0
D/ConnectivityService(  365): sendStickyBroadcast: action=android.net.conn.INET_CONDITION_ACTION
D/StatusBar.NetworkController(  481): updateConnectivity: intent=Intent { act=android.net.conn.INET_CONDITION_ACTION flg=0x10000010 (has extras) }
D/StatusBar.NetworkController(  481): updateConnectivity: networkInfo=NetworkInfo: type: WIFI[], state: CONNECTED/CONNECTED, reason: (unspecified), extra: (none), roaming: false, failover: false, isAvailable: true
D/StatusBar.NetworkController(  481): updateConnectivity: connectionStatus=100
D/StatusBar.NetworkController(  481):  No service
D/StatusBar.NetworkController(  481): refreshViews connected={ wifi } level=?? combinedSignalIconId=0x7f0200bd/com.android.systemui:drawable/stat_sys_wifi_signal_3_fully combinedActivityIconId=0x0 mAirplaneMode=false mDataActivity=0 mPhoneSignalIconId=0x7f0200a1 mDataDirectionIconId=0x0 mDataSignalIconId=0x7f0200a1 mDataTypeIconId=0x0 mNoSimIconId=0x0 mWifiIconId=0x7f0200bd mBluetoothTetherIconId=0x108053d
D/VoldConnector(  365): RCV <- {200 asec operation succeeded}
D/VoldConnector(  365): RSP <- {200 asec operation succeeded}
D/VoldConnector(  365): SND -> {asec path com.gamehivecorp.kicktheboss2r-2} {null}
D/VoldCmdListener(  148): asec path com.gamehivecorp.kicktheboss2r-2
D/VoldConnector(  365): RCV <- {211 /mnt/asec/com.gamehivecorp.kicktheboss2r-2}
D/VoldConnector(  365): RSP <- {211 /mnt/asec/com.gamehivecorp.kicktheboss2r-2}
I/ActivityManager(  365): Start proc com.noshufou.android.su for broadcast com.noshufou.android.su/.UpdatePermissionsReceiver: pid=1404 uid=10131 gids={3003, 1015}
I/PackageManager(  365): Linking native library dir for /mnt/asec/com.gamehivecorp.kicktheboss2r-2/pkg.apk
D/VoldConnector(  365): SND -> {asec mount no.tine.mrmelkwintergames-1 0e86d5a051f68a5573d8892238a5920d 1000} {null}
D/VoldCmdListener(  148): asec mount no.tine.mrmelkwintergames-1 {} 1000
I/ActivityManager(  365): Start proc com.google.android.youtube for broadcast com.google.android.youtube/com.google.android.apps.youtube.core.transfer.DownloadService$BootReceiver: pid=1418 uid=10032 gids={3003, 1015, 1006}
I/ActivityManager(  365): No longer want com.google.android.partnersetup (pid 753): hidden #16
D/VoldConnector(  365): RCV <- {200 asec operation succeeded}
D/VoldConnector(  365): RSP <- {200 asec operation succeeded}
D/VoldConnector(  365): SND -> {asec path no.tine.mrmelkwintergames-1} {null}
D/VoldCmdListener(  148): asec path no.tine.mrmelkwintergames-1
D/VoldConnector(  365): RCV <- {211 /mnt/asec/no.tine.mrmelkwintergames-1}
D/VoldConnector(  365): RSP <- {211 /mnt/asec/no.tine.mrmelkwintergames-1}
I/PackageManager(  365): Linking native library dir for /mnt/asec/no.tine.mrmelkwintergames-1/pkg.apk
D/VoldConnector(  365): SND -> {asec mount com.djinnworks.RopeFly.lite-2 0e86d5a051f68a5573d8892238a5920d 1000} {null}
D/VoldCmdListener(  148): asec mount com.djinnworks.RopeFly.lite-2 {} 1000
D/VoldConnector(  365): RCV <- {200 asec operation succeeded}
D/VoldConnector(  365): RSP <- {200 asec operation succeeded}
D/VoldConnector(  365): SND -> {asec path com.djinnworks.RopeFly.lite-2} {null}
D/VoldCmdListener(  148): asec path com.djinnworks.RopeFly.lite-2
D/VoldConnector(  365): RCV <- {211 /mnt/asec/com.djinnworks.RopeFly.lite-2}
D/VoldConnector(  365): RSP <- {211 /mnt/asec/com.djinnworks.RopeFly.lite-2}
I/PackageManager(  365): Linking native library dir for /mnt/asec/com.djinnworks.RopeFly.lite-2/pkg.apk
D/VoldConnector(  365): SND -> {asec mount com.galapagossoft.trialx2_winter-2 0e86d5a051f68a5573d8892238a5920d 1000} {null}
D/VoldCmdListener(  148): asec mount com.galapagossoft.trialx2_winter-2 {} 1000
D/VoldConnector(  365): RCV <- {200 asec operation succeeded}
D/VoldConnector(  365): RSP <- {200 asec operation succeeded}
D/VoldConnector(  365): SND -> {asec path com.galapagossoft.trialx2_winter-2} {null}
D/VoldCmdListener(  148): asec path com.galapagossoft.trialx2_winter-2
D/VoldConnector(  365): RCV <- {211 /mnt/asec/com.galapagossoft.trialx2_winter-2}
D/VoldConnector(  365): RSP <- {211 /mnt/asec/com.galapagossoft.trialx2_winter-2}
W/PackageParser(  365): Unknown element under <manifest>: fr at /mnt/asec/com.galapagossoft.trialx2_winter-2/pkg.apk Binary XML file line #87
I/PackageManager(  365): Linking native library dir for /mnt/asec/com.galapagossoft.trialx2_winter-2/pkg.apk
D/VoldConnector(  365): SND -> {asec mount com.feelingtouch.gnz-2 0e86d5a051f68a5573d8892238a5920d 1000} {null}
D/VoldCmdListener(  148): asec mount com.feelingtouch.gnz-2 {} 1000
D/VoldConnector(  365): RCV <- {200 asec operation succeeded}
D/VoldConnector(  365): RSP <- {200 asec operation succeeded}
D/VoldConnector(  365): SND -> {asec path com.feelingtouch.gnz-2} {null}
D/VoldCmdListener(  148): asec path com.feelingtouch.gnz-2
D/VoldConnector(  365): RCV <- {211 /mnt/asec/com.feelingtouch.gnz-2}
D/VoldConnector(  365): RSP <- {211 /mnt/asec/com.feelingtouch.gnz-2}
I/PackageManager(  365): Linking native library dir for /mnt/asec/com.feelingtouch.gnz-2/pkg.apk
D/VoldConnector(  365): SND -> {asec mount ru.igsoft.bowlingonline3d-2 0e86d5a051f68a5573d8892238a5920d 1000} {null}
D/VoldCmdListener(  148): asec mount ru.igsoft.bowlingonline3d-2 {} 1000
D/VoldConnector(  365): RCV <- {200 asec operation succeeded}
D/VoldConnector(  365): RSP <- {200 asec operation succeeded}
D/VoldConnector(  365): SND -> {asec path ru.igsoft.bowlingonline3d-2} {null}
D/VoldCmdListener(  148): asec path ru.igsoft.bowlingonline3d-2
D/VoldConnector(  365): RCV <- {211 /mnt/asec/ru.igsoft.bowlingonline3d-2}
D/VoldConnector(  365): RSP <- {211 /mnt/asec/ru.igsoft.bowlingonline3d-2}
I/PackageManager(  365): Linking native library dir for /mnt/asec/ru.igsoft.bowlingonline3d-2/pkg.apk
D/VoldConnector(  365): SND -> {asec mount com.outfit7.tomslovelettersfree-1 0e86d5a051f68a5573d8892238a5920d 1000} {null}
D/VoldCmdListener(  148): asec mount com.outfit7.tomslovelettersfree-1 {} 1000
D/VoldConnector(  365): RCV <- {200 asec operation succeeded}
D/VoldConnector(  365): RSP <- {200 asec operation succeeded}
D/VoldConnector(  365): SND -> {asec path com.outfit7.tomslovelettersfree-1} {null}
D/VoldCmdListener(  148): asec path com.outfit7.tomslovelettersfree-1
D/VoldConnector(  365): RCV <- {211 /mnt/asec/com.outfit7.tomslovelettersfree-1}
D/VoldConnector(  365): RSP <- {211 /mnt/asec/com.outfit7.tomslovelettersfree-1}
I/PackageManager(  365): Linking native library dir for /mnt/asec/com.outfit7.tomslovelettersfree-1/pkg.apk
D/VoldConnector(  365): SND -> {asec mount com.gameloft.android.ANMP.GloftDMHM-1 0e86d5a051f68a5573d8892238a5920d 1000} {null}
D/VoldCmdListener(  148): asec mount com.gameloft.android.ANMP.GloftDMHM-1 {} 1000
D/VoldConnector(  365): RCV <- {200 asec operation succeeded}
D/VoldConnector(  365): RSP <- {200 asec operation succeeded}
D/VoldConnector(  365): SND -> {asec path com.gameloft.android.ANMP.GloftDMHM-1} {null}
D/VoldCmdListener(  148): asec path com.gameloft.android.ANMP.GloftDMHM-1
D/VoldConnector(  365): RCV <- {211 /mnt/asec/com.gameloft.android.ANMP.GloftDMHM-1}
D/VoldConnector(  365): RSP <- {211 /mnt/asec/com.gameloft.android.ANMP.GloftDMHM-1}
D/StatusBar.NetworkController(  481): refreshViews connected={ wifi } level=?? combinedSignalIconId=0x7f0200bd/com.android.systemui:drawable/stat_sys_wifi_signal_3_fully combinedActivityIconId=0x7f0200b5 mAirplaneMode=false mDataActivity=0 mPhoneSignalIconId=0x7f0200a1 mDataDirectionIconId=0x0 mDataSignalIconId=0x7f0200a1 mDataTypeIconId=0x0 mNoSimIconId=0x0 mWifiIconId=0x7f0200bd mBluetoothTetherIconId=0x108053d
D/StatusBar.NetworkController(  481): changing data overlay icon id to 2130837685
I/PackageManager(  365): Linking native library dir for /mnt/asec/com.gameloft.android.ANMP.GloftDMHM-1/pkg.apk
D/VoldConnector(  365): SND -> {asec mount com.talking.putin-1 0e86d5a051f68a5573d8892238a5920d 1000} {null}
D/VoldCmdListener(  148): asec mount com.talking.putin-1 {} 1000
I/ActivityManager(  365): Start proc com.google.android.gm for broadcast com.google.android.gm/.GoogleMailDeviceStartupReceiver: pid=1492 uid=10006 gids={3003, 1015}
D/VoldConnector(  365): RCV <- {200 asec operation succeeded}
D/VoldConnector(  365): RSP <- {200 asec operation succeeded}
D/VoldConnector(  365): SND -> {asec path com.talking.putin-1} {null}
D/VoldCmdListener(  148): asec path com.talking.putin-1
D/VoldConnector(  365): RCV <- {211 /mnt/asec/com.talking.putin-1}
D/VoldConnector(  365): RSP <- {211 /mnt/asec/com.talking.putin-1}
D/ActivityThread( 1492): Loading provider com.android.gmail.ui: com.google.android.gm.provider.UiProvider
I/PackageManager(  365): Linking native library dir for /mnt/asec/com.talking.putin-1/pkg.apk
D/VoldConnector(  365): SND -> {asec mount com.com2us.summitxsnowboard.normal.tryandbuy.google.global.android.common-1 0e86d5a051f68a5573d8892238a5920d 1000} {null}
D/VoldCmdListener(  148): asec mount com.com2us.summitxsnowboard.normal.tryandbuy.google.global.android.common-1 {} 1000
I/ActivityManager(  365): Start proc com.google.android.gsf.login for service com.google.android.gsf.login/com.google.android.gsf.loginservice.GoogleLoginService: pid=1513 uid=10001 gids={3003, 1015, 1007, 1006, 2001, 3006}
I/ActivityManager(  365): Start proc com.google.android.gms for service com.google.android.gms/.icing.impl.IndexService: pid=1524 uid=10001 gids={3003, 1015, 1007, 1006, 2001, 3006}
I/ActivityManager(  365): Start proc com.google.android.apps.maps:FriendService for broadcast com.google.android.apps.maps/com.google.googlenav.friend.android.ServiceReceiver: pid=1539 uid=10015 gids={3003, 1015}
D/VoldConnector(  365): RCV <- {200 asec operation succeeded}
D/VoldConnector(  365): RSP <- {200 asec operation succeeded}
D/VoldConnector(  365): SND -> {asec path com.com2us.summitxsnowboard.normal.tryandbuy.google.global.android.common-1} {null}
D/VoldCmdListener(  148): asec path com.com2us.summitxsnowboard.normal.tryandbuy.google.global.android.common-1
D/VoldConnector(  365): RCV <- {211 /mnt/asec/com.com2us.summitxsnowboard.normal.tryandbuy.google.global.android.common-1}
D/VoldConnector(  365): RSP <- {211 /mnt/asec/com.com2us.summitxsnowboard.normal.tryandbuy.google.global.android.common-1}
I/ActivityManager(  365): No longer want com.huawei.android.gpms (pid 1120): hidden #16
I/PackageManager(  365): Linking native library dir for /mnt/asec/com.com2us.summitxsnowboard.normal.tryandbuy.google.global.android.common-1/pkg.apk
I/ActivityManager(  365): Start proc com.android.vending for broadcast com.android.vending/com.google.android.finsky.receivers.BootCompletedReceiver: pid=1562 uid=10020 gids={3003, 1015}
I/ActivityManager(  365): No longer want com.google.android.onetimeinitializer (pid 1150): hidden #16
I/ActivityManager(  365): No longer want com.huawei.android.hwouc (pid 1137): hidden #17
W/PackageManager(  365): Not granting permission com.google.android.c2dm.permission.SEND to package ru.ok.android (protectionLevel=3 flags=0x8be46)
W/PackageManager(  365): Unknown permission android.permission.ADD_SYSTEM_SERVICE in package com.android.phone
W/PackageManager(  365): Unknown permission android.permission.MMS_PUSH in package com.android.bluetooth
W/PackageManager(  365): Not granting permission android.permission.SEND_DOWNLOAD_COMPLETED_INTENTS to package com.android.browser (protectionLevel=2 flags=0x9be45)
W/PackageManager(  365): Unknown permission android.permission.READ_OWNER_DATA in package com.huawei.mmitest
W/PackageManager(  365): Unknown permission com.htc.launcher.permission.READ_SETTINGS in package com.opera.browser
W/PackageManager(  365): Unknown permission com.htc.launcher.permission.WRITE_SETTINGS in package com.opera.browser
W/PackageManager(  365): Unknown permission com.huawei.launcher3.permission.READ_SETTINGS in package com.opera.browser
W/PackageManager(  365): Unknown permission com.huawei.launcher3.permission.WRITE_SETTINGS in package com.opera.browser
W/PackageManager(  365): Unknown permission com.opera.GET_BRANDING in package com.opera.browser
W/PackageManager(  365): Unknown permission com.lge.launcher.permission.INSTALL_SHORTCUT in package jp.co.bii.android.app.dskvzr
W/PackageManager(  365): Unknown permission com.motorola.launcher.permission.INSTALL_SHORTCUT in package jp.co.bii.android.app.dskvzr
W/PackageManager(  365): Unknown permission com.htc.launcher.permission.READ_SETTINGS in package jp.co.bii.android.app.dskvzr
W/PackageManager(  365): Unknown permission jp.co.sharp.android.home.permission.INSTALL_SHORTCUT in package jp.co.bii.android.app.dskvzr
W/PackageManager(  365): Unknown permission au.android.apps.oceanhome03.permission.INSTALL_SHORTCUT in package jp.co.bii.android.app.dskvzr
W/PackageManager(  365): Unknown permission jp.co.bii.android.app.dskvzr.RUN_ADDONS in package jp.co.bii.android.app.dskvzr
W/PackageManager(  365): Unknown permission jp.co.bii.android.app.dskvzr.permission.CALL_PHONE in package jp.co.bii.android.app.dskvzr
W/PackageManager(  365): Unknown permission android.permission.READ_OWNER_DATA in package com.google.android.setupwizard
W/PackageManager(  365): Unknown permission android.permission.WRITE_OWNER_DATA in package com.google.android.setupwizard
W/PackageManager(  365): Unknown permission android.permission.READ_EXTERNAL_STORAGE in package com.android.videoeditor
W/PackageManager(  365): Unknown permission android.permission.READ_EXTERNAL_STORAGE in package com.glu.deerhunt2
W/PackageManager(  365): Not granting permission android.permission.BACKUP to package com.glu.deerhunt2 (protectionLevel=3 flags=0xbbc44)
W/PackageManager(  365): Unknown permission android.permission.ACCESS_SUPERUSER in package jackpal.androidterm
W/PackageManager(  365): Unknown permission com.facebook.orca.provider.ACCESS in package com.facebook.katana
W/PackageManager(  365): Unknown permission android.permission.READ_EXTERNAL_STORAGE in package com.gameloft.android.ANMP.GloftWBHM
W/PackageManager(  365): Unknown permission com.android.providers.im.permission.READ_ONLY in package com.google.android.apps.maps
W/PackageManager(  365): Unknown permission com.google.android.providers.gmail.permission.WRITE_GMAIL in package com.huawei.init
W/PackageManager(  365): Unknown permission com.google.android.providers.gmail.permission.READ_GMAIL in package com.huawei.init
W/PackageManager(  365): Not granting permission android.permission.MODIFY_PHONE_STATE to package AutomateItPro.mainPackage (protectionLevel=3 flags=0x8be44)
W/PackageManager(  365): Unknown permission android.permission.READ_CALL_LOG in package AutomateItPro.mainPackage
W/PackageManager(  365): Unknown permission com.smarterapps.permission.AUTOMATEIT_EXTENSION in package AutomateItPro.mainPackage
W/PackageManager(  365): Unknown permission android.permission.READ_EXTERNAL_STORAGE in package com.gameloft.android.ANMP.GloftPPHM
W/PackageManager(  365): Unknown permission com.google.android.apps.googlevoice.permission.AUTO_SEND in package com.google.android.voicesearch
W/PackageManager(  365): Unknown permission android.permission.ACCESS_COARSE in package com.g6677.android.cdentist
W/PackageManager(  365): Unknown permission android.permission.FINE_LOCATION in package com.g6677.android.cdentist
W/PackageManager(  365): Not granting permission com.google.android.gm.permission.READ_GMAIL to package com.google.android.apps.uploader (protectionLevel=2 flags=0x8be45)
W/PackageManager(  365): Unknown permission android.permission.Access_SUPERUSER in package com.ghisler.android.TotalCommander
W/PackageManager(  365): Unknown permission com.google.android.gallery3d.permission.PICASA_STORE in package com.google.android.apps.plus
W/PackageManager(  365): Unknown permission com.google.android.hangouts.START_HANGOUT in package com.google.android.apps.plus
W/PackageManager(  365): Unknown permission android.permission.READ_EXTERNAL_STORAGE in package com.android.vending
W/PackageManager(  365): Not granting permission android.permission.SEND_DOWNLOAD_COMPLETED_INTENTS to package com.android.vending (protectionLevel=2 flags=0xabec5)
W/PackageManager(  365): Not granting permission android.permission.SEND_SMS_NO_CONFIRMATION to package com.android.vending (protectionLevel=3 flags=0xabec5)
W/PackageManager(  365): Not granting permission android.permission.PACKAGE_USAGE_STATS to package com.android.vending (protectionLevel=3 flags=0xabec5)
W/PackageManager(  365): Not granting permission android.permission.PACKAGE_VERIFICATION_AGENT to package com.android.vending (protectionLevel=3 flags=0xabec5)
W/PackageManager(  365): Unknown permission android.permission.MANAGE_USERS in package com.android.vending
W/PackageManager(  365): Unknown permission android.permission.INTERACT_ACROSS_USERS in package com.android.vending
W/PackageManager(  365): Not granting permission android.permission.WRITE_SECURE_SETTINGS to package com.android.vending (protectionLevel=3 flags=0xabec5)
W/PackageManager(  365): Not granting permission android.permission.SET_ORIENTATION to package com.huawei.hisuite (protectionLevel=2 flags=0xb444)
W/PackageManager(  365): Unknown permission android.permission.ANDROID_POWER in package com.huawei.hisuite
W/PackageManager(  365): Not granting permission android.permission.INSTALL_PACKAGES to package com.huawei.hisuite (protectionLevel=3 flags=0xb444)
W/PackageManager(  365): Not granting permission android.permission.DELETE_PACKAGES to package com.huawei.hisuite (protectionLevel=3 flags=0xb444)
W/PackageManager(  365): Not granting permission android.permission.CLEAR_APP_USER_DATA to package com.huawei.hisuite (protectionLevel=2 flags=0xb444)
W/PackageManager(  365): Not granting permission android.permission.WRITE_SECURE_SETTINGS to package com.huawei.hisuite (protectionLevel=3 flags=0xb444)
W/PackageManager(  365): Not granting permission com.android.email.permission.ACCESS_PROVIDER to package com.huawei.hisuite (protectionLevel=2 flags=0xb444)
W/PackageManager(  365): Not granting permission android.permission.BROADCAST_WAP_PUSH to package com.huawei.hisuite (protectionLevel=2 flags=0xb444)
W/PackageManager(  365): Not granting permission android.permission.WRITE_MEDIA_STORAGE to package com.huawei.hisuite (protectionLevel=3 flags=0xb444)
W/PackageManager(  365): Unknown permission com.android.vending.billing.IBillingAccountService.BIND2 in package com.google.android.gsf.login
D/StatusBar.NetworkController(  481): refreshViews connected={ wifi } level=?? combinedSignalIconId=0x7f0200bd/com.android.systemui:drawable/stat_sys_wifi_signal_3_fully combinedActivityIconId=0x0 mAirplaneMode=false mDataActivity=0 mPhoneSignalIconId=0x7f0200a1 mDataDirectionIconId=0x0 mDataSignalIconId=0x7f0200a1 mDataTypeIconId=0x0 mNoSimIconId=0x0 mWifiIconId=0x7f0200bd mBluetoothTetherIconId=0x108053d
D/StatusBar.NetworkController(  481): changing data overlay icon id to 0
W/PackageManager(  365): Unknown permission com.google.android.providers.gmail.permission.WRITE_GMAIL in package com.android.huawei.projectmenu
W/PackageManager(  365): Unknown permission com.google.android.providers.gmail.permission.READ_GMAIL in package com.android.huawei.projectmenu
W/PackageManager(  365): Unknown permission android.permission.INTERACT_ACROSS_USERS in package com.google.android.gms
I/PackageManager(  365): Un-granting permission android.permission.DUMP from package com.google.android.gms (protectionLevel=3 flags=0x8be44)
W/PackageManager(  365): Unknown permission android.permission.READ_EXTERNAL_STORAGE in package com.google.android.gms
W/PackageManager(  365): Unknown permission android.permission.LOCATION_HARDWARE in package com.google.android.gms
W/PackageManager(  365): Unknown permission android.permission.GET_APP_OPS_STATS in package com.google.android.gms
W/PackageManager(  365): Unknown permission android.permission.UPDATE_APP_OPS_STATS in package com.google.android.gms
W/PackageManager(  365): Unknown permission android.permission.ACCESS_NETWORK_CONDITIONS in package com.google.android.gms
W/PackageManager(  365): Unknown permission android.permission.MANAGE_DEVICE_ADMINS in package com.google.android.gms
W/PackageManager(  365): Not granting permission android.permission.MODIFY_PHONE_STATE to package com.google.android.gms (protectionLevel=3 flags=0x8be44)
W/PackageManager(  365): Not granting permission android.permission.MANAGE_USB to package com.google.android.gms (protectionLevel=3 flags=0x8be44)
W/PackageManager(  365): Not granting permission android.permission.CALL_PRIVILEGED to package com.google.android.gms (protectionLevel=3 flags=0x8be44)
W/PackageManager(  365): Unknown permission android.permission.BLUETOOTH_PRIVILEGED in package com.google.android.gms
W/PackageManager(  365): Unknown permission android.permission.CAPTURE_AUDIO_OUTPUT in package com.google.android.gms
W/PackageManager(  365): Unknown permission android.permission.CAPTURE_VIDEO_OUTPUT in package com.google.android.gms
W/PackageManager(  365): Unknown permission android.permission.CAPTURE_SECURE_VIDEO_OUTPUT in package com.google.android.gms
W/PackageManager(  365): Unknown permission android.permission.ACCESS_SUPERUSER in package com.jrummy.root.browserfree
W/PackageManager(  365): Not granting permission android.permission.ACCOUNT_MANAGER to package com.google.android.music (protectionLevel=2 flags=0x8bee5)
W/PackageManager(  365): Unknown permission android.webkit.permission.PLUGIN in package com.adobe.flashplayer
W/PackageManager(  365): Unknown permission com.latedroid.juicedefender.permission.CONTROL_JUICEDEFENDER in package net.dinglisch.android.taskerm
W/PackageManager(  365): Unknown permission com.latedroid.juicedefender.permission.TOGGLE_MOBILE_DATA in package net.dinglisch.android.taskerm
W/PackageManager(  365): Not granting permission android.permission.MODIFY_PHONE_STATE to package net.dinglisch.android.taskerm (protectionLevel=3 flags=0x8be44)
W/PackageManager(  365): Unknown permission com.android.phone.CHANGE_NETWORK_MODE in package net.dinglisch.android.taskerm
W/PackageManager(  365): Unknown permission android.permission.READ_EXTERNAL_STORAGE in package com.gameloft.android.ANMP.GloftDMHM
W/PackageManager(  365): Unknown permission com.android.vending.permission.UPDATE_MARKET_FAILURE in package com.android.vending.updater
W/PackageManager(  365): Not granting permission android.permission.WRITE_SECURE_SETTINGS to package ru.NanoDinamics.NovaTester (protectionLevel=3 flags=0x8be44)
W/PackageManager(  365): Not granting permission android.permission.MODIFY_PHONE_STATE to package ru.NanoDinamics.NovaTester (protectionLevel=3 flags=0x8be44)
W/PackageManager(  365): Not granting permission android.permission.DEVICE_POWER to package ru.NanoDinamics.NovaTester (protectionLevel=2 flags=0x8be44)
W/PackageManager(  365): Unknown permission android.permission.START_BACKGROUND_SERVICE in package com.ea.game.simpsons4_row
W/PackageManager(  365): Unknown permission android.permission.VIBRATION in package com.ea.game.simpsons4_row
W/PackageManager(  365): Not granting permission android.permission.CALL_PRIVILEGED to package com.skype.raider (protectionLevel=3 flags=0x8be44)
W/PackageManager(  365): Not granting permission android.permission.WRITE_SECURE_SETTINGS to package com.elsdoerfer.android.autostarts (protectionLevel=3 flags=0x8be44)
W/PackageManager(  365): Not granting permission android.permission.CHANGE_COMPONENT_ENABLED_STATE to package com.elsdoerfer.android.autostarts (protectionLevel=3 flags=0x8be44)
W/PackageManager(  365): Not granting permission android.permission.DEVICE_POWER to package com.android.deskclock (protectionLevel=2 flags=0x8be45)
I/ActivityManager(  365): No longer want com.google.android.talk (pid 1165): hidden #16
I/ActivityManager(  365): No longer want com.android.providers.calendar (pid 1191): hidden #16
D/BackupManagerService(  365): Received broadcast Intent { act=android.intent.action.EXTERNAL_APPLICATIONS_AVAILABLE flg=0x10000010 (has extras) }
V/BackupManagerService(  365): addPackageParticipantsLocked: com.opera.browser
V/BackupManagerService(  365): addPackageParticipantsLocked: com.g6677.android.cdentist
I/ONCRPC  (  167): Setup RPC Call for task 40080270
I/ONCRPC  (  167): oncrpc_xdr_call_msg_start: Prog: 3000006b, Ver: 00010001, Proc: 00000002
I/ONCRPC  (  167): xdr_std_msg_send_call: Sent Xid: e, Prog: 3000006b, Ver: 00010001, Proc: 00000002
I/ONCRPC  (  167): xdr_std_msg_send_call: Received Reply Xid: e, Prog: 3000006b, Ver: 00010001, Proc: 00000002
V/BackupManagerService(  365): addPackageParticipantsLocked: com.outfit7.talkingtom
V/BackupManagerService(  365): addPackageParticipantsLocked: com.ezone.Snowboard
V/BackupManagerService(  365): addPackageParticipantsLocked: com.gamehivecorp.kicktheboss.android
V/BackupManagerService(  365): addPackageParticipantsLocked: com.integer3d.dirtroadtrucker
D/StatusBar.NetworkController(  481): refreshViews connected={ wifi } level=?? combinedSignalIconId=0x7f0200bd/com.android.systemui:drawable/stat_sys_wifi_signal_3_fully combinedActivityIconId=0x7f0200b5 mAirplaneMode=false mDataActivity=0 mPhoneSignalIconId=0x7f0200a1 mDataDirectionIconId=0x0 mDataSignalIconId=0x7f0200a1 mDataTypeIconId=0x0 mNoSimIconId=0x0 mWifiIconId=0x7f0200bd mBluetoothTetherIconId=0x108053d
D/StatusBar.NetworkController(  481): changing data overlay icon id to 2130837685
V/BackupManagerService(  365): addPackageParticipantsLocked: com.disney.WMPLite
V/BackupManagerService(  365): addPackageParticipantsLocked: com.outfit7.talkingben
V/BackupManagerService(  365): addPackageParticipantsLocked: com.magi.gunshd
D/StatusBar.NetworkController(  481): refreshViews connected={ wifi } level=?? combinedSignalIconId=0x7f0200bd/com.android.systemui:drawable/stat_sys_wifi_signal_3_fully combinedActivityIconId=0x0 mAirplaneMode=false mDataActivity=0 mPhoneSignalIconId=0x7f0200a1 mDataDirectionIconId=0x0 mDataSignalIconId=0x7f0200a1 mDataTypeIconId=0x0 mNoSimIconId=0x0 mWifiIconId=0x7f0200bd mBluetoothTetherIconId=0x108053d
