I/ONCRPC  (  167): oncrpc_xdr_call_msg_start: Prog: 3000006b, Ver: 00010001, Proc: 00000002
I/ONCRPC  (  167): xdr_std_msg_send_call: Sent Xid: 24, Prog: 3000006b, Ver: 00010001, Proc: 00000002
I/ONCRPC  (  167): xdr_std_msg_send_call: Received Reply Xid: 24, Prog: 3000006b, Ver: 00010001, Proc: 00000002
D/StatusBar.NetworkController(  481): refreshViews connected={ wifi } level=?? combinedSignalIconId=0x7f0200bd/com.android.systemui:drawable/stat_sys_wifi_signal_3_fully combinedActivityIconId=0x7f0200b5 mAirplaneMode=false mDataActivity=0 mPhoneSignalIconId=0x7f0200a1 mDataDirectionIconId=0x0 mDataSignalIconId=0x7f0200a1 mDataTypeIconId=0x0 mNoSimIconId=0x0 mWifiIconId=0x7f0200bd mBluetoothTetherIconId=0x108053d
D/StatusBar.NetworkController(  481): changing data overlay icon id to 2130837685
D/PowerManagerService(  365): setPowerState from TimeoutTask! 
D/PowerManagerService(  365): setPowerState: mPowerState=0x3 newState=0x3 noChangeLights=false reason=3
D/PowerManagerService(  365): setPowerState from userActivity! 
D/PowerManagerService(  365): setPowerState: mPowerState=0x3 newState=0x3 noChangeLights=false reason=2
I/ActivityManager(  365): START {cmp=com.android.browser/.ComboViewActivity (has extras)} from pid 2242
D/WebViewTimersControl( 2242): onBrowserActivityPause
D/WebViewTimersControl( 2242): Pausing webview timers, view=com.android.browser.BrowserWebView@41f91b58
I/WindowManager(  365): SCREENLAYOUT_SIZE (1:small, 2:normal, 3:large, 4:xlarge) 4
D/androidNetworkLocationListeners(  718): Still have listener com.google.android.location.internal.client.NetworkLocationClient$1@41fa15f8
D/androidNetworkLocationListeners(  718): Still have listener com.google.android.location.internal.client.NetworkLocationClient$1@41fa15f8
E/wpa_supplicant(  644): Ongoing Scan action...
D/androidNetworkLocationListeners(  718): Still have listener com.google.android.location.internal.client.NetworkLocationClient$1@41fa15f8
D/NetworkLocator(  718): null cell state delivered
D/NetworkLocator(  718): null cell state delivered
E/wpa_supplicant(  644): Ongoing Scan action...
V/Modem Warmup( 2242): modem warmup system property is true
V/Modem Warmup( 2242): resolving INXNY6XT38.com
D/NetworkLocator(  718): null cell state delivered
I/Adreno200-EGLSUB( 2242): <ConfigWindowMatch:2078>: Format RGBA_8888.
D/memalloc(  154): /dev/pmem: Allocated buffer base:0x434ff000 size:3932160 offset:0 fd:38
D/memalloc( 2242): /dev/pmem: Mapped buffer base:0x6081b000 size:3932160 offset:0 fd:139
D/Settings(  594): getAllInstallLangId().length10
D/memalloc(  154): /dev/pmem: Allocated buffer base:0x434ff000 size:3932160 offset:28344320 fd:48
D/memalloc( 2242): /dev/pmem: Mapped buffer base:0x62e31000 size:32276480 offset:28344320 fd:143
I/Adreno200-EGLSUB(  154): <CreateImage:893>: Android Image
I/Adreno200-EGLSUB(  154): <GetImageAttributes:1102>: RGBA_8888
I/ActivityManager(  365): Displayed com.android.browser/.ComboViewActivity: +236ms
D/memalloc( 2242): /dev/pmem: Unmapping buffer base:0x6687e000 size:7864320 offset:3932160
D/memalloc( 2242): /dev/pmem: Unmapping buffer base:0x66ffe000 size:11796480 offset:7864320
D/memalloc( 2242): /dev/pmem: Unmapping buffer base:0x67b3e000 size:40468480 offset:36536320
D/memalloc(  154): /dev/pmem: Freeing buffer base:0x438bf000 size:3932160 offset:3932160 fd:51
D/memalloc(  154): /dev/pmem: Freeing buffer base:0x43c7f000 size:3932160 offset:7864320 fd:65
D/memalloc(  154): /dev/pmem: Freeing buffer base:0x457d7000 size:3932160 offset:36536320 fd:68
D/memalloc(  154): /dev/pmem: Allocated buffer base:0x434ff000 size:3932160 offset:20332544 fd:51
D/memalloc( 2242): /dev/pmem: Mapped buffer base:0x64ef9000 size:24264704 offset:20332544 fd:146
V/Modem Warmup( 2242): get by name failed java.net.UnknownHostException: Unable to resolve host "INXNY6XT38.com": No address associated with hostname
I/Adreno200-EGLSUB(  154): <CreateImage:893>: Android Image
I/Adreno200-EGLSUB(  154): <GetImageAttributes:1102>: RGBA_8888
I/Adreno200-EGLSUB(  154): <CreateImage:893>: Android Image
I/Adreno200-EGLSUB(  154): <GetImageAttributes:1102>: RGBA_8888
D/BT_DUN  (  738): Ignoring event PLATFORM_EVENT_ERROR in EMB_DATA_CALL_IDLE 
D/BT_DUN  (  738): Moved to state(EMB_DATA_CALL_IDLE) 
D/Tethering(  365): interfaceLinkStateChanged wlan0, true
D/Tethering(  365): interfaceStatusChanged wlan0, true
D/NetdConnector(  365): RCV <- {600 Iface linkstate wlan0 up}
D/CNEJ    (  365): Swim RCCM received action: android.net.wifi.SCAN_RESULTS
D/CNEJ    (  365): sendWlanScanResultsEvent: scanResults size = 1
I/CNE_DEBUG(  365): CNE received action: android.net.wifi.SCAN_RESULTS
V/CNEJ    (  365): handleWlanScanResultsUpdate
V/CNEJ    (  365): AP No. 0Level -76
V/CNEJ    (  365): AP No. 0Frequency 2437
V/CNEJ    (  365): AP No. 0SSID MTS-ROUTER
V/CNEJ    (  365): AP No. 0BSSID 14:d6:4d:70:13:aa
D/PowerManagerService(  365): setPowerState from userActivity! 
D/PowerManagerService(  365): setPowerState: mPowerState=0x3 newState=0x3 noChangeLights=false reason=2
V/CNEJ    (  365): supplicant daemon is running
D/GpsLocationProvider(  365): Gps MessageHandler. msg.what 7
E/LocSvc_eng(  365): E/int loc_eng_inject_location(loc_eng_data_s_type&, double, double, float): log_eng state error: instance not initialized
D/Settings(  594): getAllInstallLangId().length10
D/StatusBar.NetworkController(  481): refreshViews connected={ wifi } level=?? combinedSignalIconId=0x7f0200bd/com.android.systemui:drawable/stat_sys_wifi_signal_3_fully combinedActivityIconId=0x0 mAirplaneMode=false mDataActivity=0 mPhoneSignalIconId=0x7f0200a1 mDataDirectionIconId=0x0 mDataSignalIconId=0x7f0200a1 mDataTypeIconId=0x0 mNoSimIconId=0x0 mWifiIconId=0x7f0200bd mBluetoothTetherIconId=0x108053d
D/StatusBar.NetworkController(  481): changing data overlay icon id to 0
I/ONCRPC  (  167): Setup RPC Call for task 40080270
I/ONCRPC  (  167): oncrpc_xdr_call_msg_start: Prog: 3000006b, Ver: 00010001, Proc: 00000002
I/ONCRPC  (  167): xdr_std_msg_send_call: Sent Xid: 25, Prog: 3000006b, Ver: 00010001, Proc: 00000002
I/ONCRPC  (  167): xdr_std_msg_send_call: Received Reply Xid: 25, Prog: 3000006b, Ver: 00010001, Proc: 00000002
D/PowerManagerService(  365): setPowerState from userActivity! 
D/PowerManagerService(  365): setPowerState: mPowerState=0x3 newState=0x3 noChangeLights=false reason=2
D/StatusBar.NetworkController(  481): refreshViews connected={ wifi } level=?? combinedSignalIconId=0x7f0200bd/com.android.systemui:drawable/stat_sys_wifi_signal_3_fully combinedActivityIconId=0x7f0200b4 mAirplaneMode=false mDataActivity=0 mPhoneSignalIconId=0x7f0200a1 mDataDirectionIconId=0x0 mDataSignalIconId=0x7f0200a1 mDataTypeIconId=0x0 mNoSimIconId=0x0 mWifiIconId=0x7f0200bd mBluetoothTetherIconId=0x108053d
D/StatusBar.NetworkController(  481): changing data overlay icon id to 2130837684
I/WindowManager(  365): SCREENLAYOUT_SIZE (1:small, 2:normal, 3:large, 4:xlarge) 4
D/WebViewTimersControl( 2242): onBrowserActivityResume
D/WebViewTimersControl( 2242): Resuming webview timers, view=com.android.browser.BrowserWebView@41f91b58
W/BaseUi  ( 2242): mMainView is already attached to wrapper in attachTabToContentView!
W/BaseUi  ( 2242): mContainer is already attached to content in attachTabToContentView!
D/androidNetworkLocationListeners(  718): Still have listener com.google.android.location.internal.client.NetworkLocationClient$1@41fa15f8
D/androidNetworkLocationListeners(  718): Still have listener com.google.android.location.internal.client.NetworkLocationClient$1@41fa15f8
D/NetworkLocator(  718): null cell state delivered
E/wpa_supplicant(  644): Ongoing Scan action...
D/NetworkLocator(  718): null cell state delivered
I/Adreno200-EGLSUB( 2242): <ConfigWindowMatch:2078>: Format RGBA_8888.
D/memalloc(  154): /dev/pmem: Allocated buffer base:0x434ff000 size:3932160 offset:3932160 fd:62
D/memalloc( 2242): /dev/pmem: Mapped buffer base:0x6681d000 size:7864320 offset:3932160 fd:156
D/Settings(  594): getAllInstallLangId().length10
D/memalloc(  154): /dev/pmem: Allocated buffer base:0x434ff000 size:3932160 offset:7864320 fd:65
D/memalloc( 2242): /dev/pmem: Mapped buffer base:0x67003000 size:11796480 offset:7864320 fd:160
I/Adreno200-EGLSUB(  154): <CreateImage:893>: Android Image
I/Adreno200-EGLSUB(  154): <GetImageAttributes:1102>: RGBA_8888
D/memalloc(  154): /dev/pmem: Allocated buffer base:0x434ff000 size:3932160 offset:36536320 fd:68
D/memalloc( 2242): /dev/pmem: Mapped buffer base:0x67b43000 size:40468480 offset:36536320 fd:164
D/memalloc( 2242): /dev/pmem: Unmapping buffer base:0x6081b000 size:3932160 offset:0
D/memalloc( 2242): /dev/pmem: Unmapping buffer base:0x62e31000 size:32276480 offset:28344320
I/Adreno200-EGLSUB(  154): <CreateImage:893>: Android Image
I/Adreno200-EGLSUB(  154): <GetImageAttributes:1102>: RGBA_8888
D/memalloc( 2242): /dev/pmem: Unmapping buffer base:0x64ef9000 size:24264704 offset:20332544
D/memalloc(  154): /dev/pmem: Freeing buffer base:0x434ff000 size:3932160 offset:0 fd:38
D/memalloc(  154): /dev/pmem: Freeing buffer base:0x44863000 size:3932160 offset:20332544 fd:51
I/Adreno200-EGLSUB(  154): <CreateImage:893>: Android Image
I/Adreno200-EGLSUB(  154): <GetImageAttributes:1102>: RGBA_8888
D/memalloc(  154): /dev/pmem: Freeing buffer base:0x45007000 size:3932160 offset:28344320 fd:48
D/StatusBar.NetworkController(  481): refreshViews connected={ wifi } level=?? combinedSignalIconId=0x7f0200bd/com.android.systemui:drawable/stat_sys_wifi_signal_3_fully combinedActivityIconId=0x7f0200b5 mAirplaneMode=false mDataActivity=0 mPhoneSignalIconId=0x7f0200a1 mDataDirectionIconId=0x0 mDataSignalIconId=0x7f0200a1 mDataTypeIconId=0x0 mNoSimIconId=0x0 mWifiIconId=0x7f0200bd mBluetoothTetherIconId=0x108053d
D/StatusBar.NetworkController(  481): changing data overlay icon id to 2130837685
D/BT_DUN  (  738): Ignoring event PLATFORM_EVENT_ERROR in EMB_DATA_CALL_IDLE 
D/BT_DUN  (  738): Moved to state(EMB_DATA_CALL_IDLE) 
D/Tethering(  365): interfaceLinkStateChanged wlan0, true
D/Tethering(  365): interfaceStatusChanged wlan0, true
D/NetdConnector(  365): RCV <- {600 Iface linkstate wlan0 up}
D/CNEJ    (  365): Swim RCCM received action: android.net.wifi.SCAN_RESULTS
D/CNEJ    (  365): sendWlanScanResultsEvent: scanResults size = 1
I/CNE_DEBUG(  365): CNE received action: android.net.wifi.SCAN_RESULTS
V/CNEJ    (  365): handleWlanScanResultsUpdate
V/CNEJ    (  365): AP No. 0Level -78
V/CNEJ    (  365): AP No. 0Frequency 2437
V/CNEJ    (  365): AP No. 0SSID MTS-ROUTER
V/CNEJ    (  365): AP No. 0BSSID 14:d6:4d:70:13:aa
V/CNEJ    (  365): supplicant daemon is running
D/GpsLocationProvider(  365): Gps MessageHandler. msg.what 7
E/LocSvc_eng(  365): E/int loc_eng_inject_location(loc_eng_data_s_type&, double, double, float): log_eng state error: instance not initialized
D/androidNetworkLocationListeners(  718): Still have listener com.google.android.location.internal.client.NetworkLocationClient$1@41fa15f8
D/NetworkLocator(  718): null cell state delivered
D/BT_DUN  (  738): Ignoring event PLATFORM_EVENT_ERROR in EMB_DATA_CALL_IDLE 
D/BT_DUN  (  738): Moved to state(EMB_DATA_CALL_IDLE) 
D/Tethering(  365): interfaceLinkStateChanged wlan0, true
D/Tethering(  365): interfaceStatusChanged wlan0, true
D/CNEJ    (  365): Swim RCCM received action: android.net.wifi.SCAN_RESULTS
D/CNEJ    (  365): sendWlanScanResultsEvent: scanResults size = 1
I/CNE_DEBUG(  365): CNE received action: android.net.wifi.SCAN_RESULTS
V/CNEJ    (  365): handleWlanScanResultsUpdate
V/CNEJ    (  365): AP No. 0Level -78
V/CNEJ    (  365): AP No. 0Frequency 2437
V/CNEJ    (  365): AP No. 0SSID MTS-ROUTER
V/CNEJ    (  365): AP No. 0BSSID 14:d6:4d:70:13:aa
D/NetdConnector(  365): RCV <- {600 Iface linkstate wlan0 up}
V/CNEJ    (  365): supplicant daemon is running
D/GpsLocationProvider(  365): Gps MessageHandler. msg.what 7
E/LocSvc_eng(  365): E/int loc_eng_inject_location(loc_eng_data_s_type&, double, double, float): log_eng state error: instance not initialized
D/StatusBar.NetworkController(  481): refreshViews connected={ wifi } level=?? combinedSignalIconId=0x7f0200bd/com.android.systemui:drawable/stat_sys_wifi_signal_3_fully combinedActivityIconId=0x0 mAirplaneMode=false mDataActivity=0 mPhoneSignalIconId=0x7f0200a1 mDataDirectionIconId=0x0 mDataSignalIconId=0x7f0200a1 mDataTypeIconId=0x0 mNoSimIconId=0x0 mWifiIconId=0x7f0200bd mBluetoothTetherIconId=0x108053d
D/StatusBar.NetworkController(  481): changing data overlay icon id to 0
D/PowerManagerService(  365): setPowerState from TimeoutTask! 
D/PowerManagerService(  365): setPowerState: mPowerState=0x3 newState=0x3 noChangeLights=false reason=3
D/PowerManagerService(  365): setPowerState from userActivity! 
D/PowerManagerService(  365): setPowerState: mPowerState=0x3 newState=0x3 noChangeLights=false reason=2
D/Settings(  594): getAllInstallLangId().length10
I/ONCRPC  (  167): Setup RPC Call for task 40080270
I/ONCRPC  (  167): oncrpc_xdr_call_msg_start: Prog: 3000006b, Ver: 00010001, Proc: 00000002
I/ONCRPC  (  167): xdr_std_msg_send_call: Sent Xid: 26, Prog: 3000006b, Ver: 00010001, Proc: 00000002
I/ONCRPC  (  167): xdr_std_msg_send_call: Received Reply Xid: 26, Prog: 3000006b, Ver: 00010001, Proc: 00000002
D/PowerManagerService(  365): setPowerState from userActivity! 
D/PowerManagerService(  365): setPowerState: mPowerState=0x3 newState=0x3 noChangeLights=false reason=2
D/Settings(  594): getAllInstallLangId().length10
D/StatusBar.NetworkController(  481): refreshViews connected={ wifi } level=?? combinedSignalIconId=0x7f0200bd/com.android.systemui:drawable/stat_sys_wifi_signal_3_fully combinedActivityIconId=0x7f0200b6 mAirplaneMode=false mDataActivity=0 mPhoneSignalIconId=0x7f0200a1 mDataDirectionIconId=0x0 mDataSignalIconId=0x7f0200a1 mDataTypeIconId=0x0 mNoSimIconId=0x0 mWifiIconId=0x7f0200bd mBluetoothTetherIconId=0x108053d
D/StatusBar.NetworkController(  481): changing data overlay icon id to 2130837686
D/StatusBar.NetworkController(  481): refreshViews connected={ wifi } level=?? combinedSignalIconId=0x7f0200bd/com.android.systemui:drawable/stat_sys_wifi_signal_3_fully combinedActivityIconId=0x7f0200b5 mAirplaneMode=false mDataActivity=0 mPhoneSignalIconId=0x7f0200a1 mDataDirectionIconId=0x0 mDataSignalIconId=0x7f0200a1 mDataTypeIconId=0x0 mNoSimIconId=0x0 mWifiIconId=0x7f0200bd mBluetoothTetherIconId=0x108053d
D/StatusBar.NetworkController(  481): changing data overlay icon id to 2130837685
I/PowerManagerService(  365): received action:android.intent.action.BATTERY_CHANGED
I/CNE_DEBUG(  365): CNE received action: android.intent.action.BATTERY_CHANGED
I/CNE_DEBUG(  365): UpdateBatteryStatus status=3 pluginType=0 level=51
I/LowBatteryShowDialogPolicy( 1306): show dialog  ACTION_BATTERY_CHANGED
D/StatusBar.NetworkController(  481): refreshViews connected={ wifi } level=?? combinedSignalIconId=0x7f0200bd/com.android.systemui:drawable/stat_sys_wifi_signal_3_fully combinedActivityIconId=0x0 mAirplaneMode=false mDataActivity=0 mPhoneSignalIconId=0x7f0200a1 mDataDirectionIconId=0x0 mDataSignalIconId=0x7f0200a1 mDataTypeIconId=0x0 mNoSimIconId=0x0 mWifiIconId=0x7f0200bd mBluetoothTetherIconId=0x108053d
D/StatusBar.NetworkController(  481): changing data overlay icon id to 0
D/PowerManagerService(  365): setPowerState from TimeoutTask! 
D/PowerManagerService(  365): setPowerState: mPowerState=0x3 newState=0x3 noChangeLights=false reason=3
I/CNE_DEBUG(  365): CNE received action RSSI Changed events: android.net.wifi.RSSI_CHANGED
D/StatusBar.NetworkController(  481): refreshViews connected={ wifi } level=?? combinedSignalIconId=0x7f0200bb/com.android.systemui:drawable/stat_sys_wifi_signal_2_fully combinedActivityIconId=0x0 mAirplaneMode=false mDataActivity=0 mPhoneSignalIconId=0x7f0200a1 mDataDirectionIconId=0x0 mDataSignalIconId=0x7f0200a1 mDataTypeIconId=0x0 mNoSimIconId=0x0 mWifiIconId=0x7f0200bb mBluetoothTetherIconId=0x108053d
I/CNE     (  365): CNE received action RSSI Changed events - networkState: CONNECTED ssid= MTS-ROUTER rssi=-82 ipV4Addr=192.168.0.178 timeStamp:2013-11-19 18:04:58.863 networkState: CONNECTED
I/CNE_DEBUG(  365): UpdateWlanStatus type=21 state=1 softApState=11 rssi=-82 ssid=MTS-ROUTER ipAddr=192.168.0.178 iface=wlan0 timeStamp=2013-11-19 18:04:58.863
I/ONCRPC  (  167): Setup RPC Call for task 40080270
I/ONCRPC  (  167): oncrpc_xdr_call_msg_start: Prog: 3000006b, Ver: 00010001, Proc: 00000002
I/ONCRPC  (  167): xdr_std_msg_send_call: Sent Xid: 27, Prog: 3000006b, Ver: 00010001, Proc: 00000002
I/ONCRPC  (  167): xdr_std_msg_send_call: Received Reply Xid: 27, Prog: 3000006b, Ver: 00010001, Proc: 00000002
I/CNE_DEBUG(  365): CNE received action RSSI Changed events: android.net.wifi.RSSI_CHANGED
D/StatusBar.NetworkController(  481): refreshViews connected={ wifi } level=?? combinedSignalIconId=0x7f0200bd/com.android.systemui:drawable/stat_sys_wifi_signal_3_fully combinedActivityIconId=0x0 mAirplaneMode=false mDataActivity=0 mPhoneSignalIconId=0x7f0200a1 mDataDirectionIconId=0x0 mDataSignalIconId=0x7f0200a1 mDataTypeIconId=0x0 mNoSimIconId=0x0 mWifiIconId=0x7f0200bd mBluetoothTetherIconId=0x108053d
I/CNE     (  365): CNE received action RSSI Changed events - networkState: CONNECTED ssid= MTS-ROUTER rssi=-73 ipV4Addr=192.168.0.178 timeStamp:2013-11-19 18:05:01.898 networkState: CONNECTED
I/CNE_DEBUG(  365): UpdateWlanStatus type=21 state=1 softApState=11 rssi=-73 ssid=MTS-ROUTER ipAddr=192.168.0.178 iface=wlan0 timeStamp=2013-11-19 18:05:01.898
D/PowerManagerService(  365): setPowerState from userActivity! 
D/PowerManagerService(  365): setPowerState: mPowerState=0x3 newState=0x3 noChangeLights=false reason=2
D/Settings(  594): getAllInstallLangId().length10
E/        ( 2242): glEndTilingQCOM: 0x502
E/        ( 2242): glEndTilingQCOM: 0x502
E/        ( 2242): glEndTilingQCOM: 0x502
E/        ( 2242): glEndTilingQCOM: 0x502
D/StatusBar.NetworkController(  481): refreshViews connected={ wifi } level=?? combinedSignalIconId=0x7f0200bd/com.android.systemui:drawable/stat_sys_wifi_signal_3_fully combinedActivityIconId=0x7f0200b4 mAirplaneMode=false mDataActivity=0 mPhoneSignalIconId=0x7f0200a1 mDataDirectionIconId=0x0 mDataSignalIconId=0x7f0200a1 mDataTypeIconId=0x0 mNoSimIconId=0x0 mWifiIconId=0x7f0200bd mBluetoothTetherIconId=0x108053d
D/StatusBar.NetworkController(  481): changing data overlay icon id to 2130837684
D/PowerManagerService(  365): setPowerState from userActivity! 
D/PowerManagerService(  365): setPowerState: mPowerState=0x3 newState=0x3 noChangeLights=false reason=2
D/PowerManagerService(  365): setPowerState from userActivity! 
D/PowerManagerService(  365): setPowerState: mPowerState=0x3 newState=0x3 noChangeLights=false reason=2
D/StatusBar.NetworkController(  481): refreshViews connected={ wifi } level=?? combinedSignalIconId=0x7f0200bd/com.android.systemui:drawable/stat_sys_wifi_signal_3_fully combinedActivityIconId=0x0 mAirplaneMode=false mDataActivity=0 mPhoneSignalIconId=0x7f0200a1 mDataDirectionIconId=0x0 mDataSignalIconId=0x7f0200a1 mDataTypeIconId=0x0 mNoSimIconId=0x0 mWifiIconId=0x7f0200bd mBluetoothTetherIconId=0x108053d
D/StatusBar.NetworkController(  481): changing data overlay icon id to 0
D/PowerManagerService(  365): setPowerState from userActivity! 
D/PowerManagerService(  365): setPowerState: mPowerState=0x3 newState=0x3 noChangeLights=false reason=2
D/PowerManagerService(  365): setPowerState from userActivity! 
D/PowerManagerService(  365): setPowerState: mPowerState=0x3 newState=0x3 noChangeLights=false reason=2
D/PowerManagerService(  365): setPowerState from userActivity! 
D/PowerManagerService(  365): setPowerState: mPowerState=0x3 newState=0x3 noChangeLights=false reason=2
D/StatusBar.NetworkController(  481): refreshViews connected={ wifi } level=?? combinedSignalIconId=0x7f0200bd/com.android.systemui:drawable/stat_sys_wifi_signal_3_fully combinedActivityIconId=0x7f0200b6 mAirplaneMode=false mDataActivity=0 mPhoneSignalIconId=0x7f0200a1 mDataDirectionIconId=0x0 mDataSignalIconId=0x7f0200a1 mDataTypeIconId=0x0 mNoSimIconId=0x0 mWifiIconId=0x7f0200bd mBluetoothTetherIconId=0x108053d
D/StatusBar.NetworkController(  481): changing data overlay icon id to 2130837686
E/browser ( 2242): Console: Uncaught TypeError: Cannot read property 'menuobj' of undefined http://pccar.ru/clientscript/vbulletin_global.js?v=384:11
D/StatusBar.NetworkController(  481): refreshViews connected={ wifi } level=?? combinedSignalIconId=0x7f0200bd/com.android.systemui:drawable/stat_sys_wifi_signal_3_fully combinedActivityIconId=0x7f0200b5 mAirplaneMode=false mDataActivity=0 mPhoneSignalIconId=0x7f0200a1 mDataDirectionIconId=0x0 mDataSignalIconId=0x7f0200a1 mDataTypeIconId=0x0 mNoSimIconId=0x0 mWifiIconId=0x7f0200bd mBluetoothTetherIconId=0x108053d
D/StatusBar.NetworkController(  481): changing data overlay icon id to 2130837685
I/ONCRPC  (  167): Setup RPC Call for task 40080270
I/ONCRPC  (  167): oncrpc_xdr_call_msg_start: Prog: 3000006b, Ver: 00010001, Proc: 00000002
I/ONCRPC  (  167): xdr_std_msg_send_call: Sent Xid: 28, Prog: 3000006b, Ver: 00010001, Proc: 00000002
I/ONCRPC  (  167): xdr_std_msg_send_call: Received Reply Xid: 28, Prog: 3000006b, Ver: 00010001, Proc: 00000002
D/PowerManagerService(  365): setPowerState from userActivity! 
D/PowerManagerService(  365): setPowerState: mPowerState=0x3 newState=0x3 noChangeLights=false reason=2
D/PowerManagerService(  365): setPowerState from userActivity! 
D/PowerManagerService(  365): setPowerState: mPowerState=0x3 newState=0x3 noChangeLights=false reason=2
D/PowerManagerService(  365): setPowerState from userActivity! 
D/PowerManagerService(  365): setPowerState: mPowerState=0x3 newState=0x3 noChangeLights=false reason=2
D/StatusBar.NetworkController(  481): refreshViews connected={ wifi } level=?? combinedSignalIconId=0x7f0200bd/com.android.systemui:drawable/stat_sys_wifi_signal_3_fully combinedActivityIconId=0x0 mAirplaneMode=false mDataActivity=0 mPhoneSignalIconId=0x7f0200a1 mDataDirectionIconId=0x0 mDataSignalIconId=0x7f0200a1 mDataTypeIconId=0x0 mNoSimIconId=0x0 mWifiIconId=0x7f0200bd mBluetoothTetherIconId=0x108053d
D/StatusBar.NetworkController(  481): changing data overlay icon id to 0
D/PowerManagerService(  365): setPowerState from userActivity! 
D/PowerManagerService(  365): setPowerState: mPowerState=0x3 newState=0x3 noChangeLights=false reason=2
I/CNE_DEBUG(  365): CNE received action RSSI Changed events: android.net.wifi.RSSI_CHANGED
D/StatusBar.NetworkController(  481): refreshViews connected={ wifi } level=?? combinedSignalIconId=0x7f0200bb/com.android.systemui:drawable/stat_sys_wifi_signal_2_fully combinedActivityIconId=0x0 mAirplaneMode=false mDataActivity=0 mPhoneSignalIconId=0x7f0200a1 mDataDirectionIconId=0x0 mDataSignalIconId=0x7f0200a1 mDataTypeIconId=0x0 mNoSimIconId=0x0 mWifiIconId=0x7f0200bb mBluetoothTetherIconId=0x108053d
I/CNE     (  365): CNE received action RSSI Changed events - networkState: CONNECTED ssid= MTS-ROUTER rssi=-82 ipV4Addr=192.168.0.178 timeStamp:2013-11-19 18:05:17.027 networkState: CONNECTED
I/CNE_DEBUG(  365): UpdateWlanStatus type=21 state=1 softApState=11 rssi=-82 ssid=MTS-ROUTER ipAddr=192.168.0.178 iface=wlan0 timeStamp=2013-11-19 18:05:17.027
D/PowerManagerService(  365): setPowerState from userActivity! 
D/PowerManagerService(  365): setPowerState: mPowerState=0x3 newState=0x3 noChangeLights=false reason=2
D/PowerManagerService(  365): setPowerState from userActivity! 
D/PowerManagerService(  365): setPowerState: mPowerState=0x3 newState=0x3 noChangeLights=false reason=2
I/ONCRPC  (  167): Setup RPC Call for task 40080270
I/ONCRPC  (  167): oncrpc_xdr_call_msg_start: Prog: 3000006b, Ver: 00010001, Proc: 00000002
I/ONCRPC  (  167): xdr_std_msg_send_call: Sent Xid: 29, Prog: 3000006b, Ver: 00010001, Proc: 00000002
I/ONCRPC  (  167): xdr_std_msg_send_call: Received Reply Xid: 29, Prog: 3000006b, Ver: 00010001, Proc: 00000002
D/PowerManagerService(  365): setPowerState from userActivity! 
D/PowerManagerService(  365): setPowerState: mPowerState=0x3 newState=0x3 noChangeLights=false reason=2
I/CNE_DEBUG(  365): CNE received action RSSI Changed events: android.net.wifi.RSSI_CHANGED
D/StatusBar.NetworkController(  481): refreshViews connected={ wifi } level=?? combinedSignalIconId=0x7f0200b9/com.android.systemui:drawable/stat_sys_wifi_signal_1_fully combinedActivityIconId=0x0 mAirplaneMode=false mDataActivity=0 mPhoneSignalIconId=0x7f0200a1 mDataDirectionIconId=0x0 mDataSignalIconId=0x7f0200a1 mDataTypeIconId=0x0 mNoSimIconId=0x0 mWifiIconId=0x7f0200b9 mBluetoothTetherIconId=0x108053d
I/CNE     (  365): CNE received action RSSI Changed events - networkState: CONNECTED ssid= MTS-ROUTER rssi=-87 ipV4Addr=192.168.0.178 timeStamp:2013-11-19 18:05:19.917 networkState: CONNECTED
I/CNE_DEBUG(  365): UpdateWlanStatus type=21 state=1 softApState=11 rssi=-87 ssid=MTS-ROUTER ipAddr=192.168.0.178 iface=wlan0 timeStamp=2013-11-19 18:05:19.917
D/PowerManagerService(  365): setPowerState from userActivity! 
D/PowerManagerService(  365): setPowerState: mPowerState=0x3 newState=0x3 noChangeLights=false reason=2
D/PowerManagerService(  365): setPowerState from userActivity! 
D/PowerManagerService(  365): setPowerState: mPowerState=0x3 newState=0x3 noChangeLights=false reason=2
I/CNE_DEBUG(  365): CNE received action RSSI Changed events: android.net.wifi.RSSI_CHANGED
D/StatusBar.NetworkController(  481): refreshViews connected={ wifi } level=?? combinedSignalIconId=0x7f0200bd/com.android.systemui:drawable/stat_sys_wifi_signal_3_fully combinedActivityIconId=0x0 mAirplaneMode=false mDataActivity=0 mPhoneSignalIconId=0x7f0200a1 mDataDirectionIconId=0x0 mDataSignalIconId=0x7f0200a1 mDataTypeIconId=0x0 mNoSimIconId=0x0 mWifiIconId=0x7f0200bd mBluetoothTetherIconId=0x108053d
I/CNE     (  365): CNE received action RSSI Changed events - networkState: CONNECTED ssid= MTS-ROUTER rssi=-78 ipV4Addr=192.168.0.178 timeStamp:2013-11-19 18:05:22.936 networkState: CONNECTED
I/CNE_DEBUG(  365): UpdateWlanStatus type=21 state=1 softApState=11 rssi=-78 ssid=MTS-ROUTER ipAddr=192.168.0.178 iface=wlan0 timeStamp=2013-11-19 18:05:22.936
D/PowerManagerService(  365): setPowerState from userActivity! 
D/PowerManagerService(  365): setPowerState: mPowerState=0x3 newState=0x3 noChangeLights=false reason=2
D/StatusBar.NetworkController(  481): refreshViews connected={ wifi } level=?? combinedSignalIconId=0x7f0200bd/com.android.systemui:drawable/stat_sys_wifi_signal_3_fully combinedActivityIconId=0x7f0200b5 mAirplaneMode=false mDataActivity=0 mPhoneSignalIconId=0x7f0200a1 mDataDirectionIconId=0x0 mDataSignalIconId=0x7f0200a1 mDataTypeIconId=0x0 mNoSimIconId=0x0 mWifiIconId=0x7f0200bd mBluetoothTetherIconId=0x108053d
D/StatusBar.NetworkController(  481): changing data overlay icon id to 2130837685
D/PowerManagerService(  365): setPowerState from userActivity! 
D/PowerManagerService(  365): setPowerState: mPowerState=0x3 newState=0x3 noChangeLights=false reason=2
D/StatusBar.NetworkController(  481): refreshViews connected={ wifi } level=?? combinedSignalIconId=0x7f0200bd/com.android.systemui:drawable/stat_sys_wifi_signal_3_fully combinedActivityIconId=0x7f0200b4 mAirplaneMode=false mDataActivity=0 mPhoneSignalIconId=0x7f0200a1 mDataDirectionIconId=0x0 mDataSignalIconId=0x7f0200a1 mDataTypeIconId=0x0 mNoSimIconId=0x0 mWifiIconId=0x7f0200bd mBluetoothTetherIconId=0x108053d
D/StatusBar.NetworkController(  481): changing data overlay icon id to 2130837684
D/PowerManagerService(  365): setPowerState from userActivity! 
D/PowerManagerService(  365): setPowerState: mPowerState=0x3 newState=0x3 noChangeLights=false reason=2
D/PowerManagerService(  365): setPowerState from userActivity! 
D/PowerManagerService(  365): setPowerState: mPowerState=0x3 newState=0x3 noChangeLights=false reason=2
D/StatusBar.NetworkController(  481): refreshViews connected={ wifi } level=?? combinedSignalIconId=0x7f0200bd/com.android.systemui:drawable/stat_sys_wifi_signal_3_fully combinedActivityIconId=0x0 mAirplaneMode=false mDataActivity=0 mPhoneSignalIconId=0x7f0200a1 mDataDirectionIconId=0x0 mDataSignalIconId=0x7f0200a1 mDataTypeIconId=0x0 mNoSimIconId=0x0 mWifiIconId=0x7f0200bd mBluetoothTetherIconId=0x108053d
D/StatusBar.NetworkController(  481): changing data overlay icon id to 0
I/PowerManagerService(  365): received action:android.intent.action.BATTERY_CHANGED
I/CNE_DEBUG(  365): CNE received action: android.intent.action.BATTERY_CHANGED
I/CNE_DEBUG(  365): UpdateBatteryStatus status=3 pluginType=0 level=50
I/LowBatteryShowDialogPolicy( 1306): show dialog  ACTION_BATTERY_CHANGED
D/PowerManagerService(  365): setPowerState from userActivity! 
D/PowerManagerService(  365): setPowerState: mPowerState=0x3 newState=0x3 noChangeLights=false reason=2
D/PowerManagerService(  365): setPowerState from userActivity! 
D/PowerManagerService(  365): setPowerState: mPowerState=0x3 newState=0x3 noChangeLights=false reason=2
I/ONCRPC  (  167): Setup RPC Call for task 40080270
I/ONCRPC  (  167): oncrpc_xdr_call_msg_start: Prog: 3000006b, Ver: 00010001, Proc: 00000002
I/ONCRPC  (  167): xdr_std_msg_send_call: Sent Xid: 2a, Prog: 3000006b, Ver: 00010001, Proc: 00000002
I/ONCRPC  (  167): xdr_std_msg_send_call: Received Reply Xid: 2a, Prog: 3000006b, Ver: 00010001, Proc: 00000002
D/PowerManagerService(  365): setPowerState from userActivity! 
D/PowerManagerService(  365): setPowerState: mPowerState=0x3 newState=0x3 noChangeLights=false reason=2
D/PowerManagerService(  365): setPowerState from userActivity! 
D/PowerManagerService(  365): setPowerState: mPowerState=0x3 newState=0x3 noChangeLights=false reason=2
D/PowerManagerService(  365): setPowerState from userActivity! 
D/PowerManagerService(  365): setPowerState: mPowerState=0x3 newState=0x3 noChangeLights=false reason=2
D/PowerManagerService(  365): setPowerState from userActivity! 
D/PowerManagerService(  365): setPowerState: mPowerState=0x3 newState=0x3 noChangeLights=false reason=2
V/webview ( 2242): hitTestResult use fallback
W/Controller( 2242): We should not show context menu when nothing is touched
E/        ( 2242): glEndTilingQCOM: 0x502
E/        ( 2242): glEndTilingQCOM: 0x502
E/        ( 2242): glEndTilingQCOM: 0x502
E/        ( 2242): glEndTilingQCOM: 0x502
E/        ( 2242): glEndTilingQCOM: 0x502
D/PowerManagerService(  365): setPowerState from userActivity! 
D/PowerManagerService(  365): setPowerState: mPowerState=0x3 newState=0x3 noChangeLights=false reason=2
E/        ( 2242): glEndTilingQCOM: 0x502
E/        ( 2242): glEndTilingQCOM: 0x502
D/PowerManagerService(  365): setPowerState from userActivity! 
D/PowerManagerService(  365): setPowerState: mPowerState=0x3 newState=0x3 noChangeLights=false reason=2
D/PowerManagerService(  365): setPowerState from userActivity! 
D/PowerManagerService(  365): setPowerState: mPowerState=0x3 newState=0x3 noChangeLights=false reason=2
D/PowerManagerService(  365): setPowerState from userActivity! 
D/PowerManagerService(  365): setPowerState: mPowerState=0x3 newState=0x3 noChangeLights=false reason=2
E/        ( 2242): glEndTilingQCOM: 0x502
E/        ( 2242): glEndTilingQCOM: 0x502
E/        ( 2242): glEndTilingQCOM: 0x502
E/        ( 2242): glEndTilingQCOM: 0x502
E/        ( 2242): glEndTilingQCOM: 0x502
D/PowerManagerService(  365): setPowerState from userActivity! 
D/PowerManagerService(  365): setPowerState: mPowerState=0x3 newState=0x3 noChangeLights=false reason=2
D/PowerManagerService(  365): setPowerState from userActivity! 
D/PowerManagerService(  365): setPowerState: mPowerState=0x3 newState=0x3 noChangeLights=false reason=2
V/webview ( 2242): hitTestResult use fallback
W/Controller( 2242): We should not show context menu when nothing is touched
D/PowerManagerService(  365): setPowerState from userActivity! 
D/PowerManagerService(  365): setPowerState: mPowerState=0x3 newState=0x3 noChangeLights=false reason=2
E/        ( 2242): glEndTilingQCOM: 0x502
E/        ( 2242): glEndTilingQCOM: 0x502
E/        ( 2242): glEndTilingQCOM: 0x502
E/        ( 2242): glEndTilingQCOM: 0x502
E/        ( 2242): glEndTilingQCOM: 0x502
E/        ( 2242): glEndTilingQCOM: 0x502
D/PowerManagerService(  365): setPowerState from userActivity! 
D/PowerManagerService(  365): setPowerState: mPowerState=0x3 newState=0x3 noChangeLights=false reason=2
I/ONCRPC  (  167): Setup RPC Call for task 40080270
I/ONCRPC  (  167): oncrpc_xdr_call_msg_start: Prog: 3000006b, Ver: 00010001, Proc: 00000002
I/ONCRPC  (  167): xdr_std_msg_send_call: Sent Xid: 2b, Prog: 3000006b, Ver: 00010001, Proc: 00000002
I/ONCRPC  (  167): xdr_std_msg_send_call: Received Reply Xid: 2b, Prog: 3000006b, Ver: 00010001, Proc: 00000002
D/PowerManagerService(  365): setPowerState from userActivity! 
D/PowerManagerService(  365): setPowerState: mPowerState=0x3 newState=0x3 noChangeLights=false reason=2
D/IccCardPlugPolicy( 1306): radioDetectThread start
D/IccCardPlugPolicy( 1306): telephone status : CALL_STATE_IDLE
D/IccCardPlugPolicy( 1306): sim state is off hwVersion : U
D/IccCardPlugPolicy( 1306): send offline
D/PhoneApp(  623): mReceiver: ACTION_PHONE_RADIO_OFFLINE
D/PowerManagerService(  365): setPowerState from userActivity! 
D/PowerManagerService(  365): setPowerState: mPowerState=0x3 newState=0x3 noChangeLights=false reason=2
D/PowerManagerService(  365): setPowerState from userActivity! 
D/PowerManagerService(  365): setPowerState: mPowerState=0x3 newState=0x3 noChangeLights=false reason=2
D/PowerManagerService(  365): setPowerState from userActivity! 
D/PowerManagerService(  365): setPowerState: mPowerState=0x3 newState=0x3 noChangeLights=false reason=2
D/PowerManagerService(  365): setPowerState from userActivity! 
D/PowerManagerService(  365): setPowerState: mPowerState=0x3 newState=0x3 noChangeLights=false reason=2
D/PowerManagerService(  365): setPowerState from userActivity! 
D/PowerManagerService(  365): setPowerState: mPowerState=0x3 newState=0x3 noChangeLights=false reason=2
I/CNE_DEBUG(  365): CNE received action RSSI Changed events: android.net.wifi.RSSI_CHANGED
D/StatusBar.NetworkController(  481): refreshViews connected={ wifi } level=?? combinedSignalIconId=0x7f0200bb/com.android.systemui:drawable/stat_sys_wifi_signal_2_fully combinedActivityIconId=0x0 mAirplaneMode=false mDataActivity=0 mPhoneSignalIconId=0x7f0200a1 mDataDirectionIconId=0x0 mDataSignalIconId=0x7f0200a1 mDataTypeIconId=0x0 mNoSimIconId=0x0 mWifiIconId=0x7f0200bb mBluetoothTetherIconId=0x108053d
I/CNE     (  365): CNE received action RSSI Changed events - networkState: CONNECTED ssid= MTS-ROUTER rssi=-81 ipV4Addr=192.168.0.178 timeStamp:2013-11-19 18:05:44.058 networkState: CONNECTED
I/CNE_DEBUG(  365): UpdateWlanStatus type=21 state=1 softApState=11 rssi=-81 ssid=MTS-ROUTER ipAddr=192.168.0.178 iface=wlan0 timeStamp=2013-11-19 18:05:44.058
D/CarCam  ( 1627): ru.pccar.CarCamService$4:ACTION_USB_DEVICE_ATTACHED
D/CarCam  ( 1627): VIDIOC_DQBUF error 19, No such device
D/CarCam  ( 1627): ru.pccar.CarCamService$CarCamRepeat:WTF, no input signall
D/CarCam  ( 1627): stop capturing and close device
D/CarCam  ( 1627): VIDIOC_STREAMOFF error 19, No such device
D/CarCam  ( 1627): ru.pccar.CarCamService$CarCamRepeat:end repeating, camera not exist
D/StatusBar.NetworkController(  481): refreshViews connected={ wifi } level=?? combinedSignalIconId=0x7f0200bb/com.android.systemui:drawable/stat_sys_wifi_signal_2_fully combinedActivityIconId=0x7f0200b4 mAirplaneMode=false mDataActivity=0 mPhoneSignalIconId=0x7f0200a1 mDataDirectionIconId=0x0 mDataSignalIconId=0x7f0200a1 mDataTypeIconId=0x0 mNoSimIconId=0x0 mWifiIconId=0x7f0200bb mBluetoothTetherIconId=0x108053d
D/StatusBar.NetworkController(  481): changing data overlay icon id to 2130837684
D/PowerManagerService(  365): setPowerState from userActivity! 
D/PowerManagerService(  365): setPowerState: mPowerState=0x3 newState=0x3 noChangeLights=false reason=2
D/PowerManagerService(  365): setPowerState from userActivity! 
D/PowerManagerService(  365): setPowerState: mPowerState=0x3 newState=0x3 noChangeLights=false reason=2
D/StatusBar.NetworkController(  481): refreshViews connected={ wifi } level=?? combinedSignalIconId=0x7f0200bb/com.android.systemui:drawable/stat_sys_wifi_signal_2_fully combinedActivityIconId=0x0 mAirplaneMode=false mDataActivity=0 mPhoneSignalIconId=0x7f0200a1 mDataDirectionIconId=0x0 mDataSignalIconId=0x7f0200a1 mDataTypeIconId=0x0 mNoSimIconId=0x0 mWifiIconId=0x7f0200bb mBluetoothTetherIconId=0x108053d
D/StatusBar.NetworkController(  481): changing data overlay icon id to 0
D/PowerManagerService(  365): setPowerState from userActivity! 
D/PowerManagerService(  365): setPowerState: mPowerState=0x3 newState=0x3 noChangeLights=false reason=2
W/webview ( 2242): Miss a drag as we are waiting for WebCore's response for touch down.
I/CNE_DEBUG(  365): CNE received action RSSI Changed events: android.net.wifi.RSSI_CHANGED
D/StatusBar.NetworkController(  481): refreshViews connected={ wifi } level=?? combinedSignalIconId=0x7f0200bd/com.android.systemui:drawable/stat_sys_wifi_signal_3_fully combinedActivityIconId=0x0 mAirplaneMode=false mDataActivity=0 mPhoneSignalIconId=0x7f0200a1 mDataDirectionIconId=0x0 mDataSignalIconId=0x7f0200a1 mDataTypeIconId=0x0 mNoSimIconId=0x0 mWifiIconId=0x7f0200bd mBluetoothTetherIconId=0x108053d
I/CNE     (  365): CNE received action RSSI Changed events - networkState: CONNECTED ssid= MTS-ROUTER rssi=-76 ipV4Addr=192.168.0.178 timeStamp:2013-11-19 18:05:47.32 networkState: CONNECTED
I/CNE_DEBUG(  365): UpdateWlanStatus type=21 state=1 softApState=11 rssi=-76 ssid=MTS-ROUTER ipAddr=192.168.0.178 iface=wlan0 timeStamp=2013-11-19 18:05:47.32
D/PowerManagerService(  365): setPowerState from userActivity! 
D/PowerManagerService(  365): setPowerState: mPowerState=0x3 newState=0x3 noChangeLights=false reason=2
I/ONCRPC  (  167): Setup RPC Call for task 40080270
I/ONCRPC  (  167): oncrpc_xdr_call_msg_start: Prog: 3000006b, Ver: 00010001, Proc: 00000002
I/ONCRPC  (  167): xdr_std_msg_send_call: Sent Xid: 2c, Prog: 3000006b, Ver: 00010001, Proc: 00000002
I/ONCRPC  (  167): xdr_std_msg_send_call: Received Reply Xid: 2c, Prog: 3000006b, Ver: 00010001, Proc: 00000002
D/PowerManagerService(  365): setPowerState from acquireWakeLockLocked! 
D/PowerManagerService(  365): setPowerState: mPowerState=0x3 newState=0x3 noChangeLights=false reason=3
D/memalloc(  154): /dev/pmem: Allocated buffer base:0x434ff000 size:73728 offset:32292864 fd:38
D/memalloc( 2242): /dev/pmem: Mapped buffer base:0x640ab000 size:32366592 offset:32292864 fd:133
I/Adreno200-EGLSUB(  154): <CreateImage:893>: Android Image
I/Adreno200-EGLSUB(  154): <GetImageAttributes:1102>: RGBA_8888
E/        ( 2242): glEndTilingQCOM: 0x502
E/        ( 2242): glEndTilingQCOM: 0x502
E/        ( 2242): glEndTilingQCOM: 0x502
E/        ( 2242): glEndTilingQCOM: 0x502
E/        ( 2242): glEndTilingQCOM: 0x502
I/CNE_DEBUG(  365): CNE received action RSSI Changed events: android.net.wifi.RSSI_CHANGED
D/StatusBar.NetworkController(  481): refreshViews connected={ wifi } level=?? combinedSignalIconId=0x7f0200bb/com.android.systemui:drawable/stat_sys_wifi_signal_2_fully combinedActivityIconId=0x0 mAirplaneMode=false mDataActivity=0 mPhoneSignalIconId=0x7f0200a1 mDataDirectionIconId=0x0 mDataSignalIconId=0x7f0200a1 mDataTypeIconId=0x0 mNoSimIconId=0x0 mWifiIconId=0x7f0200bb mBluetoothTetherIconId=0x108053d
I/CNE     (  365): CNE received action RSSI Changed events - networkState: CONNECTED ssid= MTS-ROUTER rssi=-81 ipV4Addr=192.168.0.178 timeStamp:2013-11-19 18:05:50.099 networkState: CONNECTED
I/CNE_DEBUG(  365): UpdateWlanStatus type=21 state=1 softApState=11 rssi=-81 ssid=MTS-ROUTER ipAddr=192.168.0.178 iface=wlan0 timeStamp=2013-11-19 18:05:50.099
D/memalloc( 2242): /dev/pmem: Unmapping buffer base:0x640ab000 size:32366592 offset:32292864
D/memalloc(  154): /dev/pmem: Freeing buffer base:0x453cb000 size:73728 offset:32292864 fd:38
D/PowerManagerService(  365): setPowerState from userActivity! 
D/PowerManagerService(  365): setPowerState: mPowerState=0x3 newState=0x3 noChangeLights=false reason=2
D/PowerManagerService(  365): setPowerState from acquireWakeLockLocked! 
D/PowerManagerService(  365): setPowerState: mPowerState=0x3 newState=0x3 noChangeLights=false reason=3
D/PowerManagerService(  365): setPowerState from userActivity! 
D/PowerManagerService(  365): setPowerState: mPowerState=0x3 newState=0x3 noChangeLights=false reason=2
E/WMS.preprocess(  365): mFlags =25231616
W/WindowManager(  365): statePower =normal
D/PowerManagerService(  365): setPowerState from userActivity! 
D/PowerManagerService(  365): setPowerState: mPowerState=0x3 newState=0x3 noChangeLights=false reason=2
E/WMS.preprocess(  365): mFlags =25231616
W/WindowManager(  365): statePower =normal
I/ActivityManager(  365): START {act=android.intent.action.MAIN cat=[android.intent.category.HOME] flg=0x10200000 cmp=com.android.launcher/com.android.launcher2.Launcher} from pid 365
D/WebViewTimersControl( 2242): onBrowserActivityPause
D/WebViewTimersControl( 2242): Pausing webview timers, view=com.android.browser.BrowserWebView@42389f18
I/WindowManager(  365): SCREENLAYOUT_SIZE (1:small, 2:normal, 3:large, 4:xlarge) 4
I/Adreno200-EGLSUB(  610): <ConfigWindowMatch:2078>: Format RGBA_8888.
D/memalloc(  154): /dev/pmem: Allocated buffer base:0x434ff000 size:3932160 offset:0 fd:38
D/memalloc(  610): /dev/pmem: Mapped buffer base:0x5d787000 size:3932160 offset:0 fd:46
D/memalloc(  154): /dev/pmem: Allocated buffer base:0x434ff000 size:3932160 offset:28344320 fd:48
D/memalloc(  610): /dev/pmem: Mapped buffer base:0x5ee87000 size:32276480 offset:28344320 fd:49
D/StatusBar.NetworkController(  481): refreshViews connected={ wifi } level=?? combinedSignalIconId=0x7f0200bb/com.android.systemui:drawable/stat_sys_wifi_signal_2_fully combinedActivityIconId=0x7f0200b6 mAirplaneMode=false mDataActivity=0 mPhoneSignalIconId=0x7f0200a1 mDataDirectionIconId=0x0 mDataSignalIconId=0x7f0200a1 mDataTypeIconId=0x0 mNoSimIconId=0x0 mWifiIconId=0x7f0200bb mBluetoothTetherIconId=0x108053d
D/StatusBar.NetworkController(  481): changing data overlay icon id to 2130837686
I/Adreno200-EGLSUB(  154): <CreateImage:893>: Android Image
I/Adreno200-EGLSUB(  154): <GetImageAttributes:1102>: RGBA_8888
D/memalloc( 2242): /dev/pmem: Unmapping buffer base:0x6681d000 size:7864320 offset:3932160
D/memalloc( 2242): /dev/pmem: Unmapping buffer base:0x67003000 size:11796480 offset:7864320
D/memalloc( 2242): /dev/pmem: Unmapping buffer base:0x67b43000 size:40468480 offset:36536320
D/memalloc(  154): /dev/pmem: Freeing buffer base:0x43c7f000 size:3932160 offset:7864320 fd:65
D/memalloc(  154): /dev/pmem: Freeing buffer base:0x457d7000 size:3932160 offset:36536320 fd:68
D/Settings(  594): getAllInstallLangId().length10
W/InputManagerService(  365): Starting input on non-focused client com.android.internal.view.IInputMethodClient$Stub$Proxy@42a96540 (uid=10036 pid=2242)
I/ActivityManager(  365): No longer want ru.ivi.client (pid 1840): hidden #16
D/memalloc(  154): /dev/pmem: Freeing buffer base:0x438bf000 size:3932160 offset:3932160 fd:62
D/StatusBar.NetworkController(  481): refreshViews connected={ wifi } level=?? combinedSignalIconId=0x7f0200bb/com.android.systemui:drawable/stat_sys_wifi_signal_2_fully combinedActivityIconId=0x7f0200b5 mAirplaneMode=false mDataActivity=0 mPhoneSignalIconId=0x7f0200a1 mDataDirectionIconId=0x0 mDataSignalIconId=0x7f0200a1 mDataTypeIconId=0x0 mNoSimIconId=0x0 mWifiIconId=0x7f0200bb mBluetoothTetherIconId=0x108053d
D/StatusBar.NetworkController(  481): changing data overlay icon id to 2130837685
D/StatusBar.NetworkController(  481): refreshViews connected={ wifi } level=?? combinedSignalIconId=0x7f0200bb/com.android.systemui:drawable/stat_sys_wifi_signal_2_fully combinedActivityIconId=0x0 mAirplaneMode=false mDataActivity=0 mPhoneSignalIconId=0x7f0200a1 mDataDirectionIconId=0x0 mDataSignalIconId=0x7f0200a1 mDataTypeIconId=0x0 mNoSimIconId=0x0 mWifiIconId=0x7f0200bb mBluetoothTetherIconId=0x108053d
D/StatusBar.NetworkController(  481): changing data overlay icon id to 0
D/PowerManagerService(  365): setPowerState from userActivity! 
D/PowerManagerService(  365): setPowerState: mPowerState=0x3 newState=0x3 noChangeLights=false reason=2
D/memalloc(  154): /dev/pmem: Allocated buffer base:0x434ff000 size:3932160 offset:20332544 fd:51
D/memalloc(  610): /dev/pmem: Mapped buffer base:0x60d4f000 size:24264704 offset:20332544 fd:71
I/ActivityManager(  365): START {act=android.intent.action.MAIN cat=[android.intent.category.LAUNCHER] flg=0x10000000 pkg=jackpal.androidterm cmp=jackpal.androidterm/.Term bnds=[152,444][246,540]} from pid 610
D/memalloc(  154): /dev/pmem: Allocated buffer base:0x434ff000 size:3932160 offset:3932160 fd:62
D/memalloc(  365): /dev/pmem: Mapped buffer base:0x6681b000 size:7864320 offset:3932160 fd:300
I/Adreno200-EGLSUB(  154): <CreateImage:893>: Android Image
I/Adreno200-EGLSUB(  154): <GetImageAttributes:1102>: RGBA_8888
I/Adreno200-EGLSUB(  154): <CreateImage:893>: Android Image
I/Adreno200-EGLSUB(  154): <GetImageAttributes:1158>: RGBX_8888
I/ActivityManager(  365): Start proc jackpal.androidterm for activity jackpal.androidterm/.Term: pid=2678 uid=10110 gids={3003, 1015}
I/WindowManager(  365): SCREENLAYOUT_SIZE (1:small, 2:normal, 3:large, 4:xlarge) 4
I/CNE_DEBUG(  365): CNE received action RSSI Changed events: android.net.wifi.RSSI_CHANGED
D/StatusBar.NetworkController(  481): refreshViews connected={ wifi } level=?? combinedSignalIconId=0x7f0200bd/com.android.systemui:drawable/stat_sys_wifi_signal_3_fully combinedActivityIconId=0x0 mAirplaneMode=false mDataActivity=0 mPhoneSignalIconId=0x7f0200a1 mDataDirectionIconId=0x0 mDataSignalIconId=0x7f0200a1 mDataTypeIconId=0x0 mNoSimIconId=0x0 mWifiIconId=0x7f0200bd mBluetoothTetherIconId=0x108053d
E/Term    ( 2678): onCreate
I/CNE     (  365): CNE received action RSSI Changed events - networkState: CONNECTED ssid= MTS-ROUTER rssi=-77 ipV4Addr=192.168.0.178 timeStamp:2013-11-19 18:05:56.319 networkState: CONNECTED
I/CNE_DEBUG(  365): UpdateWlanStatus type=21 state=1 softApState=11 rssi=-77 ssid=MTS-ROUTER ipAddr=192.168.0.178 iface=wlan0 timeStamp=2013-11-19 18:05:56.319
I/WindowManager(  365): SCREENLAYOUT_SIZE (1:small, 2:normal, 3:large, 4:xlarge) 4
I/WindowManager(  365): SCREENLAYOUT_SIZE (1:small, 2:normal, 3:large, 4:xlarge) 4
D/Term    ( 2678): TermService started
I/TermService( 2678): Activity called onBind()
I/Adreno200-EGLSUB(  154): <CreateImage:893>: Android Image
I/Adreno200-EGLSUB(  154): <GetImageAttributes:1102>: RGBA_8888
D/memalloc(  610): /dev/pmem: Unmapping buffer base:0x5d787000 size:3932160 offset:0
D/memalloc(  610): /dev/pmem: Unmapping buffer base:0x5ee87000 size:32276480 offset:28344320
D/memalloc(  610): /dev/pmem: Unmapping buffer base:0x60d4f000 size:24264704 offset:20332544
I/Term    ( 2678): Bound to TermService
I/TermService( 2678): Activity binding to service
D/memalloc(  154): /dev/pmem: Freeing buffer base:0x434ff000 size:3932160 offset:0 fd:38
D/memalloc(  154): /dev/pmem: Freeing buffer base:0x45007000 size:3932160 offset:28344320 fd:48
D/memalloc(  154): /dev/pmem: Allocated buffer base:0x434ff000 size:3932160 offset:0 fd:38
D/Settings(  594): getAllInstallLangId().length10
D/memalloc( 2678): /dev/pmem: Mapped buffer base:0x5c15e000 size:3932160 offset:0 fd:38
I/ActivityManager(  365): Displayed jackpal.androidterm/.Term: +560ms
I/Adreno200-EGLSUB(  154): <CreateImage:893>: Android Image
I/Adreno200-EGLSUB(  154): <GetImageAttributes:1158>: RGBX_8888
E/msm8660.hwcomposer(  154): DYN: switch to GPU (5898240 > 4096000)
E/msm8660.hwcomposer(  154): DYN: weight = 200, height=752, width=1280
E/msm8660.hwcomposer(  154): DYN: weight = 200, height=752, width=1280
E/msm8660.hwcomposer(  154): DYN: weight = 200, height=752, width=1280
E/msm8660.hwcomposer(  154): DYN: weight = 200, height=48, width=1280
D/memalloc(  365): /dev/pmem: Unmapping buffer base:0x6681b000 size:7864320 offset:3932160
E/msm8660.hwcomposer(  154): DYN: switch to C2D (2048000 > 4096000)
E/msm8660.hwcomposer(  154): DYN: weight = 200, height=752, width=1280
E/msm8660.hwcomposer(  154): DYN: weight = 200, height=48, width=1280
D/memalloc(  154): /dev/pmem: Freeing buffer base:0x44863000 size:3932160 offset:20332544 fd:51
D/memalloc(  154): /dev/pmem: Freeing buffer base:0x438bf000 size:3932160 offset:3932160 fd:62
I/libjackpal-androidterm( 2678): JNI_OnLoad
I/WindowManager(  365): SCREENLAYOUT_SIZE (1:small, 2:normal, 3:large, 4:xlarge) 4
I/Term    ( 2678): waiting for: 2695
D/memalloc(  154): /dev/pmem: Allocated buffer base:0x434ff000 size:3932160 offset:28344320 fd:48
D/memalloc( 2678): /dev/pmem: Mapped buffer base:0x5c94e000 size:32276480 offset:28344320 fd:49
I/Adreno200-EGLSUB(  154): <CreateImage:893>: Android Image
I/Adreno200-EGLSUB(  154): <GetImageAttributes:1158>: RGBX_8888
D/Settings(  594): getAllInstallLangId().length10
I/PowerManagerService(  365): received action:android.intent.action.BATTERY_CHANGED
I/CNE_DEBUG(  365): CNE received action: android.intent.action.BATTERY_CHANGED
I/CNE_DEBUG(  365): UpdateBatteryStatus status=3 pluginType=0 level=46
I/LowBatteryShowDialogPolicy( 1306): show dialog  ACTION_BATTERY_CHANGED
D/PowerManagerService(  365): setPowerState from userActivity! 
D/PowerManagerService(  365): setPowerState: mPowerState=0x3 newState=0x3 noChangeLights=false reason=2
I/ONCRPC  (  167): Setup RPC Call for task 40080270
I/ONCRPC  (  167): oncrpc_xdr_call_msg_start: Prog: 3000006b, Ver: 00010001, Proc: 00000002
I/ONCRPC  (  167): xdr_std_msg_send_call: Sent Xid: 2d, Prog: 3000006b, Ver: 00010001, Proc: 00000002
I/ONCRPC  (  167): xdr_std_msg_send_call: Received Reply Xid: 2d, Prog: 3000006b, Ver: 00010001, Proc: 00000002
D/PowerManagerService(  365): setPowerState from userActivity! 
D/PowerManagerService(  365): setPowerState: mPowerState=0x3 newState=0x3 noChangeLights=false reason=2
