D/StatusBar.NetworkController(  481): refreshViews connected={ wifi } level=?? combinedSignalIconId=0x7f0200bd/com.android.systemui:drawable/stat_sys_wifi_signal_3_fully combinedActivityIconId=0x7f0200b5 mAirplaneMode=false mDataActivity=0 mPhoneSignalIconId=0x7f0200a1 mDataDirectionIconId=0x0 mDataSignalIconId=0x7f0200a1 mDataTypeIconId=0x0 mNoSimIconId=0x0 mWifiIconId=0x7f0200bd mBluetoothTetherIconId=0x108053d
D/StatusBar.NetworkController(  481): changing data overlay icon id to 2130837685
D/memalloc(  154): /dev/pmem: Allocated buffer base:0x434ff000 size:3932160 offset:20332544 fd:65
D/memalloc( 2242): /dev/pmem: Mapped buffer base:0x63b4d000 size:24264704 offset:20332544 fd:132
I/Adreno200-EGLSUB(  154): <CreateImage:893>: Android Image
I/Adreno200-EGLSUB(  154): <GetImageAttributes:1102>: RGBA_8888
I/ActivityManager(  365): Displayed com.android.browser/.ComboViewActivity: +421ms
D/memalloc( 2242): /dev/pmem: Unmapping buffer base:0x5d532000 size:3932160 offset:0
D/memalloc( 2242): /dev/pmem: Unmapping buffer base:0x5e23e000 size:32276480 offset:28344320
D/memalloc( 2242): /dev/pmem: Unmapping buffer base:0x6061b000 size:11796480 offset:7864320
D/memalloc(  154): /dev/pmem: Freeing buffer base:0x434ff000 size:3932160 offset:0 fd:38
D/memalloc(  154): /dev/pmem: Freeing buffer base:0x45007000 size:3932160 offset:28344320 fd:48
D/memalloc(  154): /dev/pmem: Freeing buffer base:0x43c7f000 size:3932160 offset:7864320 fd:51
D/memalloc(  154): /dev/pmem: Allocated buffer base:0x434ff000 size:3932160 offset:0 fd:38
D/memalloc( 2242): /dev/pmem: Mapped buffer base:0x5e3c2000 size:3932160 offset:0 fd:75
I/Adreno200-EGLSUB(  154): <CreateImage:893>: Android Image
I/Adreno200-EGLSUB(  154): <GetImageAttributes:1102>: RGBA_8888
I/Adreno200-EGLSUB(  154): <CreateImage:893>: Android Image
I/Adreno200-EGLSUB(  154): <GetImageAttributes:1102>: RGBA_8888
D/StatusBar.NetworkController(  481): refreshViews connected={ wifi } level=?? combinedSignalIconId=0x7f0200bd/com.android.systemui:drawable/stat_sys_wifi_signal_3_fully combinedActivityIconId=0x0 mAirplaneMode=false mDataActivity=0 mPhoneSignalIconId=0x7f0200a1 mDataDirectionIconId=0x0 mDataSignalIconId=0x7f0200a1 mDataTypeIconId=0x0 mNoSimIconId=0x0 mWifiIconId=0x7f0200bd mBluetoothTetherIconId=0x108053d
D/StatusBar.NetworkController(  481): changing data overlay icon id to 0
D/BT_DUN  (  738): Ignoring event PLATFORM_EVENT_ERROR in EMB_DATA_CALL_IDLE 
D/BT_DUN  (  738): Moved to state(EMB_DATA_CALL_IDLE) 
D/Tethering(  365): interfaceLinkStateChanged wlan0, true
D/Tethering(  365): interfaceStatusChanged wlan0, true
D/NetdConnector(  365): RCV <- {600 Iface linkstate wlan0 up}
D/CNEJ    (  365): Swim RCCM received action: android.net.wifi.SCAN_RESULTS
D/CNEJ    (  365): sendWlanScanResultsEvent: scanResults size = 1
I/CNE_DEBUG(  365): CNE received action: android.net.wifi.SCAN_RESULTS
V/CNEJ    (  365): handleWlanScanResultsUpdate
V/CNEJ    (  365): AP No. 0Level -75
V/CNEJ    (  365): AP No. 0Frequency 2437
V/CNEJ    (  365): AP No. 0SSID MTS-ROUTER
V/CNEJ    (  365): AP No. 0BSSID 14:d6:4d:70:13:aa
V/CNEJ    (  365): supplicant daemon is running
D/GpsLocationProvider(  365): Gps MessageHandler. msg.what 7
E/LocSvc_eng(  365): E/int loc_eng_inject_location(loc_eng_data_s_type&, double, double, float): log_eng state error: instance not initialized
D/PowerManagerService(  365): setPowerState from userActivity! 
D/PowerManagerService(  365): setPowerState: mPowerState=0x3 newState=0x3 noChangeLights=false reason=2
D/StatusBar.NetworkController(  481): refreshViews connected={ wifi } level=?? combinedSignalIconId=0x7f0200bd/com.android.systemui:drawable/stat_sys_wifi_signal_3_fully combinedActivityIconId=0x7f0200b4 mAirplaneMode=false mDataActivity=0 mPhoneSignalIconId=0x7f0200a1 mDataDirectionIconId=0x0 mDataSignalIconId=0x7f0200a1 mDataTypeIconId=0x0 mNoSimIconId=0x0 mWifiIconId=0x7f0200bd mBluetoothTetherIconId=0x108053d
D/StatusBar.NetworkController(  481): changing data overlay icon id to 2130837684
D/Settings(  594): getAllInstallLangId().length10
D/StatusBar.NetworkController(  481): refreshViews connected={ wifi } level=?? combinedSignalIconId=0x7f0200bd/com.android.systemui:drawable/stat_sys_wifi_signal_3_fully combinedActivityIconId=0x0 mAirplaneMode=false mDataActivity=0 mPhoneSignalIconId=0x7f0200a1 mDataDirectionIconId=0x0 mDataSignalIconId=0x7f0200a1 mDataTypeIconId=0x0 mNoSimIconId=0x0 mWifiIconId=0x7f0200bd mBluetoothTetherIconId=0x108053d
D/StatusBar.NetworkController(  481): changing data overlay icon id to 0
I/ONCRPC  (  167): Setup RPC Call for task 40080270
I/ONCRPC  (  167): oncrpc_xdr_call_msg_start: Prog: 3000006b, Ver: 00010001, Proc: 00000002
I/ONCRPC  (  167): xdr_std_msg_send_call: Sent Xid: 1f, Prog: 3000006b, Ver: 00010001, Proc: 00000002
I/ONCRPC  (  167): xdr_std_msg_send_call: Received Reply Xid: 1f, Prog: 3000006b, Ver: 00010001, Proc: 00000002
D/PowerManagerService(  365): setPowerState from userActivity! 
D/PowerManagerService(  365): setPowerState: mPowerState=0x3 newState=0x3 noChangeLights=false reason=2
D/PowerManagerService(  365): setPowerState from userActivity! 
D/PowerManagerService(  365): setPowerState: mPowerState=0x3 newState=0x3 noChangeLights=false reason=2
D/PowerManagerService(  365): setPowerState from userActivity! 
D/PowerManagerService(  365): setPowerState: mPowerState=0x3 newState=0x3 noChangeLights=false reason=2
I/WindowManager(  365): SCREENLAYOUT_SIZE (1:small, 2:normal, 3:large, 4:xlarge) 4
D/WebViewTimersControl( 2242): onBrowserActivityResume
D/WebViewTimersControl( 2242): Resuming webview timers, view=com.android.browser.BrowserWebView@42057478
W/BaseUi  ( 2242): mMainView is already attached to wrapper in attachTabToContentView!
W/BaseUi  ( 2242): mContainer is already attached to content in attachTabToContentView!
D/androidNetworkLocationListeners(  718): Still have listener com.google.android.location.internal.client.NetworkLocationClient$1@41fa15f8
D/androidNetworkLocationListeners(  718): Still have listener com.google.android.location.internal.client.NetworkLocationClient$1@41fa15f8
E/wpa_supplicant(  644): Ongoing Scan action...
D/NetworkLocator(  718): null cell state delivered
D/NetworkLocator(  718): null cell state delivered
I/Adreno200-EGLSUB( 2242): <ConfigWindowMatch:2078>: Format RGBA_8888.
D/memalloc(  154): /dev/pmem: Allocated buffer base:0x434ff000 size:3932160 offset:28344320 fd:48
D/memalloc( 2242): /dev/pmem: Mapped buffer base:0x65271000 size:32276480 offset:28344320 fd:128
D/Settings(  594): getAllInstallLangId().length10
D/memalloc(  154): /dev/pmem: Allocated buffer base:0x434ff000 size:3932160 offset:7864320 fd:51
D/memalloc( 2242): /dev/pmem: Mapped buffer base:0x5f1b1000 size:11796480 offset:7864320 fd:137
I/Adreno200-EGLSUB(  154): <CreateImage:893>: Android Image
I/Adreno200-EGLSUB(  154): <GetImageAttributes:1102>: RGBA_8888
D/memalloc(  154): /dev/pmem: Allocated buffer base:0x434ff000 size:3932160 offset:36536320 fd:68
D/memalloc( 2242): /dev/pmem: Mapped buffer base:0x67139000 size:40468480 offset:36536320 fd:140
I/Adreno200-EGLSUB(  154): <CreateImage:893>: Android Image
I/Adreno200-EGLSUB(  154): <GetImageAttributes:1102>: RGBA_8888
D/memalloc( 2242): /dev/pmem: Unmapping buffer base:0x631cd000 size:7864320 offset:3932160
D/memalloc( 2242): /dev/pmem: Unmapping buffer base:0x63b4d000 size:24264704 offset:20332544
D/memalloc( 2242): /dev/pmem: Unmapping buffer base:0x5e3c2000 size:3932160 offset:0
D/memalloc(  154): /dev/pmem: Freeing buffer base:0x44863000 size:3932160 offset:20332544 fd:65
D/memalloc(  154): /dev/pmem: Freeing buffer base:0x434ff000 size:3932160 offset:0 fd:38
I/Adreno200-EGLSUB(  154): <CreateImage:893>: Android Image
I/Adreno200-EGLSUB(  154): <GetImageAttributes:1102>: RGBA_8888
D/memalloc(  154): /dev/pmem: Freeing buffer base:0x438bf000 size:3932160 offset:3932160 fd:62
D/StatusBar.NetworkController(  481): refreshViews connected={ wifi } level=?? combinedSignalIconId=0x7f0200bd/com.android.systemui:drawable/stat_sys_wifi_signal_3_fully combinedActivityIconId=0x7f0200b5 mAirplaneMode=false mDataActivity=0 mPhoneSignalIconId=0x7f0200a1 mDataDirectionIconId=0x0 mDataSignalIconId=0x7f0200a1 mDataTypeIconId=0x0 mNoSimIconId=0x0 mWifiIconId=0x7f0200bd mBluetoothTetherIconId=0x108053d
D/StatusBar.NetworkController(  481): changing data overlay icon id to 2130837685
D/BT_DUN  (  738): Ignoring event PLATFORM_EVENT_ERROR in EMB_DATA_CALL_IDLE 
D/BT_DUN  (  738): Moved to state(EMB_DATA_CALL_IDLE) 
D/Tethering(  365): interfaceLinkStateChanged wlan0, true
D/Tethering(  365): interfaceStatusChanged wlan0, true
D/CNEJ    (  365): Swim RCCM received action: android.net.wifi.SCAN_RESULTS
D/CNEJ    (  365): sendWlanScanResultsEvent: scanResults size = 1
I/CNE_DEBUG(  365): CNE received action: android.net.wifi.SCAN_RESULTS
V/CNEJ    (  365): handleWlanScanResultsUpdate
V/CNEJ    (  365): AP No. 0Level -74
V/CNEJ    (  365): AP No. 0Frequency 2437
V/CNEJ    (  365): AP No. 0SSID MTS-ROUTER
V/CNEJ    (  365): AP No. 0BSSID 14:d6:4d:70:13:aa
D/NetdConnector(  365): RCV <- {600 Iface linkstate wlan0 up}
V/CNEJ    (  365): supplicant daemon is running
D/GpsLocationProvider(  365): Gps MessageHandler. msg.what 7
E/LocSvc_eng(  365): E/int loc_eng_inject_location(loc_eng_data_s_type&, double, double, float): log_eng state error: instance not initialized
D/androidNetworkLocationListeners(  718): Still have listener com.google.android.location.internal.client.NetworkLocationClient$1@41fa15f8
D/PowerManagerService(  365): setPowerState from userActivity! 
D/PowerManagerService(  365): setPowerState: mPowerState=0x3 newState=0x3 noChangeLights=false reason=2
D/NetworkLocator(  718): null cell state delivered
D/WebSettings( 2242): mDataPath: /data/data/com.android.browser
D/Settings(  594): getAllInstallLangId().length10
W/webcore ( 2242): java.lang.Throwable: EventHub.removeMessages(int what = 107) is not supported before the WebViewCore is set up.
W/webcore ( 2242): 	at android.webkit.WebViewCore$EventHub.removeMessages(WebViewCore.java:1767)
W/webcore ( 2242): 	at android.webkit.WebViewCore$EventHub.access$8100(WebViewCore.java:1000)
W/webcore ( 2242): 	at android.webkit.WebViewCore.removeMessages(WebViewCore.java:1879)
W/webcore ( 2242): 	at android.webkit.WebView.sendOurVisibleRect(WebView.java:2990)
W/webcore ( 2242): 	at android.webkit.ZoomManager.setZoomScale(ZoomManager.java:593)
W/webcore ( 2242): 	at android.webkit.ZoomManager.access$1700(ZoomManager.java:49)
W/webcore ( 2242): 	at android.webkit.ZoomManager$PostScale.run(ZoomManager.java:984)
W/webcore ( 2242): 	at android.os.Handler.handleCallback(Handler.java:605)
W/webcore ( 2242): 	at android.os.Handler.dispatchMessage(Handler.java:92)
W/webcore ( 2242): 	at android.os.Looper.loop(Looper.java:137)
W/webcore ( 2242): 	at android.app.ActivityThread.main(ActivityThread.java:4424)
W/webcore ( 2242): 	at java.lang.reflect.Method.invokeNative(Native Method)
W/webcore ( 2242): 	at java.lang.reflect.Method.invoke(Method.java:511)
W/webcore ( 2242): 	at com.android.internal.os.ZygoteInit$MethodAndArgsCaller.run(ZygoteInit.java:787)
W/webcore ( 2242): 	at com.android.internal.os.ZygoteInit.main(ZygoteInit.java:554)
W/webcore ( 2242): 	at dalvik.system.NativeStart.main(Native Method)
I/browser ( 2242): Console: This browser is%s AJAX compatible http://www.mastercity.ru/clientscript/vbulletin-core.js?v=420:11
W/Tab     ( 2242): Failed to save back/forward list for http://www.google.ru/?gws_rd=cr&ei=D5JdUu_wB4jf4QS064DgAw
W/Tab     ( 2242): Failed to save back/forward list for http://www.google.ru/?gws_rd=cr&ei=D5JdUu_wB4jf4QS064DgAw
D/BT_DUN  (  738): Ignoring event PLATFORM_EVENT_ERROR in EMB_DATA_CALL_IDLE 
D/BT_DUN  (  738): Moved to state(EMB_DATA_CALL_IDLE) 
D/Tethering(  365): interfaceLinkStateChanged wlan0, true
D/Tethering(  365): interfaceStatusChanged wlan0, true
D/CNEJ    (  365): Swim RCCM received action: android.net.wifi.SCAN_RESULTS
D/CNEJ    (  365): sendWlanScanResultsEvent: scanResults size = 1
D/NetdConnector(  365): RCV <- {600 Iface linkstate wlan0 up}
V/CNEJ    (  365): handleWlanScanResultsUpdate
V/CNEJ    (  365): AP No. 0Level -72
V/CNEJ    (  365): AP No. 0Frequency 2437
V/CNEJ    (  365): AP No. 0SSID MTS-ROUTER
V/CNEJ    (  365): AP No. 0BSSID 14:d6:4d:70:13:aa
I/CNE_DEBUG(  365): CNE received action: android.net.wifi.SCAN_RESULTS
V/CNEJ    (  365): supplicant daemon is running
D/GpsLocationProvider(  365): Gps MessageHandler. msg.what 7
E/LocSvc_eng(  365): E/int loc_eng_inject_location(loc_eng_data_s_type&, double, double, float): log_eng state error: instance not initialized
D/PowerManagerService(  365): setPowerState from userActivity! 
D/PowerManagerService(  365): setPowerState: mPowerState=0x3 newState=0x3 noChangeLights=false reason=2
I/ActivityManager(  365): START {cmp=com.android.browser/.ComboViewActivity (has extras)} from pid 2242
I/WindowManager(  365): SCREENLAYOUT_SIZE (1:small, 2:normal, 3:large, 4:xlarge) 4
V/Modem Warmup( 2242): modem warmup system property is true
V/Modem Warmup( 2242): resolving 6KN98LS4W4.com
I/Adreno200-EGLSUB( 2242): <ConfigWindowMatch:2078>: Format RGBA_8888.
D/memalloc(  154): /dev/pmem: Allocated buffer base:0x434ff000 size:3932160 offset:20332544 fd:38
D/memalloc( 2242): /dev/pmem: Mapped buffer base:0x62e31000 size:24264704 offset:20332544 fd:163
D/Settings(  594): getAllInstallLangId().length10
D/memalloc(  154): /dev/pmem: Allocated buffer base:0x434ff000 size:3932160 offset:0 fd:62
D/memalloc( 2242): /dev/pmem: Mapped buffer base:0x5fcf1000 size:3932160 offset:0 fd:166
I/ActivityManager(  365): Displayed com.android.browser/.ComboViewActivity: +236ms
I/Adreno200-EGLSUB(  154): <CreateImage:893>: Android Image
I/Adreno200-EGLSUB(  154): <GetImageAttributes:1102>: RGBA_8888
D/Settings(  594): getAllInstallLangId().length10
D/memalloc(  154): /dev/pmem: Allocated buffer base:0x434ff000 size:3932160 offset:3932160 fd:65
D/memalloc( 2242): /dev/pmem: Mapped buffer base:0x6061b000 size:7864320 offset:3932160 fd:169
I/Adreno200-EGLSUB(  154): <CreateImage:893>: Android Image
I/Adreno200-EGLSUB(  154): <GetImageAttributes:1102>: RGBA_8888
D/memalloc( 2242): /dev/pmem: Unmapping buffer base:0x65271000 size:32276480 offset:28344320
D/memalloc( 2242): /dev/pmem: Unmapping buffer base:0x5f1b1000 size:11796480 offset:7864320
D/memalloc( 2242): /dev/pmem: Unmapping buffer base:0x67139000 size:40468480 offset:36536320
D/memalloc(  154): /dev/pmem: Freeing buffer base:0x43c7f000 size:3932160 offset:7864320 fd:51
D/memalloc(  154): /dev/pmem: Freeing buffer base:0x457d7000 size:3932160 offset:36536320 fd:68
V/Modem Warmup( 2242): get by name failed java.net.UnknownHostException: Unable to resolve host "6KN98LS4W4.com": No address associated with hostname
D/memalloc(  154): /dev/pmem: Freeing buffer base:0x45007000 size:3932160 offset:28344320 fd:48
I/ONCRPC  (  167): Setup RPC Call for task 40080270
I/ONCRPC  (  167): oncrpc_xdr_call_msg_start: Prog: 3000006b, Ver: 00010001, Proc: 00000002
I/ONCRPC  (  167): xdr_std_msg_send_call: Sent Xid: 20, Prog: 3000006b, Ver: 00010001, Proc: 00000002
I/ONCRPC  (  167): xdr_std_msg_send_call: Received Reply Xid: 20, Prog: 3000006b, Ver: 00010001, Proc: 00000002
I/Adreno200-EGLSUB(  154): <CreateImage:893>: Android Image
I/Adreno200-EGLSUB(  154): <GetImageAttributes:1102>: RGBA_8888
D/PowerManagerService(  365): setPowerState from userActivity! 
D/PowerManagerService(  365): setPowerState: mPowerState=0x3 newState=0x3 noChangeLights=false reason=2
D/Settings(  594): getAllInstallLangId().length10
D/StatusBar.NetworkController(  481): refreshViews connected={ wifi } level=?? combinedSignalIconId=0x7f0200bd/com.android.systemui:drawable/stat_sys_wifi_signal_3_fully combinedActivityIconId=0x0 mAirplaneMode=false mDataActivity=0 mPhoneSignalIconId=0x7f0200a1 mDataDirectionIconId=0x0 mDataSignalIconId=0x7f0200a1 mDataTypeIconId=0x0 mNoSimIconId=0x0 mWifiIconId=0x7f0200bd mBluetoothTetherIconId=0x108053d
D/StatusBar.NetworkController(  481): changing data overlay icon id to 0
D/StatusBar.NetworkController(  481): refreshViews connected={ wifi } level=?? combinedSignalIconId=0x7f0200bd/com.android.systemui:drawable/stat_sys_wifi_signal_3_fully combinedActivityIconId=0x7f0200b5 mAirplaneMode=false mDataActivity=0 mPhoneSignalIconId=0x7f0200a1 mDataDirectionIconId=0x0 mDataSignalIconId=0x7f0200a1 mDataTypeIconId=0x0 mNoSimIconId=0x0 mWifiIconId=0x7f0200bd mBluetoothTetherIconId=0x108053d
D/StatusBar.NetworkController(  481): changing data overlay icon id to 2130837685
D/PowerManagerService(  365): setPowerState from userActivity! 
D/PowerManagerService(  365): setPowerState: mPowerState=0x3 newState=0x3 noChangeLights=false reason=2
I/WindowManager(  365): SCREENLAYOUT_SIZE (1:small, 2:normal, 3:large, 4:xlarge) 4
D/WebViewTimersControl( 2242): onBrowserActivityResume
D/WebViewTimersControl( 2242): Resuming webview timers, view=com.android.browser.BrowserWebView@4240c4c0
W/BaseUi  ( 2242): mMainView is already attached to wrapper in attachTabToContentView!
W/BaseUi  ( 2242): mContainer is already attached to content in attachTabToContentView!
I/Adreno200-EGLSUB( 2242): <ConfigWindowMatch:2078>: Format RGBA_8888.
D/memalloc(  154): /dev/pmem: Allocated buffer base:0x434ff000 size:3932160 offset:28344320 fd:48
D/memalloc( 2242): /dev/pmem: Mapped buffer base:0x64555000 size:32276480 offset:28344320 fd:97
D/Settings(  594): getAllInstallLangId().length10
D/memalloc(  154): /dev/pmem: Allocated buffer base:0x434ff000 size:3932160 offset:7864320 fd:51
D/memalloc( 2242): /dev/pmem: Mapped buffer base:0x6641d000 size:11796480 offset:7864320 fd:126
I/Adreno200-EGLSUB(  154): <CreateImage:893>: Android Image
I/Adreno200-EGLSUB(  154): <GetImageAttributes:1102>: RGBA_8888
D/memalloc(  154): /dev/pmem: Allocated buffer base:0x434ff000 size:3932160 offset:36536320 fd:68
D/memalloc( 2242): /dev/pmem: Mapped buffer base:0x6703e000 size:40468480 offset:36536320 fd:139
I/Adreno200-EGLSUB(  154): <CreateImage:893>: Android Image
I/Adreno200-EGLSUB(  154): <GetImageAttributes:1102>: RGBA_8888
D/memalloc( 2242): /dev/pmem: Unmapping buffer base:0x62e31000 size:24264704 offset:20332544
D/memalloc( 2242): /dev/pmem: Unmapping buffer base:0x5fcf1000 size:3932160 offset:0
D/memalloc( 2242): /dev/pmem: Unmapping buffer base:0x6061b000 size:7864320 offset:3932160
D/memalloc(  154): /dev/pmem: Freeing buffer base:0x44863000 size:3932160 offset:20332544 fd:38
D/memalloc(  154): /dev/pmem: Freeing buffer base:0x434ff000 size:3932160 offset:0 fd:62
I/Adreno200-EGLSUB(  154): <CreateImage:893>: Android Image
I/Adreno200-EGLSUB(  154): <GetImageAttributes:1102>: RGBA_8888
D/memalloc(  154): /dev/pmem: Freeing buffer base:0x438bf000 size:3932160 offset:3932160 fd:65
I/PowerManagerService(  365): received action:android.intent.action.BATTERY_CHANGED
I/CNE_DEBUG(  365): CNE received action: android.intent.action.BATTERY_CHANGED
I/CNE_DEBUG(  365): UpdateBatteryStatus status=3 pluginType=0 level=53
I/LowBatteryShowDialogPolicy( 1306): show dialog  ACTION_BATTERY_CHANGED
D/androidNetworkLocationListeners(  718): Still have listener com.google.android.location.internal.client.NetworkLocationClient$1@41fa15f8
D/androidNetworkLocationListeners(  718): Still have listener com.google.android.location.internal.client.NetworkLocationClient$1@41fa15f8
E/wpa_supplicant(  644): Ongoing Scan action...
D/NetworkLocator(  718): null cell state delivered
D/NetworkLocator(  718): null cell state delivered
I/browser ( 2242): Console: Firing System Init http://www.mastercity.ru/clientscript/vbulletin-core.js?v=420:11
I/browser ( 2242): Console: Fire vB_XHTML_Ready http://www.mastercity.ru/clientscript/vbulletin-core.js?v=420:11
I/browser ( 2242): Console: Fetch Cookie :: %s (null) http://www.mastercity.ru/clientscript/vbulletin-core.js?v=420:11
D/BT_DUN  (  738): Ignoring event PLATFORM_EVENT_ERROR in EMB_DATA_CALL_IDLE 
D/BT_DUN  (  738): Moved to state(EMB_DATA_CALL_IDLE) 
D/Tethering(  365): interfaceLinkStateChanged wlan0, true
D/Tethering(  365): interfaceStatusChanged wlan0, true
D/NetdConnector(  365): RCV <- {600 Iface linkstate wlan0 up}
D/CNEJ    (  365): Swim RCCM received action: android.net.wifi.SCAN_RESULTS
D/CNEJ    (  365): sendWlanScanResultsEvent: scanResults size = 1
I/CNE_DEBUG(  365): CNE received action: android.net.wifi.SCAN_RESULTS
V/CNEJ    (  365): handleWlanScanResultsUpdate
V/CNEJ    (  365): AP No. 0Level -74
V/CNEJ    (  365): AP No. 0Frequency 2437
V/CNEJ    (  365): AP No. 0SSID MTS-ROUTER
V/CNEJ    (  365): AP No. 0BSSID 14:d6:4d:70:13:aa
V/CNEJ    (  365): supplicant daemon is running
D/PowerManagerService(  365): setPowerState from userActivity! 
D/PowerManagerService(  365): setPowerState: mPowerState=0x3 newState=0x3 noChangeLights=false reason=2
D/GpsLocationProvider(  365): Gps MessageHandler. msg.what 7
E/LocSvc_eng(  365): E/int loc_eng_inject_location(loc_eng_data_s_type&, double, double, float): log_eng state error: instance not initialized
D/androidNetworkLocationListeners(  718): Still have listener com.google.android.location.internal.client.NetworkLocationClient$1@41fa15f8
D/NetworkLocator(  718): null cell state delivered
D/WebSettings( 2242): mDataPath: /data/data/com.android.browser
D/Settings(  594): getAllInstallLangId().length10
W/webcore ( 2242): java.lang.Throwable: EventHub.removeMessages(int what = 107) is not supported before the WebViewCore is set up.
W/webcore ( 2242): 	at android.webkit.WebViewCore$EventHub.removeMessages(WebViewCore.java:1767)
W/webcore ( 2242): 	at android.webkit.WebViewCore$EventHub.access$8100(WebViewCore.java:1000)
W/webcore ( 2242): 	at android.webkit.WebViewCore.removeMessages(WebViewCore.java:1879)
W/webcore ( 2242): 	at android.webkit.WebView.sendOurVisibleRect(WebView.java:2990)
W/webcore ( 2242): 	at android.webkit.ZoomManager.setZoomScale(ZoomManager.java:593)
W/webcore ( 2242): 	at android.webkit.ZoomManager.access$1700(ZoomManager.java:49)
W/webcore ( 2242): 	at android.webkit.ZoomManager$PostScale.run(ZoomManager.java:984)
W/webcore ( 2242): 	at android.os.Handler.handleCallback(Handler.java:605)
W/webcore ( 2242): 	at android.os.Handler.dispatchMessage(Handler.java:92)
W/webcore ( 2242): 	at android.os.Looper.loop(Looper.java:137)
W/webcore ( 2242): 	at android.app.ActivityThread.main(ActivityThread.java:4424)
W/webcore ( 2242): 	at java.lang.reflect.Method.invokeNative(Native Method)
W/webcore ( 2242): 	at java.lang.reflect.Method.invoke(Method.java:511)
W/webcore ( 2242): 	at com.android.internal.os.ZygoteInit$MethodAndArgsCaller.run(ZygoteInit.java:787)
W/webcore ( 2242): 	at com.android.internal.os.ZygoteInit.main(ZygoteInit.java:554)
W/webcore ( 2242): 	at dalvik.system.NativeStart.main(Native Method)
W/Tab     ( 2242): Failed to save back/forward list for http://www.google.ru/?gws_rd=cr&ei=D5JdUu_wB4jf4QS064DgAw
D/PowerManagerService(  365): setPowerState from userActivity! 
D/PowerManagerService(  365): setPowerState: mPowerState=0x3 newState=0x3 noChangeLights=false reason=2
D/BT_DUN  (  738): Ignoring event PLATFORM_EVENT_ERROR in EMB_DATA_CALL_IDLE 
D/BT_DUN  (  738): Moved to state(EMB_DATA_CALL_IDLE) 
D/Tethering(  365): interfaceLinkStateChanged wlan0, true
D/Tethering(  365): interfaceStatusChanged wlan0, true
D/CNEJ    (  365): Swim RCCM received action: android.net.wifi.SCAN_RESULTS
D/CNEJ    (  365): sendWlanScanResultsEvent: scanResults size = 1
I/CNE_DEBUG(  365): CNE received action: android.net.wifi.SCAN_RESULTS
V/CNEJ    (  365): handleWlanScanResultsUpdate
V/CNEJ    (  365): AP No. 0Level -75
V/CNEJ    (  365): AP No. 0Frequency 2437
V/CNEJ    (  365): AP No. 0SSID MTS-ROUTER
V/CNEJ    (  365): AP No. 0BSSID 14:d6:4d:70:13:aa
D/NetdConnector(  365): RCV <- {600 Iface linkstate wlan0 up}
V/CNEJ    (  365): supplicant daemon is running
D/GpsLocationProvider(  365): Gps MessageHandler. msg.what 7
E/LocSvc_eng(  365): E/int loc_eng_inject_location(loc_eng_data_s_type&, double, double, float): log_eng state error: instance not initialized
W/Tab     ( 2242): Failed to save back/forward list for http://www.google.ru/?gws_rd=cr&ei=D5JdUu_wB4jf4QS064DgAw
D/StatusBar.NetworkController(  481): refreshViews connected={ wifi } level=?? combinedSignalIconId=0x7f0200bd/com.android.systemui:drawable/stat_sys_wifi_signal_3_fully combinedActivityIconId=0x7f0200b4 mAirplaneMode=false mDataActivity=0 mPhoneSignalIconId=0x7f0200a1 mDataDirectionIconId=0x0 mDataSignalIconId=0x7f0200a1 mDataTypeIconId=0x0 mNoSimIconId=0x0 mWifiIconId=0x7f0200bd mBluetoothTetherIconId=0x108053d
D/StatusBar.NetworkController(  481): changing data overlay icon id to 2130837684
D/PowerManagerService(  365): setPowerState from userActivity! 
D/PowerManagerService(  365): setPowerState: mPowerState=0x3 newState=0x3 noChangeLights=false reason=2
I/ONCRPC  (  167): Setup RPC Call for task 40080270
I/ONCRPC  (  167): oncrpc_xdr_call_msg_start: Prog: 3000006b, Ver: 00010001, Proc: 00000002
I/ONCRPC  (  167): xdr_std_msg_send_call: Sent Xid: 21, Prog: 3000006b, Ver: 00010001, Proc: 00000002
I/ONCRPC  (  167): xdr_std_msg_send_call: Received Reply Xid: 21, Prog: 3000006b, Ver: 00010001, Proc: 00000002
I/ActivityManager(  365): START {cmp=com.android.browser/.ComboViewActivity (has extras)} from pid 2242
I/WindowManager(  365): SCREENLAYOUT_SIZE (1:small, 2:normal, 3:large, 4:xlarge) 4
V/Modem Warmup( 2242): modem warmup system property is true
V/Modem Warmup( 2242): resolving ESGMXTLGIK.com
W/webcore ( 2242): Cannot pauseUpdatePicture, core destroyed or not initialized!
I/Adreno200-EGLSUB( 2242): <ConfigWindowMatch:2078>: Format RGBA_8888.
D/memalloc(  154): /dev/pmem: Allocated buffer base:0x434ff000 size:3932160 offset:20332544 fd:38
D/memalloc( 2242): /dev/pmem: Mapped buffer base:0x62e31000 size:24264704 offset:20332544 fd:176
D/Settings(  594): getAllInstallLangId().length10
V/Modem Warmup( 2242): get by name failed java.net.UnknownHostException: Unable to resolve host "ESGMXTLGIK.com": No address associated with hostname
D/memalloc(  154): /dev/pmem: Allocated buffer base:0x434ff000 size:3932160 offset:0 fd:62
D/memalloc( 2242): /dev/pmem: Mapped buffer base:0x6061b000 size:3932160 offset:0 fd:172
I/Adreno200-EGLSUB(  154): <CreateImage:893>: Android Image
I/Adreno200-EGLSUB(  154): <GetImageAttributes:1102>: RGBA_8888
I/ActivityManager(  365): Displayed com.android.browser/.ComboViewActivity: +270ms
D/memalloc(  154): /dev/pmem: Allocated buffer base:0x434ff000 size:3932160 offset:3932160 fd:65
D/memalloc( 2242): /dev/pmem: Mapped buffer base:0x609db000 size:7864320 offset:3932160 fd:182
D/Settings(  594): getAllInstallLangId().length10
D/memalloc( 2242): /dev/pmem: Unmapping buffer base:0x64555000 size:32276480 offset:28344320
D/memalloc( 2242): /dev/pmem: Unmapping buffer base:0x6641d000 size:11796480 offset:7864320
D/memalloc( 2242): /dev/pmem: Unmapping buffer base:0x6703e000 size:40468480 offset:36536320
D/memalloc(  154): /dev/pmem: Freeing buffer base:0x45007000 size:3932160 offset:28344320 fd:48
D/memalloc(  154): /dev/pmem: Freeing buffer base:0x43c7f000 size:3932160 offset:7864320 fd:51
I/Adreno200-EGLSUB(  154): <CreateImage:893>: Android Image
I/Adreno200-EGLSUB(  154): <GetImageAttributes:1102>: RGBA_8888
D/memalloc(  154): /dev/pmem: Freeing buffer base:0x457d7000 size:3932160 offset:36536320 fd:68
D/StatusBar.NetworkController(  481): refreshViews connected={ wifi } level=?? combinedSignalIconId=0x7f0200bd/com.android.systemui:drawable/stat_sys_wifi_signal_3_fully combinedActivityIconId=0x7f0200b5 mAirplaneMode=false mDataActivity=0 mPhoneSignalIconId=0x7f0200a1 mDataDirectionIconId=0x0 mDataSignalIconId=0x7f0200a1 mDataTypeIconId=0x0 mNoSimIconId=0x0 mWifiIconId=0x7f0200bd mBluetoothTetherIconId=0x108053d
D/StatusBar.NetworkController(  481): changing data overlay icon id to 2130837685
W/Tab     ( 2242): Failed to save back/forward list for http://www.google.ru/?gws_rd=cr&ei=D5JdUu_wB4jf4QS064DgAw
I/Adreno200-EGLSUB(  154): <CreateImage:893>: Android Image
I/Adreno200-EGLSUB(  154): <GetImageAttributes:1102>: RGBA_8888
W/Tab     ( 2242): Failed to save back/forward list for http://www.google.ru/?gws_rd=cr&ei=D5JdUu_wB4jf4QS064DgAw
D/WebViewTimersControl( 2242): onBrowserActivityResume
D/WebViewTimersControl( 2242): Resuming webview timers, view=com.android.browser.BrowserWebView@41f621a8
W/Tab     ( 2242): Failed to save back/forward list for http://www.google.ru/?gws_rd=cr&ei=D5JdUu_wB4jf4QS064DgAw
D/PowerManagerService(  365): setPowerState from userActivity! 
D/PowerManagerService(  365): setPowerState: mPowerState=0x3 newState=0x3 noChangeLights=false reason=2
D/Settings(  594): getAllInstallLangId().length10
I/browser ( 2242): Console: PageNav %o http://www.forumhouse.ru/js/xenforo/xenforo.js?_v=b38899b5:249
I/browser ( 2242): Console: PageNav %o http://www.forumhouse.ru/js/xenforo/xenforo.js?_v=b38899b5:249
W/browser ( 2242): Console: Unable to find menu for Popup %o http://www.forumhouse.ru/js/xenforo/xenforo.js?_v=b38899b5:234
I/browser ( 2242): Console: XenForo.init() %dms. jQuery %s/%s http://www.forumhouse.ru/js/xenforo/xenforo.js?_v=b38899b5:190
D/StatusBar.NetworkController(  481): refreshViews connected={ wifi } level=?? combinedSignalIconId=0x7f0200bd/com.android.systemui:drawable/stat_sys_wifi_signal_3_fully combinedActivityIconId=0x0 mAirplaneMode=false mDataActivity=0 mPhoneSignalIconId=0x7f0200a1 mDataDirectionIconId=0x0 mDataSignalIconId=0x7f0200a1 mDataTypeIconId=0x0 mNoSimIconId=0x0 mWifiIconId=0x7f0200bd mBluetoothTetherIconId=0x108053d
D/StatusBar.NetworkController(  481): changing data overlay icon id to 0
D/PowerManagerService(  365): setPowerState from TimeoutTask! 
D/PowerManagerService(  365): setPowerState: mPowerState=0x3 newState=0x3 noChangeLights=false reason=3
D/StatusBar.NetworkController(  481): refreshViews connected={ wifi } level=?? combinedSignalIconId=0x7f0200bd/com.android.systemui:drawable/stat_sys_wifi_signal_3_fully combinedActivityIconId=0x7f0200b5 mAirplaneMode=false mDataActivity=0 mPhoneSignalIconId=0x7f0200a1 mDataDirectionIconId=0x0 mDataSignalIconId=0x7f0200a1 mDataTypeIconId=0x0 mNoSimIconId=0x0 mWifiIconId=0x7f0200bd mBluetoothTetherIconId=0x108053d
D/StatusBar.NetworkController(  481): changing data overlay icon id to 2130837685
D/PowerManagerService(  365): setPowerState from userActivity! 
D/PowerManagerService(  365): setPowerState: mPowerState=0x3 newState=0x3 noChangeLights=false reason=2
I/WindowManager(  365): SCREENLAYOUT_SIZE (1:small, 2:normal, 3:large, 4:xlarge) 4
D/WebViewTimersControl( 2242): onBrowserActivityResume
D/WebViewTimersControl( 2242): Resuming webview timers, view=com.android.browser.BrowserWebView@41f621a8
W/BaseUi  ( 2242): mMainView is already attached to wrapper in attachTabToContentView!
W/BaseUi  ( 2242): mContainer is already attached to content in attachTabToContentView!
D/androidNetworkLocationListeners(  718): Still have listener com.google.android.location.internal.client.NetworkLocationClient$1@41fa15f8
D/androidNetworkLocationListeners(  718): Still have listener com.google.android.location.internal.client.NetworkLocationClient$1@41fa15f8
E/wpa_supplicant(  644): Ongoing Scan action...
D/NetworkLocator(  718): null cell state delivered
D/NetworkLocator(  718): null cell state delivered
I/Adreno200-EGLSUB( 2242): <ConfigWindowMatch:2078>: Format RGBA_8888.
D/memalloc(  154): /dev/pmem: Allocated buffer base:0x434ff000 size:3932160 offset:28344320 fd:48
D/memalloc( 2242): /dev/pmem: Mapped buffer base:0x65717000 size:32276480 offset:28344320 fd:133
D/Settings(  594): getAllInstallLangId().length10
D/memalloc(  154): /dev/pmem: Allocated buffer base:0x434ff000 size:3932160 offset:7864320 fd:51
D/memalloc( 2242): /dev/pmem: Mapped buffer base:0x675df000 size:11796480 offset:7864320 fd:142
I/Adreno200-EGLSUB(  154): <CreateImage:893>: Android Image
I/Adreno200-EGLSUB(  154): <GetImageAttributes:1102>: RGBA_8888
D/memalloc(  154): /dev/pmem: Allocated buffer base:0x434ff000 size:3932160 offset:36536320 fd:68
D/memalloc( 2242): /dev/pmem: Mapped buffer base:0x6811f000 size:40468480 offset:36536320 fd:163
I/Adreno200-EGLSUB(  154): <CreateImage:893>: Android Image
I/Adreno200-EGLSUB(  154): <GetImageAttributes:1102>: RGBA_8888
D/memalloc( 2242): /dev/pmem: Unmapping buffer base:0x62e31000 size:24264704 offset:20332544
D/memalloc( 2242): /dev/pmem: Unmapping buffer base:0x6061b000 size:3932160 offset:0
D/memalloc( 2242): /dev/pmem: Unmapping buffer base:0x609db000 size:7864320 offset:3932160
D/memalloc(  154): /dev/pmem: Freeing buffer base:0x44863000 size:3932160 offset:20332544 fd:38
D/memalloc(  154): /dev/pmem: Freeing buffer base:0x438bf000 size:3932160 offset:3932160 fd:65
I/ONCRPC  (  167): Setup RPC Call for task 40080270
I/ONCRPC  (  167): oncrpc_xdr_call_msg_start: Prog: 3000006b, Ver: 00010001, Proc: 00000002
I/ONCRPC  (  167): xdr_std_msg_send_call: Sent Xid: 22, Prog: 3000006b, Ver: 00010001, Proc: 00000002
I/ONCRPC  (  167): xdr_std_msg_send_call: Received Reply Xid: 22, Prog: 3000006b, Ver: 00010001, Proc: 00000002
I/Adreno200-EGLSUB(  154): <CreateImage:893>: Android Image
I/Adreno200-EGLSUB(  154): <GetImageAttributes:1102>: RGBA_8888
D/memalloc(  154): /dev/pmem: Freeing buffer base:0x434ff000 size:3932160 offset:0 fd:62
D/androidNetworkLocationListeners(  718): Still have listener com.google.android.location.internal.client.NetworkLocationClient$1@41fa15f8
E/wpa_supplicant(  644): Ongoing Scan action...
D/NetworkLocator(  718): null cell state delivered
D/BT_DUN  (  738): Ignoring event PLATFORM_EVENT_ERROR in EMB_DATA_CALL_IDLE 
D/BT_DUN  (  738): Moved to state(EMB_DATA_CALL_IDLE) 
D/NetdConnector(  365): RCV <- {600 Iface linkstate wlan0 up}
D/Tethering(  365): interfaceLinkStateChanged wlan0, true
D/Tethering(  365): interfaceStatusChanged wlan0, true
D/CNEJ    (  365): Swim RCCM received action: android.net.wifi.SCAN_RESULTS
D/CNEJ    (  365): sendWlanScanResultsEvent: scanResults size = 1
I/CNE_DEBUG(  365): CNE received action: android.net.wifi.SCAN_RESULTS
V/CNEJ    (  365): handleWlanScanResultsUpdate
V/CNEJ    (  365): AP No. 0Level -75
V/CNEJ    (  365): AP No. 0Frequency 2437
V/CNEJ    (  365): AP No. 0SSID MTS-ROUTER
V/CNEJ    (  365): AP No. 0BSSID 14:d6:4d:70:13:aa
V/CNEJ    (  365): supplicant daemon is running
D/GpsLocationProvider(  365): Gps MessageHandler. msg.what 7
E/LocSvc_eng(  365): E/int loc_eng_inject_location(loc_eng_data_s_type&, double, double, float): log_eng state error: instance not initialized
D/PowerManagerService(  365): setPowerState from userActivity! 
D/PowerManagerService(  365): setPowerState: mPowerState=0x3 newState=0x3 noChangeLights=false reason=2
D/WebSettings( 2242): mDataPath: /data/data/com.android.browser
D/Settings(  594): getAllInstallLangId().length10
W/Tab     ( 2242): Failed to save back/forward list for http://www.google.ru/?gws_rd=cr&ei=D5JdUu_wB4jf4QS064DgAw
D/PowerManagerService(  365): setPowerState from userActivity! 
D/PowerManagerService(  365): setPowerState: mPowerState=0x3 newState=0x3 noChangeLights=false reason=2
I/ActivityManager(  365): START {cmp=com.android.browser/.ComboViewActivity (has extras)} from pid 2242
I/WindowManager(  365): SCREENLAYOUT_SIZE (1:small, 2:normal, 3:large, 4:xlarge) 4
V/Modem Warmup( 2242): modem warmup system property is true
V/Modem Warmup( 2242): resolving D6ECEQ2K1Z.com
I/Adreno200-EGLSUB( 2242): <ConfigWindowMatch:2078>: Format RGBA_8888.
D/memalloc(  154): /dev/pmem: Allocated buffer base:0x434ff000 size:3932160 offset:20332544 fd:38
D/memalloc( 2242): /dev/pmem: Mapped buffer base:0x62e31000 size:24264704 offset:20332544 fd:169
D/Settings(  594): getAllInstallLangId().length10
V/Modem Warmup( 2242): get by name failed java.net.UnknownHostException: Unable to resolve host "D6ECEQ2K1Z.com": No address associated with hostname
D/memalloc(  154): /dev/pmem: Allocated buffer base:0x434ff000 size:3932160 offset:0 fd:62
D/memalloc( 2242): /dev/pmem: Mapped buffer base:0x60a4a000 size:3932160 offset:0 fd:172
I/Adreno200-EGLSUB(  154): <CreateImage:893>: Android Image
I/Adreno200-EGLSUB(  154): <GetImageAttributes:1102>: RGBA_8888
I/ActivityManager(  365): Displayed com.android.browser/.ComboViewActivity: +321ms
D/memalloc( 2242): /dev/pmem: Unmapping buffer base:0x65717000 size:32276480 offset:28344320
D/memalloc( 2242): /dev/pmem: Unmapping buffer base:0x675df000 size:11796480 offset:7864320
D/memalloc( 2242): /dev/pmem: Unmapping buffer base:0x6811f000 size:40468480 offset:36536320
D/memalloc(  154): /dev/pmem: Freeing buffer base:0x43c7f000 size:3932160 offset:7864320 fd:51
D/memalloc(  154): /dev/pmem: Freeing buffer base:0x457d7000 size:3932160 offset:36536320 fd:68
D/memalloc(  154): /dev/pmem: Freeing buffer base:0x45007000 size:3932160 offset:28344320 fd:48
D/memalloc(  154): /dev/pmem: Allocated buffer base:0x434ff000 size:3932160 offset:28344320 fd:48
D/memalloc( 2242): /dev/pmem: Mapped buffer base:0x64555000 size:32276480 offset:28344320 fd:140
I/Adreno200-EGLSUB(  154): <CreateImage:893>: Android Image
I/Adreno200-EGLSUB(  154): <GetImageAttributes:1102>: RGBA_8888
I/Adreno200-EGLSUB(  154): <CreateImage:893>: Android Image
I/Adreno200-EGLSUB(  154): <GetImageAttributes:1102>: RGBA_8888
D/PowerManagerService(  365): setPowerState from userActivity! 
D/PowerManagerService(  365): setPowerState: mPowerState=0x3 newState=0x3 noChangeLights=false reason=2
D/StatusBar.NetworkController(  481): refreshViews connected={ wifi } level=?? combinedSignalIconId=0x7f0200bd/com.android.systemui:drawable/stat_sys_wifi_signal_3_fully combinedActivityIconId=0x7f0200b6 mAirplaneMode=false mDataActivity=0 mPhoneSignalIconId=0x7f0200a1 mDataDirectionIconId=0x0 mDataSignalIconId=0x7f0200a1 mDataTypeIconId=0x0 mNoSimIconId=0x0 mWifiIconId=0x7f0200bd mBluetoothTetherIconId=0x108053d
D/StatusBar.NetworkController(  481): changing data overlay icon id to 2130837686
D/Settings(  594): getAllInstallLangId().length10
D/StatusBar.NetworkController(  481): refreshViews connected={ wifi } level=?? combinedSignalIconId=0x7f0200bd/com.android.systemui:drawable/stat_sys_wifi_signal_3_fully combinedActivityIconId=0x7f0200b5 mAirplaneMode=false mDataActivity=0 mPhoneSignalIconId=0x7f0200a1 mDataDirectionIconId=0x0 mDataSignalIconId=0x7f0200a1 mDataTypeIconId=0x0 mNoSimIconId=0x0 mWifiIconId=0x7f0200bd mBluetoothTetherIconId=0x108053d
D/StatusBar.NetworkController(  481): changing data overlay icon id to 2130837685
D/StatusBar.NetworkController(  481): refreshViews connected={ wifi } level=?? combinedSignalIconId=0x7f0200bd/com.android.systemui:drawable/stat_sys_wifi_signal_3_fully combinedActivityIconId=0x7f0200b4 mAirplaneMode=false mDataActivity=0 mPhoneSignalIconId=0x7f0200a1 mDataDirectionIconId=0x0 mDataSignalIconId=0x7f0200a1 mDataTypeIconId=0x0 mNoSimIconId=0x0 mWifiIconId=0x7f0200bd mBluetoothTetherIconId=0x108053d
D/StatusBar.NetworkController(  481): changing data overlay icon id to 2130837684
D/StatusBar.NetworkController(  481): refreshViews connected={ wifi } level=?? combinedSignalIconId=0x7f0200bd/com.android.systemui:drawable/stat_sys_wifi_signal_3_fully combinedActivityIconId=0x7f0200b5 mAirplaneMode=false mDataActivity=0 mPhoneSignalIconId=0x7f0200a1 mDataDirectionIconId=0x0 mDataSignalIconId=0x7f0200a1 mDataTypeIconId=0x0 mNoSimIconId=0x0 mWifiIconId=0x7f0200bd mBluetoothTetherIconId=0x108053d
D/StatusBar.NetworkController(  481): changing data overlay icon id to 2130837685
D/StatusBar.NetworkController(  481): refreshViews connected={ wifi } level=?? combinedSignalIconId=0x7f0200bd/com.android.systemui:drawable/stat_sys_wifi_signal_3_fully combinedActivityIconId=0x0 mAirplaneMode=false mDataActivity=0 mPhoneSignalIconId=0x7f0200a1 mDataDirectionIconId=0x0 mDataSignalIconId=0x7f0200a1 mDataTypeIconId=0x0 mNoSimIconId=0x0 mWifiIconId=0x7f0200bd mBluetoothTetherIconId=0x108053d
D/StatusBar.NetworkController(  481): changing data overlay icon id to 0
I/ONCRPC  (  167): Setup RPC Call for task 40080270
I/ONCRPC  (  167): oncrpc_xdr_call_msg_start: Prog: 3000006b, Ver: 00010001, Proc: 00000002
I/ONCRPC  (  167): xdr_std_msg_send_call: Sent Xid: 23, Prog: 3000006b, Ver: 00010001, Proc: 00000002
I/ONCRPC  (  167): xdr_std_msg_send_call: Received Reply Xid: 23, Prog: 3000006b, Ver: 00010001, Proc: 00000002
D/PowerManagerService(  365): setPowerState from TimeoutTask! 
D/PowerManagerService(  365): setPowerState: mPowerState=0x3 newState=0x3 noChangeLights=false reason=3
D/StatusBar.NetworkController(  481): refreshViews connected={ wifi } level=?? combinedSignalIconId=0x7f0200bd/com.android.systemui:drawable/stat_sys_wifi_signal_3_fully combinedActivityIconId=0x7f0200b5 mAirplaneMode=false mDataActivity=0 mPhoneSignalIconId=0x7f0200a1 mDataDirectionIconId=0x0 mDataSignalIconId=0x7f0200a1 mDataTypeIconId=0x0 mNoSimIconId=0x0 mWifiIconId=0x7f0200bd mBluetoothTetherIconId=0x108053d
D/StatusBar.NetworkController(  481): changing data overlay icon id to 2130837685
D/StatusBar.NetworkController(  481): refreshViews connected={ wifi } level=?? combinedSignalIconId=0x7f0200bd/com.android.systemui:drawable/stat_sys_wifi_signal_3_fully combinedActivityIconId=0x0 mAirplaneMode=false mDataActivity=0 mPhoneSignalIconId=0x7f0200a1 mDataDirectionIconId=0x0 mDataSignalIconId=0x7f0200a1 mDataTypeIconId=0x0 mNoSimIconId=0x0 mWifiIconId=0x7f0200bd mBluetoothTetherIconId=0x108053d
D/StatusBar.NetworkController(  481): changing data overlay icon id to 0
D/PowerManagerService(  365): setPowerState from userActivity! 
D/PowerManagerService(  365): setPowerState: mPowerState=0x3 newState=0x3 noChangeLights=false reason=2
I/WindowManager(  365): SCREENLAYOUT_SIZE (1:small, 2:normal, 3:large, 4:xlarge) 4
D/WebViewTimersControl( 2242): onBrowserActivityResume
D/WebViewTimersControl( 2242): Resuming webview timers, view=com.android.browser.BrowserWebView@42389f18
W/BaseUi  ( 2242): mMainView is already attached to wrapper in attachTabToContentView!
W/BaseUi  ( 2242): mContainer is already attached to content in attachTabToContentView!
D/androidNetworkLocationListeners(  718): Still have listener com.google.android.location.internal.client.NetworkLocationClient$1@41fa15f8
D/androidNetworkLocationListeners(  718): Still have listener com.google.android.location.internal.client.NetworkLocationClient$1@41fa15f8
E/wpa_supplicant(  644): Ongoing Scan action...
D/NetworkLocator(  718): null cell state delivered
D/NetworkLocator(  718): null cell state delivered
I/Adreno200-EGLSUB( 2242): <ConfigWindowMatch:2078>: Format RGBA_8888.
D/memalloc(  154): /dev/pmem: Allocated buffer base:0x434ff000 size:3932160 offset:3932160 fd:51
D/memalloc( 2242): /dev/pmem: Mapped buffer base:0x6687e000 size:7864320 offset:3932160 fd:135
D/Settings(  594): getAllInstallLangId().length10
D/memalloc(  154): /dev/pmem: Allocated buffer base:0x434ff000 size:3932160 offset:7864320 fd:65
D/memalloc( 2242): /dev/pmem: Mapped buffer base:0x66ffe000 size:11796480 offset:7864320 fd:157
I/Adreno200-EGLSUB(  154): <CreateImage:893>: Android Image
I/Adreno200-EGLSUB(  154): <GetImageAttributes:1102>: RGBA_8888
D/memalloc(  154): /dev/pmem: Allocated buffer base:0x434ff000 size:3932160 offset:36536320 fd:68
D/memalloc( 2242): /dev/pmem: Mapped buffer base:0x67b3e000 size:40468480 offset:36536320 fd:164
D/memalloc( 2242): /dev/pmem: Unmapping buffer base:0x62e31000 size:24264704 offset:20332544
D/memalloc( 2242): /dev/pmem: Unmapping buffer base:0x60a4a000 size:3932160 offset:0
D/memalloc( 2242): /dev/pmem: Unmapping buffer base:0x64555000 size:32276480 offset:28344320
D/memalloc(  154): /dev/pmem: Freeing buffer base:0x44863000 size:3932160 offset:20332544 fd:38
D/memalloc(  154): /dev/pmem: Freeing buffer base:0x434ff000 size:3932160 offset:0 fd:62
I/Adreno200-EGLSUB(  154): <CreateImage:893>: Android Image
I/Adreno200-EGLSUB(  154): <GetImageAttributes:1102>: RGBA_8888
I/Adreno200-EGLSUB(  154): <CreateImage:893>: Android Image
I/Adreno200-EGLSUB(  154): <GetImageAttributes:1102>: RGBA_8888
D/StatusBar.NetworkController(  481): refreshViews connected={ wifi } level=?? combinedSignalIconId=0x7f0200bd/com.android.systemui:drawable/stat_sys_wifi_signal_3_fully combinedActivityIconId=0x7f0200b5 mAirplaneMode=false mDataActivity=0 mPhoneSignalIconId=0x7f0200a1 mDataDirectionIconId=0x0 mDataSignalIconId=0x7f0200a1 mDataTypeIconId=0x0 mNoSimIconId=0x0 mWifiIconId=0x7f0200bd mBluetoothTetherIconId=0x108053d
D/StatusBar.NetworkController(  481): changing data overlay icon id to 2130837685
D/memalloc(  154): /dev/pmem: Freeing buffer base:0x45007000 size:3932160 offset:28344320 fd:48
D/BT_DUN  (  738): Ignoring event PLATFORM_EVENT_ERROR in EMB_DATA_CALL_IDLE 
D/BT_DUN  (  738): Moved to state(EMB_DATA_CALL_IDLE) 
D/Tethering(  365): interfaceLinkStateChanged wlan0, true
D/Tethering(  365): interfaceStatusChanged wlan0, true
D/CNEJ    (  365): Swim RCCM received action: android.net.wifi.SCAN_RESULTS
D/CNEJ    (  365): sendWlanScanResultsEvent: scanResults size = 1
D/NetdConnector(  365): RCV <- {600 Iface linkstate wlan0 up}
V/CNEJ    (  365): handleWlanScanResultsUpdate
V/CNEJ    (  365): AP No. 0Level -77
V/CNEJ    (  365): AP No. 0Frequency 2437
V/CNEJ    (  365): AP No. 0SSID MTS-ROUTER
V/CNEJ    (  365): AP No. 0BSSID 14:d6:4d:70:13:aa
I/CNE_DEBUG(  365): CNE received action: android.net.wifi.SCAN_RESULTS
V/CNEJ    (  365): supplicant daemon is running
D/GpsLocationProvider(  365): Gps MessageHandler. msg.what 7
E/LocSvc_eng(  365): E/int loc_eng_inject_location(loc_eng_data_s_type&, double, double, float): log_eng state error: instance not initialized
D/androidNetworkLocationListeners(  718): Still have listener com.google.android.location.internal.client.NetworkLocationClient$1@41fa15f8
D/NetworkLocator(  718): null cell state delivered
D/PowerManagerService(  365): setPowerState from userActivity! 
D/PowerManagerService(  365): setPowerState: mPowerState=0x3 newState=0x3 noChangeLights=false reason=2
D/WebSettings( 2242): mDataPath: /data/data/com.android.browser
D/Settings(  594): getAllInstallLangId().length10
W/webcore ( 2242): java.lang.Throwable: EventHub.removeMessages(int what = 107) is not supported before the WebViewCore is set up.
W/webcore ( 2242): 	at android.webkit.WebViewCore$EventHub.removeMessages(WebViewCore.java:1767)
W/webcore ( 2242): 	at android.webkit.WebViewCore$EventHub.access$8100(WebViewCore.java:1000)
W/webcore ( 2242): 	at android.webkit.WebViewCore.removeMessages(WebViewCore.java:1879)
W/webcore ( 2242): 	at android.webkit.WebView.sendOurVisibleRect(WebView.java:2990)
W/webcore ( 2242): 	at android.webkit.ZoomManager.setZoomScale(ZoomManager.java:593)
W/webcore ( 2242): 	at android.webkit.ZoomManager.access$1700(ZoomManager.java:49)
W/webcore ( 2242): 	at android.webkit.ZoomManager$PostScale.run(ZoomManager.java:984)
W/webcore ( 2242): 	at android.os.Handler.handleCallback(Handler.java:605)
W/webcore ( 2242): 	at android.os.Handler.dispatchMessage(Handler.java:92)
W/webcore ( 2242): 	at android.os.Looper.loop(Looper.java:137)
W/webcore ( 2242): 	at android.app.ActivityThread.main(ActivityThread.java:4424)
W/webcore ( 2242): 	at java.lang.reflect.Method.invokeNative(Native Method)
W/webcore ( 2242): 	at java.lang.reflect.Method.invoke(Method.java:511)
W/webcore ( 2242): 	at com.android.internal.os.ZygoteInit$MethodAndArgsCaller.run(ZygoteInit.java:787)
W/webcore ( 2242): 	at com.android.internal.os.ZygoteInit.main(ZygoteInit.java:554)
W/webcore ( 2242): 	at dalvik.system.NativeStart.main(Native Method)
W/Tab     ( 2242): Failed to save back/forward list for http://www.google.ru/?gws_rd=cr&ei=D5JdUu_wB4jf4QS064DgAw
I/PowerManagerService(  365): received action:android.intent.action.BATTERY_CHANGED
I/CNE_DEBUG(  365): CNE received action: android.intent.action.BATTERY_CHANGED
I/CNE_DEBUG(  365): UpdateBatteryStatus status=3 pluginType=0 level=52
I/LowBatteryShowDialogPolicy( 1306): show dialog  ACTION_BATTERY_CHANGED
W/Tab     ( 2242): Failed to save back/forward list for http://www.google.ru/?gws_rd=cr&ei=D5JdUu_wB4jf4QS064DgAw
D/BT_DUN  (  738): Ignoring event PLATFORM_EVENT_ERROR in EMB_DATA_CALL_IDLE 
D/BT_DUN  (  738): Moved to state(EMB_DATA_CALL_IDLE) 
D/CNEJ    (  365): Swim RCCM received action: android.net.wifi.SCAN_RESULTS
D/CNEJ    (  365): sendWlanScanResultsEvent: scanResults size = 1
I/CNE_DEBUG(  365): CNE received action: android.net.wifi.SCAN_RESULTS
V/CNEJ    (  365): handleWlanScanResultsUpdate
V/CNEJ    (  365): AP No. 0Level -73
V/CNEJ    (  365): AP No. 0Frequency 2437
V/CNEJ    (  365): AP No. 0SSID MTS-ROUTER
V/CNEJ    (  365): AP No. 0BSSID 14:d6:4d:70:13:aa
D/NetdConnector(  365): RCV <- {600 Iface linkstate wlan0 up}
D/Tethering(  365): interfaceLinkStateChanged wlan0, true
D/Tethering(  365): interfaceStatusChanged wlan0, true
V/CNEJ    (  365): supplicant daemon is running
D/GpsLocationProvider(  365): Gps MessageHandler. msg.what 7
E/LocSvc_eng(  365): E/int loc_eng_inject_location(loc_eng_data_s_type&, double, double, float): log_eng state error: instance not initialized
E/browser ( 2242): Console: Unsafe JavaScript attempt to access frame with URL http://googleads.g.doubleclick.net/pagead/html/r20131112/r20130906/zrt_lookup.html#I-http%253A%252F%252Fpccar.ru%252Fshowthread.php%253Ft%253D17970%2F2092237004%2F1 from frame with URL http://pccar.ru/showthread.php?t=17970. Domains, protocols and ports must match.
E/browser ( 2242):  null:1
D/StatusBar.NetworkController(  481): refreshViews connected={ wifi } level=?? combinedSignalIconId=0x7f0200bd/com.android.systemui:drawable/stat_sys_wifi_signal_3_fully combinedActivityIconId=0x0 mAirplaneMode=false mDataActivity=0 mPhoneSignalIconId=0x7f0200a1 mDataDirectionIconId=0x0 mDataSignalIconId=0x7f0200a1 mDataTypeIconId=0x0 mNoSimIconId=0x0 mWifiIconId=0x7f0200bd mBluetoothTetherIconId=0x108053d
D/StatusBar.NetworkController(  481): changing data overlay icon id to 0
I/ONCRPC  (  167): Setup RPC Call for task 40080270
