D/StatusBar.NetworkController(  481): refreshViews connected={ } level=?? combinedSignalIconId=0x7f0200a1/com.android.systemui:drawable/stat_sys_signal_0 combinedActivityIconId=0x0 mAirplaneMode=false mDataActivity=0 mPhoneSignalIconId=0x7f0200a1 mDataDirectionIconId=0x0 mDataSignalIconId=0x7f0200a1 mDataTypeIconId=0x0 mNoSimIconId=0x0 mWifiIconId=0x7f0200b7 mBluetoothTetherIconId=0x108053d
D/StatusBar.NetworkController(  481): In updateSimIcon simState= ABSENT
D/StatusBar.NetworkController(  481): refreshViews connected={ } level=?? combinedSignalIconId=0x7f0200a1/com.android.systemui:drawable/stat_sys_signal_0 combinedActivityIconId=0x0 mAirplaneMode=false mDataActivity=0 mPhoneSignalIconId=0x7f0200a1 mDataDirectionIconId=0x0 mDataSignalIconId=0x7f0200a1 mDataTypeIconId=0x0 mNoSimIconId=0x0 mWifiIconId=0x7f0200b7 mBluetoothTetherIconId=0x108053d
I/ActivityManager(  365): Start proc cloudtv.hdwidgets for broadcast cloudtv.hdwidgets/.switches.SwitchSystemUpdateReceiver: pid=811 uid=10105 gids={3002, 3001, 1006, 3003, 1015}
D/StatusBar.NetworkController(  481): refreshViews connected={ } level=?? combinedSignalIconId=0x7f0200a1/com.android.systemui:drawable/stat_sys_signal_0 combinedActivityIconId=0x0 mAirplaneMode=false mDataActivity=0 mPhoneSignalIconId=0x7f0200a1 mDataDirectionIconId=0x0 mDataSignalIconId=0x7f0200a1 mDataTypeIconId=0x0 mNoSimIconId=0x0 mWifiIconId=0x7f0200b7 mBluetoothTetherIconId=0x108053d
D/StatusBar.NetworkController(  481): onServiceStateChanged state=1 home null null null  Unknown:0 CSS not supported -1 -1 mDataState=1 RoamInd=-1 DefRoamInd=-1 EmergOnly=true
D/StatusBar.NetworkController(  481): Combining data service state1for signal
D/StatusBar.NetworkController(  481):  No service
D/StatusBar.NetworkController(  481): refreshViews connected={ } level=?? combinedSignalIconId=0x7f0200a1/com.android.systemui:drawable/stat_sys_signal_0 combinedActivityIconId=0x0 mAirplaneMode=false mDataActivity=0 mPhoneSignalIconId=0x7f0200a1 mDataDirectionIconId=0x0 mDataSignalIconId=0x7f0200a1 mDataTypeIconId=0x0 mNoSimIconId=0x0 mWifiIconId=0x7f0200b7 mBluetoothTetherIconId=0x108053d
I/ActivityManager(  365): Start proc android.smartcard:remote for on-hold: pid=824 uid=10068 gids={1015}
D/PowerManagerService(  365): bootCompleted
D/PowerManagerService(  365): setPowerState from userActivity! 
D/PowerManagerService(  365): setPowerState: mPowerState=0x3 newState=0x3 noChangeLights=false reason=2
V/DevicePolicyManagerService(  365): Sending password expiration notifications for action android.intent.action.BOOT_COMPLETED
D/VoldConnector(  365): SND -> {volume mount /mnt/sdcard} {null}
D/VoldCmdListener(  148): volume mount /mnt/sdcard
I/Vold    (  148): /dev/block/vold/179:97 being considered for volume sdcard
D/Vold    (  148): Volume sdcard state changing 1 (Idle-Unmounted) -> 3 (Checking)
D/VoldConnector(  365): RCV <- {605 Volume sdcard /mnt/sdcard state changed from 1 (Idle-Unmounted) to 3 (Checking)}
D/MountService(  365): volume state changed for /mnt/sdcard (unmounted -> checking)
D/MountService(  365): sendStorageIntent Intent { act=android.intent.action.MEDIA_CHECKING dat=file:///mnt/sdcard (has extras) }
V/WiredAccessoryObserver(  365): init()
W/WiredAccessoryObserver(  365): This kernel does not have wired headset support
I/Vold    (  148): Fat Filesystem check completed OK
I/Vold    (  148): Device /dev/block/vold/179:97, target /mnt/sdcard mounted @ /mnt/secure/staging
D/Vold    (  148): Volume sdcard state changing 3 (Checking) -> 4 (Mounted)
D/VoldConnector(  365): RCV <- {605 Volume sdcard /mnt/sdcard state changed from 3 (Checking) to 4 (Mounted)}
D/MountService(  365): volume state changed for /mnt/sdcard (checking -> mounted)
D/VoldConnector(  365): RCV <- {200 volume operation succeeded}
D/VoldConnector(  365): RSP <- {200 volume operation succeeded}
W/MountService(  365): Duplicate state transition (mounted -> mounted) for /mnt/sdcard2
D/MountService(  365): sendStorageIntent Intent { act=android.intent.action.MEDIA_MOUNTED dat=file:///mnt/sdcard2 (has extras) }
D/MountService(  365): sendStorageIntent Intent { act=android.intent.action.MEDIA_MOUNTED dat=file:///mnt/sdcard (has extras) }
D/VoldConnector(  365): SND -> {asec list} {null}
D/VoldCmdListener(  148): asec list
D/VoldConnector(  365): RCV <- {111 com.gameloft.android.ANMP.GloftDMHM-1}
D/VoldConnector(  365): RCV <- {111 ru.ivi.client-1}
D/VoldConnector(  365): RCV <- {111 com.dle.bc2-1}
D/VoldConnector(  365): RCV <- {111 com.outfit7.talkingsantafree-1}
D/VoldConnector(  365): RCV <- {111 com.talking.darthvader-1}
D/VoldConnector(  365): RCV <- {111 com.outfit7.talkingpierrefree-1}
D/VoldConnector(  365): RCV <- {111 com.g6677.android.cdentist-1}
D/VoldConnector(  365): RCV <- {111 com.outfit7.talkingben-1}
D/VoldConnector(  365): RCV <- {111 com.feelingtouch.gnz-2}
D/VoldConnector(  365): RCV <- {111 com.kiloo.subwaysurf-1}
D/VoldConnector(  365): RCV <- {111 com.outfit7.tomslovelettersfree-1}
D/VoldConnector(  365): RCV <- {111 com.gamehivecorp.kicktheboss2r-2}
D/VoldConnector(  365): RCV <- {111 com.talking.obama-2}
D/VoldConnector(  365): RCV <- {111 com.com2us.summitxsnowboard.normal.tryandbuy.google.global.android.common-1}
D/VoldConnector(  365): RCV <- {111 com.disney.WMPLite-2}
D/VoldConnector(  365): RCV <- {111 com.talking.putin-1}
D/VoldConnector(  365): RCV <- {111 com.galapagossoft.trialx2_winter-2}
D/VoldConnector(  365): RCV <- {111 com.magi.gunshd-2}
D/VoldConnector(  365): RCV <- {111 com.ezone.Snowboard-1}
D/VoldConnector(  365): RCV <- {111 com.outfit7.talkingtom2free-2}
D/VoldConnector(  365): RCV <- {111 ru.igsoft.bowlingonline3d-2}
D/VoldConnector(  365): RCV <- {111 com.mojang.minecraftpe-1}
D/VoldConnector(  365): RCV <- {111 com.djinnworks.StickmanSkiRacer.free-2}
D/VoldConnector(  365): RCV <- {111 no.tine.mrmelkwintergames-1}
D/VoldConnector(  365): RCV <- {111 com.opera.browser-1}
D/VoldConnector(  365): RCV <- {111 com.mobjoy.roadwarrior-1}
D/VoldConnector(  365): RCV <- {111 com.outfit7.talkingtom-1}
D/VoldConnector(  365): RCV <- {111 com.galapagossoft.trialdemo-2}
D/VoldConnector(  365): RCV <- {111 com.djinnworks.StickmanBaseJumper.lite-2}
D/VoldConnector(  365): RSP <- {111 com.gameloft.android.ANMP.GloftDMHM-1}
D/VoldConnector(  365): RSP <- {111 ru.ivi.client-1}
D/VoldConnector(  365): RSP <- {111 com.dle.bc2-1}
D/VoldConnector(  365): RSP <- {111 com.outfit7.talkingsantafree-1}
D/VoldConnector(  365): RSP <- {111 com.talking.darthvader-1}
D/VoldConnector(  365): RSP <- {111 com.outfit7.talkingpierrefree-1}
D/VoldConnector(  365): RSP <- {111 com.g6677.android.cdentist-1}
D/VoldConnector(  365): RSP <- {111 com.outfit7.talkingben-1}
D/VoldConnector(  365): RSP <- {111 com.feelingtouch.gnz-2}
D/VoldConnector(  365): RSP <- {111 com.kiloo.subwaysurf-1}
D/VoldConnector(  365): RSP <- {111 com.outfit7.tomslovelettersfree-1}
D/VoldConnector(  365): RSP <- {111 com.gamehivecorp.kicktheboss2r-2}
D/VoldConnector(  365): RSP <- {111 com.talking.obama-2}
D/VoldConnector(  365): RSP <- {111 com.com2us.summitxsnowboard.normal.tryandbuy.google.global.android.common-1}
D/VoldConnector(  365): RSP <- {111 com.disney.WMPLite-2}
D/VoldConnector(  365): RSP <- {111 com.talking.putin-1}
D/VoldConnector(  365): RSP <- {111 com.galapagossoft.trialx2_winter-2}
D/VoldConnector(  365): RSP <- {111 com.magi.gunshd-2}
D/VoldConnector(  365): RSP <- {111 com.ezone.Snowboard-1}
D/VoldConnector(  365): RSP <- {111 com.outfit7.talkingtom2free-2}
D/VoldConnector(  365): RSP <- {111 ru.igsoft.bowlingonline3d-2}
D/VoldConnector(  365): RSP <- {111 com.mojang.minecraftpe-1}
D/VoldConnector(  365): RSP <- {111 com.djinnworks.StickmanSkiRacer.free-2}
D/VoldConnector(  365): RSP <- {111 no.tine.mrmelkwintergames-1}
D/VoldConnector(  365): RSP <- {111 com.opera.browser-1}
D/VoldConnector(  365): RSP <- {111 com.mobjoy.roadwarrior-1}
D/VoldConnector(  365): RSP <- {111 com.outfit7.talkingtom-1}
D/VoldConnector(  365): RSP <- {111 com.galapagossoft.trialdemo-2}
D/VoldConnector(  365): RSP <- {111 com.djinnworks.StickmanBaseJumper.lite-2}
D/VoldConnector(  365): RCV <- {111 com.integer3d.dirtroadtrucker-1}
D/VoldConnector(  365): RCV <- {111 com.gamehivecorp.kicktheboss.android-1}
D/VoldConnector(  365): RCV <- {111 com.djinnworks.RopeFly.lite-2}
D/VoldConnector(  365): RCV <- {200 asec operation succeeded}
D/VoldConnector(  365): RSP <- {111 com.integer3d.dirtroadtrucker-1}
D/VoldConnector(  365): RSP <- {111 com.gamehivecorp.kicktheboss.android-1}
D/VoldConnector(  365): RSP <- {111 com.djinnworks.RopeFly.lite-2}
D/VoldConnector(  365): RSP <- {200 asec operation succeeded}
D/VoldConnector(  365): List terminated with {200 asec operation succeeded}
D/VoldConnector(  365): SND -> {asec path com.gameloft.android.ANMP.GloftDMHM-1} {null}
D/VoldCmdListener(  148): asec path com.gameloft.android.ANMP.GloftDMHM-1
D/VoldConnector(  365): RCV <- {211 /mnt/asec/com.gameloft.android.ANMP.GloftDMHM-1}
D/VoldConnector(  365): RSP <- {211 /mnt/asec/com.gameloft.android.ANMP.GloftDMHM-1}
D/VoldConnector(  365): SND -> {asec path ru.ivi.client-1} {null}
D/VoldCmdListener(  148): asec path ru.ivi.client-1
D/VoldConnector(  365): RCV <- {211 /mnt/asec/ru.ivi.client-1}
D/VoldConnector(  365): RSP <- {211 /mnt/asec/ru.ivi.client-1}
D/VoldConnector(  365): SND -> {asec path com.dle.bc2-1} {null}
D/VoldCmdListener(  148): asec path com.dle.bc2-1
D/VoldConnector(  365): RCV <- {211 /mnt/asec/com.dle.bc2-1}
D/VoldConnector(  365): RSP <- {211 /mnt/asec/com.dle.bc2-1}
D/VoldConnector(  365): SND -> {asec path com.outfit7.talkingsantafree-1} {null}
D/VoldCmdListener(  148): asec path com.outfit7.talkingsantafree-1
D/VoldConnector(  365): RCV <- {211 /mnt/asec/com.outfit7.talkingsantafree-1}
D/VoldConnector(  365): RSP <- {211 /mnt/asec/com.outfit7.talkingsantafree-1}
D/VoldConnector(  365): SND -> {asec path com.talking.darthvader-1} {null}
D/VoldCmdListener(  148): asec path com.talking.darthvader-1
D/VoldConnector(  365): RCV <- {211 /mnt/asec/com.talking.darthvader-1}
D/VoldConnector(  365): RSP <- {211 /mnt/asec/com.talking.darthvader-1}
D/VoldConnector(  365): SND -> {asec path com.outfit7.talkingpierrefree-1} {null}
D/VoldCmdListener(  148): asec path com.outfit7.talkingpierrefree-1
D/VoldConnector(  365): RCV <- {211 /mnt/asec/com.outfit7.talkingpierrefree-1}
D/VoldConnector(  365): RSP <- {211 /mnt/asec/com.outfit7.talkingpierrefree-1}
D/VoldConnector(  365): SND -> {asec path com.g6677.android.cdentist-1} {null}
D/VoldCmdListener(  148): asec path com.g6677.android.cdentist-1
D/VoldConnector(  365): RCV <- {211 /mnt/asec/com.g6677.android.cdentist-1}
D/VoldConnector(  365): RSP <- {211 /mnt/asec/com.g6677.android.cdentist-1}
D/VoldConnector(  365): SND -> {asec path com.outfit7.talkingben-1} {null}
D/VoldCmdListener(  148): asec path com.outfit7.talkingben-1
D/VoldConnector(  365): RCV <- {211 /mnt/asec/com.outfit7.talkingben-1}
D/VoldConnector(  365): RSP <- {211 /mnt/asec/com.outfit7.talkingben-1}
D/VoldConnector(  365): SND -> {asec path com.feelingtouch.gnz-2} {null}
D/VoldCmdListener(  148): asec path com.feelingtouch.gnz-2
D/VoldConnector(  365): RCV <- {211 /mnt/asec/com.feelingtouch.gnz-2}
D/VoldConnector(  365): RSP <- {211 /mnt/asec/com.feelingtouch.gnz-2}
D/VoldConnector(  365): SND -> {asec path com.kiloo.subwaysurf-1} {null}
D/VoldCmdListener(  148): asec path com.kiloo.subwaysurf-1
D/VoldConnector(  365): RCV <- {211 /mnt/asec/com.kiloo.subwaysurf-1}
D/VoldConnector(  365): RSP <- {211 /mnt/asec/com.kiloo.subwaysurf-1}
D/VoldConnector(  365): SND -> {asec path com.outfit7.tomslovelettersfree-1} {null}
D/VoldCmdListener(  148): asec path com.outfit7.tomslovelettersfree-1
D/VoldConnector(  365): RCV <- {211 /mnt/asec/com.outfit7.tomslovelettersfree-1}
D/VoldConnector(  365): RSP <- {211 /mnt/asec/com.outfit7.tomslovelettersfree-1}
D/VoldConnector(  365): SND -> {asec path com.gamehivecorp.kicktheboss2r-2} {null}
D/VoldCmdListener(  148): asec path com.gamehivecorp.kicktheboss2r-2
D/VoldConnector(  365): RCV <- {211 /mnt/asec/com.gamehivecorp.kicktheboss2r-2}
D/VoldConnector(  365): RSP <- {211 /mnt/asec/com.gamehivecorp.kicktheboss2r-2}
D/VoldConnector(  365): SND -> {asec path com.talking.obama-2} {null}
D/VoldCmdListener(  148): asec path com.talking.obama-2
D/VoldConnector(  365): RCV <- {211 /mnt/asec/com.talking.obama-2}
D/VoldConnector(  365): RSP <- {211 /mnt/asec/com.talking.obama-2}
D/VoldConnector(  365): SND -> {asec path com.com2us.summitxsnowboard.normal.tryandbuy.google.global.android.common-1} {null}
D/VoldCmdListener(  148): asec path com.com2us.summitxsnowboard.normal.tryandbuy.google.global.android.common-1
D/VoldConnector(  365): RCV <- {211 /mnt/asec/com.com2us.summitxsnowboard.normal.tryandbuy.google.global.android.common-1}
D/VoldConnector(  365): RSP <- {211 /mnt/asec/com.com2us.summitxsnowboard.normal.tryandbuy.google.global.android.common-1}
D/VoldConnector(  365): SND -> {asec path com.disney.WMPLite-2} {null}
D/VoldCmdListener(  148): asec path com.disney.WMPLite-2
D/VoldConnector(  365): RCV <- {211 /mnt/asec/com.disney.WMPLite-2}
D/VoldConnector(  365): RSP <- {211 /mnt/asec/com.disney.WMPLite-2}
D/VoldConnector(  365): SND -> {asec path com.talking.putin-1} {null}
D/VoldCmdListener(  148): asec path com.talking.putin-1
D/VoldConnector(  365): RCV <- {211 /mnt/asec/com.talking.putin-1}
D/VoldConnector(  365): RSP <- {211 /mnt/asec/com.talking.putin-1}
D/VoldConnector(  365): SND -> {asec path com.galapagossoft.trialx2_winter-2} {null}
D/VoldCmdListener(  148): asec path com.galapagossoft.trialx2_winter-2
D/VoldConnector(  365): RCV <- {211 /mnt/asec/com.galapagossoft.trialx2_winter-2}
D/VoldConnector(  365): RSP <- {211 /mnt/asec/com.galapagossoft.trialx2_winter-2}
D/VoldConnector(  365): SND -> {asec path com.magi.gunshd-2} {null}
D/VoldCmdListener(  148): asec path com.magi.gunshd-2
D/VoldConnector(  365): RCV <- {211 /mnt/asec/com.magi.gunshd-2}
D/VoldConnector(  365): RSP <- {211 /mnt/asec/com.magi.gunshd-2}
D/VoldConnector(  365): SND -> {asec path com.ezone.Snowboard-1} {null}
D/VoldCmdListener(  148): asec path com.ezone.Snowboard-1
D/VoldConnector(  365): RCV <- {211 /mnt/asec/com.ezone.Snowboard-1}
D/VoldConnector(  365): RSP <- {211 /mnt/asec/com.ezone.Snowboard-1}
D/VoldConnector(  365): SND -> {asec path com.outfit7.talkingtom2free-2} {null}
D/VoldCmdListener(  148): asec path com.outfit7.talkingtom2free-2
D/VoldConnector(  365): RCV <- {211 /mnt/asec/com.outfit7.talkingtom2free-2}
D/VoldConnector(  365): RSP <- {211 /mnt/asec/com.outfit7.talkingtom2free-2}
D/VoldConnector(  365): SND -> {asec path ru.igsoft.bowlingonline3d-2} {null}
D/VoldCmdListener(  148): asec path ru.igsoft.bowlingonline3d-2
D/VoldConnector(  365): RCV <- {211 /mnt/asec/ru.igsoft.bowlingonline3d-2}
D/VoldConnector(  365): RSP <- {211 /mnt/asec/ru.igsoft.bowlingonline3d-2}
D/VoldConnector(  365): SND -> {asec path com.mojang.minecraftpe-1} {null}
D/VoldCmdListener(  148): asec path com.mojang.minecraftpe-1
D/VoldConnector(  365): RCV <- {211 /mnt/asec/com.mojang.minecraftpe-1}
D/VoldConnector(  365): RSP <- {211 /mnt/asec/com.mojang.minecraftpe-1}
D/VoldConnector(  365): SND -> {asec path com.djinnworks.StickmanSkiRacer.free-2} {null}
D/VoldCmdListener(  148): asec path com.djinnworks.StickmanSkiRacer.free-2
D/VoldConnector(  365): RCV <- {211 /mnt/asec/com.djinnworks.StickmanSkiRacer.free-2}
D/VoldConnector(  365): RSP <- {211 /mnt/asec/com.djinnworks.StickmanSkiRacer.free-2}
D/VoldConnector(  365): SND -> {asec path no.tine.mrmelkwintergames-1} {null}
D/VoldCmdListener(  148): asec path no.tine.mrmelkwintergames-1
D/VoldConnector(  365): RCV <- {211 /mnt/asec/no.tine.mrmelkwintergames-1}
D/VoldConnector(  365): RSP <- {211 /mnt/asec/no.tine.mrmelkwintergames-1}
D/VoldConnector(  365): SND -> {asec path com.opera.browser-1} {null}
D/VoldCmdListener(  148): asec path com.opera.browser-1
D/VoldConnector(  365): RCV <- {211 /mnt/asec/com.opera.browser-1}
D/VoldConnector(  365): RSP <- {211 /mnt/asec/com.opera.browser-1}
D/VoldConnector(  365): SND -> {asec path com.mobjoy.roadwarrior-1} {null}
D/VoldCmdListener(  148): asec path com.mobjoy.roadwarrior-1
D/VoldConnector(  365): RCV <- {211 /mnt/asec/com.mobjoy.roadwarrior-1}
D/VoldConnector(  365): RSP <- {211 /mnt/asec/com.mobjoy.roadwarrior-1}
D/VoldConnector(  365): SND -> {asec path com.outfit7.talkingtom-1} {null}
D/VoldCmdListener(  148): asec path com.outfit7.talkingtom-1
D/VoldConnector(  365): RCV <- {211 /mnt/asec/com.outfit7.talkingtom-1}
D/VoldConnector(  365): RSP <- {211 /mnt/asec/com.outfit7.talkingtom-1}
D/VoldConnector(  365): SND -> {asec path com.galapagossoft.trialdemo-2} {null}
D/VoldCmdListener(  148): asec path com.galapagossoft.trialdemo-2
D/VoldConnector(  365): RCV <- {211 /mnt/asec/com.galapagossoft.trialdemo-2}
D/VoldConnector(  365): RSP <- {211 /mnt/asec/com.galapagossoft.trialdemo-2}
D/VoldConnector(  365): SND -> {asec path com.djinnworks.StickmanBaseJumper.lite-2} {null}
D/VoldCmdListener(  148): asec path com.djinnworks.StickmanBaseJumper.lite-2
D/VoldConnector(  365): RCV <- {211 /mnt/asec/com.djinnworks.StickmanBaseJumper.lite-2}
D/VoldConnector(  365): RSP <- {211 /mnt/asec/com.djinnworks.StickmanBaseJumper.lite-2}
D/VoldConnector(  365): SND -> {asec path com.integer3d.dirtroadtrucker-1} {null}
D/VoldCmdListener(  148): asec path com.integer3d.dirtroadtrucker-1
D/VoldConnector(  365): RCV <- {211 /mnt/asec/com.integer3d.dirtroadtrucker-1}
D/VoldConnector(  365): RSP <- {211 /mnt/asec/com.integer3d.dirtroadtrucker-1}
D/VoldConnector(  365): SND -> {asec path com.gamehivecorp.kicktheboss.android-1} {null}
D/VoldCmdListener(  148): asec path com.gamehivecorp.kicktheboss.android-1
D/VoldConnector(  365): RCV <- {211 /mnt/asec/com.gamehivecorp.kicktheboss.android-1}
D/VoldConnector(  365): RSP <- {211 /mnt/asec/com.gamehivecorp.kicktheboss.android-1}
D/VoldConnector(  365): SND -> {asec path com.djinnworks.RopeFly.lite-2} {null}
D/VoldCmdListener(  148): asec path com.djinnworks.RopeFly.lite-2
D/VoldConnector(  365): RCV <- {211 /mnt/asec/com.djinnworks.RopeFly.lite-2}
D/VoldConnector(  365): RSP <- {211 /mnt/asec/com.djinnworks.RopeFly.lite-2}
D/VoldConnector(  365): SND -> {asec mount com.opera.browser-1 0e86d5a051f68a5573d8892238a5920d 1000} {null}
D/VoldCmdListener(  148): asec mount com.opera.browser-1 {} 1000
D/VoldConnector(  365): RCV <- {200 asec operation succeeded}
D/VoldConnector(  365): RSP <- {200 asec operation succeeded}
D/VoldConnector(  365): SND -> {asec path com.opera.browser-1} {null}
D/VoldCmdListener(  148): asec path com.opera.browser-1
D/VoldConnector(  365): RCV <- {211 /mnt/asec/com.opera.browser-1}
D/VoldConnector(  365): RSP <- {211 /mnt/asec/com.opera.browser-1}
I/PackageManager(  365): Linking native library dir for /mnt/asec/com.opera.browser-1/pkg.apk
D/VoldConnector(  365): SND -> {asec mount com.g6677.android.cdentist-1 0e86d5a051f68a5573d8892238a5920d 1000} {null}
D/VoldCmdListener(  148): asec mount com.g6677.android.cdentist-1 {} 1000
D/VoldConnector(  365): RCV <- {200 asec operation succeeded}
D/VoldConnector(  365): RSP <- {200 asec operation succeeded}
D/VoldConnector(  365): SND -> {asec path com.g6677.android.cdentist-1} {null}
D/VoldCmdListener(  148): asec path com.g6677.android.cdentist-1
D/VoldConnector(  365): RCV <- {211 /mnt/asec/com.g6677.android.cdentist-1}
D/VoldConnector(  365): RSP <- {211 /mnt/asec/com.g6677.android.cdentist-1}
I/PackageManager(  365): Linking native library dir for /mnt/asec/com.g6677.android.cdentist-1/pkg.apk
D/VoldConnector(  365): SND -> {asec mount com.outfit7.talkingtom-1 0e86d5a051f68a5573d8892238a5920d 1000} {null}
D/VoldCmdListener(  148): asec mount com.outfit7.talkingtom-1 {} 1000
D/VoldConnector(  365): RCV <- {200 asec operation succeeded}
D/VoldConnector(  365): RSP <- {200 asec operation succeeded}
D/VoldConnector(  365): SND -> {asec path com.outfit7.talkingtom-1} {null}
D/VoldCmdListener(  148): asec path com.outfit7.talkingtom-1
D/VoldConnector(  365): RCV <- {211 /mnt/asec/com.outfit7.talkingtom-1}
D/VoldConnector(  365): RSP <- {211 /mnt/asec/com.outfit7.talkingtom-1}
I/PackageManager(  365): Linking native library dir for /mnt/asec/com.outfit7.talkingtom-1/pkg.apk
D/VoldConnector(  365): SND -> {asec mount com.ezone.Snowboard-1 0e86d5a051f68a5573d8892238a5920d 1000} {null}
D/VoldCmdListener(  148): asec mount com.ezone.Snowboard-1 {} 1000
D/ConnectivityService(  365): ConnectivityChange for WIFI: CONNECTED/CONNECTED
D/ConnectivityService(  365): Setting TCP values: [4096,87380,393216,4096,16384,110208] which comes from [net.tcp.buffersize.wifi]
D/StatusBar.NetworkController(  481): refreshViews connected={ wifi } level=?? combinedSignalIconId=0x7f0200b7/com.android.systemui:drawable/stat_sys_wifi_signal_0 combinedActivityIconId=0x0 mAirplaneMode=false mDataActivity=0 mPhoneSignalIconId=0x7f0200a1 mDataDirectionIconId=0x0 mDataSignalIconId=0x7f0200a1 mDataTypeIconId=0x0 mNoSimIconId=0x0 mWifiIconId=0x7f0200b7 mBluetoothTetherIconId=0x108053d
D/ConnectivityService(  365): adding dns 192.168.0.1 for WIFI
D/ConnectivityService(  365): adding dns 192.168.0.1 for WIFI
D/NetdConnector(  365): SND -> {resolver setifdns wlan0 192.168.0.1 192.168.0.1} {null}
D/NetdConnector(  365): RCV <- {200 Resolver command succeeded}
D/VoldConnector(  365): RCV <- {200 asec operation succeeded}
D/VoldConnector(  365): RSP <- {200 asec operation succeeded}
D/NetdConnector(  365): RSP <- {200 Resolver command succeeded}
D/NetdConnector(  365): SND -> {resolver setdefaultif wlan0} {null}
D/NetdConnector(  365): RCV <- {200 Resolver command succeeded}
D/NetdConnector(  365): RSP <- {200 Resolver command succeeded}
D/ConnectivityService(  365): handleConnectivityChange: changed linkProperty[1]: doReset=false resetMask=0
D/ConnectivityService(  365):    curLp=null
D/ConnectivityService(  365):    newLp=InterfaceName: wlan0 LinkAddresses: [192.168.0.178/24,] Routes: [0.0.0.0/0 -> 192.168.0.1,] DnsAddresses: [192.168.0.1,192.168.0.1,] HttpProxy: [ProxyProperties.mHost == null] 
D/ConnectivityService(  365): Adding 192.168.0.1/32 -> 0.0.0.0 for interface wlan0
D/NetdConnector(  365): SND -> {interface route add wlan0 default 192.168.0.1 32 0.0.0.0} {null}
D/NetdConnector(  365): RCV <- {200 Route added to default table}
D/NetdConnector(  365): RSP <- {200 Route added to default table}
D/ConnectivityService(  365): Adding 0.0.0.0/0 -> 192.168.0.1 for interface wlan0
D/NetdConnector(  365): SND -> {interface route add wlan0 default 0.0.0.0 0 192.168.0.1} {null}
D/NetdConnector(  365): RCV <- {200 Route added to default table}
D/NetdConnector(  365): RSP <- {200 Route added to default table}
D/NetdConnector(  365): SND -> {route replace src v4 wlan0 192.168.0.178 3 192.168.0.1} {null}
D/VoldConnector(  365): SND -> {asec path com.ezone.Snowboard-1} {null}
D/VoldCmdListener(  148): asec path com.ezone.Snowboard-1
D/VoldConnector(  365): RCV <- {211 /mnt/asec/com.ezone.Snowboard-1}
D/VoldConnector(  365): RSP <- {211 /mnt/asec/com.ezone.Snowboard-1}
D/StatusBar.NetworkController(  481): refreshViews connected={ wifi } level=?? combinedSignalIconId=0x7f0200bc/com.android.systemui:drawable/stat_sys_wifi_signal_3 combinedActivityIconId=0x0 mAirplaneMode=false mDataActivity=0 mPhoneSignalIconId=0x7f0200a1 mDataDirectionIconId=0x0 mDataSignalIconId=0x7f0200a1 mDataTypeIconId=0x0 mNoSimIconId=0x0 mWifiIconId=0x7f0200bc mBluetoothTetherIconId=0x108053d
D/NetdConnector(  365): RCV <- {200 source route replace succeeded for route id [3], and local destination routing succeeded}
D/NetdConnector(  365): RSP <- {200 source route replace succeeded for route id [3], and local destination routing succeeded}
D/NetworkManagementService(  365): 200 source route replace succeeded for route id [3], and local destination routing succeeded
D/ConnectivityService(  365): resetting DNS cache for wlan0
D/NetdConnector(  365): SND -> {resolver flushif wlan0} {null}
D/NetdConnector(  365): RCV <- {200 Resolver command succeeded}
D/NetdConnector(  365): RSP <- {200 Resolver command succeeded}
D/ConnectivityService(  365): sendStickyBroadcast: action=android.net.conn.CONNECTIVITY_CHANGE_IMMEDIATE
D/ConnectivityService(  365): sendStickyBroadcastDelayed: delayMs=3000, action=android.net.conn.CONNECTIVITY_CHANGE
D/ConnectivityService(  365): ConnectivityChange for WIFI: CONNECTED/CONNECTED
D/ConnectivityService(  365): Setting TCP values: [4096,87380,393216,4096,16384,110208] which comes from [net.tcp.buffersize.wifi]
D/ConnectivityService(  365): handleConnectivityChange: changed linkProperty[1]: doReset=false resetMask=0
D/ConnectivityService(  365):    curLp=InterfaceName: wlan0 LinkAddresses: [192.168.0.178/24,] Routes: [0.0.0.0/0 -> 192.168.0.1,] DnsAddresses: [192.168.0.1,192.168.0.1,] HttpProxy: [ProxyProperties.mHost == null] 
D/ConnectivityService(  365):    newLp=InterfaceName: wlan0 LinkAddresses: [192.168.0.178/24,] Routes: [0.0.0.0/0 -> 192.168.0.1,] DnsAddresses: [192.168.0.1,192.168.0.1,] HttpProxy: [ProxyProperties.mHost == null] 
D/ConnectivityService(  365): handleConnectivityChange: address are the same reset per doReset linkProperty[1]: resetMask=0
D/ConnectivityService(  365): sendStickyBroadcast: action=android.net.conn.CONNECTIVITY_CHANGE_IMMEDIATE
I/ActivityManager(  365): Start proc com.huawei.hisuite for broadcast com.huawei.hisuite/.framework.SFPReceiver: pid=949 uid=10088 gids={3003, 1015}
D/ConnectivityService(  365): sendStickyBroadcastDelayed: delayMs=3000, action=android.net.conn.CONNECTIVITY_CHANGE
I/PackageManager(  365): Linking native library dir for /mnt/asec/com.ezone.Snowboard-1/pkg.apk
I/ActivityManager(  365): Start proc com.google.android.apps.maps for broadcast com.google.android.apps.maps/com.google.android.location.internal.NlpNetworkProviderSettingsUpdateReceiver: pid=966 uid=10015 gids={3003, 1015}
D/StatusBar.NetworkController(  481): refreshViews connected={ wifi } level=?? combinedSignalIconId=0x7f0200bc/com.android.systemui:drawable/stat_sys_wifi_signal_3 combinedActivityIconId=0x7f0200b5 mAirplaneMode=false mDataActivity=0 mPhoneSignalIconId=0x7f0200a1 mDataDirectionIconId=0x0 mDataSignalIconId=0x7f0200a1 mDataTypeIconId=0x0 mNoSimIconId=0x0 mWifiIconId=0x7f0200bc mBluetoothTetherIconId=0x108053d
D/StatusBar.NetworkController(  481): changing data overlay icon id to 2130837685
I/ONCRPC  (  948): Setup RPC Call for task 4015c270
I/ONCRPC  (  948): oncrpc_xdr_call_msg_start: Prog: 300000b5, Ver: 00020001, Proc: 00000000
I/ONCRPC  (  948): xdr_std_msg_send_call: Sent Xid: 0, Prog: 300000b5, Ver: 00020001, Proc: 00000000
I/ONCRPC  (  948): xdr_std_msg_send_call: Received Reply Xid: 0, Prog: 300000b5, Ver: 00020001, Proc: 00000000
I/ONCRPC  (  948): Setup RPC Call for task 4015c270
I/ONCRPC  (  948): oncrpc_xdr_call_msg_start: Prog: 300000b5, Ver: 00020001, Proc: 00000004
I/ONCRPC  (  948): xdr_std_msg_send_call: Sent Xid: 1, Prog: 300000b5, Ver: 00020001, Proc: 00000004
I/ONCRPC  (  948): xdr_std_msg_send_call: Received Reply Xid: 1, Prog: 300000b5, Ver: 00020001, Proc: 00000004
I/ONCRPC  (  948): Setup RPC Call for task 4015c270
I/ONCRPC  (  948): Setup RPC Call for task 4015c270
I/ONCRPC  (  948): rpc_handle_rpc_call: for Xid: 29, Prog: 310000b5, Vers: 00020001, Proc: 00000001
I/ONCRPC  (  948): rpc_handle_rpc_call: Find Status: 0 Xid: 29
I/ONCRPC  (  948): oncrpc_proxy_handle_cmd_rpc_call: Dispatching xid: 29
D/VoldConnector(  365): SND -> {asec mount com.gamehivecorp.kicktheboss.android-1 0e86d5a051f68a5573d8892238a5920d 1000} {null}
D/VoldCmdListener(  148): asec mount com.gamehivecorp.kicktheboss.android-1 {} 1000
D/PowerManagerService(  365): setPowerState from TimeoutTask! 
D/PowerManagerService(  365): setPowerState: mPowerState=0x3 newState=0x3 noChangeLights=false reason=3
D/NetdConnector(  365): RCV <- {600 Iface linkstate wlan0 up}
D/VoldConnector(  365): RCV <- {200 asec operation succeeded}
D/VoldConnector(  365): RSP <- {200 asec operation succeeded}
D/VoldConnector(  365): SND -> {asec path com.gamehivecorp.kicktheboss.android-1} {null}
D/VoldCmdListener(  148): asec path com.gamehivecorp.kicktheboss.android-1
D/VoldConnector(  365): RCV <- {211 /mnt/asec/com.gamehivecorp.kicktheboss.android-1}
D/VoldConnector(  365): RSP <- {211 /mnt/asec/com.gamehivecorp.kicktheboss.android-1}
I/PackageManager(  365): Linking native library dir for /mnt/asec/com.gamehivecorp.kicktheboss.android-1/pkg.apk
I/ActivityManager(  365): Start proc com.google.android.apps.maps:GoogleLocationService for service com.google.android.apps.maps/com.google.android.location.internal.server.GoogleLocationService: pid=992 uid=10015 gids={3003, 1015}
I/ActivityManager(  365): Start proc com.google.android.gms for broadcast com.google.android.gms/com.google.android.location.internal.NlpNetworkProviderSettingsUpdateReceiver: pid=1005 uid=10001 gids={3003, 1015, 1007, 1006, 2001, 3006}
D/VoldConnector(  365): SND -> {asec mount com.integer3d.dirtroadtrucker-1 0e86d5a051f68a5573d8892238a5920d 1000} {null}
D/VoldCmdListener(  148): asec mount com.integer3d.dirtroadtrucker-1 {} 1000
I/ONCRPC  (  167): Setup RPC Call for task 40080270
I/ONCRPC  (  167): oncrpc_xdr_call_msg_start: Prog: 3000006b, Ver: 00010001, Proc: 00000002
I/ONCRPC  (  167): xdr_std_msg_send_call: Sent Xid: c, Prog: 3000006b, Ver: 00010001, Proc: 00000002
I/ONCRPC  (  167): xdr_std_msg_send_call: Received Reply Xid: c, Prog: 3000006b, Ver: 00010001, Proc: 00000002
I/ActivityManager(  365): Start proc com.google.process.location for service com.google.android.gms/com.google.android.location.internal.server.GoogleLocationService: pid=1018 uid=10001 gids={3003, 1015, 1007, 1006, 2001, 3006}
D/VoldConnector(  365): RCV <- {200 asec operation succeeded}
D/VoldConnector(  365): RSP <- {200 asec operation succeeded}
D/VoldConnector(  365): SND -> {asec path com.integer3d.dirtroadtrucker-1} {null}
D/VoldCmdListener(  148): asec path com.integer3d.dirtroadtrucker-1
D/VoldConnector(  365): RCV <- {211 /mnt/asec/com.integer3d.dirtroadtrucker-1}
D/VoldConnector(  365): RSP <- {211 /mnt/asec/com.integer3d.dirtroadtrucker-1}
D/StatusBar.NetworkController(  481): refreshViews connected={ wifi } level=?? combinedSignalIconId=0x7f0200ba/com.android.systemui:drawable/stat_sys_wifi_signal_2 combinedActivityIconId=0x7f0200b5 mAirplaneMode=false mDataActivity=0 mPhoneSignalIconId=0x7f0200a1 mDataDirectionIconId=0x0 mDataSignalIconId=0x7f0200a1 mDataTypeIconId=0x0 mNoSimIconId=0x0 mWifiIconId=0x7f0200ba mBluetoothTetherIconId=0x108053d
D/ConnectivityService(  365): sendStickyBroadcast: action=android.net.conn.CONNECTIVITY_CHANGE
D/StatusBar.NetworkController(  481): updateConnectivity: intent=Intent { act=android.net.conn.CONNECTIVITY_CHANGE flg=0x10000010 (has extras) }
D/StatusBar.NetworkController(  481): updateConnectivity: networkInfo=NetworkInfo: type: WIFI[], state: CONNECTED/CONNECTED, reason: (unspecified), extra: (none), roaming: false, failover: false, isAvailable: true
D/StatusBar.NetworkController(  481): updateConnectivity: connectionStatus=0
D/StatusBar.NetworkController(  481):  No service
D/StatusBar.NetworkController(  481): refreshViews connected={ wifi } level=?? combinedSignalIconId=0x7f0200ba/com.android.systemui:drawable/stat_sys_wifi_signal_2 combinedActivityIconId=0x7f0200b5 mAirplaneMode=false mDataActivity=0 mPhoneSignalIconId=0x7f0200a1 mDataDirectionIconId=0x0 mDataSignalIconId=0x7f0200a1 mDataTypeIconId=0x0 mNoSimIconId=0x0 mWifiIconId=0x7f0200ba mBluetoothTetherIconId=0x108053d
I/PackageManager(  365): Linking native library dir for /mnt/asec/com.integer3d.dirtroadtrucker-1/pkg.apk
D/ConnectivityService(  365): sendStickyBroadcast: action=android.net.conn.CONNECTIVITY_CHANGE
D/StatusBar.NetworkController(  481): updateConnectivity: intent=Intent { act=android.net.conn.CONNECTIVITY_CHANGE flg=0x10000010 (has extras) }
D/StatusBar.NetworkController(  481): updateConnectivity: networkInfo=NetworkInfo: type: WIFI[], state: CONNECTED/CONNECTED, reason: (unspecified), extra: (none), roaming: false, failover: false, isAvailable: true
D/StatusBar.NetworkController(  481): updateConnectivity: connectionStatus=0
D/StatusBar.NetworkController(  481):  No service
D/StatusBar.NetworkController(  481): refreshViews connected={ wifi } level=?? combinedSignalIconId=0x7f0200ba/com.android.systemui:drawable/stat_sys_wifi_signal_2 combinedActivityIconId=0x7f0200b5 mAirplaneMode=false mDataActivity=0 mPhoneSignalIconId=0x7f0200a1 mDataDirectionIconId=0x0 mDataSignalIconId=0x7f0200a1 mDataTypeIconId=0x0 mNoSimIconId=0x0 mWifiIconId=0x7f0200ba mBluetoothTetherIconId=0x108053d
I/ActivityManager(  365): Start proc com.qualcomm.privinit for broadcast com.qualcomm.privinit/.BootReciever: pid=1060 uid=1000 gids={3003, 1006, 3002, 3001, 1015, 3007}
D/VoldConnector(  365): SND -> {asec mount com.disney.WMPLite-2 0e86d5a051f68a5573d8892238a5920d 1000} {null}
D/VoldCmdListener(  148): asec mount com.disney.WMPLite-2 {} 1000
D/StatusBar.NetworkController(  481): refreshViews connected={ wifi } level=?? combinedSignalIconId=0x7f0200ba/com.android.systemui:drawable/stat_sys_wifi_signal_2 combinedActivityIconId=0x0 mAirplaneMode=false mDataActivity=0 mPhoneSignalIconId=0x7f0200a1 mDataDirectionIconId=0x0 mDataSignalIconId=0x7f0200a1 mDataTypeIconId=0x0 mNoSimIconId=0x0 mWifiIconId=0x7f0200ba mBluetoothTetherIconId=0x108053d
D/StatusBar.NetworkController(  481): changing data overlay icon id to 0
D/VoldConnector(  365): RCV <- {200 asec operation succeeded}
D/VoldConnector(  365): RSP <- {200 asec operation succeeded}
I/ActivityManager(  365): Start proc com.qualcomm.wiper for broadcast com.qualcomm.wiper/.BootUpReceiver: pid=1078 uid=10074 gids={3003}
D/VoldConnector(  365): SND -> {asec path com.disney.WMPLite-2} {null}
D/VoldCmdListener(  148): asec path com.disney.WMPLite-2
D/VoldConnector(  365): RCV <- {211 /mnt/asec/com.disney.WMPLite-2}
D/VoldConnector(  365): RSP <- {211 /mnt/asec/com.disney.WMPLite-2}
W/PackageParser(  365): No actions in intent filter at /mnt/asec/com.disney.WMPLite-2/pkg.apk Binary XML file line #60
I/PackageManager(  365): Linking native library dir for /mnt/asec/com.disney.WMPLite-2/pkg.apk
D/StatusBar.NetworkController(  481): refreshViews connected={ wifi } level=?? combinedSignalIconId=0x7f0200ba/com.android.systemui:drawable/stat_sys_wifi_signal_2 combinedActivityIconId=0x7f0200b5 mAirplaneMode=false mDataActivity=0 mPhoneSignalIconId=0x7f0200a1 mDataDirectionIconId=0x0 mDataSignalIconId=0x7f0200a1 mDataTypeIconId=0x0 mNoSimIconId=0x0 mWifiIconId=0x7f0200ba mBluetoothTetherIconId=0x108053d
D/StatusBar.NetworkController(  481): changing data overlay icon id to 2130837685
D/VoldConnector(  365): SND -> {asec mount com.outfit7.talkingben-1 0e86d5a051f68a5573d8892238a5920d 1000} {null}
D/VoldCmdListener(  148): asec mount com.outfit7.talkingben-1 {} 1000
D/NetdConnector(  365): RCV <- {600 Iface linkstate wlan0 up}
D/VoldConnector(  365): RCV <- {200 asec operation succeeded}
D/VoldConnector(  365): RSP <- {200 asec operation succeeded}
D/VoldConnector(  365): SND -> {asec path com.outfit7.talkingben-1} {null}
D/VoldCmdListener(  148): asec path com.outfit7.talkingben-1
D/VoldConnector(  365): RCV <- {211 /mnt/asec/com.outfit7.talkingben-1}
D/VoldConnector(  365): RSP <- {211 /mnt/asec/com.outfit7.talkingben-1}
I/PackageManager(  365): Linking native library dir for /mnt/asec/com.outfit7.talkingben-1/pkg.apk
D/StatusBar.NetworkController(  481): refreshViews connected={ wifi } level=?? combinedSignalIconId=0x7f0200ba/com.android.systemui:drawable/stat_sys_wifi_signal_2 combinedActivityIconId=0x7f0200b4 mAirplaneMode=false mDataActivity=0 mPhoneSignalIconId=0x7f0200a1 mDataDirectionIconId=0x0 mDataSignalIconId=0x7f0200a1 mDataTypeIconId=0x0 mNoSimIconId=0x0 mWifiIconId=0x7f0200ba mBluetoothTetherIconId=0x108053d
D/StatusBar.NetworkController(  481): changing data overlay icon id to 2130837684
D/VoldConnector(  365): SND -> {asec mount com.magi.gunshd-2 0e86d5a051f68a5573d8892238a5920d 1000} {null}
D/VoldCmdListener(  148): asec mount com.magi.gunshd-2 {} 1000
I/ActivityManager(  365): Start proc com.huawei.android.gpms for broadcast com.huawei.android.gpms/.ManagerHelper: pid=1120 uid=10095 gids={3003}
I/ActivityManager(  365): START {flg=0x10040000 cmp=com.google.android.gsf/.update.SystemUpdateInstallDialog} from pid 718
D/VoldConnector(  365): RCV <- {200 asec operation succeeded}
D/VoldConnector(  365): RSP <- {200 asec operation succeeded}
I/ActivityManager(  365): Start proc com.huawei.android.hwouc for broadcast com.huawei.android.hwouc/.biz.impl.reveiver.RebootReceiver: pid=1137 uid=10013 gids={2001, 3003, 1015, 1023}
D/VoldConnector(  365): SND -> {asec path com.magi.gunshd-2} {null}
D/VoldCmdListener(  148): asec path com.magi.gunshd-2
D/VoldConnector(  365): RCV <- {211 /mnt/asec/com.magi.gunshd-2}
D/StatusBar.NetworkController(  481): refreshViews connected={ wifi } level=?? combinedSignalIconId=0x7f0200ba/com.android.systemui:drawable/stat_sys_wifi_signal_2 combinedActivityIconId=0x0 mAirplaneMode=false mDataActivity=0 mPhoneSignalIconId=0x7f0200a1 mDataDirectionIconId=0x0 mDataSignalIconId=0x7f0200a1 mDataTypeIconId=0x0 mNoSimIconId=0x0 mWifiIconId=0x7f0200ba mBluetoothTetherIconId=0x108053d
D/StatusBar.NetworkController(  481): changing data overlay icon id to 0
D/VoldConnector(  365): RSP <- {211 /mnt/asec/com.magi.gunshd-2}
I/ActivityManager(  365): START {flg=0x10040000 cmp=com.google.android.gsf/.update.SystemUpdateDownloadDialog} from pid 718
I/PackageManager(  365): Linking native library dir for /mnt/asec/com.magi.gunshd-2/pkg.apk
D/VoldConnector(  365): SND -> {cryptfs cryptocomplete} {null}
D/VoldCmdListener(  148): cryptfs operation:<cryptocomplete>
D/VoldCmdListener(  148): cryptfs cryptocomplete
E/Cryptfs (  148): not running with encryption, aborting
D/VoldConnector(  365): RCV <- {200 1}
D/VoldConnector(  365): RSP <- {200 1}
D/VoldConnector(  365): SND -> {asec mount com.djinnworks.StickmanSkiRacer.free-2 0e86d5a051f68a5573d8892238a5920d 1000} {null}
D/VoldCmdListener(  148): asec mount com.djinnworks.StickmanSkiRacer.free-2 {} 1000
I/ActivityManager(  365): Start proc com.google.android.onetimeinitializer for broadcast com.google.android.onetimeinitializer/.OneTimeInitializerReceiver: pid=1150 uid=10019 gids={}
W/InputManagerService(  365): Window already focused, ignoring focus gain of: com.android.internal.view.IInputMethodClient$Stub$Proxy@426e8d90
I/ActivityManager(  365): Start proc com.google.android.talk for broadcast com.google.android.talk/.videochat.BootCompleteReceiver: pid=1165 uid=10029 gids={3003, 1015, 1006, 3002}
D/StatusBar.NetworkController(  481): refreshViews connected={ wifi } level=?? combinedSignalIconId=0x7f0200bc/com.android.systemui:drawable/stat_sys_wifi_signal_3 combinedActivityIconId=0x0 mAirplaneMode=false mDataActivity=0 mPhoneSignalIconId=0x7f0200a1 mDataDirectionIconId=0x0 mDataSignalIconId=0x7f0200a1 mDataTypeIconId=0x0 mNoSimIconId=0x0 mWifiIconId=0x7f0200bc mBluetoothTetherIconId=0x108053d
D/VoldConnector(  365): RCV <- {200 asec operation succeeded}
D/VoldConnector(  365): RSP <- {200 asec operation succeeded}
D/ConnectivityService(  365): reportNetworkCondition(1, 0)
D/ConnectivityService(  365): handleInetConditionChange: net=1, condition=0,mActiveDefaultNetwork=1
D/ConnectivityService(  365): handleInetConditionChange: starting a change hold
D/VoldConnector(  365): SND -> {asec path com.djinnworks.StickmanSkiRacer.free-2} {null}
D/VoldCmdListener(  148): asec path com.djinnworks.StickmanSkiRacer.free-2
D/VoldConnector(  365): RCV <- {211 /mnt/asec/com.djinnworks.StickmanSkiRacer.free-2}
D/VoldConnector(  365): RSP <- {211 /mnt/asec/com.djinnworks.StickmanSkiRacer.free-2}
D/ConnectivityService(  365): reportNetworkCondition(1, 0)
D/ConnectivityService(  365): handleInetConditionChange: net=1, condition=0,mActiveDefaultNetwork=1
D/ConnectivityService(  365): handleInetConditionChange: currently in hold - not setting new end evt
I/PackageManager(  365): Linking native library dir for /mnt/asec/com.djinnworks.StickmanSkiRacer.free-2/pkg.apk
I/ActivityManager(  365): Start proc com.android.providers.calendar for broadcast com.android.providers.calendar/.CalendarReceiver: pid=1191 uid=10039 gids={3003, 1015}
D/MobileDataStateTracker(  365): default: setPolicyDataEnable(enabled=true)
D/MobileDataStateTracker(  365): default: setPolicyDataEnable(enabled=true)
D/MobileDataStateTracker(  365): default: setPolicyDataEnable(enabled=true)
D/MobileDataStateTracker(  365): default: setPolicyDataEnable(enabled=true)
D/VoldConnector(  365): SND -> {asec mount com.mojang.minecraftpe-1 0e86d5a051f68a5573d8892238a5920d 1000} {null}
D/VoldCmdListener(  148): asec mount com.mojang.minecraftpe-1 {} 1000
I/ActivityManager(  365): Start proc com.android.deskclock for broadcast com.android.deskclock/.AlarmInitReceiver: pid=1207 uid=10043 gids={}
D/VoldConnector(  365): RCV <- {200 asec operation succeeded}
D/VoldConnector(  365): RSP <- {200 asec operation succeeded}
D/VoldConnector(  365): SND -> {asec path com.mojang.minecraftpe-1} {null}
D/VoldCmdListener(  148): asec path com.mojang.minecraftpe-1
D/VoldConnector(  365): RCV <- {211 /mnt/asec/com.mojang.minecraftpe-1}
D/VoldConnector(  365): RSP <- {211 /mnt/asec/com.mojang.minecraftpe-1}
D/PowerManagerService(  365): setPowerState from acquireWakeLockLocked! 
D/PowerManagerService(  365): setPowerState: mPowerState=0x3 newState=0x3 noChangeLights=false reason=3
W/PackageManager(  365): Package com.mojang.minecraftpe desires unavailable shared library xperiaplaycertified; ignoring!
I/PackageManager(  365): Linking native library dir for /mnt/asec/com.mojang.minecraftpe-1/pkg.apk
D/PowerManagerService(  365): setPowerState from acquireWakeLockLocked! 
D/PowerManagerService(  365): setPowerState: mPowerState=0x3 newState=0x3 noChangeLights=false reason=3
D/VoldConnector(  365): SND -> {asec mount com.outfit7.talkingtom2free-2 0e86d5a051f68a5573d8892238a5920d 1000} {null}
D/VoldCmdListener(  148): asec mount com.outfit7.talkingtom2free-2 {} 1000
I/ActivityManager(  365): Start proc com.android.email for broadcast com.android.email/.service.EmailBroadcastReceiver: pid=1228 uid=10045 gids={3003, 1015}
D/StatusBar.NetworkController(  481): refreshViews connected={ wifi } level=?? combinedSignalIconId=0x7f0200bc/com.android.systemui:drawable/stat_sys_wifi_signal_3 combinedActivityIconId=0x7f0200b5 mAirplaneMode=false mDataActivity=0 mPhoneSignalIconId=0x7f0200a1 mDataDirectionIconId=0x0 mDataSignalIconId=0x7f0200a1 mDataTypeIconId=0x0 mNoSimIconId=0x0 mWifiIconId=0x7f0200bc mBluetoothTetherIconId=0x108053d
D/StatusBar.NetworkController(  481): changing data overlay icon id to 2130837685
D/VoldConnector(  365): RCV <- {200 asec operation succeeded}
D/VoldConnector(  365): RSP <- {200 asec operation succeeded}
D/VoldConnector(  365): SND -> {asec path com.outfit7.talkingtom2free-2} {null}
D/VoldCmdListener(  148): asec path com.outfit7.talkingtom2free-2
D/VoldConnector(  365): RCV <- {211 /mnt/asec/com.outfit7.talkingtom2free-2}
D/VoldConnector(  365): RSP <- {211 /mnt/asec/com.outfit7.talkingtom2free-2}
D/ConnectivityService(  365): handleInetConditionHoldEnd: net=1, condition=0, published condition=0
D/ConnectivityService(  365): sendStickyBroadcast: action=android.net.conn.INET_CONDITION_ACTION
I/ActivityManager(  365): Start proc com.android.exchange for service com.android.exchange/.ExchangeService: pid=1247 uid=10046 gids={3003, 1015}
D/StatusBar.NetworkController(  481): updateConnectivity: intent=Intent { act=android.net.conn.INET_CONDITION_ACTION flg=0x10000010 (has extras) }
D/StatusBar.NetworkController(  481): updateConnectivity: networkInfo=NetworkInfo: type: WIFI[], state: CONNECTED/CONNECTED, reason: (unspecified), extra: (none), roaming: false, failover: false, isAvailable: true
D/StatusBar.NetworkController(  481): updateConnectivity: connectionStatus=0
D/StatusBar.NetworkController(  481):  No service
D/StatusBar.NetworkController(  481): refreshViews connected={ wifi } level=?? combinedSignalIconId=0x7f0200bc/com.android.systemui:drawable/stat_sys_wifi_signal_3 combinedActivityIconId=0x7f0200b5 mAirplaneMode=false mDataActivity=0 mPhoneSignalIconId=0x7f0200a1 mDataDirectionIconId=0x0 mDataSignalIconId=0x7f0200a1 mDataTypeIconId=0x0 mNoSimIconId=0x0 mWifiIconId=0x7f0200bc mBluetoothTetherIconId=0x108053d
I/ONCRPC  (  167): Setup RPC Call for task 40080270
I/ONCRPC  (  167): oncrpc_xdr_call_msg_start: Prog: 3000006b, Ver: 00010001, Proc: 00000002
I/ONCRPC  (  167): xdr_std_msg_send_call: Sent Xid: d, Prog: 3000006b, Ver: 00010001, Proc: 00000002
I/ONCRPC  (  167): xdr_std_msg_send_call: Received Reply Xid: d, Prog: 3000006b, Ver: 00010001, Proc: 00000002
I/ActivityManager(  365): Start proc com.huawei.init for broadcast com.huawei.init/.HuaweiInitReceiver: pid=1266 uid=1000 gids={3003, 1006, 3002, 3001, 1015, 3007}
I/ActivityManager(  365): No longer want com.google.android.apps.maps (pid 966): hidden #16
I/PackageManager(  365): Linking native library dir for /mnt/asec/com.outfit7.talkingtom2free-2/pkg.apk
D/VoldConnector(  365): SND -> {asec mount com.djinnworks.StickmanBaseJumper.lite-2 0e86d5a051f68a5573d8892238a5920d 1000} {null}
D/VoldCmdListener(  148): asec mount com.djinnworks.StickmanBaseJumper.lite-2 {} 1000
I/ActivityManager(  365): Start proc com.huawei.log for broadcast com.huawei.log/.LogBroadcastReceiver: pid=1288 uid=10052 gids={1007, 1015}
D/VoldConnector(  365): RCV <- {200 asec operation succeeded}
D/VoldConnector(  365): RSP <- {200 asec operation succeeded}
D/VoldConnector(  365): SND -> {asec path com.djinnworks.StickmanBaseJumper.lite-2} {null}
D/VoldCmdListener(  148): asec path com.djinnworks.StickmanBaseJumper.lite-2
D/VoldConnector(  365): RCV <- {211 /mnt/asec/com.djinnworks.StickmanBaseJumper.lite-2}
D/VoldConnector(  365): RSP <- {211 /mnt/asec/com.djinnworks.StickmanBaseJumper.lite-2}
I/ActivityManager(  365): Start proc com.huawei.policy for broadcast com.huawei.policy/.HuaweiPolicyInitReceiver: pid=1306 uid=1000 gids={3003, 1006, 3002, 3001, 1015, 3007}
I/ActivityManager(  365): No longer want cloudtv.hdwidgets (pid 811): hidden #16
I/PackageManager(  365): Linking native library dir for /mnt/asec/com.djinnworks.StickmanBaseJumper.lite-2/pkg.apk
I/ActivityManager(  365): No longer want com.google.android.gms (pid 1005): hidden #16
D/VoldConnector(  365): SND -> {asec mount com.talking.darthvader-1 0e86d5a051f68a5573d8892238a5920d 1000} {null}
D/VoldCmdListener(  148): asec mount com.talking.darthvader-1 {} 1000
D/VoldConnector(  365): RCV <- {200 asec operation succeeded}
D/VoldConnector(  365): RSP <- {200 asec operation succeeded}
D/VoldConnector(  365): SND -> {asec path com.talking.darthvader-1} {null}
D/VoldCmdListener(  148): asec path com.talking.darthvader-1
D/VoldConnector(  365): RCV <- {211 /mnt/asec/com.talking.darthvader-1}
D/VoldConnector(  365): RSP <- {211 /mnt/asec/com.talking.darthvader-1}
I/PackageManager(  365): Linking native library dir for /mnt/asec/com.talking.darthvader-1/pkg.apk
I/ActivityManager(  365): Start proc com.huawei for broadcast com.huawei/.receiver.BootBroadcastReceiver: pid=1337 uid=10053 gids={}
D/StatusBar.NetworkController(  481): onServiceStateChanged state=3 home null null null  Unknown:0 CSS not supported -1 -1 mDataState=3 RoamInd=-1 DefRoamInd=-1 EmergOnly=false
D/StatusBar.NetworkController(  481): Combining data service state3for signal
D/StatusBar.NetworkController(  481):  No service
D/StatusBar.NetworkController(  481): refreshViews connected={ wifi } level=?? combinedSignalIconId=0x7f0200bc/com.android.systemui:drawable/stat_sys_wifi_signal_3 combinedActivityIconId=0x7f0200b5 mAirplaneMode=false mDataActivity=0 mPhoneSignalIconId=0x7f0200a1 mDataDirectionIconId=0x0 mDataSignalIconId=0x7f0200a1 mDataTypeIconId=0x0 mNoSimIconId=0x0 mWifiIconId=0x7f0200bc mBluetoothTetherIconId=0x108053d
D/MobileDataStateTracker(  365): fota: Received state=DISCONNECTED, old=DISCONNECTED, reason=radioTurnedOff
D/MobileDataStateTracker(  365): dun: Received state=DISCONNECTED, old=DISCONNECTED, reason=radioTurnedOff
D/MobileDataStateTracker(  365): supl: Received state=DISCONNECTED, old=DISCONNECTED, reason=radioTurnedOff
D/MobileDataStateTracker(  365): hipri: Received state=DISCONNECTED, old=DISCONNECTED, reason=radioTurnedOff
D/MobileDataStateTracker(  365): ims: Received state=DISCONNECTED, old=DISCONNECTED, reason=radioTurnedOff
D/MobileDataStateTracker(  365): default: Received state=DISCONNECTED, old=DISCONNECTED, reason=radioTurnedOff
D/MobileDataStateTracker(  365): mms: Received state=DISCONNECTED, old=DISCONNECTED, reason=radioTurnedOff
D/MobileDataStateTracker(  365): cbs: Received state=DISCONNECTED, old=DISCONNECTED, reason=radioTurnedOff
D/MobileDataStateTracker(  365): fota: Received state=DISCONNECTED, old=DISCONNECTED, reason=radioTurnedOff
D/MobileDataStateTracker(  365): dun: Received state=DISCONNECTED, old=DISCONNECTED, reason=radioTurnedOff
D/MobileDataStateTracker(  365): supl: Received state=DISCONNECTED, old=DISCONNECTED, reason=radioTurnedOff
D/MobileDataStateTracker(  365): hipri: Received state=DISCONNECTED, old=DISCONNECTED, reason=radioTurnedOff
D/MobileDataStateTracker(  365): ims: Received state=DISCONNECTED, old=DISCONNECTED, reason=radioTurnedOff
D/MobileDataStateTracker(  365): mms: Received state=DISCONNECTED, old=DISCONNECTED, reason=radioTurnedOff
D/MobileDataStateTracker(  365): cbs: Received state=DISCONNECTED, old=DISCONNECTED, reason=radioTurnedOff
I/ActivityManager(  365): Start proc com.android.mms for broadcast com.android.mms/.transaction.MmsSystemEventReceiver: pid=1352 uid=10060 gids={3003, 1015}
D/VoldConnector(  365): SND -> {asec mount com.galapagossoft.trialdemo-2 0e86d5a051f68a5573d8892238a5920d 1000} {null}
D/VoldCmdListener(  148): asec mount com.galapagossoft.trialdemo-2 {} 1000
D/VoldConnector(  365): RCV <- {200 asec operation succeeded}
D/VoldConnector(  365): RSP <- {200 asec operation succeeded}
