I/SystemServer(  365): Mount Service
D/MountService(  365): got storage path: /mnt/sdcard description: SD-карта primary: true removable: true emulated: false mtpReserve: 0 allowMassStorage: false maxFileSize: 0
D/MountService(  365): got storage path: /mnt/sdcard2 description: Внутренняя память primary: false removable: false emulated: true mtpReserve: 0 allowMassStorage: false maxFileSize: 0
D/MountService(  365): got storage path: /mnt/usb description: USB-накопитель primary: false removable: true emulated: false mtpReserve: 0 allowMassStorage: false maxFileSize: 0
D/MountService(  365): using emulated external storage
I/ONCRPC  (  365): xdr_std_msg_send_call: Received Reply Xid: 0, Prog: 3000000e, Ver: 00090001, Proc: 00000009
I/SystemServer(  365): Notification Manager
I/SystemServer(  365): HDMI Service
I/SystemServer(  365): Device Storage Monitor
I/SystemServer(  365): Location Manager
I/SystemServer(  365): Country Detector
I/SystemServer(  365): Search Service
I/SystemServer(  365): DropBox Service
I/SystemServer(  365): Wallpaper Service
I/SystemServer(  365): Audio Service
D/VoldConnector(  365): SND -> {volume list} {null}
D/VoldCmdListener(  148): volume list
D/VoldConnector(  365): RCV <- {110 sdcard /mnt/sdcard 1}
D/VoldConnector(  365): RCV <- {110 udisk /mnt/usb 0}
D/VoldConnector(  365): RCV <- {200 Volumes listed.}
D/VoldConnector(  365): RSP <- {110 sdcard /mnt/sdcard 1}
D/VoldConnector(  365): RSP <- {110 udisk /mnt/usb 0}
D/VoldConnector(  365): RSP <- {200 Volumes listed.}
D/VoldConnector(  365): List terminated with {200 Volumes listed.}
D/MountService(  365): volume state changed for /mnt/sdcard (null -> unmounted)
D/MountService(  365): volume state changed for /mnt/usb (null -> removed)
I/SystemServer(  365): Dock Observer
W/DockObserver(  365): This kernel does not have dock station support
I/SystemServer(  365): Wired Accessory Observer
I/SystemServer(  365): USB Service
I/SystemServer(  365): UI Mode Manager Service
I/SystemServer(  365): Backup Service
D/UsbDeviceManager(  365): return mass_storage,adb for mass_storage,adb
V/BackupManagerService(  365): Initializing package tracking
V/BackupManagerService(  365): No ancestral data
V/BackupManagerService(  365): addPackageParticipantsLocked: null
I/ONCRPC  (  470): Setup RPC Call for task 4001f270
I/ONCRPC  (  470): oncrpc_xdr_call_msg_start: Prog: 3000000e, Ver: 00090001, Proc: 00000009
I/ONCRPC  (  470): xdr_std_msg_send_call: Sent Xid: 0, Prog: 3000000e, Ver: 00090001, Proc: 00000009
I/ONCRPC  (  470): xdr_std_msg_send_call: Received Reply Xid: 0, Prog: 3000000e, Ver: 00090001, Proc: 00000009
I/BackupManagerService(  365): New app android never backed up; scheduling
I/BackupManagerService(  365): New app com.android.browser never backed up; scheduling
I/BackupManagerService(  365): New app com.android.calendar never backed up; scheduling
I/BackupManagerService(  365): New app com.android.inputmethod.latin never backed up; scheduling
I/BackupManagerService(  365): New app com.android.providers.settings never backed up; scheduling
I/BackupManagerService(  365): New app com.android.providers.userdictionary never backed up; scheduling
I/BackupManagerService(  365): New app com.android.sharedstoragebackup never backed up; scheduling
I/BackupManagerService(  365): New app com.android.vending never backed up; scheduling
I/BackupManagerService(  365): New app com.fingersoft.hillclimb never backed up; scheduling
I/BackupManagerService(  365): New app com.glu.deerhunt2 never backed up; scheduling
I/BackupManagerService(  365): New app com.google.android.gm never backed up; scheduling
I/BackupManagerService(  365): New app me.zed_0xff.android.alchemy never backed up; scheduling
D/NetdConnector(  365): RCV <- {600 Iface added wlan0}
D/NetdConnector(  365): RCV <- {600 Iface linkstate wlan0 down}
V/BackupManagerService(  365): Registering transport android/com.android.internal.backup.LocalTransport = com.android.internal.backup.LocalTransport@42359160
V/BackupManagerService(  365): Starting with transport com.google.android.backup/.BackupTransportService
V/BackupManagerService(  365): Binding to Google transport
I/BackupManagerService(  365): Found stale backup journal, scheduling
I/BackupManagerService(  365):   android
I/BackupManagerService(  365):   com.android.browser
I/BackupManagerService(  365):   com.android.calendar
I/BackupManagerService(  365):   com.android.inputmethod.latin
I/BackupManagerService(  365):   com.android.providers.settings
I/BackupManagerService(  365):   com.android.providers.userdictionary
I/BackupManagerService(  365):   com.android.sharedstoragebackup
I/BackupManagerService(  365):   com.android.vending
I/BackupManagerService(  365):   com.fingersoft.hillclimb
I/BackupManagerService(  365):   com.glu.deerhunt2
I/BackupManagerService(  365):   com.google.android.gm
I/BackupManagerService(  365):   me.zed_0xff.android.alchemy
I/BackupManagerService(  365): Backup enabled => false
I/BackupManagerService(  365): Opting out of backup
I/SystemServer(  365): AppWidget Service
I/SystemServer(  365): Recognition Service
I/SystemServer(  365): Smartcard System Service
I/SystemServer(  365): DiskStats Service
I/SystemServer(  365): AtCmdFwd Service
I/SystemServer(  365): SamplingProfiler Service
I/SystemServer(  365): NetworkTimeUpdateService
D/PowerManagerService(  365): setScreenOffTimeouts mKeylightDelay=6000 mDimDelay=-1 mScreenOffDelay=2147483647 mDimScreen=true
D/PowerManagerService(  365): setPowerState: mPowerState=0x3 newState=0x3 noChangeLights=false reason=3
D/PowerManagerService(  365): system ready!
I/ActivityManager(  365): System now ready
I/SystemServer(  365): Making services ready
D/SystemServer(  365): Starting service: Intent { cmp=com.android.systemui/.SystemUIService }
I/ActivityManager(  365): Start proc com.android.systemui for service com.android.systemui/.SystemUIService: pid=481 uid=1000 gids={3003, 1006, 3002, 3001, 1015, 3007}
D/NetworkManagementService(  365): enabling bandwidth control
D/NetdConnector(  365): SND -> {bandwidth enable} {null}
D/SystemUIService(  481): loading: class com.android.systemui.statusbar.tablet.TabletStatusBar
D/SystemUIService(  481): running: com.android.systemui.statusbar.tablet.TabletStatusBar@41f808c8
I/StatusBar.HeightReceiver(  481): Resizing status bar plugged=false height=48 old=0
D/NetdConnector(  365): RCV <- {200 Bandwidth command succeeeded}
D/NetdConnector(  365): RSP <- {200 Bandwidth command succeeeded}
D/NetworkManagementService(  365): Registering observer
D/NetdConnector(  365): SND -> {bandwidth setglobalalert 2097152} {null}
D/NetdConnector(  365): RCV <- {200 Bandwidth command succeeeded}
D/NetdConnector(  365): RSP <- {200 Bandwidth command succeeeded}
D/NetworkManagementService(  365): Registering observer
I/ActivityManager(  365): Start proc android.process.media for broadcast com.android.providers.media/.UsbReceiver: pid=534 uid=10044 gids={1015, 1023, 1024, 2001, 3003, 3007}
I/ActivityManager(  365): Config changed: {1.0 0mcc0mnc ru_RU layoutdir=0 sw800dp w1280dp h752dp xlrg land finger -keyb/v/h dpad/v s.4}
W/AppWidgetService(  365): No android.appwidget.provider meta-data for AppWidget provider 'ComponentInfo{com.maxmpz.audioplayer/com.maxmpz.audioplayer.widgetpackcommon.WidgetKeyguardProvider}'
W/AppWidgetService(  365): No android.appwidget.provider meta-data for AppWidget provider 'ComponentInfo{com.maxmpz.audioplayer/com.maxmpz.audioplayer.widgetpackcommon.WidgetKg4x1Provider}'
I/ActivityManager(  365): Start proc com.maxmpz.audioplayer for broadcast com.maxmpz.audioplayer/.StorageBroadcastReceiver: pid=553 uid=10083 gids={1015, 3003, 3002}
I/ActivityManager(  365): Start proc com.huawei.hisuite for broadcast com.huawei.hisuite/.framework.SFPReceiver: pid=570 uid=10088 gids={3003, 1015}
I/ActivityManager(  365): Start proc com.android.galaxy4 for service com.android.galaxy4/.Galaxy4Wallpaper: pid=582 uid=10048 gids={}
W/InputManagerService(  365): Ignoring setImeWindowStatus of uid 1000 token: null
I/ActivityManager(  365): Start proc com.huawei.inputmethod.hwpal for service com.huawei.inputmethod.hwpal/.PinyinIME: pid=594 uid=10012 gids={3003, 1015}
I/ActivityManager(  365): Process com.huawei.hisuite (pid 570) has died.
I/ActivityManager(  365): START {act=android.intent.action.MAIN cat=[android.intent.category.HOME] flg=0x10000000 cmp=com.android.launcher/com.android.launcher2.Launcher} from pid 0
D/NetworkManagementService(  365): Registering observer
I/ActivityManager(  365): Start proc com.android.launcher for activity com.android.launcher/com.android.launcher2.Launcher: pid=610 uid=10055 gids={}
W/ThrottleService(  365): unable to find stats for iface rmnet0
I/ActivityManager(  365): Start proc com.android.phone for added application com.android.phone: pid=623 uid=1001 gids={3002, 3001, 3003, 1015}
D/NetdConnector(  365): SND -> {softap fwreload wlan0 STA} {null}
D/NetdConnector(  365): RCV <- {200 Softap operation succeeded}
D/NetdConnector(  365): RSP <- {200 Softap operation succeeded}
D/NetdConnector(  365): SND -> {interface setthrottle rmnet0 -1 -1} {null}
D/NetdConnector(  365): RCV <- {200 Interface throttling set}
D/NetdConnector(  365): RSP <- {200 Interface throttling set}
D/NetdConnector(  365): SND -> {interface getcfg wlan0} {null}
D/NetdConnector(  365): RCV <- {213 00:90:4c:11:22:33 0.0.0.0 0 [down broadcast multicast]}
D/NetdConnector(  365): RSP <- {213 00:90:4c:11:22:33 0.0.0.0 0 [down broadcast multicast]}
D/NetworkManagementService(  365): rsp <213 00:90:4c:11:22:33 0.0.0.0 0 [down broadcast multicast]>
D/NetworkManagementService(  365): flags <[down broadcast multicast]>
D/NetdConnector(  365): SND -> {interface setcfg wlan0 0.0.0.0 0 [down broadcast multicast]} {null}
D/NetdConnector(  365): RCV <- {200 Interface configuration set}
D/NetdConnector(  365): RSP <- {200 Interface configuration set}
D/NetdConnector(  365): SND -> {interface ipv6privacyextensions wlan0 enable} {null}
D/NetdConnector(  365): RCV <- {200 IPv6 privacy extensions changed}
D/NetdConnector(  365): RSP <- {200 IPv6 privacy extensions changed}
D/NetdConnector(  365): RCV <- {600 Iface linkstate wlan0 up}
I/ONCRPC  (  167): Setup RPC Call for task 40080270
I/ONCRPC  (  167): oncrpc_xdr_call_msg_start: Prog: 3000006b, Ver: 00010001, Proc: 00000002
I/ONCRPC  (  167): xdr_std_msg_send_call: Sent Xid: a, Prog: 3000006b, Ver: 00010001, Proc: 00000002
I/ONCRPC  (  167): xdr_std_msg_send_call: Received Reply Xid: a, Prog: 3000006b, Ver: 00010001, Proc: 00000002
I/StatusBarManagerService(  365): registerStatusBar bar=com.android.internal.statusbar.IStatusBar$Stub$Proxy@41fd28f0
I/WifiService(  365): WifiService trying to set country code to cn with persist set to true
I/ActivityManager(  365): Start proc com.android.smspush for service com.android.smspush/.WapPushManager: pid=670 uid=10073 gids={}
D/SystemUIService(  481): loading: class com.android.systemui.power.PowerUI
D/SystemUIService(  481): running: com.android.systemui.power.PowerUI@420b2c60
I/StatusBar.HeightReceiver(  481): Resizing status bar plugged=false height=48 old=48
I/StatusBar.HeightReceiver(  481): Resizing status bar plugged=false height=48 old=48
D/StatusBar.NetworkController(  481): refreshViews connected={ } level=?? combinedSignalIconId=0x0/(null) combinedActivityIconId=0x0 mAirplaneMode=false mDataActivity=0 mPhoneSignalIconId=0x0 mDataDirectionIconId=0x0 mDataSignalIconId=0x0 mDataTypeIconId=0x0 mNoSimIconId=0x0 mWifiIconId=0x0 mBluetoothTetherIconId=0x108053d
D/StatusBar.NetworkController(  481): changing data overlay icon id to 0
D/WifiService(  365): New client listening to asynchronous messages
I/ActivityManager(  365): Start proc com.android.contacts for broadcast com.android.contacts/.hap.sim.SimStateChangeReceiver: pid=682 uid=10002 gids={3003, 1015}
I/ActivityManager(  365): Start proc android.process.acore for content provider com.android.providers.contacts/.CallLogProvider: pid=700 uid=10002 gids={3003, 1015}
W/ActivityManager(  365): Unable to start service Intent { act=com.android.ussd.IExtendedNetworkService }: not found
D/NetdConnector(  365): RCV <- {600 Iface linkstate wlan0 up}
D/NetdConnector(  365): RCV <- {600 Iface linkstate wlan0 up}
I/ActivityManager(  365): Start proc com.google.process.gapps for service com.google.android.location/.NetworkLocationService: pid=718 uid=10001 gids={3003, 1015, 1007, 1006, 2001, 3006}
D/NetdConnector(  365): RCV <- {600 Iface linkstate wlan0 up}
V/BackupManagerService(  365): Connected to Google transport
V/BackupManagerService(  365): Registering transport com.google.android.backup/.BackupTransportService = com.google.android.backup.BackupTransportService$1@420a85b0
I/ActivityManager(  365): Start proc com.google.android.partnersetup for broadcast com.google.android.partnersetup/.PhoneStateReceiver: pid=753 uid=10009 gids={3003}
I/ActivityManager(  365): Start proc com.android.settings for broadcast com.android.settings/.widget.SettingsAppWidgetProvider: pid=772 uid=1000 gids={3003, 1006, 3002, 3001, 1015, 3007}
D/NetdConnector(  365): RCV <- {600 Iface linkstate wlan0 up}
D/NetdConnector(  365): RCV <- {600 Iface linkstate wlan0 up}
D/MobileDataStateTracker(  365): fota: Received state=DISCONNECTED, old=DISCONNECTED, reason=radioTurnedOff
D/NetdConnector(  365): RCV <- {600 Iface linkstate wlan0 up}
D/NetdConnector(  365): RCV <- {600 Iface linkstate wlan0 up}
D/NetdConnector(  365): RCV <- {600 Iface linkstate wlan0 up}
D/MobileDataStateTracker(  365): dun: Received state=DISCONNECTED, old=DISCONNECTED, reason=radioTurnedOff
D/NetdConnector(  365): RCV <- {600 Iface linkstate wlan0 up}
D/MobileDataStateTracker(  365): supl: Received state=DISCONNECTED, old=DISCONNECTED, reason=radioTurnedOff
D/NetdConnector(  365): SND -> {interface ipv6 wlan0 enable} {null}
D/NetdConnector(  365): RCV <- {600 Iface linkstate wlan0 up}
D/NetdConnector(  365): RCV <- {600 Iface linkstate wlan0 up}
D/NetdConnector(  365): RCV <- {200 IPv6 state changed}
D/NetdConnector(  365): RSP <- {200 IPv6 state changed}
D/MobileDataStateTracker(  365): hipri: Received state=DISCONNECTED, old=DISCONNECTED, reason=radioTurnedOff
D/MobileDataStateTracker(  365): ims: Received state=DISCONNECTED, old=DISCONNECTED, reason=radioTurnedOff
D/MobileDataStateTracker(  365): default: Received state=DISCONNECTED, old=DISCONNECTED, reason=radioTurnedOff
D/MobileDataStateTracker(  365): mms: Received state=DISCONNECTED, old=DISCONNECTED, reason=radioTurnedOff
D/MobileDataStateTracker(  365): cbs: Received state=DISCONNECTED, old=DISCONNECTED, reason=radioTurnedOff
D/MobileDataStateTracker(  365): fota: Received state=DISCONNECTED, old=DISCONNECTED, reason=radioTurnedOff
D/MobileDataStateTracker(  365): dun: Received state=DISCONNECTED, old=DISCONNECTED, reason=radioTurnedOff
D/MobileDataStateTracker(  365): supl: Received state=DISCONNECTED, old=DISCONNECTED, reason=radioTurnedOff
D/MobileDataStateTracker(  365): hipri: Received state=DISCONNECTED, old=DISCONNECTED, reason=radioTurnedOff
D/MobileDataStateTracker(  365): ims: Received state=DISCONNECTED, old=DISCONNECTED, reason=radioTurnedOff
D/MobileDataStateTracker(  365): mms: Received state=DISCONNECTED, old=DISCONNECTED, reason=radioTurnedOff
D/MobileDataStateTracker(  365): cbs: Received state=DISCONNECTED, old=DISCONNECTED, reason=radioTurnedOff
D/MobileDataStateTracker(  365): default: Received state=DISCONNECTED, old=DISCONNECTED, reason=dataDetached
D/MobileDataStateTracker(  365): fota: Received state=DISCONNECTED, old=DISCONNECTED, reason=dataDetached
D/MobileDataStateTracker(  365): dun: Received state=DISCONNECTED, old=DISCONNECTED, reason=dataDetached
I/ONCRPC  (  167): Setup RPC Call for task 40080270
I/ONCRPC  (  167): oncrpc_xdr_call_msg_start: Prog: 3000006b, Ver: 00010001, Proc: 00000002
I/ONCRPC  (  167): xdr_std_msg_send_call: Sent Xid: b, Prog: 3000006b, Ver: 00010001, Proc: 00000002
I/ONCRPC  (  167): xdr_std_msg_send_call: Received Reply Xid: b, Prog: 3000006b, Ver: 00010001, Proc: 00000002
D/MobileDataStateTracker(  365): supl: Received state=DISCONNECTED, old=DISCONNECTED, reason=dataDetached
D/ConnectivityService(  365): ConnectivityChange for WIFI: CONNECTING/OBTAINING_IPADDR
D/ConnectivityService(  365): ConnectivityChange for WIFI: CONNECTING/OBTAINING_IPADDR
D/MobileDataStateTracker(  365): hipri: Received state=DISCONNECTED, old=DISCONNECTED, reason=dataDetached
D/MobileDataStateTracker(  365): ims: Received state=DISCONNECTED, old=DISCONNECTED, reason=dataDetached
D/MobileDataStateTracker(  365): mms: Received state=DISCONNECTED, old=DISCONNECTED, reason=dataDetached
D/MobileDataStateTracker(  365): cbs: Received state=DISCONNECTED, old=DISCONNECTED, reason=dataDetached
D/MobileDataStateTracker(  365): fota: Received state=DISCONNECTED, old=DISCONNECTED, reason=roamingOff
D/MobileDataStateTracker(  365): dun: Received state=DISCONNECTED, old=DISCONNECTED, reason=roamingOff
D/MobileDataStateTracker(  365): supl: Received state=DISCONNECTED, old=DISCONNECTED, reason=roamingOff
D/MobileDataStateTracker(  365): hipri: Received state=DISCONNECTED, old=DISCONNECTED, reason=roamingOff
D/MobileDataStateTracker(  365): ims: Received state=DISCONNECTED, old=DISCONNECTED, reason=roamingOff
D/MobileDataStateTracker(  365): mms: Received state=DISCONNECTED, old=DISCONNECTED, reason=roamingOff
D/MobileDataStateTracker(  365): cbs: Received state=DISCONNECTED, old=DISCONNECTED, reason=roamingOff
D/MobileDataStateTracker(  365): fota: Received state=DISCONNECTED, old=DISCONNECTED, reason=roamingOff
D/MobileDataStateTracker(  365): dun: Received state=DISCONNECTED, old=DISCONNECTED, reason=roamingOff
D/MobileDataStateTracker(  365): supl: Received state=DISCONNECTED, old=DISCONNECTED, reason=roamingOff
I/TabletStatusBar(  481): DISABLE_NOTIFICATION_ICONS: yes (DND)
D/MobileDataStateTracker(  365): hipri: Received state=DISCONNECTED, old=DISCONNECTED, reason=roamingOff
D/MobileDataStateTracker(  365): ims: Received state=DISCONNECTED, old=DISCONNECTED, reason=roamingOff
D/StatusBar.NetworkController(  481): In updateSimIcon simState= UNKNOWN
D/StatusBar.NetworkController(  481): refreshViews connected={ } level=?? combinedSignalIconId=0x0/(null) combinedActivityIconId=0x0 mAirplaneMode=false mDataActivity=0 mPhoneSignalIconId=0x0 mDataDirectionIconId=0x0 mDataSignalIconId=0x0 mDataTypeIconId=0x0 mNoSimIconId=0x0 mWifiIconId=0x0 mBluetoothTetherIconId=0x108053d
D/MobileDataStateTracker(  365): mms: Received state=DISCONNECTED, old=DISCONNECTED, reason=roamingOff
D/StatusBar.NetworkController(  481): refreshViews connected={ } level=?? combinedSignalIconId=0x0/(null) combinedActivityIconId=0x0 mAirplaneMode=false mDataActivity=0 mPhoneSignalIconId=0x0 mDataDirectionIconId=0x0 mDataSignalIconId=0x0 mDataTypeIconId=0x0 mNoSimIconId=0x0 mWifiIconId=0x0 mBluetoothTetherIconId=0x108053d
D/StatusBar.NetworkController(  481): refreshViews connected={ } level=?? combinedSignalIconId=0x0/(null) combinedActivityIconId=0x0 mAirplaneMode=false mDataActivity=0 mPhoneSignalIconId=0x0 mDataDirectionIconId=0x0 mDataSignalIconId=0x0 mDataTypeIconId=0x0 mNoSimIconId=0x0 mWifiIconId=0x7f0200b7 mBluetoothTetherIconId=0x108053d
D/StatusBar.NetworkController(  481): onServiceStateChanged state=3 home null null null  Unknown:0 CSS not supported -1 -1 mDataState=3 RoamInd=-1 DefRoamInd=-1 EmergOnly=false
D/StatusBar.NetworkController(  481): Combining data service state3for signal
D/StatusBar.NetworkController(  481):  No service
D/MobileDataStateTracker(  365): cbs: Received state=DISCONNECTED, old=DISCONNECTED, reason=roamingOff
D/StatusBar.NetworkController(  481): refreshViews connected={ } level=?? combinedSignalIconId=0x7f0200a1/com.android.systemui:drawable/stat_sys_signal_0 combinedActivityIconId=0x0 mAirplaneMode=false mDataActivity=0 mPhoneSignalIconId=0x7f0200a1 mDataDirectionIconId=0x0 mDataSignalIconId=0x7f0200a1 mDataTypeIconId=0x0 mNoSimIconId=0x0 mWifiIconId=0x7f0200b7 mBluetoothTetherIconId=0x108053d
D/StatusBar.NetworkController(  481): refreshViews connected={ } level=?? combinedSignalIconId=0x7f0200a1/com.android.systemui:drawable/stat_sys_signal_0 combinedActivityIconId=0x0 mAirplaneMode=false mDataActivity=0 mPhoneSignalIconId=0x7f0200a1 mDataDirectionIconId=0x0 mDataSignalIconId=0x7f0200a1 mDataTypeIconId=0x0 mNoSimIconId=0x0 mWifiIconId=0x7f0200b7 mBluetoothTetherIconId=0x108053d
D/StatusBar.NetworkController(  481): refreshViews connected={ } level=?? combinedSignalIconId=0x7f0200a1/com.android.systemui:drawable/stat_sys_signal_0 combinedActivityIconId=0x0 mAirplaneMode=false mDataActivity=0 mPhoneSignalIconId=0x7f0200a1 mDataDirectionIconId=0x0 mDataSignalIconId=0x7f0200a1 mDataTypeIconId=0x0 mNoSimIconId=0x0 mWifiIconId=0x7f0200b7 mBluetoothTetherIconId=0x108053d
D/StatusBar.NetworkController(  481): onServiceStateChanged state=1 home null null null  Unknown:0 CSS not supported -1 -1 mDataState=1 RoamInd=-1 DefRoamInd=-1 EmergOnly=false
D/StatusBar.NetworkController(  481): Combining data service state1for signal
D/StatusBar.NetworkController(  481):  No service
D/StatusBar.NetworkController(  481): refreshViews connected={ } level=?? combinedSignalIconId=0x7f0200a1/com.android.systemui:drawable/stat_sys_signal_0 combinedActivityIconId=0x0 mAirplaneMode=false mDataActivity=0 mPhoneSignalIconId=0x7f0200a1 mDataDirectionIconId=0x0 mDataSignalIconId=0x7f0200a1 mDataTypeIconId=0x0 mNoSimIconId=0x0 mWifiIconId=0x7f0200b7 mBluetoothTetherIconId=0x108053d
D/StatusBar.NetworkController(  481): In updateSimIcon simState= ABSENT
D/StatusBar.NetworkController(  481): refreshViews connected={ } level=?? combinedSignalIconId=0x7f0200a1/com.android.systemui:drawable/stat_sys_signal_0 combinedActivityIconId=0x0 mAirplaneMode=false mDataActivity=0 mPhoneSignalIconId=0x7f0200a1 mDataDirectionIconId=0x0 mDataSignalIconId=0x7f0200a1 mDataTypeIconId=0x0 mNoSimIconId=0x0 mWifiIconId=0x7f0200b7 mBluetoothTetherIconId=0x108053d
I/ActivityManager(  365): Start proc cloudtv.hdwidgets for broadcast cloudtv.hdwidgets/.switches.SwitchSystemUpdateReceiver: pid=811 uid=10105 gids={3002, 3001, 1006, 3003, 1015}
D/StatusBar.NetworkController(  481): refreshViews connected={ } level=?? combinedSignalIconId=0x7f0200a1/com.android.systemui:drawable/stat_sys_signal_0 combinedActivityIconId=0x0 mAirplaneMode=false mDataActivity=0 mPhoneSignalIconId=0x7f0200a1 mDataDirectionIconId=0x0 mDataSignalIconId=0x7f0200a1 mDataTypeIconId=0x0 mNoSimIconId=0x0 mWifiIconId=0x7f0200b7 mBluetoothTetherIconId=0x108053d
D/StatusBar.NetworkController(  481): onServiceStateChanged state=1 home null null null  Unknown:0 CSS not supported -1 -1 mDataState=1 RoamInd=-1 DefRoamInd=-1 EmergOnly=true
D/StatusBar.NetworkController(  481): Combining data service state1for signal
D/StatusBar.NetworkController(  481):  No service
D/StatusBar.NetworkController(  481): refreshViews connected={ } level=?? combinedSignalIconId=0x7f0200a1/com.android.systemui:drawable/stat_sys_signal_0 combinedActivityIconId=0x0 mAirplaneMode=false mDataActivity=0 mPhoneSignalIconId=0x7f0200a1 mDataDirectionIconId=0x0 mDataSignalIconId=0x7f0200a1 mDataTypeIconId=0x0 mNoSimIconId=0x0 mWifiIconId=0x7f0200b7 mBluetoothTetherIconId=0x108053d
I/ActivityManager(  365): Start proc android.smartcard:remote for on-hold: pid=824 uid=10068 gids={1015}
D/PowerManagerService(  365): bootCompleted
D/PowerManagerService(  365): setPowerState from userActivity! 
D/PowerManagerService(  365): setPowerState: mPowerState=0x3 newState=0x3 noChangeLights=false reason=2
V/DevicePolicyManagerService(  365): Sending password expiration notifications for action android.intent.action.BOOT_COMPLETED
D/VoldConnector(  365): SND -> {volume mount /mnt/sdcard} {null}
D/VoldCmdListener(  148): volume mount /mnt/sdcard
I/Vold    (  148): /dev/block/vold/179:97 being considered for volume sdcard
D/Vold    (  148): Volume sdcard state changing 1 (Idle-Unmounted) -> 3 (Checking)
D/VoldConnector(  365): RCV <- {605 Volume sdcard /mnt/sdcard state changed from 1 (Idle-Unmounted) to 3 (Checking)}
D/MountService(  365): volume state changed for /mnt/sdcard (unmounted -> checking)
D/MountService(  365): sendStorageIntent Intent { act=android.intent.action.MEDIA_CHECKING dat=file:///mnt/sdcard (has extras) }
V/WiredAccessoryObserver(  365): init()
W/WiredAccessoryObserver(  365): This kernel does not have wired headset support
I/Vold    (  148): Fat Filesystem check completed OK
I/Vold    (  148): Device /dev/block/vold/179:97, target /mnt/sdcard mounted @ /mnt/secure/staging
D/Vold    (  148): Volume sdcard state changing 3 (Checking) -> 4 (Mounted)
D/VoldConnector(  365): RCV <- {605 Volume sdcard /mnt/sdcard state changed from 3 (Checking) to 4 (Mounted)}
D/MountService(  365): volume state changed for /mnt/sdcard (checking -> mounted)
D/VoldConnector(  365): RCV <- {200 volume operation succeeded}
D/VoldConnector(  365): RSP <- {200 volume operation succeeded}
W/MountService(  365): Duplicate state transition (mounted -> mounted) for /mnt/sdcard2
D/MountService(  365): sendStorageIntent Intent { act=android.intent.action.MEDIA_MOUNTED dat=file:///mnt/sdcard2 (has extras) }
D/MountService(  365): sendStorageIntent Intent { act=android.intent.action.MEDIA_MOUNTED dat=file:///mnt/sdcard (has extras) }
D/VoldConnector(  365): SND -> {asec list} {null}
D/VoldCmdListener(  148): asec list
D/VoldConnector(  365): RCV <- {111 com.gameloft.android.ANMP.GloftDMHM-1}
D/VoldConnector(  365): RCV <- {111 ru.ivi.client-1}
D/VoldConnector(  365): RCV <- {111 com.dle.bc2-1}
D/VoldConnector(  365): RCV <- {111 com.outfit7.talkingsantafree-1}
D/VoldConnector(  365): RCV <- {111 com.talking.darthvader-1}
D/VoldConnector(  365): RCV <- {111 com.outfit7.talkingpierrefree-1}
D/VoldConnector(  365): RCV <- {111 com.g6677.android.cdentist-1}
D/VoldConnector(  365): RCV <- {111 com.outfit7.talkingben-1}
D/VoldConnector(  365): RCV <- {111 com.feelingtouch.gnz-2}
D/VoldConnector(  365): RCV <- {111 com.kiloo.subwaysurf-1}
D/VoldConnector(  365): RCV <- {111 com.outfit7.tomslovelettersfree-1}
D/VoldConnector(  365): RCV <- {111 com.gamehivecorp.kicktheboss2r-2}
D/VoldConnector(  365): RCV <- {111 com.talking.obama-2}
D/VoldConnector(  365): RCV <- {111 com.com2us.summitxsnowboard.normal.tryandbuy.google.global.android.common-1}
D/VoldConnector(  365): RCV <- {111 com.disney.WMPLite-2}
D/VoldConnector(  365): RCV <- {111 com.talking.putin-1}
D/VoldConnector(  365): RCV <- {111 com.galapagossoft.trialx2_winter-2}
D/VoldConnector(  365): RCV <- {111 com.magi.gunshd-2}
D/VoldConnector(  365): RCV <- {111 com.ezone.Snowboard-1}
D/VoldConnector(  365): RCV <- {111 com.outfit7.talkingtom2free-2}
D/VoldConnector(  365): RCV <- {111 ru.igsoft.bowlingonline3d-2}
D/VoldConnector(  365): RCV <- {111 com.mojang.minecraftpe-1}
D/VoldConnector(  365): RCV <- {111 com.djinnworks.StickmanSkiRacer.free-2}
D/VoldConnector(  365): RCV <- {111 no.tine.mrmelkwintergames-1}
D/VoldConnector(  365): RCV <- {111 com.opera.browser-1}
D/VoldConnector(  365): RCV <- {111 com.mobjoy.roadwarrior-1}
D/VoldConnector(  365): RCV <- {111 com.outfit7.talkingtom-1}
D/VoldConnector(  365): RCV <- {111 com.galapagossoft.trialdemo-2}
D/VoldConnector(  365): RCV <- {111 com.djinnworks.StickmanBaseJumper.lite-2}
D/VoldConnector(  365): RSP <- {111 com.gameloft.android.ANMP.GloftDMHM-1}
D/VoldConnector(  365): RSP <- {111 ru.ivi.client-1}
D/VoldConnector(  365): RSP <- {111 com.dle.bc2-1}
D/VoldConnector(  365): RSP <- {111 com.outfit7.talkingsantafree-1}
D/VoldConnector(  365): RSP <- {111 com.talking.darthvader-1}
D/VoldConnector(  365): RSP <- {111 com.outfit7.talkingpierrefree-1}
D/VoldConnector(  365): RSP <- {111 com.g6677.android.cdentist-1}
D/VoldConnector(  365): RSP <- {111 com.outfit7.talkingben-1}
D/VoldConnector(  365): RSP <- {111 com.feelingtouch.gnz-2}
D/VoldConnector(  365): RSP <- {111 com.kiloo.subwaysurf-1}
D/VoldConnector(  365): RSP <- {111 com.outfit7.tomslovelettersfree-1}
D/VoldConnector(  365): RSP <- {111 com.gamehivecorp.kicktheboss2r-2}
D/VoldConnector(  365): RSP <- {111 com.talking.obama-2}
D/VoldConnector(  365): RSP <- {111 com.com2us.summitxsnowboard.normal.tryandbuy.google.global.android.common-1}
D/VoldConnector(  365): RSP <- {111 com.disney.WMPLite-2}
D/VoldConnector(  365): RSP <- {111 com.talking.putin-1}
D/VoldConnector(  365): RSP <- {111 com.galapagossoft.trialx2_winter-2}
D/VoldConnector(  365): RSP <- {111 com.magi.gunshd-2}
D/VoldConnector(  365): RSP <- {111 com.ezone.Snowboard-1}
D/VoldConnector(  365): RSP <- {111 com.outfit7.talkingtom2free-2}
D/VoldConnector(  365): RSP <- {111 ru.igsoft.bowlingonline3d-2}
D/VoldConnector(  365): RSP <- {111 com.mojang.minecraftpe-1}
D/VoldConnector(  365): RSP <- {111 com.djinnworks.StickmanSkiRacer.free-2}
D/VoldConnector(  365): RSP <- {111 no.tine.mrmelkwintergames-1}
D/VoldConnector(  365): RSP <- {111 com.opera.browser-1}
D/VoldConnector(  365): RSP <- {111 com.mobjoy.roadwarrior-1}
D/VoldConnector(  365): RSP <- {111 com.outfit7.talkingtom-1}
D/VoldConnector(  365): RSP <- {111 com.galapagossoft.trialdemo-2}
D/VoldConnector(  365): RSP <- {111 com.djinnworks.StickmanBaseJumper.lite-2}
D/VoldConnector(  365): RCV <- {111 com.integer3d.dirtroadtrucker-1}
D/VoldConnector(  365): RCV <- {111 com.gamehivecorp.kicktheboss.android-1}
D/VoldConnector(  365): RCV <- {111 com.djinnworks.RopeFly.lite-2}
D/VoldConnector(  365): RCV <- {200 asec operation succeeded}
D/VoldConnector(  365): RSP <- {111 com.integer3d.dirtroadtrucker-1}
D/VoldConnector(  365): RSP <- {111 com.gamehivecorp.kicktheboss.android-1}
D/VoldConnector(  365): RSP <- {111 com.djinnworks.RopeFly.lite-2}
D/VoldConnector(  365): RSP <- {200 asec operation succeeded}
D/VoldConnector(  365): List terminated with {200 asec operation succeeded}
D/VoldConnector(  365): SND -> {asec path com.gameloft.android.ANMP.GloftDMHM-1} {null}
D/VoldCmdListener(  148): asec path com.gameloft.android.ANMP.GloftDMHM-1
D/VoldConnector(  365): RCV <- {211 /mnt/asec/com.gameloft.android.ANMP.GloftDMHM-1}
D/VoldConnector(  365): RSP <- {211 /mnt/asec/com.gameloft.android.ANMP.GloftDMHM-1}
D/VoldConnector(  365): SND -> {asec path ru.ivi.client-1} {null}
D/VoldCmdListener(  148): asec path ru.ivi.client-1
D/VoldConnector(  365): RCV <- {211 /mnt/asec/ru.ivi.client-1}
D/VoldConnector(  365): RSP <- {211 /mnt/asec/ru.ivi.client-1}
D/VoldConnector(  365): SND -> {asec path com.dle.bc2-1} {null}
D/VoldCmdListener(  148): asec path com.dle.bc2-1
D/VoldConnector(  365): RCV <- {211 /mnt/asec/com.dle.bc2-1}
D/VoldConnector(  365): RSP <- {211 /mnt/asec/com.dle.bc2-1}
D/VoldConnector(  365): SND -> {asec path com.outfit7.talkingsantafree-1} {null}
D/VoldCmdListener(  148): asec path com.outfit7.talkingsantafree-1
D/VoldConnector(  365): RCV <- {211 /mnt/asec/com.outfit7.talkingsantafree-1}
D/VoldConnector(  365): RSP <- {211 /mnt/asec/com.outfit7.talkingsantafree-1}
D/VoldConnector(  365): SND -> {asec path com.talking.darthvader-1} {null}
D/VoldCmdListener(  148): asec path com.talking.darthvader-1
D/VoldConnector(  365): RCV <- {211 /mnt/asec/com.talking.darthvader-1}
D/VoldConnector(  365): RSP <- {211 /mnt/asec/com.talking.darthvader-1}
D/VoldConnector(  365): SND -> {asec path com.outfit7.talkingpierrefree-1} {null}
D/VoldCmdListener(  148): asec path com.outfit7.talkingpierrefree-1
D/VoldConnector(  365): RCV <- {211 /mnt/asec/com.outfit7.talkingpierrefree-1}
D/VoldConnector(  365): RSP <- {211 /mnt/asec/com.outfit7.talkingpierrefree-1}
D/VoldConnector(  365): SND -> {asec path com.g6677.android.cdentist-1} {null}
D/VoldCmdListener(  148): asec path com.g6677.android.cdentist-1
D/VoldConnector(  365): RCV <- {211 /mnt/asec/com.g6677.android.cdentist-1}
D/VoldConnector(  365): RSP <- {211 /mnt/asec/com.g6677.android.cdentist-1}
D/VoldConnector(  365): SND -> {asec path com.outfit7.talkingben-1} {null}
D/VoldCmdListener(  148): asec path com.outfit7.talkingben-1
D/VoldConnector(  365): RCV <- {211 /mnt/asec/com.outfit7.talkingben-1}
D/VoldConnector(  365): RSP <- {211 /mnt/asec/com.outfit7.talkingben-1}
D/VoldConnector(  365): SND -> {asec path com.feelingtouch.gnz-2} {null}
D/VoldCmdListener(  148): asec path com.feelingtouch.gnz-2
D/VoldConnector(  365): RCV <- {211 /mnt/asec/com.feelingtouch.gnz-2}
D/VoldConnector(  365): RSP <- {211 /mnt/asec/com.feelingtouch.gnz-2}
D/VoldConnector(  365): SND -> {asec path com.kiloo.subwaysurf-1} {null}
D/VoldCmdListener(  148): asec path com.kiloo.subwaysurf-1
D/VoldConnector(  365): RCV <- {211 /mnt/asec/com.kiloo.subwaysurf-1}
D/VoldConnector(  365): RSP <- {211 /mnt/asec/com.kiloo.subwaysurf-1}
D/VoldConnector(  365): SND -> {asec path com.outfit7.tomslovelettersfree-1} {null}
D/VoldCmdListener(  148): asec path com.outfit7.tomslovelettersfree-1
D/VoldConnector(  365): RCV <- {211 /mnt/asec/com.outfit7.tomslovelettersfree-1}
D/VoldConnector(  365): RSP <- {211 /mnt/asec/com.outfit7.tomslovelettersfree-1}
D/VoldConnector(  365): SND -> {asec path com.gamehivecorp.kicktheboss2r-2} {null}
D/VoldCmdListener(  148): asec path com.gamehivecorp.kicktheboss2r-2
D/VoldConnector(  365): RCV <- {211 /mnt/asec/com.gamehivecorp.kicktheboss2r-2}
D/VoldConnector(  365): RSP <- {211 /mnt/asec/com.gamehivecorp.kicktheboss2r-2}
D/VoldConnector(  365): SND -> {asec path com.talking.obama-2} {null}
D/VoldCmdListener(  148): asec path com.talking.obama-2
D/VoldConnector(  365): RCV <- {211 /mnt/asec/com.talking.obama-2}
D/VoldConnector(  365): RSP <- {211 /mnt/asec/com.talking.obama-2}
D/VoldConnector(  365): SND -> {asec path com.com2us.summitxsnowboard.normal.tryandbuy.google.global.android.common-1} {null}
D/VoldCmdListener(  148): asec path com.com2us.summitxsnowboard.normal.tryandbuy.google.global.android.common-1
D/VoldConnector(  365): RCV <- {211 /mnt/asec/com.com2us.summitxsnowboard.normal.tryandbuy.google.global.android.common-1}
D/VoldConnector(  365): RSP <- {211 /mnt/asec/com.com2us.summitxsnowboard.normal.tryandbuy.google.global.android.common-1}
D/VoldConnector(  365): SND -> {asec path com.disney.WMPLite-2} {null}
D/VoldCmdListener(  148): asec path com.disney.WMPLite-2
D/VoldConnector(  365): RCV <- {211 /mnt/asec/com.disney.WMPLite-2}
D/VoldConnector(  365): RSP <- {211 /mnt/asec/com.disney.WMPLite-2}
D/VoldConnector(  365): SND -> {asec path com.talking.putin-1} {null}
D/VoldCmdListener(  148): asec path com.talking.putin-1
D/VoldConnector(  365): RCV <- {211 /mnt/asec/com.talking.putin-1}
D/VoldConnector(  365): RSP <- {211 /mnt/asec/com.talking.putin-1}
D/VoldConnector(  365): SND -> {asec path com.galapagossoft.trialx2_winter-2} {null}
D/VoldCmdListener(  148): asec path com.galapagossoft.trialx2_winter-2
D/VoldConnector(  365): RCV <- {211 /mnt/asec/com.galapagossoft.trialx2_winter-2}
D/VoldConnector(  365): RSP <- {211 /mnt/asec/com.galapagossoft.trialx2_winter-2}
D/VoldConnector(  365): SND -> {asec path com.magi.gunshd-2} {null}
D/VoldCmdListener(  148): asec path com.magi.gunshd-2
D/VoldConnector(  365): RCV <- {211 /mnt/asec/com.magi.gunshd-2}
D/VoldConnector(  365): RSP <- {211 /mnt/asec/com.magi.gunshd-2}
D/VoldConnector(  365): SND -> {asec path com.ezone.Snowboard-1} {null}
D/VoldCmdListener(  148): asec path com.ezone.Snowboard-1
D/VoldConnector(  365): RCV <- {211 /mnt/asec/com.ezone.Snowboard-1}
D/VoldConnector(  365): RSP <- {211 /mnt/asec/com.ezone.Snowboard-1}
D/VoldConnector(  365): SND -> {asec path com.outfit7.talkingtom2free-2} {null}
D/VoldCmdListener(  148): asec path com.outfit7.talkingtom2free-2
D/VoldConnector(  365): RCV <- {211 /mnt/asec/com.outfit7.talkingtom2free-2}
D/VoldConnector(  365): RSP <- {211 /mnt/asec/com.outfit7.talkingtom2free-2}
D/VoldConnector(  365): SND -> {asec path ru.igsoft.bowlingonline3d-2} {null}
D/VoldCmdListener(  148): asec path ru.igsoft.bowlingonline3d-2
D/VoldConnector(  365): RCV <- {211 /mnt/asec/ru.igsoft.bowlingonline3d-2}
D/VoldConnector(  365): RSP <- {211 /mnt/asec/ru.igsoft.bowlingonline3d-2}
D/VoldConnector(  365): SND -> {asec path com.mojang.minecraftpe-1} {null}
D/VoldCmdListener(  148): asec path com.mojang.minecraftpe-1
D/VoldConnector(  365): RCV <- {211 /mnt/asec/com.mojang.minecraftpe-1}
D/VoldConnector(  365): RSP <- {211 /mnt/asec/com.mojang.minecraftpe-1}
D/VoldConnector(  365): SND -> {asec path com.djinnworks.StickmanSkiRacer.free-2} {null}
D/VoldCmdListener(  148): asec path com.djinnworks.StickmanSkiRacer.free-2
D/VoldConnector(  365): RCV <- {211 /mnt/asec/com.djinnworks.StickmanSkiRacer.free-2}
D/VoldConnector(  365): RSP <- {211 /mnt/asec/com.djinnworks.StickmanSkiRacer.free-2}
D/VoldConnector(  365): SND -> {asec path no.tine.mrmelkwintergames-1} {null}
D/VoldCmdListener(  148): asec path no.tine.mrmelkwintergames-1
D/VoldConnector(  365): RCV <- {211 /mnt/asec/no.tine.mrmelkwintergames-1}
D/VoldConnector(  365): RSP <- {211 /mnt/asec/no.tine.mrmelkwintergames-1}
D/VoldConnector(  365): SND -> {asec path com.opera.browser-1} {null}
D/VoldCmdListener(  148): asec path com.opera.browser-1
D/VoldConnector(  365): RCV <- {211 /mnt/asec/com.opera.browser-1}
D/VoldConnector(  365): RSP <- {211 /mnt/asec/com.opera.browser-1}
D/VoldConnector(  365): SND -> {asec path com.mobjoy.roadwarrior-1} {null}
D/VoldCmdListener(  148): asec path com.mobjoy.roadwarrior-1
D/VoldConnector(  365): RCV <- {211 /mnt/asec/com.mobjoy.roadwarrior-1}
D/VoldConnector(  365): RSP <- {211 /mnt/asec/com.mobjoy.roadwarrior-1}
D/VoldConnector(  365): SND -> {asec path com.outfit7.talkingtom-1} {null}
D/VoldCmdListener(  148): asec path com.outfit7.talkingtom-1
D/VoldConnector(  365): RCV <- {211 /mnt/asec/com.outfit7.talkingtom-1}
D/VoldConnector(  365): RSP <- {211 /mnt/asec/com.outfit7.talkingtom-1}
D/VoldConnector(  365): SND -> {asec path com.galapagossoft.trialdemo-2} {null}
D/VoldCmdListener(  148): asec path com.galapagossoft.trialdemo-2
D/VoldConnector(  365): RCV <- {211 /mnt/asec/com.galapagossoft.trialdemo-2}
D/VoldConnector(  365): RSP <- {211 /mnt/asec/com.galapagossoft.trialdemo-2}
D/VoldConnector(  365): SND -> {asec path com.djinnworks.StickmanBaseJumper.lite-2} {null}
D/VoldCmdListener(  148): asec path com.djinnworks.StickmanBaseJumper.lite-2
D/VoldConnector(  365): RCV <- {211 /mnt/asec/com.djinnworks.StickmanBaseJumper.lite-2}
D/VoldConnector(  365): RSP <- {211 /mnt/asec/com.djinnworks.StickmanBaseJumper.lite-2}
D/VoldConnector(  365): SND -> {asec path com.integer3d.dirtroadtrucker-1} {null}
D/VoldCmdListener(  148): asec path com.integer3d.dirtroadtrucker-1
D/VoldConnector(  365): RCV <- {211 /mnt/asec/com.integer3d.dirtroadtrucker-1}
D/VoldConnector(  365): RSP <- {211 /mnt/asec/com.integer3d.dirtroadtrucker-1}
D/VoldConnector(  365): SND -> {asec path com.gamehivecorp.kicktheboss.android-1} {null}
D/VoldCmdListener(  148): asec path com.gamehivecorp.kicktheboss.android-1
D/VoldConnector(  365): RCV <- {211 /mnt/asec/com.gamehivecorp.kicktheboss.android-1}
D/VoldConnector(  365): RSP <- {211 /mnt/asec/com.gamehivecorp.kicktheboss.android-1}
D/VoldConnector(  365): SND -> {asec path com.djinnworks.RopeFly.lite-2} {null}
D/VoldCmdListener(  148): asec path com.djinnworks.RopeFly.lite-2
D/VoldConnector(  365): RCV <- {211 /mnt/asec/com.djinnworks.RopeFly.lite-2}
D/VoldConnector(  365): RSP <- {211 /mnt/asec/com.djinnworks.RopeFly.lite-2}
D/VoldConnector(  365): SND -> {asec mount com.opera.browser-1 0e86d5a051f68a5573d8892238a5920d 1000} {null}
D/VoldCmdListener(  148): asec mount com.opera.browser-1 {} 1000
D/VoldConnector(  365): RCV <- {200 asec operation succeeded}
D/VoldConnector(  365): RSP <- {200 asec operation succeeded}
D/VoldConnector(  365): SND -> {asec path com.opera.browser-1} {null}
D/VoldCmdListener(  148): asec path com.opera.browser-1
D/VoldConnector(  365): RCV <- {211 /mnt/asec/com.opera.browser-1}
D/VoldConnector(  365): RSP <- {211 /mnt/asec/com.opera.browser-1}
I/PackageManager(  365): Linking native library dir for /mnt/asec/com.opera.browser-1/pkg.apk
D/VoldConnector(  365): SND -> {asec mount com.g6677.android.cdentist-1 0e86d5a051f68a5573d8892238a5920d 1000} {null}
D/VoldCmdListener(  148): asec mount com.g6677.android.cdentist-1 {} 1000
D/VoldConnector(  365): RCV <- {200 asec operation succeeded}
D/VoldConnector(  365): RSP <- {200 asec operation succeeded}
D/VoldConnector(  365): SND -> {asec path com.g6677.android.cdentist-1} {null}
D/VoldCmdListener(  148): asec path com.g6677.android.cdentist-1
D/VoldConnector(  365): RCV <- {211 /mnt/asec/com.g6677.android.cdentist-1}
D/VoldConnector(  365): RSP <- {211 /mnt/asec/com.g6677.android.cdentist-1}
I/PackageManager(  365): Linking native library dir for /mnt/asec/com.g6677.android.cdentist-1/pkg.apk
D/VoldConnector(  365): SND -> {asec mount com.outfit7.talkingtom-1 0e86d5a051f68a5573d8892238a5920d 1000} {null}
D/VoldCmdListener(  148): asec mount com.outfit7.talkingtom-1 {} 1000
D/VoldConnector(  365): RCV <- {200 asec operation succeeded}
D/VoldConnector(  365): RSP <- {200 asec operation succeeded}
D/VoldConnector(  365): SND -> {asec path com.outfit7.talkingtom-1} {null}
D/VoldCmdListener(  148): asec path com.outfit7.talkingtom-1
D/VoldConnector(  365): RCV <- {211 /mnt/asec/com.outfit7.talkingtom-1}
D/VoldConnector(  365): RSP <- {211 /mnt/asec/com.outfit7.talkingtom-1}
I/PackageManager(  365): Linking native library dir for /mnt/asec/com.outfit7.talkingtom-1/pkg.apk
D/VoldConnector(  365): SND -> {asec mount com.ezone.Snowboard-1 0e86d5a051f68a5573d8892238a5920d 1000} {null}
D/VoldCmdListener(  148): asec mount com.ezone.Snowboard-1 {} 1000
D/ConnectivityService(  365): ConnectivityChange for WIFI: CONNECTED/CONNECTED
D/ConnectivityService(  365): Setting TCP values: [4096,87380,393216,4096,16384,110208] which comes from [net.tcp.buffersize.wifi]
D/StatusBar.NetworkController(  481): refreshViews connected={ wifi } level=?? combinedSignalIconId=0x7f0200b7/com.android.systemui:drawable/stat_sys_wifi_signal_0 combinedActivityIconId=0x0 mAirplaneMode=false mDataActivity=0 mPhoneSignalIconId=0x7f0200a1 mDataDirectionIconId=0x0 mDataSignalIconId=0x7f0200a1 mDataTypeIconId=0x0 mNoSimIconId=0x0 mWifiIconId=0x7f0200b7 mBluetoothTetherIconId=0x108053d
D/ConnectivityService(  365): adding dns 192.168.0.1 for WIFI
D/ConnectivityService(  365): adding dns 192.168.0.1 for WIFI
D/NetdConnector(  365): SND -> {resolver setifdns wlan0 192.168.0.1 192.168.0.1} {null}
D/NetdConnector(  365): RCV <- {200 Resolver command succeeded}
D/VoldConnector(  365): RCV <- {200 asec operation succeeded}
D/VoldConnector(  365): RSP <- {200 asec operation succeeded}
D/NetdConnector(  365): RSP <- {200 Resolver command succeeded}
D/NetdConnector(  365): SND -> {resolver setdefaultif wlan0} {null}
D/NetdConnector(  365): RCV <- {200 Resolver command succeeded}
D/NetdConnector(  365): RSP <- {200 Resolver command succeeded}
D/ConnectivityService(  365): handleConnectivityChange: changed linkProperty[1]: doReset=false resetMask=0
D/ConnectivityService(  365):    curLp=null
D/ConnectivityService(  365):    newLp=InterfaceName: wlan0 LinkAddresses: [192.168.0.178/24,] Routes: [0.0.0.0/0 -> 192.168.0.1,] DnsAddresses: [192.168.0.1,192.168.0.1,] HttpProxy: [ProxyProperties.mHost == null] 
D/ConnectivityService(  365): Adding 192.168.0.1/32 -> 0.0.0.0 for interface wlan0
D/NetdConnector(  365): SND -> {interface route add wlan0 default 192.168.0.1 32 0.0.0.0} {null}
D/NetdConnector(  365): RCV <- {200 Route added to default table}
D/NetdConnector(  365): RSP <- {200 Route added to default table}
D/ConnectivityService(  365): Adding 0.0.0.0/0 -> 192.168.0.1 for interface wlan0
D/NetdConnector(  365): SND -> {interface route add wlan0 default 0.0.0.0 0 192.168.0.1} {null}
D/NetdConnector(  365): RCV <- {200 Route added to default table}
D/NetdConnector(  365): RSP <- {200 Route added to default table}
D/NetdConnector(  365): SND -> {route replace src v4 wlan0 192.168.0.178 3 192.168.0.1} {null}
D/VoldConnector(  365): SND -> {asec path com.ezone.Snowboard-1} {null}
D/VoldCmdListener(  148): asec path com.ezone.Snowboard-1
D/VoldConnector(  365): RCV <- {211 /mnt/asec/com.ezone.Snowboard-1}
D/VoldConnector(  365): RSP <- {211 /mnt/asec/com.ezone.Snowboard-1}
D/StatusBar.NetworkController(  481): refreshViews connected={ wifi } level=?? combinedSignalIconId=0x7f0200bc/com.android.systemui:drawable/stat_sys_wifi_signal_3 combinedActivityIconId=0x0 mAirplaneMode=false mDataActivity=0 mPhoneSignalIconId=0x7f0200a1 mDataDirectionIconId=0x0 mDataSignalIconId=0x7f0200a1 mDataTypeIconId=0x0 mNoSimIconId=0x0 mWifiIconId=0x7f0200bc mBluetoothTetherIconId=0x108053d
D/NetdConnector(  365): RCV <- {200 source route replace succeeded for route id [3], and local destination routing succeeded}
D/NetdConnector(  365): RSP <- {200 source route replace succeeded for route id [3], and local destination routing succeeded}
D/NetworkManagementService(  365): 200 source route replace succeeded for route id [3], and local destination routing succeeded
D/ConnectivityService(  365): resetting DNS cache for wlan0
D/NetdConnector(  365): SND -> {resolver flushif wlan0} {null}
D/NetdConnector(  365): RCV <- {200 Resolver command succeeded}
D/NetdConnector(  365): RSP <- {200 Resolver command succeeded}
D/ConnectivityService(  365): sendStickyBroadcast: action=android.net.conn.CONNECTIVITY_CHANGE_IMMEDIATE
D/ConnectivityService(  365): sendStickyBroadcastDelayed: delayMs=3000, action=android.net.conn.CONNECTIVITY_CHANGE
D/ConnectivityService(  365): ConnectivityChange for WIFI: CONNECTED/CONNECTED
D/ConnectivityService(  365): Setting TCP values: [4096,87380,393216,4096,16384,110208] which comes from [net.tcp.buffersize.wifi]
D/ConnectivityService(  365): handleConnectivityChange: changed linkProperty[1]: doReset=false resetMask=0
D/ConnectivityService(  365):    curLp=InterfaceName: wlan0 LinkAddresses: [192.168.0.178/24,] Routes: [0.0.0.0/0 -> 192.168.0.1,] DnsAddresses: [192.168.0.1,192.168.0.1,] HttpProxy: [ProxyProperties.mHost == null] 
D/ConnectivityService(  365):    newLp=InterfaceName: wlan0 LinkAddresses: [192.168.0.178/24,] Routes: [0.0.0.0/0 -> 192.168.0.1,] DnsAddresses: [192.168.0.1,192.168.0.1,] HttpProxy: [ProxyProperties.mHost == null] 
D/ConnectivityService(  365): handleConnectivityChange: address are the same reset per doReset linkProperty[1]: resetMask=0
D/ConnectivityService(  365): sendStickyBroadcast: action=android.net.conn.CONNECTIVITY_CHANGE_IMMEDIATE
I/ActivityManager(  365): Start proc com.huawei.hisuite for broadcast com.huawei.hisuite/.framework.SFPReceiver: pid=949 uid=10088 gids={3003, 1015}
D/ConnectivityService(  365): sendStickyBroadcastDelayed: delayMs=3000, action=android.net.conn.CONNECTIVITY_CHANGE
I/PackageManager(  365): Linking native library dir for /mnt/asec/com.ezone.Snowboard-1/pkg.apk
I/ActivityManager(  365): Start proc com.google.android.apps.maps for broadcast com.google.android.apps.maps/com.google.android.location.internal.NlpNetworkProviderSettingsUpdateReceiver: pid=966 uid=10015 gids={3003, 1015}
D/StatusBar.NetworkController(  481): refreshViews connected={ wifi } level=?? combinedSignalIconId=0x7f0200bc/com.android.systemui:drawable/stat_sys_wifi_signal_3 combinedActivityIconId=0x7f0200b5 mAirplaneMode=false mDataActivity=0 mPhoneSignalIconId=0x7f0200a1 mDataDirectionIconId=0x0 mDataSignalIconId=0x7f0200a1 mDataTypeIconId=0x0 mNoSimIconId=0x0 mWifiIconId=0x7f0200bc mBluetoothTetherIconId=0x108053d
D/StatusBar.NetworkController(  481): changing data overlay icon id to 2130837685
I/ONCRPC  (  948): Setup RPC Call for task 4015c270
I/ONCRPC  (  948): oncrpc_xdr_call_msg_start: Prog: 300000b5, Ver: 00020001, Proc: 00000000
I/ONCRPC  (  948): xdr_std_msg_send_call: Sent Xid: 0, Prog: 300000b5, Ver: 00020001, Proc: 00000000
I/ONCRPC  (  948): xdr_std_msg_send_call: Received Reply Xid: 0, Prog: 300000b5, Ver: 00020001, Proc: 00000000
I/ONCRPC  (  948): Setup RPC Call for task 4015c270
I/ONCRPC  (  948): oncrpc_xdr_call_msg_start: Prog: 300000b5, Ver: 00020001, Proc: 00000004
I/ONCRPC  (  948): xdr_std_msg_send_call: Sent Xid: 1, Prog: 300000b5, Ver: 00020001, Proc: 00000004
I/ONCRPC  (  948): xdr_std_msg_send_call: Received Reply Xid: 1, Prog: 300000b5, Ver: 00020001, Proc: 00000004
I/ONCRPC  (  948): Setup RPC Call for task 4015c270
I/ONCRPC  (  948): Setup RPC Call for task 4015c270
I/ONCRPC  (  948): rpc_handle_rpc_call: for Xid: 29, Prog: 310000b5, Vers: 00020001, Proc: 00000001
I/ONCRPC  (  948): rpc_handle_rpc_call: Find Status: 0 Xid: 29
I/ONCRPC  (  948): oncrpc_proxy_handle_cmd_rpc_call: Dispatching xid: 29
D/VoldConnector(  365): SND -> {asec mount com.gamehivecorp.kicktheboss.android-1 0e86d5a051f68a5573d8892238a5920d 1000} {null}
D/VoldCmdListener(  148): asec mount com.gamehivecorp.kicktheboss.android-1 {} 1000
D/PowerManagerService(  365): setPowerState from TimeoutTask! 
D/PowerManagerService(  365): setPowerState: mPowerState=0x3 newState=0x3 noChangeLights=false reason=3
D/NetdConnector(  365): RCV <- {600 Iface linkstate wlan0 up}
D/VoldConnector(  365): RCV <- {200 asec operation succeeded}
D/VoldConnector(  365): RSP <- {200 asec operation succeeded}
D/VoldConnector(  365): SND -> {asec path com.gamehivecorp.kicktheboss.android-1} {null}
D/VoldCmdListener(  148): asec path com.gamehivecorp.kicktheboss.android-1
D/VoldConnector(  365): RCV <- {211 /mnt/asec/com.gamehivecorp.kicktheboss.android-1}
D/VoldConnector(  365): RSP <- {211 /mnt/asec/com.gamehivecorp.kicktheboss.android-1}
I/PackageManager(  365): Linking native library dir for /mnt/asec/com.gamehivecorp.kicktheboss.android-1/pkg.apk
I/ActivityManager(  365): Start proc com.google.android.apps.maps:GoogleLocationService for service com.google.android.apps.maps/com.google.android.location.internal.server.GoogleLocationService: pid=992 uid=10015 gids={3003, 1015}
I/ActivityManager(  365): Start proc com.google.android.gms for broadcast com.google.android.gms/com.google.android.location.internal.NlpNetworkProviderSettingsUpdateReceiver: pid=1005 uid=10001 gids={3003, 1015, 1007, 1006, 2001, 3006}
