D/CarCam  ( 1627): ru.pccar.Main:onRestart
D/CarCam  ( 1627): ru.pccar.CameraPreview:surfaceCreated
D/CarCam  ( 1627): ru.pccar.Main$ServiceConnection:onServiceConnected
D/CarCam  ( 1627): ru.pccar.CarCamService:service onRebind
D/memalloc(  154): /dev/pmem: Allocated buffer base:0x434ff000 size:3932160 offset:24248320 fd:38
D/memalloc( 1627): /dev/pmem: Mapped buffer base:0x5d5e3000 size:28180480 offset:24248320 fd:46
D/memalloc(  610): /dev/pmem: Unmapping buffer base:0x5eaaa000 size:32276480 offset:28344320
D/memalloc(  610): /dev/pmem: Unmapping buffer base:0x5da47000 size:3932160 offset:0
D/memalloc(  610): /dev/pmem: Unmapping buffer base:0x60c32000 size:24248320 offset:20316160
I/Adreno200-EGLSUB(  154): <CreateImage:893>: Android Image
I/Adreno200-EGLSUB(  154): <GetImageAttributes:1102>: RGBA_8888
D/memalloc(  154): /dev/pmem: Freeing buffer base:0x45007000 size:3932160 offset:28344320 fd:48
D/memalloc(  154): /dev/pmem: Freeing buffer base:0x434ff000 size:3932160 offset:0 fd:51
D/memalloc(  154): /dev/pmem: Allocated buffer base:0x434ff000 size:1966080 offset:28344320 fd:43
D/memalloc( 1627): /dev/pmem: Mapped buffer base:0x5f127000 size:30310400 offset:28344320 fd:49
D/Settings(  594): getAllInstallLangId().length10
I/Adreno200-EGLSUB(  154): <CreateImage:893>: Android Image
I/Adreno200-EGLSUB(  154): <GetImageAttributes:1088>: RGB_565
D/memalloc(  154): /dev/pmem: Allocated buffer base:0x434ff000 size:1966080 offset:30310400 fd:48
D/memalloc( 1627): /dev/pmem: Mapped buffer base:0x62b05000 size:32276480 offset:30310400 fd:52
I/CNE_DEBUG(  365): CNE received action RSSI Changed events: android.net.wifi.RSSI_CHANGED
D/StatusBar.NetworkController(  481): refreshViews connected={ wifi } level=?? combinedSignalIconId=0x7f0200bb/com.android.systemui:drawable/stat_sys_wifi_signal_2_fully combinedActivityIconId=0x0 mAirplaneMode=false mDataActivity=0 mPhoneSignalIconId=0x7f0200a1 mDataDirectionIconId=0x0 mDataSignalIconId=0x7f0200a1 mDataTypeIconId=0x0 mNoSimIconId=0x0 mWifiIconId=0x7f0200bb mBluetoothTetherIconId=0x108053d
I/Adreno200-EGLSUB(  154): <CreateImage:893>: Android Image
I/Adreno200-EGLSUB(  154): <GetImageAttributes:1088>: RGB_565
I/CNE     (  365): CNE received action RSSI Changed events - networkState: CONNECTED ssid= MTS-ROUTER rssi=-81 ipV4Addr=192.168.0.178 timeStamp:2013-11-19 18:02:40.276 networkState: CONNECTED
I/CNE_DEBUG(  365): UpdateWlanStatus type=21 state=1 softApState=11 rssi=-81 ssid=MTS-ROUTER ipAddr=192.168.0.178 iface=wlan0 timeStamp=2013-11-19 18:02:40.276
W/FolderScanner2(  553): Scanned dirs: 768, files: 247 in 1860ms, 132.8 files per sec, 412.9 folders per sec
D/memalloc(  154): /dev/pmem: Freeing buffer base:0x4485f000 size:3932160 offset:20316160 fd:35
W/LibraryScanner(  553): processFiles in 23ms, files=0
W/LibraryScanner(  553): doScan in 2054ms
I/CNE_DEBUG(  365): CNE received action RSSI Changed events: android.net.wifi.RSSI_CHANGED
D/StatusBar.NetworkController(  481): refreshViews connected={ wifi } level=?? combinedSignalIconId=0x7f0200bd/com.android.systemui:drawable/stat_sys_wifi_signal_3_fully combinedActivityIconId=0x0 mAirplaneMode=false mDataActivity=0 mPhoneSignalIconId=0x7f0200a1 mDataDirectionIconId=0x0 mDataSignalIconId=0x7f0200a1 mDataTypeIconId=0x0 mNoSimIconId=0x0 mWifiIconId=0x7f0200bd mBluetoothTetherIconId=0x108053d
I/CNE     (  365): CNE received action RSSI Changed events - networkState: CONNECTED ssid= MTS-ROUTER rssi=-76 ipV4Addr=192.168.0.178 timeStamp:2013-11-19 18:02:43.266 networkState: CONNECTED
I/CNE_DEBUG(  365): UpdateWlanStatus type=21 state=1 softApState=11 rssi=-76 ssid=MTS-ROUTER ipAddr=192.168.0.178 iface=wlan0 timeStamp=2013-11-19 18:02:43.266
D/StatusBar.NetworkController(  481): refreshViews connected={ wifi } level=?? combinedSignalIconId=0x7f0200bd/com.android.systemui:drawable/stat_sys_wifi_signal_3_fully combinedActivityIconId=0x7f0200b4 mAirplaneMode=false mDataActivity=0 mPhoneSignalIconId=0x7f0200a1 mDataDirectionIconId=0x0 mDataSignalIconId=0x7f0200a1 mDataTypeIconId=0x0 mNoSimIconId=0x0 mWifiIconId=0x7f0200bd mBluetoothTetherIconId=0x108053d
D/StatusBar.NetworkController(  481): changing data overlay icon id to 2130837684
D/StatusBar.NetworkController(  481): refreshViews connected={ wifi } level=?? combinedSignalIconId=0x7f0200bd/com.android.systemui:drawable/stat_sys_wifi_signal_3_fully combinedActivityIconId=0x0 mAirplaneMode=false mDataActivity=0 mPhoneSignalIconId=0x7f0200a1 mDataDirectionIconId=0x0 mDataSignalIconId=0x7f0200a1 mDataTypeIconId=0x0 mNoSimIconId=0x0 mWifiIconId=0x7f0200bd mBluetoothTetherIconId=0x108053d
D/StatusBar.NetworkController(  481): changing data overlay icon id to 0
I/ONCRPC  (  167): Setup RPC Call for task 40080270
I/ONCRPC  (  167): oncrpc_xdr_call_msg_start: Prog: 3000006b, Ver: 00010001, Proc: 00000002
I/ONCRPC  (  167): xdr_std_msg_send_call: Sent Xid: 1a, Prog: 3000006b, Ver: 00010001, Proc: 00000002
I/ONCRPC  (  167): xdr_std_msg_send_call: Received Reply Xid: 1a, Prog: 3000006b, Ver: 00010001, Proc: 00000002
I/PowerManagerService(  365): received action:android.intent.action.BATTERY_CHANGED
I/CNE_DEBUG(  365): CNE received action: android.intent.action.BATTERY_CHANGED
I/CNE_DEBUG(  365): UpdateBatteryStatus status=3 pluginType=0 level=53
I/LowBatteryShowDialogPolicy( 1306): show dialog  ACTION_BATTERY_CHANGED
I/ONCRPC  (  167): Setup RPC Call for task 40080270
I/ONCRPC  (  167): oncrpc_xdr_call_msg_start: Prog: 3000006b, Ver: 00010001, Proc: 00000002
I/ONCRPC  (  167): xdr_std_msg_send_call: Sent Xid: 1b, Prog: 3000006b, Ver: 00010001, Proc: 00000002
I/ONCRPC  (  167): xdr_std_msg_send_call: Received Reply Xid: 1b, Prog: 3000006b, Ver: 00010001, Proc: 00000002
I/ActivityManager(  365): moveTaskToBack: 5
I/WindowManager(  365): SCREENLAYOUT_SIZE (1:small, 2:normal, 3:large, 4:xlarge) 4
I/Adreno200-EGLSUB(  610): <ConfigWindowMatch:2078>: Format RGBA_8888.
D/memalloc(  154): /dev/pmem: Allocated buffer base:0x434ff000 size:3932160 offset:20316160 fd:35
D/memalloc(  610): /dev/pmem: Mapped buffer base:0x5e907000 size:24248320 offset:20316160 fd:46
I/ActivityManager(  365): moveTaskToBack: 5
D/memalloc(  154): /dev/pmem: Allocated buffer base:0x434ff000 size:3932160 offset:0 fd:51
D/memalloc(  610): /dev/pmem: Mapped buffer base:0x5d7b9000 size:3932160 offset:0 fd:49
I/ActivityManager(  365): moveTaskToBack: 5
D/CarCam  ( 1627): ru.pccar.CameraPreview:surfaceDestroyed
I/ActivityManager(  365): moveTaskToBack: 5
D/CarCam  ( 1627): ru.pccar.CameraPreview:stop preview
D/memalloc( 1627): /dev/pmem: Unmapping buffer base:0x5f127000 size:30310400 offset:28344320
D/memalloc(  154): /dev/pmem: Freeing buffer base:0x45007000 size:1966080 offset:28344320 fd:43
D/memalloc( 1627): /dev/pmem: Unmapping buffer base:0x62b05000 size:32276480 offset:30310400
I/Adreno200-EGLSUB(  154): <CreateImage:893>: Android Image
I/Adreno200-EGLSUB(  154): <GetImageAttributes:1102>: RGBA_8888
D/memalloc( 1627): /dev/pmem: Unmapping buffer base:0x5d5e3000 size:28180480 offset:24248320
D/Settings(  594): getAllInstallLangId().length10
D/CarCam  ( 1627): ru.pccar.Main:onStop
D/CarCam  ( 1627): ru.pccar.CarCamService:startRepeating
D/CarCam  ( 1627): ru.pccar.CarCamService$CarCamRepeat:start repeating
D/CarCam  ( 1627): ru.pccar.CarCamService:service onUnbind
D/memalloc(  154): /dev/pmem: Freeing buffer base:0x44c1f000 size:3932160 offset:24248320 fd:38
D/memalloc(  154): /dev/pmem: Freeing buffer base:0x451e7000 size:1966080 offset:30310400 fd:48
D/StatusBar.NetworkController(  481): refreshViews connected={ wifi } level=?? combinedSignalIconId=0x7f0200bd/com.android.systemui:drawable/stat_sys_wifi_signal_3_fully combinedActivityIconId=0x7f0200b4 mAirplaneMode=false mDataActivity=0 mPhoneSignalIconId=0x7f0200a1 mDataDirectionIconId=0x0 mDataSignalIconId=0x7f0200a1 mDataTypeIconId=0x0 mNoSimIconId=0x0 mWifiIconId=0x7f0200bd mBluetoothTetherIconId=0x108053d
D/StatusBar.NetworkController(  481): changing data overlay icon id to 2130837684
D/StatusBar.NetworkController(  481): refreshViews connected={ wifi } level=?? combinedSignalIconId=0x7f0200bd/com.android.systemui:drawable/stat_sys_wifi_signal_3_fully combinedActivityIconId=0x0 mAirplaneMode=false mDataActivity=0 mPhoneSignalIconId=0x7f0200a1 mDataDirectionIconId=0x0 mDataSignalIconId=0x7f0200a1 mDataTypeIconId=0x0 mNoSimIconId=0x0 mWifiIconId=0x7f0200bd mBluetoothTetherIconId=0x108053d
D/StatusBar.NetworkController(  481): changing data overlay icon id to 0
I/ONCRPC  (  167): Setup RPC Call for task 40080270
I/ONCRPC  (  167): oncrpc_xdr_call_msg_start: Prog: 3000006b, Ver: 00010001, Proc: 00000002
I/ONCRPC  (  167): xdr_std_msg_send_call: Sent Xid: 1c, Prog: 3000006b, Ver: 00010001, Proc: 00000002
I/ONCRPC  (  167): xdr_std_msg_send_call: Received Reply Xid: 1c, Prog: 3000006b, Ver: 00010001, Proc: 00000002
I/CNE_DEBUG(  365): CNE received action RSSI Changed events: android.net.wifi.RSSI_CHANGED
D/StatusBar.NetworkController(  481): refreshViews connected={ wifi } level=?? combinedSignalIconId=0x7f0200bb/com.android.systemui:drawable/stat_sys_wifi_signal_2_fully combinedActivityIconId=0x0 mAirplaneMode=false mDataActivity=0 mPhoneSignalIconId=0x7f0200a1 mDataDirectionIconId=0x0 mDataSignalIconId=0x7f0200a1 mDataTypeIconId=0x0 mNoSimIconId=0x0 mWifiIconId=0x7f0200bb mBluetoothTetherIconId=0x108053d
I/CNE     (  365): CNE received action RSSI Changed events - networkState: CONNECTED ssid= MTS-ROUTER rssi=-84 ipV4Addr=192.168.0.178 timeStamp:2013-11-19 18:03:10.452 networkState: CONNECTED
I/CNE_DEBUG(  365): UpdateWlanStatus type=21 state=1 softApState=11 rssi=-84 ssid=MTS-ROUTER ipAddr=192.168.0.178 iface=wlan0 timeStamp=2013-11-19 18:03:10.452
D/memalloc(  154): /dev/pmem: Allocated buffer base:0x434ff000 size:3932160 offset:24248320 fd:38
D/memalloc(  610): /dev/pmem: Mapped buffer base:0x605a7000 size:28180480 offset:24248320 fd:71
D/CarCam  ( 1627): ru.pccar.CarCamService$CarCamRepeat:end repeating, start CarCam
I/ActivityManager(  365): START {flg=0x10020000 cmp=ru.pccar/.Main} from pid 1627
I/Adreno200-EGLSUB(  154): <CreateImage:893>: Android Image
I/Adreno200-EGLSUB(  154): <GetImageAttributes:1102>: RGBA_8888
I/WindowManager(  365): SCREENLAYOUT_SIZE (1:small, 2:normal, 3:large, 4:xlarge) 4
D/CarCam  ( 1627): ru.pccar.Main:onRestart
D/CarCam  ( 1627): ru.pccar.CameraPreview:surfaceCreated
D/CarCam  ( 1627): ru.pccar.Main$ServiceConnection:onServiceConnected
D/CarCam  ( 1627): ru.pccar.CarCamService:service onRebind
D/memalloc(  154): /dev/pmem: Allocated buffer base:0x434ff000 size:3932160 offset:28344320 fd:43
D/memalloc( 1627): /dev/pmem: Mapped buffer base:0x5d5e3000 size:32276480 offset:28344320 fd:46
D/memalloc(  610): /dev/pmem: Unmapping buffer base:0x5e907000 size:24248320 offset:20316160
D/memalloc(  610): /dev/pmem: Unmapping buffer base:0x5d7b9000 size:3932160 offset:0
D/memalloc(  610): /dev/pmem: Unmapping buffer base:0x605a7000 size:28180480 offset:24248320
D/memalloc(  154): /dev/pmem: Freeing buffer base:0x4485f000 size:3932160 offset:20316160 fd:35
D/memalloc(  154): /dev/pmem: Freeing buffer base:0x44c1f000 size:3932160 offset:24248320 fd:38
I/Adreno200-EGLSUB(  154): <CreateImage:893>: Android Image
I/Adreno200-EGLSUB(  154): <GetImageAttributes:1102>: RGBA_8888
D/Settings(  594): getAllInstallLangId().length10
D/memalloc(  154): /dev/pmem: Allocated buffer base:0x434ff000 size:1966080 offset:20316160 fd:35
D/memalloc( 1627): /dev/pmem: Mapped buffer base:0x5f4cf000 size:22282240 offset:20316160 fd:49
I/Adreno200-EGLSUB(  154): <CreateImage:893>: Android Image
I/Adreno200-EGLSUB(  154): <GetImageAttributes:1088>: RGB_565
D/memalloc(  154): /dev/pmem: Allocated buffer base:0x434ff000 size:1966080 offset:22282240 fd:38
D/memalloc( 1627): /dev/pmem: Mapped buffer base:0x60a6e000 size:24248320 offset:22282240 fd:52
I/Adreno200-EGLSUB(  154): <CreateImage:893>: Android Image
I/Adreno200-EGLSUB(  154): <GetImageAttributes:1088>: RGB_565
D/memalloc(  154): /dev/pmem: Freeing buffer base:0x434ff000 size:3932160 offset:0 fd:51
D/StatusBar.NetworkController(  481): refreshViews connected={ wifi } level=?? combinedSignalIconId=0x7f0200bd/com.android.systemui:drawable/stat_sys_wifi_signal_3_fully combinedActivityIconId=0x0 mAirplaneMode=false mDataActivity=0 mPhoneSignalIconId=0x7f0200a1 mDataDirectionIconId=0x0 mDataSignalIconId=0x7f0200a1 mDataTypeIconId=0x0 mNoSimIconId=0x0 mWifiIconId=0x7f0200bd mBluetoothTetherIconId=0x108053d
I/CNE_DEBUG(  365): CNE received action RSSI Changed events: android.net.wifi.RSSI_CHANGED
I/CNE     (  365): CNE received action RSSI Changed events - networkState: CONNECTED ssid= MTS-ROUTER rssi=-76 ipV4Addr=192.168.0.178 timeStamp:2013-11-19 18:03:13.434 networkState: CONNECTED
I/CNE_DEBUG(  365): UpdateWlanStatus type=21 state=1 softApState=11 rssi=-76 ssid=MTS-ROUTER ipAddr=192.168.0.178 iface=wlan0 timeStamp=2013-11-19 18:03:13.434
I/ActivityManager(  365): moveTaskToBack: 5
I/WindowManager(  365): SCREENLAYOUT_SIZE (1:small, 2:normal, 3:large, 4:xlarge) 4
I/Adreno200-EGLSUB(  610): <ConfigWindowMatch:2078>: Format RGBA_8888.
D/memalloc(  154): /dev/pmem: Allocated buffer base:0x434ff000 size:3932160 offset:24248320 fd:48
D/memalloc(  610): /dev/pmem: Mapped buffer base:0x605a7000 size:28180480 offset:24248320 fd:46
I/ActivityManager(  365): moveTaskToBack: 5
D/memalloc(  154): /dev/pmem: Allocated buffer base:0x434ff000 size:3932160 offset:0 fd:51
D/memalloc(  610): /dev/pmem: Mapped buffer base:0x5d7b9000 size:3932160 offset:0 fd:49
D/CarCam  ( 1627): ru.pccar.CameraPreview:surfaceDestroyed
I/ActivityManager(  365): moveTaskToBack: 5
D/CarCam  ( 1627): ru.pccar.CameraPreview:stop preview
I/Adreno200-EGLSUB(  154): <CreateImage:893>: Android Image
I/Adreno200-EGLSUB(  154): <GetImageAttributes:1102>: RGBA_8888
D/memalloc( 1627): /dev/pmem: Unmapping buffer base:0x60a6e000 size:24248320 offset:22282240
D/memalloc(  154): /dev/pmem: Freeing buffer base:0x44a3f000 size:1966080 offset:22282240 fd:38
D/memalloc( 1627): /dev/pmem: Unmapping buffer base:0x5f4cf000 size:22282240 offset:20316160
D/memalloc( 1627): /dev/pmem: Unmapping buffer base:0x5d5e3000 size:32276480 offset:28344320
D/Settings(  594): getAllInstallLangId().length10
D/CarCam  ( 1627): ru.pccar.Main:onStop
D/CarCam  ( 1627): ru.pccar.CarCamService:startRepeating
D/CarCam  ( 1627): ru.pccar.CarCamService$CarCamRepeat:start repeating
D/CarCam  ( 1627): ru.pccar.CarCamService:service onUnbind
D/memalloc(  154): /dev/pmem: Freeing buffer base:0x45007000 size:3932160 offset:28344320 fd:43
D/memalloc(  154): /dev/pmem: Freeing buffer base:0x4485f000 size:1966080 offset:20316160 fd:35
I/ONCRPC  (  167): Setup RPC Call for task 40080270
I/ONCRPC  (  167): oncrpc_xdr_call_msg_start: Prog: 3000006b, Ver: 00010001, Proc: 00000002
I/ONCRPC  (  167): xdr_std_msg_send_call: Sent Xid: 1d, Prog: 3000006b, Ver: 00010001, Proc: 00000002
I/ONCRPC  (  167): xdr_std_msg_send_call: Received Reply Xid: 1d, Prog: 3000006b, Ver: 00010001, Proc: 00000002
D/PowerManagerService(  365): setPowerState from userActivity! 
D/PowerManagerService(  365): setPowerState: mPowerState=0x3 newState=0x3 noChangeLights=false reason=2
D/memalloc(  154): /dev/pmem: Allocated buffer base:0x434ff000 size:16384 offset:20316160 fd:35
D/memalloc(  365): /dev/pmem: Mapped buffer base:0x635eb000 size:20332544 offset:20316160 fd:280
I/Adreno200-EGLSUB(  154): <CreateImage:893>: Android Image
I/Adreno200-EGLSUB(  154): <GetImageAttributes:1102>: RGBA_8888
D/memalloc(  154): /dev/pmem: Allocated buffer base:0x434ff000 size:3932160 offset:28344320 fd:38
D/memalloc(  610): /dev/pmem: Mapped buffer base:0x64488000 size:32276480 offset:28344320 fd:71
I/ActivityManager(  365): START {act=android.intent.action.MAIN cat=[android.intent.category.LAUNCHER] flg=0x10200000 cmp=com.android.browser/.BrowserActivity bnds=[908,640][1002,736]} from pid 610
I/Adreno200-EGLSUB(  154): <CreateImage:893>: Android Image
I/Adreno200-EGLSUB(  154): <GetImageAttributes:1102>: RGBA_8888
I/CNE_DEBUG(  365): CNE received action RSSI Changed events: android.net.wifi.RSSI_CHANGED
D/StatusBar.NetworkController(  481): refreshViews connected={ wifi } level=?? combinedSignalIconId=0x7f0200bb/com.android.systemui:drawable/stat_sys_wifi_signal_2_fully combinedActivityIconId=0x0 mAirplaneMode=false mDataActivity=0 mPhoneSignalIconId=0x7f0200a1 mDataDirectionIconId=0x0 mDataSignalIconId=0x7f0200a1 mDataTypeIconId=0x0 mNoSimIconId=0x0 mWifiIconId=0x7f0200bb mBluetoothTetherIconId=0x108053d
I/CNE     (  365): CNE received action RSSI Changed events - networkState: CONNECTED ssid= MTS-ROUTER rssi=-85 ipV4Addr=192.168.0.178 timeStamp:2013-11-19 18:03:22.805 networkState: CONNECTED
I/CNE_DEBUG(  365): UpdateWlanStatus type=21 state=1 softApState=11 rssi=-85 ssid=MTS-ROUTER ipAddr=192.168.0.178 iface=wlan0 timeStamp=2013-11-19 18:03:22.805
D/memalloc(  154): /dev/pmem: Allocated buffer base:0x434ff000 size:3932160 offset:3932160 fd:43
D/memalloc(  365): /dev/pmem: Mapped buffer base:0x6494f000 size:7864320 offset:3932160 fd:293
I/ActivityManager(  365): Start proc com.android.browser for activity com.android.browser/.BrowserActivity: pid=2242 uid=10036 gids={1006, 3003, 1015}
I/Adreno200-EGLSUB(  154): <CreateImage:893>: Android Image
I/Adreno200-EGLSUB(  154): <GetImageAttributes:1102>: RGBA_8888
I/WindowManager(  365): SCREENLAYOUT_SIZE (1:small, 2:normal, 3:large, 4:xlarge) 4
I/ActivityThread( 2242): Pub com.android.browser;browser: com.android.browser.provider.BrowserProvider2
I/ActivityThread( 2242): Pub com.android.browser.home: com.android.browser.homepages.HomeProvider
I/ActivityThread( 2242): Pub com.android.browser.snapshots: com.android.browser.provider.SnapshotProvider
I/Adreno200-EGLSUB(  154): <CreateImage:893>: Android Image
I/Adreno200-EGLSUB(  154): <GetImageAttributes:1102>: RGBA_8888
D/memalloc(  610): /dev/pmem: Unmapping buffer base:0x605a7000 size:28180480 offset:24248320
D/memalloc(  610): /dev/pmem: Unmapping buffer base:0x5d7b9000 size:3932160 offset:0
D/memalloc(  610): /dev/pmem: Unmapping buffer base:0x64488000 size:32276480 offset:28344320
D/memalloc(  154): /dev/pmem: Freeing buffer base:0x44c1f000 size:3932160 offset:24248320 fd:48
D/memalloc(  154): /dev/pmem: Freeing buffer base:0x434ff000 size:3932160 offset:0 fd:51
D/WebSettings( 2242): mDataPath: /data/data/com.android.browser
E/libEGL  ( 2242): call to OpenGL ES API with no current context (logged once per thread)
D/ShaderProgram( 2242): couldn't load the vertex shader!
E/libEGL  ( 2242): call to OpenGL ES API with no current context (logged once per thread)
D/ShaderProgram( 2242): couldn't load the vertex shader!
E/libEGL  ( 2242): call to OpenGL ES API with no current context (logged once per thread)
D/ShaderProgram( 2242): couldn't load the vertex shader!
E/libEGL  ( 2242): call to OpenGL ES API with no current context (logged once per thread)
D/ShaderProgram( 2242): couldn't load the vertex shader!
E/libEGL  ( 2242): call to OpenGL ES API with no current context (logged once per thread)
D/ShaderProgram( 2242): couldn't load the vertex shader!
D/memalloc(  154): /dev/pmem: Freeing buffer base:0x45007000 size:3932160 offset:28344320 fd:38
I/PowerManagerService(  365): received action:android.intent.action.BATTERY_CHANGED
I/CNE_DEBUG(  365): CNE received action: android.intent.action.BATTERY_CHANGED
I/CNE_DEBUG(  365): UpdateBatteryStatus status=3 pluginType=0 level=53
I/LowBatteryShowDialogPolicy( 1306): show dialog  ACTION_BATTERY_CHANGED
D/WebViewTimersControl( 2242): onBrowserActivityResume
D/WebViewTimersControl( 2242): Resuming webview timers, view=com.android.browser.BrowserWebView@42057478
W/BaseUi  ( 2242): mMainView is already attached to wrapper in attachTabToContentView!
W/BaseUi  ( 2242): mContainer is already attached to content in attachTabToContentView!
V/NFC     ( 2242): this device does not have NFC support
I/Adreno200-EGLSUB( 2242): <ConfigWindowMatch:2078>: Format RGBA_8888.
D/memalloc(  154): /dev/pmem: Allocated buffer base:0x434ff000 size:3932160 offset:0 fd:38
D/memalloc( 2242): /dev/pmem: Mapped buffer base:0x5d532000 size:3932160 offset:0 fd:73
D/Settings(  594): getAllInstallLangId().length10
D/memalloc(  154): /dev/pmem: Allocated buffer base:0x434ff000 size:3932160 offset:28344320 fd:48
D/memalloc( 2242): /dev/pmem: Mapped buffer base:0x5e23e000 size:32276480 offset:28344320 fd:84
I/Adreno200-EGLSUB(  154): <CreateImage:893>: Android Image
I/Adreno200-EGLSUB(  154): <GetImageAttributes:1102>: RGBA_8888
I/ActivityManager(  365): Displayed com.android.browser/.BrowserActivity: +1s456ms
V/chromium( 2242): external/chromium/net/host_resolver_helper/host_resolver_helper.cc:66: [1119/180324:INFO:host_resolver_helper.cc(66)] DNSPreResolver::Init got hostprovider:0x5d52b220
V/chromium( 2242): external/chromium/net/base/host_resolver_impl.cc:1515: [1119/180324:INFO:host_resolver_impl.cc(1515)] HostResolverImpl::SetPreresolver preresolver:0x00938d10
D/        ( 2242): external/chromium/net/socket/tcp_fin_aggregation_factory.cc: libtcpfinaggr.so successfully loaded
D/        ( 2242): external/chromium/net/socket/tcp_fin_aggregation_factory.cc,: TCP Fin Aggregation initializing method was found in libtcpfinaggr.so
D/TCPFinAggregation( 2242): system property net.tcp.fin.aggregation was set
D/TCPFinAggregation( 2242): system property net.tcp.fin.aggregation.wait was set, value: 20
D/TCPFinAggregation( 2242): system property net.tcp.fin.aggregation.close was set, value: 300
V/WebRequest( 2242): WebRequest::WebRequest, setPriority = 0
D/memalloc(  154): /dev/pmem: Allocated buffer base:0x434ff000 size:3932160 offset:7864320 fd:51
D/memalloc( 2242): /dev/pmem: Mapped buffer base:0x6061b000 size:11796480 offset:7864320 fd:95
I/Adreno200-EGLSUB(  154): <CreateImage:893>: Android Image
I/Adreno200-EGLSUB(  154): <GetImageAttributes:1102>: RGBA_8888
V/chromium( 2242): external/chromium/net/disk_cache/hostres_plugin_bridge.cc:52: [1119/180324:INFO:hostres_plugin_bridge.cc(52)] StatHubCreateHostResPlugin initializing...
V/chromium( 2242): external/chromium/net/disk_cache/hostres_plugin_bridge.cc:57: [1119/180324:INFO:hostres_plugin_bridge.cc(57)] StatHubCreateHostResPlugin lib loaded
V/chromium( 2242): external/chromium/net/disk_cache/hostres_plugin_bridge.cc:63: [1119/180324:INFO:hostres_plugin_bridge.cc(63)] StatHubCreateHostResPlugin plugin connected
V/chromium( 2242): external/chromium/net/http/http_cache.cc:1166: [1119/180324:INFO:http_cache.cc(1166)] HttpCache::OnBackendCreated HostStat created
V/chromium( 2242): external/chromium/net/disk_cache/stat_hub.h:157: [1119/180324:INFO:stat_hub.h(157)] Failed to open plugin:pageload_proc_plugin.so
V/chromium( 2242): external/chromium/net/disk_cache/stat_hub.cc:272: [1119/180324:INFO:stat_hub.cc(272)] StatHub::Init - processor pp_plugin (ver:2) is ready.
V/chromium( 2242): external/chromium/net/disk_cache/stat_hub.cc:272: [1119/180324:INFO:stat_hub.cc(272)] StatHub::Init - processor Undefined is ready.
I/Adreno200-EGLSUB(  154): <CreateImage:893>: Android Image
I/Adreno200-EGLSUB(  154): <GetImageAttributes:1102>: RGBA_8888
D/HostStatisticManager( 2242): HostStatisticProcessor enabled
D/HostStatisticManager( 2242): HostStatisticProcessor connecting DB
D/memalloc(  365): /dev/pmem: Unmapping buffer base:0x6494f000 size:7864320 offset:3932160
D/memalloc(  154): /dev/pmem: Freeing buffer base:0x438bf000 size:3932160 offset:3932160 fd:43
V/chromium( 2242): external/chromium/net/http/http_cache.cc:1169: [1119/180324:INFO:http_cache.cc(1169)] HttpCache::OnBackendCreated : StatHub is ready.
W/Tab     ( 2242): Failed to save back/forward list for http://www.google.ru/?gws_rd=cr&ei=D5JdUu_wB4jf4QS064DgAw
D/StatusBar.NetworkController(  481): refreshViews connected={ wifi } level=?? combinedSignalIconId=0x7f0200bb/com.android.systemui:drawable/stat_sys_wifi_signal_2_fully combinedActivityIconId=0x7f0200b5 mAirplaneMode=false mDataActivity=0 mPhoneSignalIconId=0x7f0200a1 mDataDirectionIconId=0x0 mDataSignalIconId=0x7f0200a1 mDataTypeIconId=0x0 mNoSimIconId=0x0 mWifiIconId=0x7f0200bb mBluetoothTetherIconId=0x108053d
D/StatusBar.NetworkController(  481): changing data overlay icon id to 2130837685
I/CNE_DEBUG(  365): CNE received action RSSI Changed events: android.net.wifi.RSSI_CHANGED
D/StatusBar.NetworkController(  481): refreshViews connected={ wifi } level=?? combinedSignalIconId=0x7f0200bd/com.android.systemui:drawable/stat_sys_wifi_signal_3_fully combinedActivityIconId=0x7f0200b5 mAirplaneMode=false mDataActivity=0 mPhoneSignalIconId=0x7f0200a1 mDataDirectionIconId=0x0 mDataSignalIconId=0x7f0200a1 mDataTypeIconId=0x0 mNoSimIconId=0x0 mWifiIconId=0x7f0200bd mBluetoothTetherIconId=0x108053d
I/CNE     (  365): CNE received action RSSI Changed events - networkState: CONNECTED ssid= MTS-ROUTER rssi=-76 ipV4Addr=192.168.0.178 timeStamp:2013-11-19 18:03:25.471 networkState: CONNECTED
I/CNE_DEBUG(  365): UpdateWlanStatus type=21 state=1 softApState=11 rssi=-76 ssid=MTS-ROUTER ipAddr=192.168.0.178 iface=wlan0 timeStamp=2013-11-19 18:03:25.471
D/PowerManagerService(  365): setPowerState from TimeoutTask! 
D/PowerManagerService(  365): setPowerState: mPowerState=0x3 newState=0x3 noChangeLights=false reason=3
D/StatusBar.NetworkController(  481): refreshViews connected={ wifi } level=?? combinedSignalIconId=0x7f0200bd/com.android.systemui:drawable/stat_sys_wifi_signal_3_fully combinedActivityIconId=0x0 mAirplaneMode=false mDataActivity=0 mPhoneSignalIconId=0x7f0200a1 mDataDirectionIconId=0x0 mDataSignalIconId=0x7f0200a1 mDataTypeIconId=0x0 mNoSimIconId=0x0 mWifiIconId=0x7f0200bd mBluetoothTetherIconId=0x108053d
D/StatusBar.NetworkController(  481): changing data overlay icon id to 0
D/StatusBar.NetworkController(  481): refreshViews connected={ wifi } level=?? combinedSignalIconId=0x7f0200bd/com.android.systemui:drawable/stat_sys_wifi_signal_3_fully combinedActivityIconId=0x7f0200b4 mAirplaneMode=false mDataActivity=0 mPhoneSignalIconId=0x7f0200a1 mDataDirectionIconId=0x0 mDataSignalIconId=0x7f0200a1 mDataTypeIconId=0x0 mNoSimIconId=0x0 mWifiIconId=0x7f0200bd mBluetoothTetherIconId=0x108053d
D/StatusBar.NetworkController(  481): changing data overlay icon id to 2130837684
I/ONCRPC  (  167): Setup RPC Call for task 40080270
I/ONCRPC  (  167): oncrpc_xdr_call_msg_start: Prog: 3000006b, Ver: 00010001, Proc: 00000002
I/ONCRPC  (  167): xdr_std_msg_send_call: Sent Xid: 1e, Prog: 3000006b, Ver: 00010001, Proc: 00000002
I/ONCRPC  (  167): xdr_std_msg_send_call: Received Reply Xid: 1e, Prog: 3000006b, Ver: 00010001, Proc: 00000002
D/StatusBar.NetworkController(  481): refreshViews connected={ wifi } level=?? combinedSignalIconId=0x7f0200bd/com.android.systemui:drawable/stat_sys_wifi_signal_3_fully combinedActivityIconId=0x0 mAirplaneMode=false mDataActivity=0 mPhoneSignalIconId=0x7f0200a1 mDataDirectionIconId=0x0 mDataSignalIconId=0x7f0200a1 mDataTypeIconId=0x0 mNoSimIconId=0x0 mWifiIconId=0x7f0200bd mBluetoothTetherIconId=0x108053d
D/StatusBar.NetworkController(  481): changing data overlay icon id to 0
D/StatusBar.NetworkController(  481): refreshViews connected={ wifi } level=?? combinedSignalIconId=0x7f0200bd/com.android.systemui:drawable/stat_sys_wifi_signal_3_fully combinedActivityIconId=0x7f0200b5 mAirplaneMode=false mDataActivity=0 mPhoneSignalIconId=0x7f0200a1 mDataDirectionIconId=0x0 mDataSignalIconId=0x7f0200a1 mDataTypeIconId=0x0 mNoSimIconId=0x0 mWifiIconId=0x7f0200bd mBluetoothTetherIconId=0x108053d
D/StatusBar.NetworkController(  481): changing data overlay icon id to 2130837685
D/androidNetworkLocationListeners(  718): Still have listener com.google.android.location.internal.client.NetworkLocationClient$1@41fa15f8
D/androidNetworkLocationListeners(  718): Still have listener com.google.android.location.internal.client.NetworkLocationClient$1@41fa15f8
D/NetworkLocator(  718): null cell state delivered
E/wpa_supplicant(  644): Ongoing Scan action...
D/NetworkLocator(  718): null cell state delivered
D/BT_DUN  (  738): Ignoring event PLATFORM_EVENT_ERROR in EMB_DATA_CALL_IDLE 
D/BT_DUN  (  738): Moved to state(EMB_DATA_CALL_IDLE) 
D/Tethering(  365): interfaceLinkStateChanged wlan0, true
D/Tethering(  365): interfaceStatusChanged wlan0, true
D/CNEJ    (  365): Swim RCCM received action: android.net.wifi.SCAN_RESULTS
D/CNEJ    (  365): sendWlanScanResultsEvent: scanResults size = 1
D/NetdConnector(  365): RCV <- {600 Iface linkstate wlan0 up}
V/CNEJ    (  365): handleWlanScanResultsUpdate
V/CNEJ    (  365): AP No. 0Level -75
V/CNEJ    (  365): AP No. 0Frequency 2437
V/CNEJ    (  365): AP No. 0SSID MTS-ROUTER
V/CNEJ    (  365): AP No. 0BSSID 14:d6:4d:70:13:aa
I/CNE_DEBUG(  365): CNE received action: android.net.wifi.SCAN_RESULTS
V/CNEJ    (  365): supplicant daemon is running
D/GpsLocationProvider(  365): Gps MessageHandler. msg.what 7
E/LocSvc_eng(  365): E/int loc_eng_inject_location(loc_eng_data_s_type&, double, double, float): log_eng state error: instance not initialized
W/dalvikvm( 1018): VFY: unable to resolve virtual method 2761: Landroid/location/Location;.isFromMockProvider ()Z
E/dalvikvm( 1018): Could not find class 'android.os.UserHandle', referenced from method fmh.c
W/dalvikvm( 1018): VFY: unable to resolve const-class 622 (Landroid/os/UserHandle;) in Lfmh;
D/StatusBar.NetworkController(  481): refreshViews connected={ wifi } level=?? combinedSignalIconId=0x7f0200bd/com.android.systemui:drawable/stat_sys_wifi_signal_3_fully combinedActivityIconId=0x0 mAirplaneMode=false mDataActivity=0 mPhoneSignalIconId=0x7f0200a1 mDataDirectionIconId=0x0 mDataSignalIconId=0x7f0200a1 mDataTypeIconId=0x0 mNoSimIconId=0x0 mWifiIconId=0x7f0200bd mBluetoothTetherIconId=0x108053d
D/StatusBar.NetworkController(  481): changing data overlay icon id to 0
D/memalloc(  154): /dev/pmem: Allocated buffer base:0x434ff000 size:16384 offset:32276480 fd:43
D/PowerManagerService(  365): setPowerState from userActivity! 
D/PowerManagerService(  365): setPowerState: mPowerState=0x3 newState=0x3 noChangeLights=false reason=2
D/memalloc(  365): /dev/pmem: Mapped buffer base:0x6494f000 size:32292864 offset:32276480 fd:285
I/Adreno200-EGLSUB(  154): <CreateImage:893>: Android Image
I/Adreno200-EGLSUB(  154): <GetImageAttributes:1102>: RGBA_8888
I/ActivityManager(  365): START {cmp=com.android.browser/.ComboViewActivity (has extras)} from pid 2242
D/WebViewTimersControl( 2242): onBrowserActivityPause
D/WebViewTimersControl( 2242): Pausing webview timers, view=com.android.browser.BrowserWebView@42057478
I/WindowManager(  365): SCREENLAYOUT_SIZE (1:small, 2:normal, 3:large, 4:xlarge) 4
D/androidNetworkLocationListeners(  718): Still have listener com.google.android.location.internal.client.NetworkLocationClient$1@41fa15f8
D/NetworkLocator(  718): null cell state delivered
V/Modem Warmup( 2242): modem warmup system property is true
V/Modem Warmup( 2242): resolving TJRKW7FD4W.com
I/Adreno200-EGLSUB( 2242): <ConfigWindowMatch:2078>: Format RGBA_8888.
D/memalloc(  154): /dev/pmem: Allocated buffer base:0x434ff000 size:3932160 offset:3932160 fd:62
D/memalloc( 2242): /dev/pmem: Mapped buffer base:0x631cd000 size:7864320 offset:3932160 fd:129
D/Settings(  594): getAllInstallLangId().length10
V/Modem Warmup( 2242): get by name failed java.net.UnknownHostException: Unable to resolve host "TJRKW7FD4W.com": No address associated with hostname
D/StatusBar.NetworkController(  481): refreshViews connected={ wifi } level=?? combinedSignalIconId=0x7f0200bd/com.android.systemui:drawable/stat_sys_wifi_signal_3_fully combinedActivityIconId=0x7f0200b5 mAirplaneMode=false mDataActivity=0 mPhoneSignalIconId=0x7f0200a1 mDataDirectionIconId=0x0 mDataSignalIconId=0x7f0200a1 mDataTypeIconId=0x0 mNoSimIconId=0x0 mWifiIconId=0x7f0200bd mBluetoothTetherIconId=0x108053d
D/StatusBar.NetworkController(  481): changing data overlay icon id to 2130837685
D/memalloc(  154): /dev/pmem: Allocated buffer base:0x434ff000 size:3932160 offset:20332544 fd:65
D/memalloc( 2242): /dev/pmem: Mapped buffer base:0x63b4d000 size:24264704 offset:20332544 fd:132
I/Adreno200-EGLSUB(  154): <CreateImage:893>: Android Image
I/Adreno200-EGLSUB(  154): <GetImageAttributes:1102>: RGBA_8888
I/ActivityManager(  365): Displayed com.android.browser/.ComboViewActivity: +421ms
D/memalloc( 2242): /dev/pmem: Unmapping buffer base:0x5d532000 size:3932160 offset:0
D/memalloc( 2242): /dev/pmem: Unmapping buffer base:0x5e23e000 size:32276480 offset:28344320
D/memalloc( 2242): /dev/pmem: Unmapping buffer base:0x6061b000 size:11796480 offset:7864320
D/memalloc(  154): /dev/pmem: Freeing buffer base:0x434ff000 size:3932160 offset:0 fd:38
D/memalloc(  154): /dev/pmem: Freeing buffer base:0x45007000 size:3932160 offset:28344320 fd:48
D/memalloc(  154): /dev/pmem: Freeing buffer base:0x43c7f000 size:3932160 offset:7864320 fd:51
D/memalloc(  154): /dev/pmem: Allocated buffer base:0x434ff000 size:3932160 offset:0 fd:38
D/memalloc( 2242): /dev/pmem: Mapped buffer base:0x5e3c2000 size:3932160 offset:0 fd:75
I/Adreno200-EGLSUB(  154): <CreateImage:893>: Android Image
I/Adreno200-EGLSUB(  154): <GetImageAttributes:1102>: RGBA_8888
I/Adreno200-EGLSUB(  154): <CreateImage:893>: Android Image
I/Adreno200-EGLSUB(  154): <GetImageAttributes:1102>: RGBA_8888
D/StatusBar.NetworkController(  481): refreshViews connected={ wifi } level=?? combinedSignalIconId=0x7f0200bd/com.android.systemui:drawable/stat_sys_wifi_signal_3_fully combinedActivityIconId=0x0 mAirplaneMode=false mDataActivity=0 mPhoneSignalIconId=0x7f0200a1 mDataDirectionIconId=0x0 mDataSignalIconId=0x7f0200a1 mDataTypeIconId=0x0 mNoSimIconId=0x0 mWifiIconId=0x7f0200bd mBluetoothTetherIconId=0x108053d
D/StatusBar.NetworkController(  481): changing data overlay icon id to 0
D/BT_DUN  (  738): Ignoring event PLATFORM_EVENT_ERROR in EMB_DATA_CALL_IDLE 
D/BT_DUN  (  738): Moved to state(EMB_DATA_CALL_IDLE) 
D/Tethering(  365): interfaceLinkStateChanged wlan0, true
D/Tethering(  365): interfaceStatusChanged wlan0, true
D/NetdConnector(  365): RCV <- {600 Iface linkstate wlan0 up}
D/CNEJ    (  365): Swim RCCM received action: android.net.wifi.SCAN_RESULTS
D/CNEJ    (  365): sendWlanScanResultsEvent: scanResults size = 1
I/CNE_DEBUG(  365): CNE received action: android.net.wifi.SCAN_RESULTS
V/CNEJ    (  365): handleWlanScanResultsUpdate
V/CNEJ    (  365): AP No. 0Level -75
V/CNEJ    (  365): AP No. 0Frequency 2437
V/CNEJ    (  365): AP No. 0SSID MTS-ROUTER
V/CNEJ    (  365): AP No. 0BSSID 14:d6:4d:70:13:aa
V/CNEJ    (  365): supplicant daemon is running
D/GpsLocationProvider(  365): Gps MessageHandler. msg.what 7
E/LocSvc_eng(  365): E/int loc_eng_inject_location(loc_eng_data_s_type&, double, double, float): log_eng state error: instance not initialized
D/PowerManagerService(  365): setPowerState from userActivity! 
D/PowerManagerService(  365): setPowerState: mPowerState=0x3 newState=0x3 noChangeLights=false reason=2
D/StatusBar.NetworkController(  481): refreshViews connected={ wifi } level=?? combinedSignalIconId=0x7f0200bd/com.android.systemui:drawable/stat_sys_wifi_signal_3_fully combinedActivityIconId=0x7f0200b4 mAirplaneMode=false mDataActivity=0 mPhoneSignalIconId=0x7f0200a1 mDataDirectionIconId=0x0 mDataSignalIconId=0x7f0200a1 mDataTypeIconId=0x0 mNoSimIconId=0x0 mWifiIconId=0x7f0200bd mBluetoothTetherIconId=0x108053d
D/StatusBar.NetworkController(  481): changing data overlay icon id to 2130837684
D/Settings(  594): getAllInstallLangId().length10
D/StatusBar.NetworkController(  481): refreshViews connected={ wifi } level=?? combinedSignalIconId=0x7f0200bd/com.android.systemui:drawable/stat_sys_wifi_signal_3_fully combinedActivityIconId=0x0 mAirplaneMode=false mDataActivity=0 mPhoneSignalIconId=0x7f0200a1 mDataDirectionIconId=0x0 mDataSignalIconId=0x7f0200a1 mDataTypeIconId=0x0 mNoSimIconId=0x0 mWifiIconId=0x7f0200bd mBluetoothTetherIconId=0x108053d
D/StatusBar.NetworkController(  481): changing data overlay icon id to 0
I/ONCRPC  (  167): Setup RPC Call for task 40080270
I/ONCRPC  (  167): oncrpc_xdr_call_msg_start: Prog: 3000006b, Ver: 00010001, Proc: 00000002
I/ONCRPC  (  167): xdr_std_msg_send_call: Sent Xid: 1f, Prog: 3000006b, Ver: 00010001, Proc: 00000002
I/ONCRPC  (  167): xdr_std_msg_send_call: Received Reply Xid: 1f, Prog: 3000006b, Ver: 00010001, Proc: 00000002
D/PowerManagerService(  365): setPowerState from userActivity! 
D/PowerManagerService(  365): setPowerState: mPowerState=0x3 newState=0x3 noChangeLights=false reason=2
D/PowerManagerService(  365): setPowerState from userActivity! 
D/PowerManagerService(  365): setPowerState: mPowerState=0x3 newState=0x3 noChangeLights=false reason=2
D/PowerManagerService(  365): setPowerState from userActivity! 
D/PowerManagerService(  365): setPowerState: mPowerState=0x3 newState=0x3 noChangeLights=false reason=2
I/WindowManager(  365): SCREENLAYOUT_SIZE (1:small, 2:normal, 3:large, 4:xlarge) 4
D/WebViewTimersControl( 2242): onBrowserActivityResume
D/WebViewTimersControl( 2242): Resuming webview timers, view=com.android.browser.BrowserWebView@42057478
W/BaseUi  ( 2242): mMainView is already attached to wrapper in attachTabToContentView!
W/BaseUi  ( 2242): mContainer is already attached to content in attachTabToContentView!
D/androidNetworkLocationListeners(  718): Still have listener com.google.android.location.internal.client.NetworkLocationClient$1@41fa15f8
D/androidNetworkLocationListeners(  718): Still have listener com.google.android.location.internal.client.NetworkLocationClient$1@41fa15f8
E/wpa_supplicant(  644): Ongoing Scan action...
D/NetworkLocator(  718): null cell state delivered
D/NetworkLocator(  718): null cell state delivered
I/Adreno200-EGLSUB( 2242): <ConfigWindowMatch:2078>: Format RGBA_8888.
D/memalloc(  154): /dev/pmem: Allocated buffer base:0x434ff000 size:3932160 offset:28344320 fd:48
D/memalloc( 2242): /dev/pmem: Mapped buffer base:0x65271000 size:32276480 offset:28344320 fd:128
D/Settings(  594): getAllInstallLangId().length10
D/memalloc(  154): /dev/pmem: Allocated buffer base:0x434ff000 size:3932160 offset:7864320 fd:51
D/memalloc( 2242): /dev/pmem: Mapped buffer base:0x5f1b1000 size:11796480 offset:7864320 fd:137
I/Adreno200-EGLSUB(  154): <CreateImage:893>: Android Image
I/Adreno200-EGLSUB(  154): <GetImageAttributes:1102>: RGBA_8888
D/memalloc(  154): /dev/pmem: Allocated buffer base:0x434ff000 size:3932160 offset:36536320 fd:68
D/memalloc( 2242): /dev/pmem: Mapped buffer base:0x67139000 size:40468480 offset:36536320 fd:140
I/Adreno200-EGLSUB(  154): <CreateImage:893>: Android Image
I/Adreno200-EGLSUB(  154): <GetImageAttributes:1102>: RGBA_8888
D/memalloc( 2242): /dev/pmem: Unmapping buffer base:0x631cd000 size:7864320 offset:3932160
D/memalloc( 2242): /dev/pmem: Unmapping buffer base:0x63b4d000 size:24264704 offset:20332544
D/memalloc( 2242): /dev/pmem: Unmapping buffer base:0x5e3c2000 size:3932160 offset:0
D/memalloc(  154): /dev/pmem: Freeing buffer base:0x44863000 size:3932160 offset:20332544 fd:65
D/memalloc(  154): /dev/pmem: Freeing buffer base:0x434ff000 size:3932160 offset:0 fd:38
I/Adreno200-EGLSUB(  154): <CreateImage:893>: Android Image
I/Adreno200-EGLSUB(  154): <GetImageAttributes:1102>: RGBA_8888
D/memalloc(  154): /dev/pmem: Freeing buffer base:0x438bf000 size:3932160 offset:3932160 fd:62
D/StatusBar.NetworkController(  481): refreshViews connected={ wifi } level=?? combinedSignalIconId=0x7f0200bd/com.android.systemui:drawable/stat_sys_wifi_signal_3_fully combinedActivityIconId=0x7f0200b5 mAirplaneMode=false mDataActivity=0 mPhoneSignalIconId=0x7f0200a1 mDataDirectionIconId=0x0 mDataSignalIconId=0x7f0200a1 mDataTypeIconId=0x0 mNoSimIconId=0x0 mWifiIconId=0x7f0200bd mBluetoothTetherIconId=0x108053d
D/StatusBar.NetworkController(  481): changing data overlay icon id to 2130837685
D/BT_DUN  (  738): Ignoring event PLATFORM_EVENT_ERROR in EMB_DATA_CALL_IDLE 
D/BT_DUN  (  738): Moved to state(EMB_DATA_CALL_IDLE) 
D/Tethering(  365): interfaceLinkStateChanged wlan0, true
D/Tethering(  365): interfaceStatusChanged wlan0, true
D/CNEJ    (  365): Swim RCCM received action: android.net.wifi.SCAN_RESULTS
D/CNEJ    (  365): sendWlanScanResultsEvent: scanResults size = 1
I/CNE_DEBUG(  365): CNE received action: android.net.wifi.SCAN_RESULTS
V/CNEJ    (  365): handleWlanScanResultsUpdate
V/CNEJ    (  365): AP No. 0Level -74
V/CNEJ    (  365): AP No. 0Frequency 2437
V/CNEJ    (  365): AP No. 0SSID MTS-ROUTER
V/CNEJ    (  365): AP No. 0BSSID 14:d6:4d:70:13:aa
D/NetdConnector(  365): RCV <- {600 Iface linkstate wlan0 up}
V/CNEJ    (  365): supplicant daemon is running
D/GpsLocationProvider(  365): Gps MessageHandler. msg.what 7
E/LocSvc_eng(  365): E/int loc_eng_inject_location(loc_eng_data_s_type&, double, double, float): log_eng state error: instance not initialized
D/androidNetworkLocationListeners(  718): Still have listener com.google.android.location.internal.client.NetworkLocationClient$1@41fa15f8
D/PowerManagerService(  365): setPowerState from userActivity! 
D/PowerManagerService(  365): setPowerState: mPowerState=0x3 newState=0x3 noChangeLights=false reason=2
D/NetworkLocator(  718): null cell state delivered
D/WebSettings( 2242): mDataPath: /data/data/com.android.browser
D/Settings(  594): getAllInstallLangId().length10
W/webcore ( 2242): java.lang.Throwable: EventHub.removeMessages(int what = 107) is not supported before the WebViewCore is set up.
W/webcore ( 2242): 	at android.webkit.WebViewCore$EventHub.removeMessages(WebViewCore.java:1767)
W/webcore ( 2242): 	at android.webkit.WebViewCore$EventHub.access$8100(WebViewCore.java:1000)
W/webcore ( 2242): 	at android.webkit.WebViewCore.removeMessages(WebViewCore.java:1879)
W/webcore ( 2242): 	at android.webkit.WebView.sendOurVisibleRect(WebView.java:2990)
W/webcore ( 2242): 	at android.webkit.ZoomManager.setZoomScale(ZoomManager.java:593)
W/webcore ( 2242): 	at android.webkit.ZoomManager.access$1700(ZoomManager.java:49)
W/webcore ( 2242): 	at android.webkit.ZoomManager$PostScale.run(ZoomManager.java:984)
W/webcore ( 2242): 	at android.os.Handler.handleCallback(Handler.java:605)
W/webcore ( 2242): 	at android.os.Handler.dispatchMessage(Handler.java:92)
W/webcore ( 2242): 	at android.os.Looper.loop(Looper.java:137)
W/webcore ( 2242): 	at android.app.ActivityThread.main(ActivityThread.java:4424)
W/webcore ( 2242): 	at java.lang.reflect.Method.invokeNative(Native Method)
W/webcore ( 2242): 	at java.lang.reflect.Method.invoke(Method.java:511)
W/webcore ( 2242): 	at com.android.internal.os.ZygoteInit$MethodAndArgsCaller.run(ZygoteInit.java:787)
W/webcore ( 2242): 	at com.android.internal.os.ZygoteInit.main(ZygoteInit.java:554)
W/webcore ( 2242): 	at dalvik.system.NativeStart.main(Native Method)
I/browser ( 2242): Console: This browser is%s AJAX compatible http://www.mastercity.ru/clientscript/vbulletin-core.js?v=420:11
W/Tab     ( 2242): Failed to save back/forward list for http://www.google.ru/?gws_rd=cr&ei=D5JdUu_wB4jf4QS064DgAw
W/Tab     ( 2242): Failed to save back/forward list for http://www.google.ru/?gws_rd=cr&ei=D5JdUu_wB4jf4QS064DgAw
D/BT_DUN  (  738): Ignoring event PLATFORM_EVENT_ERROR in EMB_DATA_CALL_IDLE 
D/BT_DUN  (  738): Moved to state(EMB_DATA_CALL_IDLE) 
D/Tethering(  365): interfaceLinkStateChanged wlan0, true
D/Tethering(  365): interfaceStatusChanged wlan0, true
D/CNEJ    (  365): Swim RCCM received action: android.net.wifi.SCAN_RESULTS
D/CNEJ    (  365): sendWlanScanResultsEvent: scanResults size = 1
D/NetdConnector(  365): RCV <- {600 Iface linkstate wlan0 up}
V/CNEJ    (  365): handleWlanScanResultsUpdate
V/CNEJ    (  365): AP No. 0Level -72
V/CNEJ    (  365): AP No. 0Frequency 2437
V/CNEJ    (  365): AP No. 0SSID MTS-ROUTER
V/CNEJ    (  365): AP No. 0BSSID 14:d6:4d:70:13:aa
I/CNE_DEBUG(  365): CNE received action: android.net.wifi.SCAN_RESULTS
V/CNEJ    (  365): supplicant daemon is running
D/GpsLocationProvider(  365): Gps MessageHandler. msg.what 7
E/LocSvc_eng(  365): E/int loc_eng_inject_location(loc_eng_data_s_type&, double, double, float): log_eng state error: instance not initialized
D/PowerManagerService(  365): setPowerState from userActivity! 
D/PowerManagerService(  365): setPowerState: mPowerState=0x3 newState=0x3 noChangeLights=false reason=2
I/ActivityManager(  365): START {cmp=com.android.browser/.ComboViewActivity (has extras)} from pid 2242
I/WindowManager(  365): SCREENLAYOUT_SIZE (1:small, 2:normal, 3:large, 4:xlarge) 4
V/Modem Warmup( 2242): modem warmup system property is true
V/Modem Warmup( 2242): resolving 6KN98LS4W4.com
I/Adreno200-EGLSUB( 2242): <ConfigWindowMatch:2078>: Format RGBA_8888.
D/memalloc(  154): /dev/pmem: Allocated buffer base:0x434ff000 size:3932160 offset:20332544 fd:38
D/memalloc( 2242): /dev/pmem: Mapped buffer base:0x62e31000 size:24264704 offset:20332544 fd:163
D/Settings(  594): getAllInstallLangId().length10
D/memalloc(  154): /dev/pmem: Allocated buffer base:0x434ff000 size:3932160 offset:0 fd:62
D/memalloc( 2242): /dev/pmem: Mapped buffer base:0x5fcf1000 size:3932160 offset:0 fd:166
I/ActivityManager(  365): Displayed com.android.browser/.ComboViewActivity: +236ms
I/Adreno200-EGLSUB(  154): <CreateImage:893>: Android Image
I/Adreno200-EGLSUB(  154): <GetImageAttributes:1102>: RGBA_8888
D/Settings(  594): getAllInstallLangId().length10
D/memalloc(  154): /dev/pmem: Allocated buffer base:0x434ff000 size:3932160 offset:3932160 fd:65
D/memalloc( 2242): /dev/pmem: Mapped buffer base:0x6061b000 size:7864320 offset:3932160 fd:169
I/Adreno200-EGLSUB(  154): <CreateImage:893>: Android Image
I/Adreno200-EGLSUB(  154): <GetImageAttributes:1102>: RGBA_8888
D/memalloc( 2242): /dev/pmem: Unmapping buffer base:0x65271000 size:32276480 offset:28344320
D/memalloc( 2242): /dev/pmem: Unmapping buffer base:0x5f1b1000 size:11796480 offset:7864320
D/memalloc( 2242): /dev/pmem: Unmapping buffer base:0x67139000 size:40468480 offset:36536320
D/memalloc(  154): /dev/pmem: Freeing buffer base:0x43c7f000 size:3932160 offset:7864320 fd:51
D/memalloc(  154): /dev/pmem: Freeing buffer base:0x457d7000 size:3932160 offset:36536320 fd:68
V/Modem Warmup( 2242): get by name failed java.net.UnknownHostException: Unable to resolve host "6KN98LS4W4.com": No address associated with hostname
D/memalloc(  154): /dev/pmem: Freeing buffer base:0x45007000 size:3932160 offset:28344320 fd:48
I/ONCRPC  (  167): Setup RPC Call for task 40080270
I/ONCRPC  (  167): oncrpc_xdr_call_msg_start: Prog: 3000006b, Ver: 00010001, Proc: 00000002
I/ONCRPC  (  167): xdr_std_msg_send_call: Sent Xid: 20, Prog: 3000006b, Ver: 00010001, Proc: 00000002
I/ONCRPC  (  167): xdr_std_msg_send_call: Received Reply Xid: 20, Prog: 3000006b, Ver: 00010001, Proc: 00000002
I/Adreno200-EGLSUB(  154): <CreateImage:893>: Android Image
I/Adreno200-EGLSUB(  154): <GetImageAttributes:1102>: RGBA_8888
D/PowerManagerService(  365): setPowerState from userActivity! 
D/PowerManagerService(  365): setPowerState: mPowerState=0x3 newState=0x3 noChangeLights=false reason=2
D/Settings(  594): getAllInstallLangId().length10
D/StatusBar.NetworkController(  481): refreshViews connected={ wifi } level=?? combinedSignalIconId=0x7f0200bd/com.android.systemui:drawable/stat_sys_wifi_signal_3_fully combinedActivityIconId=0x0 mAirplaneMode=false mDataActivity=0 mPhoneSignalIconId=0x7f0200a1 mDataDirectionIconId=0x0 mDataSignalIconId=0x7f0200a1 mDataTypeIconId=0x0 mNoSimIconId=0x0 mWifiIconId=0x7f0200bd mBluetoothTetherIconId=0x108053d
D/StatusBar.NetworkController(  481): changing data overlay icon id to 0
D/StatusBar.NetworkController(  481): refreshViews connected={ wifi } level=?? combinedSignalIconId=0x7f0200bd/com.android.systemui:drawable/stat_sys_wifi_signal_3_fully combinedActivityIconId=0x7f0200b5 mAirplaneMode=false mDataActivity=0 mPhoneSignalIconId=0x7f0200a1 mDataDirectionIconId=0x0 mDataSignalIconId=0x7f0200a1 mDataTypeIconId=0x0 mNoSimIconId=0x0 mWifiIconId=0x7f0200bd mBluetoothTetherIconId=0x108053d
D/StatusBar.NetworkController(  481): changing data overlay icon id to 2130837685
D/PowerManagerService(  365): setPowerState from userActivity! 
D/PowerManagerService(  365): setPowerState: mPowerState=0x3 newState=0x3 noChangeLights=false reason=2
I/WindowManager(  365): SCREENLAYOUT_SIZE (1:small, 2:normal, 3:large, 4:xlarge) 4
D/WebViewTimersControl( 2242): onBrowserActivityResume
D/WebViewTimersControl( 2242): Resuming webview timers, view=com.android.browser.BrowserWebView@4240c4c0
W/BaseUi  ( 2242): mMainView is already attached to wrapper in attachTabToContentView!
W/BaseUi  ( 2242): mContainer is already attached to content in attachTabToContentView!
I/Adreno200-EGLSUB( 2242): <ConfigWindowMatch:2078>: Format RGBA_8888.
D/memalloc(  154): /dev/pmem: Allocated buffer base:0x434ff000 size:3932160 offset:28344320 fd:48
D/memalloc( 2242): /dev/pmem: Mapped buffer base:0x64555000 size:32276480 offset:28344320 fd:97
D/Settings(  594): getAllInstallLangId().length10
D/memalloc(  154): /dev/pmem: Allocated buffer base:0x434ff000 size:3932160 offset:7864320 fd:51
D/memalloc( 2242): /dev/pmem: Mapped buffer base:0x6641d000 size:11796480 offset:7864320 fd:126
I/Adreno200-EGLSUB(  154): <CreateImage:893>: Android Image
I/Adreno200-EGLSUB(  154): <GetImageAttributes:1102>: RGBA_8888
D/memalloc(  154): /dev/pmem: Allocated buffer base:0x434ff000 size:3932160 offset:36536320 fd:68
D/memalloc( 2242): /dev/pmem: Mapped buffer base:0x6703e000 size:40468480 offset:36536320 fd:139
I/Adreno200-EGLSUB(  154): <CreateImage:893>: Android Image
I/Adreno200-EGLSUB(  154): <GetImageAttributes:1102>: RGBA_8888
D/memalloc( 2242): /dev/pmem: Unmapping buffer base:0x62e31000 size:24264704 offset:20332544
D/memalloc( 2242): /dev/pmem: Unmapping buffer base:0x5fcf1000 size:3932160 offset:0
D/memalloc( 2242): /dev/pmem: Unmapping buffer base:0x6061b000 size:7864320 offset:3932160
D/memalloc(  154): /dev/pmem: Freeing buffer base:0x44863000 size:3932160 offset:20332544 fd:38
D/memalloc(  154): /dev/pmem: Freeing buffer base:0x434ff000 size:3932160 offset:0 fd:62
I/Adreno200-EGLSUB(  154): <CreateImage:893>: Android Image
I/Adreno200-EGLSUB(  154): <GetImageAttributes:1102>: RGBA_8888
