D/VoldConnector(  365): SND -> {asec path com.galapagossoft.trialdemo-2} {null}
D/VoldCmdListener(  148): asec path com.galapagossoft.trialdemo-2
D/VoldConnector(  365): RCV <- {211 /mnt/asec/com.galapagossoft.trialdemo-2}
D/VoldConnector(  365): RSP <- {211 /mnt/asec/com.galapagossoft.trialdemo-2}
D/CountryDetectorService(  365): The first listener is added
I/PackageManager(  365): Linking native library dir for /mnt/asec/com.galapagossoft.trialdemo-2/pkg.apk
D/StatusBar.NetworkController(  481): refreshViews connected={ wifi } level=?? combinedSignalIconId=0x7f0200bc/com.android.systemui:drawable/stat_sys_wifi_signal_3 combinedActivityIconId=0x0 mAirplaneMode=false mDataActivity=0 mPhoneSignalIconId=0x7f0200a1 mDataDirectionIconId=0x0 mDataSignalIconId=0x7f0200a1 mDataTypeIconId=0x0 mNoSimIconId=0x0 mWifiIconId=0x7f0200bc mBluetoothTetherIconId=0x108053d
D/StatusBar.NetworkController(  481): changing data overlay icon id to 0
D/ConnectivityService(  365): reportNetworkCondition(1, 100)
D/ConnectivityService(  365): handleInetConditionChange: net=1, condition=100,mActiveDefaultNetwork=1
D/ConnectivityService(  365): handleInetConditionChange: starting a change hold
D/VoldConnector(  365): SND -> {asec mount com.kiloo.subwaysurf-1 0e86d5a051f68a5573d8892238a5920d 1000} {null}
D/VoldCmdListener(  148): asec mount com.kiloo.subwaysurf-1 {} 1000
I/ActivityManager(  365): No longer want com.android.settings (pid 772): hidden #16
I/ActivityManager(  365): No longer want com.huawei.hisuite (pid 949): hidden #16
W/ActivityManager(  365): Permission Denial: receiving Intent { act=android.intent.action.BOOT_COMPLETED flg=0x10 } to com.android.musicfx requires android.permission.RECEIVE_BOOT_COMPLETED due to sender null (uid 1000)
D/VoldConnector(  365): RCV <- {200 asec operation succeeded}
D/VoldConnector(  365): RSP <- {200 asec operation succeeded}
D/VoldConnector(  365): SND -> {asec path com.kiloo.subwaysurf-1} {null}
D/VoldCmdListener(  148): asec path com.kiloo.subwaysurf-1
D/VoldConnector(  365): RCV <- {211 /mnt/asec/com.kiloo.subwaysurf-1}
D/VoldConnector(  365): RSP <- {211 /mnt/asec/com.kiloo.subwaysurf-1}
I/ActivityManager(  365): No longer want com.android.contacts (pid 682): hidden #16
I/PackageManager(  365): Linking native library dir for /mnt/asec/com.kiloo.subwaysurf-1/pkg.apk
I/ActivityManager(  365): Start proc com.android.settings for broadcast com.android.settings/.PowerSavingPolicy: pid=1386 uid=1000 gids={3003, 1006, 3002, 3001, 1015, 3007}
D/VoldConnector(  365): SND -> {asec mount com.gamehivecorp.kicktheboss2r-2 0e86d5a051f68a5573d8892238a5920d 1000} {null}
D/VoldCmdListener(  148): asec mount com.gamehivecorp.kicktheboss2r-2 {} 1000
I/ActivityManager(  365): No longer want com.qualcomm.privinit (pid 1060): hidden #16
D/ConnectivityService(  365): handleInetConditionHoldEnd: net=1, condition=100, published condition=0
D/ConnectivityService(  365): sendStickyBroadcast: action=android.net.conn.INET_CONDITION_ACTION
D/StatusBar.NetworkController(  481): updateConnectivity: intent=Intent { act=android.net.conn.INET_CONDITION_ACTION flg=0x10000010 (has extras) }
D/StatusBar.NetworkController(  481): updateConnectivity: networkInfo=NetworkInfo: type: WIFI[], state: CONNECTED/CONNECTED, reason: (unspecified), extra: (none), roaming: false, failover: false, isAvailable: true
D/StatusBar.NetworkController(  481): updateConnectivity: connectionStatus=100
D/StatusBar.NetworkController(  481):  No service
D/StatusBar.NetworkController(  481): refreshViews connected={ wifi } level=?? combinedSignalIconId=0x7f0200bd/com.android.systemui:drawable/stat_sys_wifi_signal_3_fully combinedActivityIconId=0x0 mAirplaneMode=false mDataActivity=0 mPhoneSignalIconId=0x7f0200a1 mDataDirectionIconId=0x0 mDataSignalIconId=0x7f0200a1 mDataTypeIconId=0x0 mNoSimIconId=0x0 mWifiIconId=0x7f0200bd mBluetoothTetherIconId=0x108053d
D/VoldConnector(  365): RCV <- {200 asec operation succeeded}
D/VoldConnector(  365): RSP <- {200 asec operation succeeded}
D/VoldConnector(  365): SND -> {asec path com.gamehivecorp.kicktheboss2r-2} {null}
D/VoldCmdListener(  148): asec path com.gamehivecorp.kicktheboss2r-2
D/VoldConnector(  365): RCV <- {211 /mnt/asec/com.gamehivecorp.kicktheboss2r-2}
D/VoldConnector(  365): RSP <- {211 /mnt/asec/com.gamehivecorp.kicktheboss2r-2}
I/ActivityManager(  365): Start proc com.noshufou.android.su for broadcast com.noshufou.android.su/.UpdatePermissionsReceiver: pid=1404 uid=10131 gids={3003, 1015}
I/PackageManager(  365): Linking native library dir for /mnt/asec/com.gamehivecorp.kicktheboss2r-2/pkg.apk
D/VoldConnector(  365): SND -> {asec mount no.tine.mrmelkwintergames-1 0e86d5a051f68a5573d8892238a5920d 1000} {null}
D/VoldCmdListener(  148): asec mount no.tine.mrmelkwintergames-1 {} 1000
I/ActivityManager(  365): Start proc com.google.android.youtube for broadcast com.google.android.youtube/com.google.android.apps.youtube.core.transfer.DownloadService$BootReceiver: pid=1418 uid=10032 gids={3003, 1015, 1006}
I/ActivityManager(  365): No longer want com.google.android.partnersetup (pid 753): hidden #16
D/VoldConnector(  365): RCV <- {200 asec operation succeeded}
D/VoldConnector(  365): RSP <- {200 asec operation succeeded}
D/VoldConnector(  365): SND -> {asec path no.tine.mrmelkwintergames-1} {null}
D/VoldCmdListener(  148): asec path no.tine.mrmelkwintergames-1
D/VoldConnector(  365): RCV <- {211 /mnt/asec/no.tine.mrmelkwintergames-1}
D/VoldConnector(  365): RSP <- {211 /mnt/asec/no.tine.mrmelkwintergames-1}
I/PackageManager(  365): Linking native library dir for /mnt/asec/no.tine.mrmelkwintergames-1/pkg.apk
D/VoldConnector(  365): SND -> {asec mount com.djinnworks.RopeFly.lite-2 0e86d5a051f68a5573d8892238a5920d 1000} {null}
D/VoldCmdListener(  148): asec mount com.djinnworks.RopeFly.lite-2 {} 1000
D/VoldConnector(  365): RCV <- {200 asec operation succeeded}
D/VoldConnector(  365): RSP <- {200 asec operation succeeded}
D/VoldConnector(  365): SND -> {asec path com.djinnworks.RopeFly.lite-2} {null}
D/VoldCmdListener(  148): asec path com.djinnworks.RopeFly.lite-2
D/VoldConnector(  365): RCV <- {211 /mnt/asec/com.djinnworks.RopeFly.lite-2}
D/VoldConnector(  365): RSP <- {211 /mnt/asec/com.djinnworks.RopeFly.lite-2}
I/PackageManager(  365): Linking native library dir for /mnt/asec/com.djinnworks.RopeFly.lite-2/pkg.apk
D/VoldConnector(  365): SND -> {asec mount com.galapagossoft.trialx2_winter-2 0e86d5a051f68a5573d8892238a5920d 1000} {null}
D/VoldCmdListener(  148): asec mount com.galapagossoft.trialx2_winter-2 {} 1000
D/VoldConnector(  365): RCV <- {200 asec operation succeeded}
D/VoldConnector(  365): RSP <- {200 asec operation succeeded}
D/VoldConnector(  365): SND -> {asec path com.galapagossoft.trialx2_winter-2} {null}
D/VoldCmdListener(  148): asec path com.galapagossoft.trialx2_winter-2
D/VoldConnector(  365): RCV <- {211 /mnt/asec/com.galapagossoft.trialx2_winter-2}
D/VoldConnector(  365): RSP <- {211 /mnt/asec/com.galapagossoft.trialx2_winter-2}
W/PackageParser(  365): Unknown element under <manifest>: fr at /mnt/asec/com.galapagossoft.trialx2_winter-2/pkg.apk Binary XML file line #87
I/PackageManager(  365): Linking native library dir for /mnt/asec/com.galapagossoft.trialx2_winter-2/pkg.apk
D/VoldConnector(  365): SND -> {asec mount com.feelingtouch.gnz-2 0e86d5a051f68a5573d8892238a5920d 1000} {null}
D/VoldCmdListener(  148): asec mount com.feelingtouch.gnz-2 {} 1000
D/VoldConnector(  365): RCV <- {200 asec operation succeeded}
D/VoldConnector(  365): RSP <- {200 asec operation succeeded}
D/VoldConnector(  365): SND -> {asec path com.feelingtouch.gnz-2} {null}
D/VoldCmdListener(  148): asec path com.feelingtouch.gnz-2
D/VoldConnector(  365): RCV <- {211 /mnt/asec/com.feelingtouch.gnz-2}
D/VoldConnector(  365): RSP <- {211 /mnt/asec/com.feelingtouch.gnz-2}
I/PackageManager(  365): Linking native library dir for /mnt/asec/com.feelingtouch.gnz-2/pkg.apk
D/VoldConnector(  365): SND -> {asec mount ru.igsoft.bowlingonline3d-2 0e86d5a051f68a5573d8892238a5920d 1000} {null}
D/VoldCmdListener(  148): asec mount ru.igsoft.bowlingonline3d-2 {} 1000
D/VoldConnector(  365): RCV <- {200 asec operation succeeded}
D/VoldConnector(  365): RSP <- {200 asec operation succeeded}
D/VoldConnector(  365): SND -> {asec path ru.igsoft.bowlingonline3d-2} {null}
D/VoldCmdListener(  148): asec path ru.igsoft.bowlingonline3d-2
D/VoldConnector(  365): RCV <- {211 /mnt/asec/ru.igsoft.bowlingonline3d-2}
D/VoldConnector(  365): RSP <- {211 /mnt/asec/ru.igsoft.bowlingonline3d-2}
I/PackageManager(  365): Linking native library dir for /mnt/asec/ru.igsoft.bowlingonline3d-2/pkg.apk
D/VoldConnector(  365): SND -> {asec mount com.outfit7.tomslovelettersfree-1 0e86d5a051f68a5573d8892238a5920d 1000} {null}
D/VoldCmdListener(  148): asec mount com.outfit7.tomslovelettersfree-1 {} 1000
D/VoldConnector(  365): RCV <- {200 asec operation succeeded}
D/VoldConnector(  365): RSP <- {200 asec operation succeeded}
D/VoldConnector(  365): SND -> {asec path com.outfit7.tomslovelettersfree-1} {null}
D/VoldCmdListener(  148): asec path com.outfit7.tomslovelettersfree-1
D/VoldConnector(  365): RCV <- {211 /mnt/asec/com.outfit7.tomslovelettersfree-1}
D/VoldConnector(  365): RSP <- {211 /mnt/asec/com.outfit7.tomslovelettersfree-1}
I/PackageManager(  365): Linking native library dir for /mnt/asec/com.outfit7.tomslovelettersfree-1/pkg.apk
D/VoldConnector(  365): SND -> {asec mount com.gameloft.android.ANMP.GloftDMHM-1 0e86d5a051f68a5573d8892238a5920d 1000} {null}
D/VoldCmdListener(  148): asec mount com.gameloft.android.ANMP.GloftDMHM-1 {} 1000
D/VoldConnector(  365): RCV <- {200 asec operation succeeded}
D/VoldConnector(  365): RSP <- {200 asec operation succeeded}
D/VoldConnector(  365): SND -> {asec path com.gameloft.android.ANMP.GloftDMHM-1} {null}
D/VoldCmdListener(  148): asec path com.gameloft.android.ANMP.GloftDMHM-1
D/VoldConnector(  365): RCV <- {211 /mnt/asec/com.gameloft.android.ANMP.GloftDMHM-1}
D/VoldConnector(  365): RSP <- {211 /mnt/asec/com.gameloft.android.ANMP.GloftDMHM-1}
D/StatusBar.NetworkController(  481): refreshViews connected={ wifi } level=?? combinedSignalIconId=0x7f0200bd/com.android.systemui:drawable/stat_sys_wifi_signal_3_fully combinedActivityIconId=0x7f0200b5 mAirplaneMode=false mDataActivity=0 mPhoneSignalIconId=0x7f0200a1 mDataDirectionIconId=0x0 mDataSignalIconId=0x7f0200a1 mDataTypeIconId=0x0 mNoSimIconId=0x0 mWifiIconId=0x7f0200bd mBluetoothTetherIconId=0x108053d
D/StatusBar.NetworkController(  481): changing data overlay icon id to 2130837685
I/PackageManager(  365): Linking native library dir for /mnt/asec/com.gameloft.android.ANMP.GloftDMHM-1/pkg.apk
D/VoldConnector(  365): SND -> {asec mount com.talking.putin-1 0e86d5a051f68a5573d8892238a5920d 1000} {null}
D/VoldCmdListener(  148): asec mount com.talking.putin-1 {} 1000
I/ActivityManager(  365): Start proc com.google.android.gm for broadcast com.google.android.gm/.GoogleMailDeviceStartupReceiver: pid=1492 uid=10006 gids={3003, 1015}
D/VoldConnector(  365): RCV <- {200 asec operation succeeded}
D/VoldConnector(  365): RSP <- {200 asec operation succeeded}
D/VoldConnector(  365): SND -> {asec path com.talking.putin-1} {null}
D/VoldCmdListener(  148): asec path com.talking.putin-1
D/VoldConnector(  365): RCV <- {211 /mnt/asec/com.talking.putin-1}
D/VoldConnector(  365): RSP <- {211 /mnt/asec/com.talking.putin-1}
D/ActivityThread( 1492): Loading provider com.android.gmail.ui: com.google.android.gm.provider.UiProvider
I/PackageManager(  365): Linking native library dir for /mnt/asec/com.talking.putin-1/pkg.apk
D/VoldConnector(  365): SND -> {asec mount com.com2us.summitxsnowboard.normal.tryandbuy.google.global.android.common-1 0e86d5a051f68a5573d8892238a5920d 1000} {null}
D/VoldCmdListener(  148): asec mount com.com2us.summitxsnowboard.normal.tryandbuy.google.global.android.common-1 {} 1000
I/ActivityManager(  365): Start proc com.google.android.gsf.login for service com.google.android.gsf.login/com.google.android.gsf.loginservice.GoogleLoginService: pid=1513 uid=10001 gids={3003, 1015, 1007, 1006, 2001, 3006}
I/ActivityManager(  365): Start proc com.google.android.gms for service com.google.android.gms/.icing.impl.IndexService: pid=1524 uid=10001 gids={3003, 1015, 1007, 1006, 2001, 3006}
I/ActivityManager(  365): Start proc com.google.android.apps.maps:FriendService for broadcast com.google.android.apps.maps/com.google.googlenav.friend.android.ServiceReceiver: pid=1539 uid=10015 gids={3003, 1015}
D/VoldConnector(  365): RCV <- {200 asec operation succeeded}
D/VoldConnector(  365): RSP <- {200 asec operation succeeded}
D/VoldConnector(  365): SND -> {asec path com.com2us.summitxsnowboard.normal.tryandbuy.google.global.android.common-1} {null}
D/VoldCmdListener(  148): asec path com.com2us.summitxsnowboard.normal.tryandbuy.google.global.android.common-1
D/VoldConnector(  365): RCV <- {211 /mnt/asec/com.com2us.summitxsnowboard.normal.tryandbuy.google.global.android.common-1}
D/VoldConnector(  365): RSP <- {211 /mnt/asec/com.com2us.summitxsnowboard.normal.tryandbuy.google.global.android.common-1}
I/ActivityManager(  365): No longer want com.huawei.android.gpms (pid 1120): hidden #16
I/PackageManager(  365): Linking native library dir for /mnt/asec/com.com2us.summitxsnowboard.normal.tryandbuy.google.global.android.common-1/pkg.apk
I/ActivityManager(  365): Start proc com.android.vending for broadcast com.android.vending/com.google.android.finsky.receivers.BootCompletedReceiver: pid=1562 uid=10020 gids={3003, 1015}
I/ActivityManager(  365): No longer want com.google.android.onetimeinitializer (pid 1150): hidden #16
I/ActivityManager(  365): No longer want com.huawei.android.hwouc (pid 1137): hidden #17
W/PackageManager(  365): Not granting permission com.google.android.c2dm.permission.SEND to package ru.ok.android (protectionLevel=3 flags=0x8be46)
W/PackageManager(  365): Unknown permission android.permission.ADD_SYSTEM_SERVICE in package com.android.phone
W/PackageManager(  365): Unknown permission android.permission.MMS_PUSH in package com.android.bluetooth
W/PackageManager(  365): Not granting permission android.permission.SEND_DOWNLOAD_COMPLETED_INTENTS to package com.android.browser (protectionLevel=2 flags=0x9be45)
W/PackageManager(  365): Unknown permission android.permission.READ_OWNER_DATA in package com.huawei.mmitest
W/PackageManager(  365): Unknown permission com.htc.launcher.permission.READ_SETTINGS in package com.opera.browser
W/PackageManager(  365): Unknown permission com.htc.launcher.permission.WRITE_SETTINGS in package com.opera.browser
W/PackageManager(  365): Unknown permission com.huawei.launcher3.permission.READ_SETTINGS in package com.opera.browser
W/PackageManager(  365): Unknown permission com.huawei.launcher3.permission.WRITE_SETTINGS in package com.opera.browser
W/PackageManager(  365): Unknown permission com.opera.GET_BRANDING in package com.opera.browser
W/PackageManager(  365): Unknown permission com.lge.launcher.permission.INSTALL_SHORTCUT in package jp.co.bii.android.app.dskvzr
W/PackageManager(  365): Unknown permission com.motorola.launcher.permission.INSTALL_SHORTCUT in package jp.co.bii.android.app.dskvzr
W/PackageManager(  365): Unknown permission com.htc.launcher.permission.READ_SETTINGS in package jp.co.bii.android.app.dskvzr
W/PackageManager(  365): Unknown permission jp.co.sharp.android.home.permission.INSTALL_SHORTCUT in package jp.co.bii.android.app.dskvzr
W/PackageManager(  365): Unknown permission au.android.apps.oceanhome03.permission.INSTALL_SHORTCUT in package jp.co.bii.android.app.dskvzr
W/PackageManager(  365): Unknown permission jp.co.bii.android.app.dskvzr.RUN_ADDONS in package jp.co.bii.android.app.dskvzr
W/PackageManager(  365): Unknown permission jp.co.bii.android.app.dskvzr.permission.CALL_PHONE in package jp.co.bii.android.app.dskvzr
W/PackageManager(  365): Unknown permission android.permission.READ_OWNER_DATA in package com.google.android.setupwizard
W/PackageManager(  365): Unknown permission android.permission.WRITE_OWNER_DATA in package com.google.android.setupwizard
W/PackageManager(  365): Unknown permission android.permission.READ_EXTERNAL_STORAGE in package com.android.videoeditor
W/PackageManager(  365): Unknown permission android.permission.READ_EXTERNAL_STORAGE in package com.glu.deerhunt2
W/PackageManager(  365): Not granting permission android.permission.BACKUP to package com.glu.deerhunt2 (protectionLevel=3 flags=0xbbc44)
W/PackageManager(  365): Unknown permission android.permission.ACCESS_SUPERUSER in package jackpal.androidterm
W/PackageManager(  365): Unknown permission com.facebook.orca.provider.ACCESS in package com.facebook.katana
W/PackageManager(  365): Unknown permission android.permission.READ_EXTERNAL_STORAGE in package com.gameloft.android.ANMP.GloftWBHM
W/PackageManager(  365): Unknown permission com.android.providers.im.permission.READ_ONLY in package com.google.android.apps.maps
W/PackageManager(  365): Unknown permission com.google.android.providers.gmail.permission.WRITE_GMAIL in package com.huawei.init
W/PackageManager(  365): Unknown permission com.google.android.providers.gmail.permission.READ_GMAIL in package com.huawei.init
W/PackageManager(  365): Not granting permission android.permission.MODIFY_PHONE_STATE to package AutomateItPro.mainPackage (protectionLevel=3 flags=0x8be44)
W/PackageManager(  365): Unknown permission android.permission.READ_CALL_LOG in package AutomateItPro.mainPackage
W/PackageManager(  365): Unknown permission com.smarterapps.permission.AUTOMATEIT_EXTENSION in package AutomateItPro.mainPackage
W/PackageManager(  365): Unknown permission android.permission.READ_EXTERNAL_STORAGE in package com.gameloft.android.ANMP.GloftPPHM
W/PackageManager(  365): Unknown permission com.google.android.apps.googlevoice.permission.AUTO_SEND in package com.google.android.voicesearch
W/PackageManager(  365): Unknown permission android.permission.ACCESS_COARSE in package com.g6677.android.cdentist
W/PackageManager(  365): Unknown permission android.permission.FINE_LOCATION in package com.g6677.android.cdentist
W/PackageManager(  365): Not granting permission com.google.android.gm.permission.READ_GMAIL to package com.google.android.apps.uploader (protectionLevel=2 flags=0x8be45)
W/PackageManager(  365): Unknown permission android.permission.Access_SUPERUSER in package com.ghisler.android.TotalCommander
W/PackageManager(  365): Unknown permission com.google.android.gallery3d.permission.PICASA_STORE in package com.google.android.apps.plus
W/PackageManager(  365): Unknown permission com.google.android.hangouts.START_HANGOUT in package com.google.android.apps.plus
W/PackageManager(  365): Unknown permission android.permission.READ_EXTERNAL_STORAGE in package com.android.vending
W/PackageManager(  365): Not granting permission android.permission.SEND_DOWNLOAD_COMPLETED_INTENTS to package com.android.vending (protectionLevel=2 flags=0xabec5)
W/PackageManager(  365): Not granting permission android.permission.SEND_SMS_NO_CONFIRMATION to package com.android.vending (protectionLevel=3 flags=0xabec5)
W/PackageManager(  365): Not granting permission android.permission.PACKAGE_USAGE_STATS to package com.android.vending (protectionLevel=3 flags=0xabec5)
W/PackageManager(  365): Not granting permission android.permission.PACKAGE_VERIFICATION_AGENT to package com.android.vending (protectionLevel=3 flags=0xabec5)
W/PackageManager(  365): Unknown permission android.permission.MANAGE_USERS in package com.android.vending
W/PackageManager(  365): Unknown permission android.permission.INTERACT_ACROSS_USERS in package com.android.vending
W/PackageManager(  365): Not granting permission android.permission.WRITE_SECURE_SETTINGS to package com.android.vending (protectionLevel=3 flags=0xabec5)
W/PackageManager(  365): Not granting permission android.permission.SET_ORIENTATION to package com.huawei.hisuite (protectionLevel=2 flags=0xb444)
W/PackageManager(  365): Unknown permission android.permission.ANDROID_POWER in package com.huawei.hisuite
W/PackageManager(  365): Not granting permission android.permission.INSTALL_PACKAGES to package com.huawei.hisuite (protectionLevel=3 flags=0xb444)
W/PackageManager(  365): Not granting permission android.permission.DELETE_PACKAGES to package com.huawei.hisuite (protectionLevel=3 flags=0xb444)
W/PackageManager(  365): Not granting permission android.permission.CLEAR_APP_USER_DATA to package com.huawei.hisuite (protectionLevel=2 flags=0xb444)
W/PackageManager(  365): Not granting permission android.permission.WRITE_SECURE_SETTINGS to package com.huawei.hisuite (protectionLevel=3 flags=0xb444)
W/PackageManager(  365): Not granting permission com.android.email.permission.ACCESS_PROVIDER to package com.huawei.hisuite (protectionLevel=2 flags=0xb444)
W/PackageManager(  365): Not granting permission android.permission.BROADCAST_WAP_PUSH to package com.huawei.hisuite (protectionLevel=2 flags=0xb444)
W/PackageManager(  365): Not granting permission android.permission.WRITE_MEDIA_STORAGE to package com.huawei.hisuite (protectionLevel=3 flags=0xb444)
W/PackageManager(  365): Unknown permission com.android.vending.billing.IBillingAccountService.BIND2 in package com.google.android.gsf.login
D/StatusBar.NetworkController(  481): refreshViews connected={ wifi } level=?? combinedSignalIconId=0x7f0200bd/com.android.systemui:drawable/stat_sys_wifi_signal_3_fully combinedActivityIconId=0x0 mAirplaneMode=false mDataActivity=0 mPhoneSignalIconId=0x7f0200a1 mDataDirectionIconId=0x0 mDataSignalIconId=0x7f0200a1 mDataTypeIconId=0x0 mNoSimIconId=0x0 mWifiIconId=0x7f0200bd mBluetoothTetherIconId=0x108053d
D/StatusBar.NetworkController(  481): changing data overlay icon id to 0
W/PackageManager(  365): Unknown permission com.google.android.providers.gmail.permission.WRITE_GMAIL in package com.android.huawei.projectmenu
W/PackageManager(  365): Unknown permission com.google.android.providers.gmail.permission.READ_GMAIL in package com.android.huawei.projectmenu
W/PackageManager(  365): Unknown permission android.permission.INTERACT_ACROSS_USERS in package com.google.android.gms
I/PackageManager(  365): Un-granting permission android.permission.DUMP from package com.google.android.gms (protectionLevel=3 flags=0x8be44)
W/PackageManager(  365): Unknown permission android.permission.READ_EXTERNAL_STORAGE in package com.google.android.gms
W/PackageManager(  365): Unknown permission android.permission.LOCATION_HARDWARE in package com.google.android.gms
W/PackageManager(  365): Unknown permission android.permission.GET_APP_OPS_STATS in package com.google.android.gms
W/PackageManager(  365): Unknown permission android.permission.UPDATE_APP_OPS_STATS in package com.google.android.gms
W/PackageManager(  365): Unknown permission android.permission.ACCESS_NETWORK_CONDITIONS in package com.google.android.gms
W/PackageManager(  365): Unknown permission android.permission.MANAGE_DEVICE_ADMINS in package com.google.android.gms
W/PackageManager(  365): Not granting permission android.permission.MODIFY_PHONE_STATE to package com.google.android.gms (protectionLevel=3 flags=0x8be44)
W/PackageManager(  365): Not granting permission android.permission.MANAGE_USB to package com.google.android.gms (protectionLevel=3 flags=0x8be44)
W/PackageManager(  365): Not granting permission android.permission.CALL_PRIVILEGED to package com.google.android.gms (protectionLevel=3 flags=0x8be44)
W/PackageManager(  365): Unknown permission android.permission.BLUETOOTH_PRIVILEGED in package com.google.android.gms
W/PackageManager(  365): Unknown permission android.permission.CAPTURE_AUDIO_OUTPUT in package com.google.android.gms
W/PackageManager(  365): Unknown permission android.permission.CAPTURE_VIDEO_OUTPUT in package com.google.android.gms
W/PackageManager(  365): Unknown permission android.permission.CAPTURE_SECURE_VIDEO_OUTPUT in package com.google.android.gms
W/PackageManager(  365): Unknown permission android.permission.ACCESS_SUPERUSER in package com.jrummy.root.browserfree
W/PackageManager(  365): Not granting permission android.permission.ACCOUNT_MANAGER to package com.google.android.music (protectionLevel=2 flags=0x8bee5)
W/PackageManager(  365): Unknown permission android.webkit.permission.PLUGIN in package com.adobe.flashplayer
W/PackageManager(  365): Unknown permission com.latedroid.juicedefender.permission.CONTROL_JUICEDEFENDER in package net.dinglisch.android.taskerm
W/PackageManager(  365): Unknown permission com.latedroid.juicedefender.permission.TOGGLE_MOBILE_DATA in package net.dinglisch.android.taskerm
W/PackageManager(  365): Not granting permission android.permission.MODIFY_PHONE_STATE to package net.dinglisch.android.taskerm (protectionLevel=3 flags=0x8be44)
W/PackageManager(  365): Unknown permission com.android.phone.CHANGE_NETWORK_MODE in package net.dinglisch.android.taskerm
W/PackageManager(  365): Unknown permission android.permission.READ_EXTERNAL_STORAGE in package com.gameloft.android.ANMP.GloftDMHM
W/PackageManager(  365): Unknown permission com.android.vending.permission.UPDATE_MARKET_FAILURE in package com.android.vending.updater
W/PackageManager(  365): Not granting permission android.permission.WRITE_SECURE_SETTINGS to package ru.NanoDinamics.NovaTester (protectionLevel=3 flags=0x8be44)
W/PackageManager(  365): Not granting permission android.permission.MODIFY_PHONE_STATE to package ru.NanoDinamics.NovaTester (protectionLevel=3 flags=0x8be44)
W/PackageManager(  365): Not granting permission android.permission.DEVICE_POWER to package ru.NanoDinamics.NovaTester (protectionLevel=2 flags=0x8be44)
W/PackageManager(  365): Unknown permission android.permission.START_BACKGROUND_SERVICE in package com.ea.game.simpsons4_row
W/PackageManager(  365): Unknown permission android.permission.VIBRATION in package com.ea.game.simpsons4_row
W/PackageManager(  365): Not granting permission android.permission.CALL_PRIVILEGED to package com.skype.raider (protectionLevel=3 flags=0x8be44)
W/PackageManager(  365): Not granting permission android.permission.WRITE_SECURE_SETTINGS to package com.elsdoerfer.android.autostarts (protectionLevel=3 flags=0x8be44)
W/PackageManager(  365): Not granting permission android.permission.CHANGE_COMPONENT_ENABLED_STATE to package com.elsdoerfer.android.autostarts (protectionLevel=3 flags=0x8be44)
W/PackageManager(  365): Not granting permission android.permission.DEVICE_POWER to package com.android.deskclock (protectionLevel=2 flags=0x8be45)
I/ActivityManager(  365): No longer want com.google.android.talk (pid 1165): hidden #16
I/ActivityManager(  365): No longer want com.android.providers.calendar (pid 1191): hidden #16
D/BackupManagerService(  365): Received broadcast Intent { act=android.intent.action.EXTERNAL_APPLICATIONS_AVAILABLE flg=0x10000010 (has extras) }
V/BackupManagerService(  365): addPackageParticipantsLocked: com.opera.browser
V/BackupManagerService(  365): addPackageParticipantsLocked: com.g6677.android.cdentist
I/ONCRPC  (  167): Setup RPC Call for task 40080270
I/ONCRPC  (  167): oncrpc_xdr_call_msg_start: Prog: 3000006b, Ver: 00010001, Proc: 00000002
I/ONCRPC  (  167): xdr_std_msg_send_call: Sent Xid: e, Prog: 3000006b, Ver: 00010001, Proc: 00000002
I/ONCRPC  (  167): xdr_std_msg_send_call: Received Reply Xid: e, Prog: 3000006b, Ver: 00010001, Proc: 00000002
V/BackupManagerService(  365): addPackageParticipantsLocked: com.outfit7.talkingtom
V/BackupManagerService(  365): addPackageParticipantsLocked: com.ezone.Snowboard
V/BackupManagerService(  365): addPackageParticipantsLocked: com.gamehivecorp.kicktheboss.android
V/BackupManagerService(  365): addPackageParticipantsLocked: com.integer3d.dirtroadtrucker
D/StatusBar.NetworkController(  481): refreshViews connected={ wifi } level=?? combinedSignalIconId=0x7f0200bd/com.android.systemui:drawable/stat_sys_wifi_signal_3_fully combinedActivityIconId=0x7f0200b5 mAirplaneMode=false mDataActivity=0 mPhoneSignalIconId=0x7f0200a1 mDataDirectionIconId=0x0 mDataSignalIconId=0x7f0200a1 mDataTypeIconId=0x0 mNoSimIconId=0x0 mWifiIconId=0x7f0200bd mBluetoothTetherIconId=0x108053d
D/StatusBar.NetworkController(  481): changing data overlay icon id to 2130837685
V/BackupManagerService(  365): addPackageParticipantsLocked: com.disney.WMPLite
V/BackupManagerService(  365): addPackageParticipantsLocked: com.outfit7.talkingben
V/BackupManagerService(  365): addPackageParticipantsLocked: com.magi.gunshd
D/StatusBar.NetworkController(  481): refreshViews connected={ wifi } level=?? combinedSignalIconId=0x7f0200bd/com.android.systemui:drawable/stat_sys_wifi_signal_3_fully combinedActivityIconId=0x0 mAirplaneMode=false mDataActivity=0 mPhoneSignalIconId=0x7f0200a1 mDataDirectionIconId=0x0 mDataSignalIconId=0x7f0200a1 mDataTypeIconId=0x0 mNoSimIconId=0x0 mWifiIconId=0x7f0200bd mBluetoothTetherIconId=0x108053d
D/StatusBar.NetworkController(  481): changing data overlay icon id to 0
V/BackupManagerService(  365): addPackageParticipantsLocked: com.djinnworks.StickmanSkiRacer.free
V/BackupManagerService(  365): addPackageParticipantsLocked: com.mojang.minecraftpe
D/StatusBar.NetworkController(  481): refreshViews connected={ wifi } level=?? combinedSignalIconId=0x7f0200bd/com.android.systemui:drawable/stat_sys_wifi_signal_3_fully combinedActivityIconId=0x7f0200b5 mAirplaneMode=false mDataActivity=0 mPhoneSignalIconId=0x7f0200a1 mDataDirectionIconId=0x0 mDataSignalIconId=0x7f0200a1 mDataTypeIconId=0x0 mNoSimIconId=0x0 mWifiIconId=0x7f0200bd mBluetoothTetherIconId=0x108053d
D/StatusBar.NetworkController(  481): changing data overlay icon id to 2130837685
V/BackupManagerService(  365): addPackageParticipantsLocked: com.outfit7.talkingtom2free
V/BackupManagerService(  365): addPackageParticipantsLocked: com.djinnworks.StickmanBaseJumper.lite
V/BackupManagerService(  365): addPackageParticipantsLocked: com.talking.darthvader
D/StatusBar.NetworkController(  481): refreshViews connected={ wifi } level=?? combinedSignalIconId=0x7f0200bd/com.android.systemui:drawable/stat_sys_wifi_signal_3_fully combinedActivityIconId=0x0 mAirplaneMode=false mDataActivity=0 mPhoneSignalIconId=0x7f0200a1 mDataDirectionIconId=0x0 mDataSignalIconId=0x7f0200a1 mDataTypeIconId=0x0 mNoSimIconId=0x0 mWifiIconId=0x7f0200bd mBluetoothTetherIconId=0x108053d
D/StatusBar.NetworkController(  481): changing data overlay icon id to 0
D/StatusBar.NetworkController(  481): refreshViews connected={ wifi } level=?? combinedSignalIconId=0x7f0200bb/com.android.systemui:drawable/stat_sys_wifi_signal_2_fully combinedActivityIconId=0x0 mAirplaneMode=false mDataActivity=0 mPhoneSignalIconId=0x7f0200a1 mDataDirectionIconId=0x0 mDataSignalIconId=0x7f0200a1 mDataTypeIconId=0x0 mNoSimIconId=0x0 mWifiIconId=0x7f0200bb mBluetoothTetherIconId=0x108053d
V/BackupManagerService(  365): addPackageParticipantsLocked: com.galapagossoft.trialdemo
V/BackupManagerService(  365): addPackageParticipantsLocked: com.kiloo.subwaysurf
V/BackupManagerService(  365): addPackageParticipantsLocked: com.gamehivecorp.kicktheboss2r
V/BackupManagerService(  365): addPackageParticipantsLocked: no.tine.mrmelkwintergames
V/BackupManagerService(  365): addPackageParticipantsLocked: com.djinnworks.RopeFly.lite
W/ActivityManager(  365): Timeout of broadcast BroadcastRecord{422eb698 android.intent.action.BOOT_COMPLETED} - receiver=android.os.BinderProxy@428fed90, started 10003ms ago
W/ActivityManager(  365): Receiver during timeout: ResolveInfo{42457bb8 com.google.android.finsky.receivers.BootCompletedReceiver p=0 o=0 m=0x108000}
I/ActivityManager(  365): No longer want com.android.deskclock (pid 1207): hidden #16
I/ActivityManager(  365): Start proc com.google.android.gms.ui for broadcast com.google.android.gms/.auth.authzen.GcmReceiverService$Receiver: pid=1609 uid=10001 gids={3003, 1015, 1007, 1006, 2001, 3006}
I/ActivityManager(  365): No longer want com.huawei.init (pid 1266): hidden #16
I/ActivityManager(  365): Start proc ru.pccar for broadcast ru.pccar/.OnBootReceiver: pid=1627 uid=10137 gids={3003, 1007}
I/ActivityManager(  365): No longer want com.huawei.log (pid 1288): hidden #16
W/ActivityManager(  365): Permission Denial: receiving Intent { act=android.intent.action.BOOT_COMPLETED flg=0x10 } to com.huawei.hisuite requires android.permission.RECEIVE_BOOT_COMPLETED due to sender null (uid 1000)
V/BackupManagerService(  365): addPackageParticipantsLocked: com.galapagossoft.trialx2_winter
W/ProcessStats(  365): Skipping unknown process pid 1266
W/ProcessStats(  365): Skipping unknown process pid 1288
V/BackupManagerService(  365): addPackageParticipantsLocked: com.feelingtouch.gnz
I/ONCRPC  (  167): Setup RPC Call for task 40080270
I/ONCRPC  (  167): oncrpc_xdr_call_msg_start: Prog: 3000006b, Ver: 00010001, Proc: 00000002
I/ONCRPC  (  167): xdr_std_msg_send_call: Sent Xid: f, Prog: 3000006b, Ver: 00010001, Proc: 00000002
I/ONCRPC  (  167): xdr_std_msg_send_call: Received Reply Xid: f, Prog: 3000006b, Ver: 00010001, Proc: 00000002
V/BackupManagerService(  365): addPackageParticipantsLocked: ru.igsoft.bowlingonline3d
E/ActivityManager(  365): Load: 6.13 / 1.84 / 0.64
E/ActivityManager(  365): CPU usage from 3854ms to -3148ms ago:
E/ActivityManager(  365):   73% 365/system_server: 69% user + 4.5% kernel / faults: 1383 minor 1 major
E/ActivityManager(  365):   40% 610/com.android.launcher: 36% user + 3.5% kernel / faults: 369 minor 1 major
E/ActivityManager(  365):   12% 553/com.maxmpz.audioplayer: 10% user + 2.1% kernel / faults: 527 minor
E/ActivityManager(  365):   11% 582/com.android.galaxy4: 5.2% user + 6.1% kernel / faults: 8294 minor
E/ActivityManager(  365):   8.4% 154/surfaceflinger: 4.5% user + 3.8% kernel
E/ActivityManager(  365):   2.7% 718/com.google.process.gapps: 2.1% user + 0.5% kernel / faults: 899 minor
E/ActivityManager(  365):   1.2% 83/kworker/u:2: 0% user + 1.2% kernel
E/ActivityManager(  365):   0.3% 1018/com.google.process.location: 0.3% user + 0% kernel / faults: 108 minor
E/ActivityManager(  365):   0.7% 965/kworker/u:4: 0% user + 0.7% kernel
E/ActivityManager(  365):   0.5% 481/com.android.systemui: 0.5% user + 0% kernel / faults: 66 minor
E/ActivityManager(  365):   0.4% 84/mmcqd/0: 0% user + 0.4% kernel
E/ActivityManager(  365):   0.2% 155/zygote: 0% user + 0.1% kernel / faults: 126 minor
E/ActivityManager(  365):   0.4% 938/mpdecision: 0% user + 0.4% kernel
E/ActivityManager(  365):   0.4% 1524/com.google.android.gms: 0.4% user + 0% kernel / faults: 261 minor
E/ActivityManager(  365):   0.2% 700/android.process.acore: 0.2% user + 0% kernel / faults: 136 minor
E/ActivityManager(  365):   0% 59/kworker/u:1: 0% user + 0% kernel
E/ActivityManager(  365):   0.1% 70/kworker/0:2: 0% user + 0.1% kernel
E/ActivityManager(  365):   0% 623/com.android.phone: 0% user + 0% kernel / faults: 51 minor 1 major
E/ActivityManager(  365):   0% 644/wpa_supplicant: 0% user + 0% kernel
E/ActivityManager(  365):   0.1% 964/kworker/1:1: 0% user + 0.1% kernel
E/ActivityManager(  365):   0.1% 1306/com.huawei.policy: 0.1% user + 0% kernel / faults: 12 minor
E/ActivityManager(  365):   0% 1513/com.google.android.gsf.login: 0% user + 0% kernel
E/ActivityManager(  365):   0.1% 1562/com.android.vending: 0.1% user + 0% kernel / faults: 55 minor
E/ActivityManager(  365):  +0% 1609/com.google.android.gms.ui: 0% user + 0% kernel
E/ActivityManager(  365):  +0% 1627/ru.pccar: 0% user + 0% kernel
E/ActivityManager(  365): 99% TOTAL: 77% user + 13% kernel + 7.7% iowait
E/ActivityManager(  365): CPU usage from 2493ms to 3070ms later:
E/ActivityManager(  365):   96% 365/system_server: 89% user + 7% kernel / faults: 15 minor
E/ActivityManager(  365):     87% 393/er.ServerThread: 87% user + 0% kernel
E/ActivityManager(  365):     10% 394/ActivityManager: 1.7% user + 8.7% kernel
E/ActivityManager(  365):   43% 610/com.android.launcher: 40% user + 3.5% kernel / faults: 17 minor
E/ActivityManager(  365):     42% 610/ndroid.launcher: 38% user + 3.5% kernel
E/ActivityManager(  365):     1.7% 810/GL updater: 1.7% user + 0% kernel
E/ActivityManager(  365):   10% 582/com.android.galaxy4: 1.7% user + 8.7% kernel / faults: 648 minor
E/ActivityManager(  365):     10% 748/android.galaxy4: 1.7% user + 8.7% kernel
E/ActivityManager(  365):     1.7% 809/GL updater: 0% user + 1.7% kernel
E/ActivityManager(  365):   8.6% 154/surfaceflinger: 3.4% user + 5.1% kernel
E/ActivityManager(  365):     6.8% 255/SurfaceFlinger: 3.4% user + 3.4% kernel
E/ActivityManager(  365):   1.7% 83/kworker/u:2: 0% user + 1.7% kernel
E/ActivityManager(  365):   1.7% 1627/ru.pccar: 0% user + 1.7% kernel
E/ActivityManager(  365):     1.7% 1643/pool-1-thread-1: 0% user + 1.7% kernel
E/ActivityManager(  365): 99% TOTAL: 69% user + 10% kernel + 19% iowait
W/ActivityManager(  365): Killing ProcessRecord{42087020 1562:com.android.vending/10020}: background ANR
I/ActivityManager(  365): Start proc net.dinglisch.android.taskerm for broadcast net.dinglisch.android.taskerm/.ReceiverStaticAlwaysOn: pid=1645 uid=10085 gids={1015, 1006, 3001, 3002, 3003}
I/ActivityManager(  365): Process com.android.vending (pid 1562) has died.
D/StatusBar.NetworkController(  481): refreshViews connected={ wifi } level=?? combinedSignalIconId=0x7f0200bd/com.android.systemui:drawable/stat_sys_wifi_signal_3_fully combinedActivityIconId=0x0 mAirplaneMode=false mDataActivity=0 mPhoneSignalIconId=0x7f0200a1 mDataDirectionIconId=0x0 mDataSignalIconId=0x7f0200a1 mDataTypeIconId=0x0 mNoSimIconId=0x0 mWifiIconId=0x7f0200bd mBluetoothTetherIconId=0x108053d
V/BackupManagerService(  365): addPackageParticipantsLocked: com.outfit7.tomslovelettersfree
V/BackupManagerService(  365): addPackageParticipantsLocked: com.gameloft.android.ANMP.GloftDMHM
V/BackupManagerService(  365): addPackageParticipantsLocked: com.talking.putin
W/ActivityManager(  365): Permission Denial: receiving Intent { act=android.intent.action.BOOT_COMPLETED flg=0x10 } to com.skype.raider requires android.permission.RECEIVE_BOOT_COMPLETED due to sender null (uid 1000)
I/ActivityManager(  365): Start proc cloudtv.hdwidgets for broadcast cloudtv.hdwidgets/.widgets.Widget4x1: pid=1667 uid=10105 gids={3002, 3001, 1006, 3003, 1015}
V/BackupManagerService(  365): addPackageParticipantsLocked: com.com2us.summitxsnowboard.normal.tryandbuy.google.global.android.common
D/StatusBar.NetworkController(  481): refreshViews connected={ wifi } level=?? combinedSignalIconId=0x7f0200bd/com.android.systemui:drawable/stat_sys_wifi_signal_3_fully combinedActivityIconId=0x7f0200b4 mAirplaneMode=false mDataActivity=0 mPhoneSignalIconId=0x7f0200a1 mDataDirectionIconId=0x0 mDataSignalIconId=0x7f0200a1 mDataTypeIconId=0x0 mNoSimIconId=0x0 mWifiIconId=0x7f0200bd mBluetoothTetherIconId=0x108053d
D/StatusBar.NetworkController(  481): changing data overlay icon id to 2130837684
D/StatusBar.NetworkController(  481): refreshViews connected={ wifi } level=?? combinedSignalIconId=0x7f0200bd/com.android.systemui:drawable/stat_sys_wifi_signal_3_fully combinedActivityIconId=0x0 mAirplaneMode=false mDataActivity=0 mPhoneSignalIconId=0x7f0200a1 mDataDirectionIconId=0x0 mDataSignalIconId=0x7f0200a1 mDataTypeIconId=0x0 mNoSimIconId=0x0 mWifiIconId=0x7f0200bd mBluetoothTetherIconId=0x108053d
D/StatusBar.NetworkController(  481): changing data overlay icon id to 0
I/ActivityManager(  365): Start proc com.google.android.apps.uploader for broadcast com.google.android.apps.uploader/.ConnectivityBroadcastReceiver: pid=1697 uid=10017 gids={3003}
I/ActivityManager(  365): Start proc com.google.android.apps.plus for broadcast com.google.android.apps.plus/.service.PackagesMediaMonitor: pid=1714 uid=10022 gids={3003, 3002, 1015, 1006}
I/ActivityManager(  365): Start proc com.huawei.hisuite for broadcast com.huawei.hisuite/.media.MediaReceiver: pid=1732 uid=10088 gids={3003, 1015}
I/ActivityManager(  365): No longer want com.huawei (pid 1337): hidden #16
I/ONCRPC  (  167): Setup RPC Call for task 40080270
I/ONCRPC  (  167): oncrpc_xdr_call_msg_start: Prog: 3000006b, Ver: 00010001, Proc: 00000002
I/ONCRPC  (  167): xdr_std_msg_send_call: Sent Xid: 10, Prog: 3000006b, Ver: 00010001, Proc: 00000002
I/ONCRPC  (  167): xdr_std_msg_send_call: Received Reply Xid: 10, Prog: 3000006b, Ver: 00010001, Proc: 00000002
I/ActivityManager(  365): Start proc com.huawei.android.hwouc for broadcast com.huawei.android.hwouc/.provider.DownloadReceiver: pid=1753 uid=10013 gids={2001, 3003, 1015, 1023}
D/VoldConnector(  365): SND -> {cryptfs cryptocomplete} {null}
D/VoldCmdListener(  148): cryptfs operation:<cryptocomplete>
D/VoldCmdListener(  148): cryptfs cryptocomplete
E/Cryptfs (  148): not running with encryption, aborting
D/VoldConnector(  365): RCV <- {200 1}
D/VoldConnector(  365): RSP <- {200 1}
I/ActivityManager(  365): Start proc com.facebook.katana for broadcast com.facebook.katana/.binding.UploadManagerConnectivity: pid=1768 uid=10077 gids={3003, 1006, 1015}
I/ActivityManager(  365): No longer want com.android.exchange (pid 1247): hidden #16
D/StatusBar.NetworkController(  481): refreshViews connected={ wifi } level=?? combinedSignalIconId=0x7f0200bd/com.android.systemui:drawable/stat_sys_wifi_signal_3_fully combinedActivityIconId=0x0 mAirplaneMode=false mDataActivity=0 mPhoneSignalIconId=0x7f0200a1 mDataDirectionIconId=0x0 mDataSignalIconId=0x7f0200a1 mDataTypeIconId=0x0 mNoSimIconId=0x0 mWifiIconId=0x7f0200bd mBluetoothTetherIconId=0x108053d
D/StatusBar.NetworkController(  481): refreshViews connected={ wifi } level=?? combinedSignalIconId=0x7f0200bd/com.android.systemui:drawable/stat_sys_wifi_signal_3_fully combinedActivityIconId=0x0 mAirplaneMode=false mDataActivity=0 mPhoneSignalIconId=0x7f0200a1 mDataDirectionIconId=0x0 mDataSignalIconId=0x7f0200a1 mDataTypeIconId=0x0 mNoSimIconId=0x0 mWifiIconId=0x7f0200bd mBluetoothTetherIconId=0x108053d
I/ONCRPC  (  167): Setup RPC Call for task 40080270
I/ONCRPC  (  167): oncrpc_xdr_call_msg_start: Prog: 3000006b, Ver: 00010001, Proc: 00000002
I/ONCRPC  (  167): xdr_std_msg_send_call: Sent Xid: 11, Prog: 3000006b, Ver: 00010001, Proc: 00000002
I/ONCRPC  (  167): xdr_std_msg_send_call: Received Reply Xid: 11, Prog: 3000006b, Ver: 00010001, Proc: 00000002
I/ActivityManager(  365): Start proc com.ea.game.simpsons4_row for broadcast com.ea.game.simpsons4_row/com.ea.simpsons.NetworkStatus: pid=1807 uid=10166 gids={1015, 3003}
I/ActivityManager(  365): Start proc com.vkontakte.android for broadcast com.vkontakte.android/.NetworkStateReceiver: pid=1822 uid=10106 gids={1006, 3003, 1015}
I/ActivityManager(  365): No longer want com.android.email (pid 1228): hidden #16
I/ActivityManager(  365): Start proc ru.ivi.client for broadcast ru.ivi.client/.app.ConnectionChangeReceiver: pid=1840 uid=10107 gids={3003, 1015}
I/ActivityManager(  365): No longer want com.android.mms (pid 1352): hidden #16
D/CountryDetectorService(  365): No listener is left
I/ActivityManager(  365): Start proc com.pikpok.turbo for broadcast com.pikpok.turbo/com.pikpok.MabNetworkStateReceiver: pid=1867 uid=10179 gids={1015, 3003}
I/ActivityManager(  365): No longer want com.android.settings (pid 1386): hidden #16
D/StatusBar.NetworkController(  481): refreshViews connected={ wifi } level=?? combinedSignalIconId=0x7f0200bd/com.android.systemui:drawable/stat_sys_wifi_signal_3_fully combinedActivityIconId=0x7f0200b5 mAirplaneMode=false mDataActivity=0 mPhoneSignalIconId=0x7f0200a1 mDataDirectionIconId=0x0 mDataSignalIconId=0x7f0200a1 mDataTypeIconId=0x0 mNoSimIconId=0x0 mWifiIconId=0x7f0200bd mBluetoothTetherIconId=0x108053d
D/StatusBar.NetworkController(  481): changing data overlay icon id to 2130837685
I/ActivityManager(  365): No longer want com.noshufou.android.su (pid 1404): hidden #16
I/ActivityManager(  365): Start proc com.android.contacts for broadcast com.android.contacts/.gridwidget.ContactWidgetProvider: pid=1884 uid=10002 gids={3003, 1015}
I/ActivityManager(  365): No longer want com.google.android.apps.maps:FriendService (pid 1539): hidden #16
I/ActivityManager(  365): Start proc com.google.android.apps.maps:FriendService for broadcast com.google.android.apps.maps/com.google.googlenav.friend.android.ServiceReceiver: pid=1900 uid=10015 gids={3003, 1015}
W/ActivityManager(  365): Permission denied: checkComponentPermission() owningUid=10001
W/ActivityManager(  365): Permission Denial: broadcasting Intent { act=com.google.android.location.internal.server.ACTION_RESTARTED flg=0x10 } from com.google.android.apps.maps (pid=992, uid=10015) is not exported from uid 10001 due to receiver com.google.android.gms/com.google.android.location.reporting.service.ExternalChangeReceiver
I/ActivityManager(  365): No longer want com.google.android.gm (pid 1492): hidden #16
I/ActivityManager(  365): Start proc com.google.android.talk for broadcast com.google.android.talk/.McsConnectionStartedReceiver: pid=1915 uid=10029 gids={3003, 1015, 1006, 3002}
I/ActivityManager(  365): Start proc com.android.calendar for broadcast com.android.calendar/.widget.CalendarAppWidgetService$CalendarFactory: pid=1936 uid=10038 gids={3003}
I/ActivityManager(  365): No longer want com.google.android.gsf.login (pid 1513): hidden #16
I/ActivityManager(  365): Start proc com.google.android.music:main for broadcast com.google.android.music/.store.MediaStoreImportService$Receiver: pid=1953 uid=10018 gids={3003, 1015}
I/ActivityManager(  365): No longer want com.google.android.gms.ui (pid 1609): hidden #16
I/ActivityManager(  365): Start proc com.android.providers.calendar for content provider com.android.providers.calendar/.CalendarProvider2: pid=1966 uid=10039 gids={3003, 1015}
I/ActivityManager(  365): No longer want com.huawei.hisuite (pid 1732): hidden #16
I/ActivityManager(  365): Start proc com.google.android.gm for broadcast com.google.android.gm/.MailIntentReceiver: pid=2000 uid=10006 gids={3003, 1015}
D/StatusBar.NetworkController(  481): refreshViews connected={ wifi } level=?? combinedSignalIconId=0x7f0200bd/com.android.systemui:drawable/stat_sys_wifi_signal_3_fully combinedActivityIconId=0x7f0200b6 mAirplaneMode=false mDataActivity=0 mPhoneSignalIconId=0x7f0200a1 mDataDirectionIconId=0x0 mDataSignalIconId=0x7f0200a1 mDataTypeIconId=0x0 mNoSimIconId=0x0 mWifiIconId=0x7f0200bd mBluetoothTetherIconId=0x108053d
D/StatusBar.NetworkController(  481): changing data overlay icon id to 2130837686
D/StatusBar.NetworkController(  481): refreshViews connected={ wifi } level=?? combinedSignalIconId=0x7f0200bd/com.android.systemui:drawable/stat_sys_wifi_signal_3_fully combinedActivityIconId=0x7f0200b6 mAirplaneMode=false mDataActivity=0 mPhoneSignalIconId=0x7f0200a1 mDataDirectionIconId=0x0 mDataSignalIconId=0x7f0200a1 mDataTypeIconId=0x0 mNoSimIconId=0x0 mWifiIconId=0x7f0200bd mBluetoothTetherIconId=0x108053d
D/ActivityThread( 2000): Loading provider com.android.gmail.ui: com.google.android.gm.provider.UiProvider
I/ActivityManager(  365): Start proc com.google.android.gsf.login for service com.google.android.gsf.login/com.google.android.gsf.loginservice.GoogleLoginService: pid=2017 uid=10001 gids={3003, 1015, 1007, 1006, 2001, 3006}
I/ActivityManager(  365): Start proc com.google.android.apps.maps:LocationFriendService for broadcast com.google.android.apps.maps/com.google.googlenav.friend.reporting.LocationReportingIntentReceiver: pid=2033 uid=10015 gids={3003, 1015}
I/ActivityManager(  365): No longer want com.huawei.android.hwouc (pid 1753): hidden #16
I/ActivityManager(  365): No longer want com.google.android.apps.uploader (pid 1697): hidden #16
D/StatusBar.NetworkController(  481): refreshViews connected={ wifi } level=?? combinedSignalIconId=0x7f0200bd/com.android.systemui:drawable/stat_sys_wifi_signal_3_fully combinedActivityIconId=0x7f0200b5 mAirplaneMode=false mDataActivity=0 mPhoneSignalIconId=0x7f0200a1 mDataDirectionIconId=0x0 mDataSignalIconId=0x7f0200a1 mDataTypeIconId=0x0 mNoSimIconId=0x0 mWifiIconId=0x7f0200bd mBluetoothTetherIconId=0x108053d
D/StatusBar.NetworkController(  481): changing data overlay icon id to 2130837685
I/ActivityManager(  365): Start proc com.android.vending for broadcast com.android.vending/com.google.android.finsky.receivers.PackageMonitorReceiver$RegisteredReceiver: pid=2058 uid=10020 gids={3003, 1015}
I/ActivityManager(  365): No longer want com.google.android.apps.plus (pid 1714): hidden #16
I/ActivityManager(  365): No longer want com.google.android.youtube (pid 1418): hidden #17
I/ONCRPC  (  167): Setup RPC Call for task 40080270
I/ONCRPC  (  167): oncrpc_xdr_call_msg_start: Prog: 3000006b, Ver: 00010001, Proc: 00000002
I/ONCRPC  (  167): xdr_std_msg_send_call: Sent Xid: 12, Prog: 3000006b, Ver: 00010001, Proc: 00000002
I/ONCRPC  (  167): xdr_std_msg_send_call: Received Reply Xid: 12, Prog: 3000006b, Ver: 00010001, Proc: 00000002
D/StatusBar.NetworkController(  481): refreshViews connected={ wifi } level=?? combinedSignalIconId=0x7f0200bd/com.android.systemui:drawable/stat_sys_wifi_signal_3_fully combinedActivityIconId=0x7f0200b5 mAirplaneMode=false mDataActivity=0 mPhoneSignalIconId=0x7f0200a1 mDataDirectionIconId=0x0 mDataSignalIconId=0x7f0200a1 mDataTypeIconId=0x0 mNoSimIconId=0x0 mWifiIconId=0x7f0200bd mBluetoothTetherIconId=0x108053d
I/ActivityManager(  365): Start proc com.google.android.googlequicksearchbox for broadcast com.google.android.googlequicksearchbox/.SourceUpdateReceiver: pid=2105 uid=10010 gids={3003}
I/ActivityManager(  365): No longer want com.ea.game.simpsons4_row (pid 1807): hidden #16
I/ActivityManager(  365): START {flg=0x10020000 cmp=ru.pccar/.Main} from pid 1627
D/StatusBar.NetworkController(  481): refreshViews connected={ wifi } level=?? combinedSignalIconId=0x7f0200bd/com.android.systemui:drawable/stat_sys_wifi_signal_3_fully combinedActivityIconId=0x0 mAirplaneMode=false mDataActivity=0 mPhoneSignalIconId=0x7f0200a1 mDataDirectionIconId=0x0 mDataSignalIconId=0x7f0200a1 mDataTypeIconId=0x0 mNoSimIconId=0x0 mWifiIconId=0x7f0200bd mBluetoothTetherIconId=0x108053d
D/StatusBar.NetworkController(  481): changing data overlay icon id to 0
I/ActivityManager(  365): moveTaskToBack: 5
