D/memalloc(  154): /dev/pmem: Allocated buffer base:0x434ff000 size:856064 offset:21188608 fd:65
D/memalloc( 2678): /dev/pmem: Mapped buffer base:0x5e4f5000 size:22044672 offset:21188608 fd:58
I/Adreno200-EGLSUB(  154): <CreateImage:893>: Android Image
I/Adreno200-EGLSUB(  154): <GetImageAttributes:1102>: RGBA_8888
D/PowerManagerService(  365): setPowerState from userActivity! 
D/PowerManagerService(  365): setPowerState: mPowerState=0x3 newState=0x3 noChangeLights=false reason=2
D/memalloc( 2678): /dev/pmem: Unmapping buffer base:0x5d09e000 size:21188608 offset:20332544
D/memalloc(  154): /dev/pmem: Freeing buffer base:0x44863000 size:856064 offset:20332544 fd:62
D/memalloc( 2678): /dev/pmem: Unmapping buffer base:0x5e4f5000 size:22044672 offset:21188608
W/InputManagerService(  365): Window already focused, ignoring focus gain of: com.android.internal.view.IInputMethodClient$Stub$Proxy@423cfb60
E/msm8660.hwcomposer(  154): DYN: switch to C2D (3491840 > 4096000)
E/msm8660.hwcomposer(  154): DYN: weight = 200, height=752, width=1280
E/msm8660.hwcomposer(  154): DYN: weight = 150, height=752, width=1280
E/msm8660.hwcomposer(  154): DYN: weight = 200, height=48, width=1280
D/memalloc(  154): /dev/pmem: Freeing buffer base:0x44934000 size:856064 offset:21188608 fd:65
D/StatusBar.NetworkController(  481): refreshViews connected={ wifi } level=?? combinedSignalIconId=0x7f0200bb/com.android.systemui:drawable/stat_sys_wifi_signal_2_fully combinedActivityIconId=0x7f0200b6 mAirplaneMode=false mDataActivity=0 mPhoneSignalIconId=0x7f0200a1 mDataDirectionIconId=0x0 mDataSignalIconId=0x7f0200a1 mDataTypeIconId=0x0 mNoSimIconId=0x0 mWifiIconId=0x7f0200bb mBluetoothTetherIconId=0x108053d
D/StatusBar.NetworkController(  481): changing data overlay icon id to 2130837686
D/StatusBar.NetworkController(  481): refreshViews connected={ wifi } level=?? combinedSignalIconId=0x7f0200bb/com.android.systemui:drawable/stat_sys_wifi_signal_2_fully combinedActivityIconId=0x0 mAirplaneMode=false mDataActivity=0 mPhoneSignalIconId=0x7f0200a1 mDataDirectionIconId=0x0 mDataSignalIconId=0x7f0200a1 mDataTypeIconId=0x0 mNoSimIconId=0x0 mWifiIconId=0x7f0200bb mBluetoothTetherIconId=0x108053d
D/StatusBar.NetworkController(  481): changing data overlay icon id to 0
D/PowerManagerService(  365): setPowerState from userActivity! 
D/PowerManagerService(  365): setPowerState: mPowerState=0x3 newState=0x3 noChangeLights=false reason=2
D/memalloc(  154): /dev/pmem: Allocated buffer base:0x434ff000 size:163840 offset:32292864 fd:62
D/memalloc(  594): /dev/pmem: Mapped buffer base:0x5f456000 size:32456704 offset:32292864 fd:47
I/Adreno200-EGLSUB(  154): <CreateImage:893>: Android Image
I/Adreno200-EGLSUB(  154): <GetImageAttributes:1102>: RGBA_8888
D/memalloc(  594): /dev/pmem: Unmapping buffer base:0x5f456000 size:32456704 offset:32292864
D/memalloc(  154): /dev/pmem: Freeing buffer base:0x453cb000 size:163840 offset:32292864 fd:62
I/ONCRPC  (  167): Setup RPC Call for task 40080270
I/ONCRPC  (  167): oncrpc_xdr_call_msg_start: Prog: 3000006b, Ver: 00010001, Proc: 00000002
I/ONCRPC  (  167): xdr_std_msg_send_call: Sent Xid: 35, Prog: 3000006b, Ver: 00010001, Proc: 00000002
I/ONCRPC  (  167): xdr_std_msg_send_call: Received Reply Xid: 35, Prog: 3000006b, Ver: 00010001, Proc: 00000002
D/Tethering(  365): interfaceLinkStateChanged wlan0, true
D/Tethering(  365): interfaceStatusChanged wlan0, true
D/BT_DUN  (  738): Ignoring event PLATFORM_EVENT_ERROR in EMB_DATA_CALL_IDLE 
D/BT_DUN  (  738): Moved to state(EMB_DATA_CALL_IDLE) 
D/NetdConnector(  365): RCV <- {600 Iface linkstate wlan0 up}
