D/MediaScanner(  534): yy begin time: 1ms Path=/mnt/sdcard/.adc/AdColonyWebLoadingBGPortrait.png
D/MediaScanner(  534): yy begin time: 0ms Path=/mnt/sdcard/.adc/AdColonyCountdownShadeBG.png
D/MediaScanner(  534): yy begin time: 0ms Path=/mnt/sdcard/.adc/adcolony-popup-bg.png
D/MediaScanner(  534): yy begin time: 0ms Path=/mnt/sdcard/.adc/adcolony-popup-btn.png
D/MediaScanner(  534): yy begin time: 0ms Path=/mnt/sdcard/.adc/adcolony-popup-btn-pressed.png
D/MediaScanner(  534): yy begin time: 1ms Path=/mnt/sdcard/.adc/v4vc-alert-bg.png
D/MediaScanner(  534): yy begin time: 0ms Path=/mnt/sdcard/.adc/v4vc-alert-bg@2x.png
D/MediaScanner(  534): yy begin time: 0ms Path=/mnt/sdcard/.adc/v4vc-alert-logo.png
D/MediaScanner(  534): yy begin time: 0ms Path=/mnt/sdcard/.adc/v4vc-alert-logo@2x.png
D/MediaScanner(  534): yy begin time: 0ms Path=/mnt/sdcard/.adc/v4vc-btn-cancel-press.png
D/MediaScanner(  534): yy begin time: 0ms Path=/mnt/sdcard/.adc/v4vc-btn-cancel-press@2x.png
D/MediaScanner(  534): yy begin time: 0ms Path=/mnt/sdcard/.adc/v4vc-btn-cancel.png
D/MediaScanner(  534): yy begin time: 0ms Path=/mnt/sdcard/.adc/v4vc-btn-cancel@2x.png
D/MediaScanner(  534): yy begin time: 0ms Path=/mnt/sdcard/.adc/v4vc-btn-confirm-press.png
D/MediaScanner(  534): yy begin time: 0ms Path=/mnt/sdcard/.adc/v4vc-btn-confirm-press@2x.png
D/MediaScanner(  534): yy begin time: 0ms Path=/mnt/sdcard/.adc/v4vc-btn-confirm.png
D/MediaScanner(  534): yy begin time: 0ms Path=/mnt/sdcard/.adc/v4vc-btn-confirm@2x.png
D/MediaScanner(  534): yy begin time: 0ms Path=/mnt/sdcard/ApplifierVideoCache
D/MediaScanner(  534): yy begin time: 0ms Path=/mnt/sdcard/ApplifierVideoCache/517a2845108af8c70307bf92-b30-600.mp4
D/MediaScanner(  534): yy begin time: 0ms Path=/mnt/sdcard/ApplifierVideoCache/51f64e960a697d46550070fe-b30-600.mp4
D/MediaScanner(  534): yy begin time: 0ms Path=/mnt/sdcard/ApplifierVideoCache/518d73c6453519737f0280bf-b30-600.mp4
D/MediaScanner(  534): yy begin time: 0ms Path=/mnt/sdcard/ApplifierVideoCache/525b984ce082abe42f002aa3-b30-600.mp4
D/MediaScanner(  534): yy begin time: 0ms Path=/mnt/sdcard/ApplifierVideoCache/.nomedia
D/MediaScanner(  534): yy begin time: 0ms Path=/mnt/sdcard/6677Game
D/MediaScanner(  534): yy begin time: 0ms Path=/mnt/sdcard/6677Game/11354132345.png
D/MediaScanner(  534): yy begin time: 0ms Path=/mnt/sdcard/6677Game/11354132830.png
D/MediaScanner(  534): yy begin time: 0ms Path=/mnt/sdcard/6677Game/113106122824.png
D/MediaScanner(  534): yy begin time: 0ms Path=/mnt/sdcard/.bugsense
D/MediaScanner(  534): yy begin time: 0ms Path=/mnt/sdcard/.vkontakte
D/MediaScanner(  534): yy begin time: 0ms Path=/mnt/sdcard/.vkontakte/cache
D/MediaScanner(  534): yy begin time: 0ms Path=/mnt/sdcard/.vkontakte/cache/audio
D/MediaScanner(  534): yy begin time: 0ms Path=/mnt/sdcard/.vkontakte/cache/audio/20011845_86231966
D/MediaScanner(  534): yy begin time: 1ms Path=/mnt/sdcard/Subway Surfers.apk
D/MediaScanner(  534): yy begin time: 0ms Path=/mnt/sdcard/ppy_cross
D/MediaScanner(  534): yy begin time: 0ms Path=/mnt/sdcard/ppy_cross/7c8818e0b54505648c31ec132d64a3a7
D/MediaScanner(  534): yy begin time: 0ms Path=/mnt/sdcard/iDestroyBackground.jpg
D/MediaScanner(  534): yy begin time: 0ms Path=/mnt/sdcard/tjcache
D/MediaScanner(  534): yy begin time: 0ms Path=/mnt/sdcard/tjcache/data
D/MediaScanner(  534): yy begin time: 0ms Path=/mnt/sdcard/romtoolbox
D/MediaScanner(  534): yy begin time: 0ms Path=/mnt/sdcard/romtoolbox/assets
D/MediaScanner(  534): yy begin time: 0ms Path=/mnt/sdcard/romtoolbox/assets/busybox
D/MediaScanner(  534): yy begin time: 0ms Path=/mnt/sdcard/romtoolbox/assets/sqlite3
D/MediaScanner(  534): yy begin time: 0ms Path=/mnt/sdcard/romtoolbox/assets/unrar
D/MediaScanner(  534): yy begin time: 1ms Path=/mnt/sdcard/romtoolbox/assets/zip
D/MediaScanner(  534): yy begin time: 0ms Path=/mnt/sdcard/AndroZip
D/MediaScanner(  534): yy begin time: 0ms Path=/mnt/sdcard/AndroZip/easycap.ko
D/MediaScanner(  534): yy begin time: 0ms Path=/mnt/sdcard/AndroZip/carcam.apk
D/MediaScanner(  534): yy begin time: 1ms Path=/mnt/sdcard/NovaTester
D/MediaScanner(  534): yy begin time: 0ms Path=/mnt/sdcard/NovaTester/reports
D/MediaScanner(  534): yy begin time: 1ms Path=/mnt/sdcard/NovaTester/reports/report-01-11-13.txt
D/MediaScanner(  534): yy begin time: 0ms Path=/mnt/sdcard/NovaTester/reports/stacktrace-01-11-13.txt
D/MediaScanner(  534): yy begin time: 0ms Path=/mnt/sdcard/NovaTester/reports/report-03-11-13.txt
D/MediaScanner(  534): yy begin time: 0ms Path=/mnt/sdcard/NovaTester/reports/stacktrace-03-11-13.txt
D/MediaScanner(  534): yy begin time: 1ms Path=/mnt/sdcard/NovaTester/reports/report-04-11-13.txt
D/MediaScanner(  534): yy begin time: 0ms Path=/mnt/sdcard/log
D/MediaScanner(  534): yy begin time: 0ms Path=/mnt/sdcard/Tasker
D/MediaScanner(  534): yy begin time: 0ms Path=/mnt/sdcard/Tasker/auto-import
D/MediaScanner(  534): yy begin time: 1ms Path=/mnt/sdcard/Tasker/auto-import/.nomedia
D/MediaScanner(  534): yy begin time: 0ms Path=/mnt/sdcard/Tasker/userguide
D/MediaScanner(  534): yy begin time: 0ms Path=/mnt/sdcard/Tasker/userguide/ru
D/MediaScanner(  534): yy directory scan time: 8389ms
I/CNE_DEBUG(  365): CNE received action RSSI Changed events: android.net.wifi.RSSI_CHANGED
D/StatusBar.NetworkController(  481): refreshViews connected={ wifi } level=?? combinedSignalIconId=0x7f0200bd/com.android.systemui:drawable/stat_sys_wifi_signal_3_fully combinedActivityIconId=0x0 mAirplaneMode=false mDataActivity=0 mPhoneSignalIconId=0x7f0200a1 mDataDirectionIconId=0x0 mDataSignalIconId=0x7f0200a1 mDataTypeIconId=0x0 mNoSimIconId=0x0 mWifiIconId=0x7f0200bd mBluetoothTetherIconId=0x108053d
D/MediaScanner(  534): yy prescan time: 4542ms
D/MediaScanner(  534): yy    scan time: 11915ms
D/MediaScanner(  534): yy postscan time: 1634ms
D/MediaScanner(  534): yy   total time: 18091ms
I/CNE     (  365): CNE received action RSSI Changed events - networkState: CONNECTED ssid= MTS-ROUTER rssi=-80 ipV4Addr=192.168.0.178 timeStamp:2013-11-19 18:02:25.151 networkState: CONNECTED
I/CNE_DEBUG(  365): UpdateWlanStatus type=21 state=1 softApState=11 rssi=-80 ssid=MTS-ROUTER ipAddr=192.168.0.178 iface=wlan0 timeStamp=2013-11-19 18:02:25.151
I/ActivityManager(  365): No longer want com.vkontakte.android (pid 1822): hidden #16
I/MediaStoreImporter( 1953): Update: incremental Added music: 0 Updated music: 0 Deleted music: 0 Created playlists: 0 Updated playlists: 0 Deleted playlists: 0 Inserted playlist items: 0 Deleted playlist items: 0 Removed orphaned playlist items: 0
D/StatusBar.NetworkController(  481): refreshViews connected={ wifi } level=?? combinedSignalIconId=0x7f0200bd/com.android.systemui:drawable/stat_sys_wifi_signal_3_fully combinedActivityIconId=0x7f0200b4 mAirplaneMode=false mDataActivity=0 mPhoneSignalIconId=0x7f0200a1 mDataDirectionIconId=0x0 mDataSignalIconId=0x7f0200a1 mDataTypeIconId=0x0 mNoSimIconId=0x0 mWifiIconId=0x7f0200bd mBluetoothTetherIconId=0x108053d
D/StatusBar.NetworkController(  481): changing data overlay icon id to 2130837684
D/CarCam  ( 1627): ru.pccar.CarCamService$CarCamRepeat:end repeating, start CarCam
D/StatusBar.NetworkController(  481): refreshViews connected={ wifi } level=?? combinedSignalIconId=0x7f0200bd/com.android.systemui:drawable/stat_sys_wifi_signal_3_fully combinedActivityIconId=0x7f0200b5 mAirplaneMode=false mDataActivity=0 mPhoneSignalIconId=0x7f0200a1 mDataDirectionIconId=0x0 mDataSignalIconId=0x7f0200a1 mDataTypeIconId=0x0 mNoSimIconId=0x0 mWifiIconId=0x7f0200bd mBluetoothTetherIconId=0x108053d
D/StatusBar.NetworkController(  481): changing data overlay icon id to 2130837685
I/ActivityManager(  365): START {flg=0x10020000 cmp=ru.pccar/.Main} from pid 1627
I/WindowManager(  365): SCREENLAYOUT_SIZE (1:small, 2:normal, 3:large, 4:xlarge) 4
D/CarCam  ( 1627): ru.pccar.Main:onRestart
D/CarCam  ( 1627): ru.pccar.CameraPreview:surfaceCreated
D/CarCam  ( 1627): ru.pccar.Main$ServiceConnection:onServiceConnected
D/CarCam  ( 1627): ru.pccar.CarCamService:service onRebind
D/memalloc(  154): /dev/pmem: Allocated buffer base:0x434ff000 size:3932160 offset:24248320 fd:35
D/memalloc( 1627): /dev/pmem: Mapped buffer base:0x5d5e3000 size:28180480 offset:24248320 fd:46
I/Adreno200-EGLSUB(  154): <CreateImage:893>: Android Image
I/Adreno200-EGLSUB(  154): <GetImageAttributes:1102>: RGBA_8888
D/memalloc(  610): /dev/pmem: Unmapping buffer base:0x5f48f000 size:32276480 offset:28344320
D/memalloc(  610): /dev/pmem: Unmapping buffer base:0x64488000 size:24248320 offset:20316160
D/memalloc(  610): /dev/pmem: Unmapping buffer base:0x5d9d8000 size:5898240 offset:1966080
D/memalloc(  154): /dev/pmem: Freeing buffer base:0x4485f000 size:3932160 offset:20316160 fd:62
D/memalloc(  154): /dev/pmem: Freeing buffer base:0x436df000 size:3932160 offset:1966080 fd:43
D/memalloc(  154): /dev/pmem: Allocated buffer base:0x434ff000 size:1966080 offset:20316160 fd:38
D/memalloc( 1627): /dev/pmem: Mapped buffer base:0x5f196000 size:22282240 offset:20316160 fd:49
D/Settings(  594): getAllInstallLangId().length10
I/Adreno200-EGLSUB(  154): <CreateImage:893>: Android Image
I/Adreno200-EGLSUB(  154): <GetImageAttributes:1088>: RGB_565
D/memalloc(  154): /dev/pmem: Allocated buffer base:0x434ff000 size:1966080 offset:22282240 fd:43
D/memalloc( 1627): /dev/pmem: Mapped buffer base:0x606ed000 size:24248320 offset:22282240 fd:52
I/Adreno200-EGLSUB(  154): <CreateImage:893>: Android Image
I/Adreno200-EGLSUB(  154): <GetImageAttributes:1088>: RGB_565
D/memalloc(  154): /dev/pmem: Freeing buffer base:0x45007000 size:3932160 offset:28344320 fd:51
D/StatusBar.NetworkController(  481): refreshViews connected={ wifi } level=?? combinedSignalIconId=0x7f0200bd/com.android.systemui:drawable/stat_sys_wifi_signal_3_fully combinedActivityIconId=0x0 mAirplaneMode=false mDataActivity=0 mPhoneSignalIconId=0x7f0200a1 mDataDirectionIconId=0x0 mDataSignalIconId=0x7f0200a1 mDataTypeIconId=0x0 mNoSimIconId=0x0 mWifiIconId=0x7f0200bd mBluetoothTetherIconId=0x108053d
D/StatusBar.NetworkController(  481): changing data overlay icon id to 0
I/ActivityManager(  365): moveTaskToBack: 5
I/ONCRPC  (  167): Setup RPC Call for task 40080270
I/ONCRPC  (  167): oncrpc_xdr_call_msg_start: Prog: 3000006b, Ver: 00010001, Proc: 00000002
I/ONCRPC  (  167): xdr_std_msg_send_call: Sent Xid: 18, Prog: 3000006b, Ver: 00010001, Proc: 00000002
I/ONCRPC  (  167): xdr_std_msg_send_call: Received Reply Xid: 18, Prog: 3000006b, Ver: 00010001, Proc: 00000002
I/WindowManager(  365): SCREENLAYOUT_SIZE (1:small, 2:normal, 3:large, 4:xlarge) 4
I/Adreno200-EGLSUB(  610): <ConfigWindowMatch:2078>: Format RGBA_8888.
D/memalloc(  154): /dev/pmem: Allocated buffer base:0x434ff000 size:3932160 offset:28344320 fd:48
D/memalloc(  610): /dev/pmem: Mapped buffer base:0x5eaaa000 size:32276480 offset:28344320 fd:46
D/Settings(  594): getAllInstallLangId().length10
I/ActivityManager(  365): moveTaskToBack: 5
D/memalloc(  154): /dev/pmem: Allocated buffer base:0x434ff000 size:3932160 offset:0 fd:51
D/memalloc(  610): /dev/pmem: Mapped buffer base:0x5da47000 size:3932160 offset:0 fd:49
D/CarCam  ( 1627): ru.pccar.CameraPreview:surfaceDestroyed
I/Adreno200-EGLSUB(  154): <CreateImage:893>: Android Image
I/Adreno200-EGLSUB(  154): <GetImageAttributes:1102>: RGBA_8888
I/ActivityManager(  365): moveTaskToBack: 5
D/CarCam  ( 1627): ru.pccar.CameraPreview:stop preview
D/memalloc( 1627): /dev/pmem: Unmapping buffer base:0x5f196000 size:22282240 offset:20316160
D/memalloc(  154): /dev/pmem: Freeing buffer base:0x4485f000 size:1966080 offset:20316160 fd:38
D/memalloc( 1627): /dev/pmem: Unmapping buffer base:0x606ed000 size:24248320 offset:22282240
D/memalloc( 1627): /dev/pmem: Unmapping buffer base:0x5d5e3000 size:28180480 offset:24248320
W/InputManagerService(  365): Window already focused, ignoring focus gain of: com.android.internal.view.IInputMethodClient$Stub$Proxy@428758c8
D/CarCam  ( 1627): ru.pccar.Main:onStop
D/CarCam  ( 1627): ru.pccar.CarCamService:startRepeating
D/CarCam  ( 1627): ru.pccar.CarCamService$CarCamRepeat:start repeating
D/CarCam  ( 1627): ru.pccar.CarCamService:service onUnbind
D/memalloc(  154): /dev/pmem: Freeing buffer base:0x44c1f000 size:3932160 offset:24248320 fd:35
D/memalloc(  154): /dev/pmem: Freeing buffer base:0x44a3f000 size:1966080 offset:22282240 fd:43
D/CarCam  ( 1627): ru.pccar.CarCamService$CarCamRepeat:end repeating, start CarCam
I/ActivityManager(  365): START {flg=0x10020000 cmp=ru.pccar/.Main} from pid 1627
I/WindowManager(  365): SCREENLAYOUT_SIZE (1:small, 2:normal, 3:large, 4:xlarge) 4
D/CarCam  ( 1627): ru.pccar.Main:onRestart
D/CarCam  ( 1627): ru.pccar.CameraPreview:surfaceCreated
D/CarCam  ( 1627): ru.pccar.Main$ServiceConnection:onServiceConnected
D/CarCam  ( 1627): ru.pccar.CarCamService:service onRebind
D/memalloc(  154): /dev/pmem: Allocated buffer base:0x434ff000 size:3932160 offset:20316160 fd:35
D/memalloc( 1627): /dev/pmem: Mapped buffer base:0x5d5e3000 size:24248320 offset:20316160 fd:46
I/Adreno200-EGLSUB(  154): <CreateImage:893>: Android Image
I/Adreno200-EGLSUB(  154): <GetImageAttributes:1102>: RGBA_8888
D/memalloc(  610): /dev/pmem: Unmapping buffer base:0x5eaaa000 size:32276480 offset:28344320
D/memalloc(  610): /dev/pmem: Unmapping buffer base:0x5da47000 size:3932160 offset:0
D/memalloc(  154): /dev/pmem: Freeing buffer base:0x434ff000 size:3932160 offset:0 fd:51
D/memalloc(  154): /dev/pmem: Allocated buffer base:0x434ff000 size:1966080 offset:24248320 fd:38
D/Settings(  594): getAllInstallLangId().length10
D/memalloc( 1627): /dev/pmem: Mapped buffer base:0x5ed40000 size:26214400 offset:24248320 fd:49
I/Adreno200-EGLSUB(  154): <CreateImage:893>: Android Image
I/Adreno200-EGLSUB(  154): <GetImageAttributes:1088>: RGB_565
D/memalloc(  154): /dev/pmem: Allocated buffer base:0x434ff000 size:1966080 offset:26214400 fd:43
D/memalloc( 1627): /dev/pmem: Mapped buffer base:0x60701000 size:28180480 offset:26214400 fd:52
I/Adreno200-EGLSUB(  154): <CreateImage:893>: Android Image
I/Adreno200-EGLSUB(  154): <GetImageAttributes:1088>: RGB_565
I/ActivityManager(  365): moveTaskToBack: 5
D/memalloc(  154): /dev/pmem: Freeing buffer base:0x45007000 size:3932160 offset:28344320 fd:48
I/WindowManager(  365): SCREENLAYOUT_SIZE (1:small, 2:normal, 3:large, 4:xlarge) 4
I/Adreno200-EGLSUB(  610): <ConfigWindowMatch:2078>: Format RGBA_8888.
D/memalloc(  154): /dev/pmem: Allocated buffer base:0x434ff000 size:3932160 offset:28344320 fd:48
D/memalloc(  610): /dev/pmem: Mapped buffer base:0x5eaaa000 size:32276480 offset:28344320 fd:46
I/ActivityManager(  365): moveTaskToBack: 5
D/memalloc(  154): /dev/pmem: Allocated buffer base:0x434ff000 size:3932160 offset:0 fd:51
D/memalloc(  610): /dev/pmem: Mapped buffer base:0x5da47000 size:3932160 offset:0 fd:49
D/CarCam  ( 1627): ru.pccar.CameraPreview:surfaceDestroyed
D/Settings(  594): getAllInstallLangId().length10
I/ActivityManager(  365): moveTaskToBack: 5
D/CarCam  ( 1627): ru.pccar.CameraPreview:stop preview
D/memalloc( 1627): /dev/pmem: Unmapping buffer base:0x60701000 size:28180480 offset:26214400
D/memalloc(  154): /dev/pmem: Freeing buffer base:0x44dff000 size:1966080 offset:26214400 fd:43
D/memalloc( 1627): /dev/pmem: Unmapping buffer base:0x5ed40000 size:26214400 offset:24248320
D/memalloc( 1627): /dev/pmem: Unmapping buffer base:0x5d5e3000 size:24248320 offset:20316160
I/Adreno200-EGLSUB(  154): <CreateImage:893>: Android Image
I/Adreno200-EGLSUB(  154): <GetImageAttributes:1102>: RGBA_8888
D/CarCam  ( 1627): ru.pccar.Main:onStop
D/CarCam  ( 1627): ru.pccar.CarCamService:startRepeating
D/CarCam  ( 1627): ru.pccar.CarCamService:service onUnbind
D/CarCam  ( 1627): ru.pccar.CarCamService$CarCamRepeat:start repeating
D/memalloc(  154): /dev/pmem: Freeing buffer base:0x4485f000 size:3932160 offset:20316160 fd:35
D/memalloc(  154): /dev/pmem: Freeing buffer base:0x44c1f000 size:1966080 offset:24248320 fd:38
I/CNE_DEBUG(  365): CNE received action RSSI Changed events: android.net.wifi.RSSI_CHANGED
D/StatusBar.NetworkController(  481): refreshViews connected={ wifi } level=?? combinedSignalIconId=0x7f0200bd/com.android.systemui:drawable/stat_sys_wifi_signal_3_fully combinedActivityIconId=0x0 mAirplaneMode=false mDataActivity=0 mPhoneSignalIconId=0x7f0200a1 mDataDirectionIconId=0x0 mDataSignalIconId=0x7f0200a1 mDataTypeIconId=0x0 mNoSimIconId=0x0 mWifiIconId=0x7f0200bd mBluetoothTetherIconId=0x108053d
I/CNE     (  365): CNE received action RSSI Changed events - networkState: CONNECTED ssid= MTS-ROUTER rssi=-77 ipV4Addr=192.168.0.178 timeStamp:2013-11-19 18:02:34.198 networkState: CONNECTED
I/CNE_DEBUG(  365): UpdateWlanStatus type=21 state=1 softApState=11 rssi=-77 ssid=MTS-ROUTER ipAddr=192.168.0.178 iface=wlan0 timeStamp=2013-11-19 18:02:34.198
D/memalloc(  154): /dev/pmem: Allocated buffer base:0x434ff000 size:3932160 offset:20316160 fd:35
D/memalloc(  610): /dev/pmem: Mapped buffer base:0x60c32000 size:24248320 offset:20316160 fd:71
I/Adreno200-EGLSUB(  154): <CreateImage:893>: Android Image
I/Adreno200-EGLSUB(  154): <GetImageAttributes:1102>: RGBA_8888
I/Adreno200-EGLSUB(  154): <CreateImage:893>: Android Image
I/Adreno200-EGLSUB(  154): <GetImageAttributes:1102>: RGBA_8888
W/ProcessStats(  365): Skipping unknown process pid 2188
W/ProcessStats(  365): Skipping unknown process pid 2190
W/ProcessStats(  365): Skipping unknown process pid 2191
E/RestStorages(  553): using folders=/mnt/sdcard:/mnt/sdcard2/Music/
W/RestStorages(  553): Detected mount point=/mnt/sdcard
W/RestStorages(  553): Detected mount point=/mnt/sdcard2
W/RestStorages(  553): Available mounts=[/mnt/sdcard, /mnt/sdcard2]
W/RestStorages(  553): unmountedStorages=[/mnt/usb/]
W/FolderScanner2(  553): Starting scan=/mnt/sdcard fastScan=true
I/ONCRPC  (  167): Setup RPC Call for task 40080270
I/ONCRPC  (  167): oncrpc_xdr_call_msg_start: Prog: 3000006b, Ver: 00010001, Proc: 00000002
I/ONCRPC  (  167): xdr_std_msg_send_call: Sent Xid: 19, Prog: 3000006b, Ver: 00010001, Proc: 00000002
I/ONCRPC  (  167): xdr_std_msg_send_call: Received Reply Xid: 19, Prog: 3000006b, Ver: 00010001, Proc: 00000002
W/FolderScanner2(  553): Starting scan=/mnt/sdcard2/Music/ fastScan=true
D/CarCam  ( 1627): ru.pccar.CarCamService$CarCamRepeat:end repeating, start CarCam
I/ActivityManager(  365): START {flg=0x10020000 cmp=ru.pccar/.Main} from pid 1627
I/WindowManager(  365): SCREENLAYOUT_SIZE (1:small, 2:normal, 3:large, 4:xlarge) 4
D/CarCam  ( 1627): ru.pccar.Main:onRestart
D/CarCam  ( 1627): ru.pccar.CameraPreview:surfaceCreated
D/CarCam  ( 1627): ru.pccar.Main$ServiceConnection:onServiceConnected
D/CarCam  ( 1627): ru.pccar.CarCamService:service onRebind
D/memalloc(  154): /dev/pmem: Allocated buffer base:0x434ff000 size:3932160 offset:24248320 fd:38
D/memalloc( 1627): /dev/pmem: Mapped buffer base:0x5d5e3000 size:28180480 offset:24248320 fd:46
D/memalloc(  610): /dev/pmem: Unmapping buffer base:0x5eaaa000 size:32276480 offset:28344320
D/memalloc(  610): /dev/pmem: Unmapping buffer base:0x5da47000 size:3932160 offset:0
D/memalloc(  610): /dev/pmem: Unmapping buffer base:0x60c32000 size:24248320 offset:20316160
I/Adreno200-EGLSUB(  154): <CreateImage:893>: Android Image
I/Adreno200-EGLSUB(  154): <GetImageAttributes:1102>: RGBA_8888
D/memalloc(  154): /dev/pmem: Freeing buffer base:0x45007000 size:3932160 offset:28344320 fd:48
D/memalloc(  154): /dev/pmem: Freeing buffer base:0x434ff000 size:3932160 offset:0 fd:51
D/memalloc(  154): /dev/pmem: Allocated buffer base:0x434ff000 size:1966080 offset:28344320 fd:43
D/memalloc( 1627): /dev/pmem: Mapped buffer base:0x5f127000 size:30310400 offset:28344320 fd:49
D/Settings(  594): getAllInstallLangId().length10
I/Adreno200-EGLSUB(  154): <CreateImage:893>: Android Image
I/Adreno200-EGLSUB(  154): <GetImageAttributes:1088>: RGB_565
D/memalloc(  154): /dev/pmem: Allocated buffer base:0x434ff000 size:1966080 offset:30310400 fd:48
D/memalloc( 1627): /dev/pmem: Mapped buffer base:0x62b05000 size:32276480 offset:30310400 fd:52
I/CNE_DEBUG(  365): CNE received action RSSI Changed events: android.net.wifi.RSSI_CHANGED
D/StatusBar.NetworkController(  481): refreshViews connected={ wifi } level=?? combinedSignalIconId=0x7f0200bb/com.android.systemui:drawable/stat_sys_wifi_signal_2_fully combinedActivityIconId=0x0 mAirplaneMode=false mDataActivity=0 mPhoneSignalIconId=0x7f0200a1 mDataDirectionIconId=0x0 mDataSignalIconId=0x7f0200a1 mDataTypeIconId=0x0 mNoSimIconId=0x0 mWifiIconId=0x7f0200bb mBluetoothTetherIconId=0x108053d
I/Adreno200-EGLSUB(  154): <CreateImage:893>: Android Image
I/Adreno200-EGLSUB(  154): <GetImageAttributes:1088>: RGB_565
I/CNE     (  365): CNE received action RSSI Changed events - networkState: CONNECTED ssid= MTS-ROUTER rssi=-81 ipV4Addr=192.168.0.178 timeStamp:2013-11-19 18:02:40.276 networkState: CONNECTED
I/CNE_DEBUG(  365): UpdateWlanStatus type=21 state=1 softApState=11 rssi=-81 ssid=MTS-ROUTER ipAddr=192.168.0.178 iface=wlan0 timeStamp=2013-11-19 18:02:40.276
W/FolderScanner2(  553): Scanned dirs: 768, files: 247 in 1860ms, 132.8 files per sec, 412.9 folders per sec
D/memalloc(  154): /dev/pmem: Freeing buffer base:0x4485f000 size:3932160 offset:20316160 fd:35
W/LibraryScanner(  553): processFiles in 23ms, files=0
W/LibraryScanner(  553): doScan in 2054ms
I/CNE_DEBUG(  365): CNE received action RSSI Changed events: android.net.wifi.RSSI_CHANGED
D/StatusBar.NetworkController(  481): refreshViews connected={ wifi } level=?? combinedSignalIconId=0x7f0200bd/com.android.systemui:drawable/stat_sys_wifi_signal_3_fully combinedActivityIconId=0x0 mAirplaneMode=false mDataActivity=0 mPhoneSignalIconId=0x7f0200a1 mDataDirectionIconId=0x0 mDataSignalIconId=0x7f0200a1 mDataTypeIconId=0x0 mNoSimIconId=0x0 mWifiIconId=0x7f0200bd mBluetoothTetherIconId=0x108053d
I/CNE     (  365): CNE received action RSSI Changed events - networkState: CONNECTED ssid= MTS-ROUTER rssi=-76 ipV4Addr=192.168.0.178 timeStamp:2013-11-19 18:02:43.266 networkState: CONNECTED
I/CNE_DEBUG(  365): UpdateWlanStatus type=21 state=1 softApState=11 rssi=-76 ssid=MTS-ROUTER ipAddr=192.168.0.178 iface=wlan0 timeStamp=2013-11-19 18:02:43.266
D/StatusBar.NetworkController(  481): refreshViews connected={ wifi } level=?? combinedSignalIconId=0x7f0200bd/com.android.systemui:drawable/stat_sys_wifi_signal_3_fully combinedActivityIconId=0x7f0200b4 mAirplaneMode=false mDataActivity=0 mPhoneSignalIconId=0x7f0200a1 mDataDirectionIconId=0x0 mDataSignalIconId=0x7f0200a1 mDataTypeIconId=0x0 mNoSimIconId=0x0 mWifiIconId=0x7f0200bd mBluetoothTetherIconId=0x108053d
D/StatusBar.NetworkController(  481): changing data overlay icon id to 2130837684
D/StatusBar.NetworkController(  481): refreshViews connected={ wifi } level=?? combinedSignalIconId=0x7f0200bd/com.android.systemui:drawable/stat_sys_wifi_signal_3_fully combinedActivityIconId=0x0 mAirplaneMode=false mDataActivity=0 mPhoneSignalIconId=0x7f0200a1 mDataDirectionIconId=0x0 mDataSignalIconId=0x7f0200a1 mDataTypeIconId=0x0 mNoSimIconId=0x0 mWifiIconId=0x7f0200bd mBluetoothTetherIconId=0x108053d
D/StatusBar.NetworkController(  481): changing data overlay icon id to 0
I/ONCRPC  (  167): Setup RPC Call for task 40080270
I/ONCRPC  (  167): oncrpc_xdr_call_msg_start: Prog: 3000006b, Ver: 00010001, Proc: 00000002
I/ONCRPC  (  167): xdr_std_msg_send_call: Sent Xid: 1a, Prog: 3000006b, Ver: 00010001, Proc: 00000002
I/ONCRPC  (  167): xdr_std_msg_send_call: Received Reply Xid: 1a, Prog: 3000006b, Ver: 00010001, Proc: 00000002
I/PowerManagerService(  365): received action:android.intent.action.BATTERY_CHANGED
I/CNE_DEBUG(  365): CNE received action: android.intent.action.BATTERY_CHANGED
I/CNE_DEBUG(  365): UpdateBatteryStatus status=3 pluginType=0 level=53
I/LowBatteryShowDialogPolicy( 1306): show dialog  ACTION_BATTERY_CHANGED
I/ONCRPC  (  167): Setup RPC Call for task 40080270
I/ONCRPC  (  167): oncrpc_xdr_call_msg_start: Prog: 3000006b, Ver: 00010001, Proc: 00000002
I/ONCRPC  (  167): xdr_std_msg_send_call: Sent Xid: 1b, Prog: 3000006b, Ver: 00010001, Proc: 00000002
I/ONCRPC  (  167): xdr_std_msg_send_call: Received Reply Xid: 1b, Prog: 3000006b, Ver: 00010001, Proc: 00000002
I/ActivityManager(  365): moveTaskToBack: 5
I/WindowManager(  365): SCREENLAYOUT_SIZE (1:small, 2:normal, 3:large, 4:xlarge) 4
I/Adreno200-EGLSUB(  610): <ConfigWindowMatch:2078>: Format RGBA_8888.
D/memalloc(  154): /dev/pmem: Allocated buffer base:0x434ff000 size:3932160 offset:20316160 fd:35
D/memalloc(  610): /dev/pmem: Mapped buffer base:0x5e907000 size:24248320 offset:20316160 fd:46
I/ActivityManager(  365): moveTaskToBack: 5
D/memalloc(  154): /dev/pmem: Allocated buffer base:0x434ff000 size:3932160 offset:0 fd:51
D/memalloc(  610): /dev/pmem: Mapped buffer base:0x5d7b9000 size:3932160 offset:0 fd:49
I/ActivityManager(  365): moveTaskToBack: 5
D/CarCam  ( 1627): ru.pccar.CameraPreview:surfaceDestroyed
I/ActivityManager(  365): moveTaskToBack: 5
D/CarCam  ( 1627): ru.pccar.CameraPreview:stop preview
D/memalloc( 1627): /dev/pmem: Unmapping buffer base:0x5f127000 size:30310400 offset:28344320
D/memalloc(  154): /dev/pmem: Freeing buffer base:0x45007000 size:1966080 offset:28344320 fd:43
D/memalloc( 1627): /dev/pmem: Unmapping buffer base:0x62b05000 size:32276480 offset:30310400
I/Adreno200-EGLSUB(  154): <CreateImage:893>: Android Image
I/Adreno200-EGLSUB(  154): <GetImageAttributes:1102>: RGBA_8888
D/memalloc( 1627): /dev/pmem: Unmapping buffer base:0x5d5e3000 size:28180480 offset:24248320
D/Settings(  594): getAllInstallLangId().length10
D/CarCam  ( 1627): ru.pccar.Main:onStop
D/CarCam  ( 1627): ru.pccar.CarCamService:startRepeating
D/CarCam  ( 1627): ru.pccar.CarCamService$CarCamRepeat:start repeating
D/CarCam  ( 1627): ru.pccar.CarCamService:service onUnbind
D/memalloc(  154): /dev/pmem: Freeing buffer base:0x44c1f000 size:3932160 offset:24248320 fd:38
D/memalloc(  154): /dev/pmem: Freeing buffer base:0x451e7000 size:1966080 offset:30310400 fd:48
D/StatusBar.NetworkController(  481): refreshViews connected={ wifi } level=?? combinedSignalIconId=0x7f0200bd/com.android.systemui:drawable/stat_sys_wifi_signal_3_fully combinedActivityIconId=0x7f0200b4 mAirplaneMode=false mDataActivity=0 mPhoneSignalIconId=0x7f0200a1 mDataDirectionIconId=0x0 mDataSignalIconId=0x7f0200a1 mDataTypeIconId=0x0 mNoSimIconId=0x0 mWifiIconId=0x7f0200bd mBluetoothTetherIconId=0x108053d
D/StatusBar.NetworkController(  481): changing data overlay icon id to 2130837684
D/StatusBar.NetworkController(  481): refreshViews connected={ wifi } level=?? combinedSignalIconId=0x7f0200bd/com.android.systemui:drawable/stat_sys_wifi_signal_3_fully combinedActivityIconId=0x0 mAirplaneMode=false mDataActivity=0 mPhoneSignalIconId=0x7f0200a1 mDataDirectionIconId=0x0 mDataSignalIconId=0x7f0200a1 mDataTypeIconId=0x0 mNoSimIconId=0x0 mWifiIconId=0x7f0200bd mBluetoothTetherIconId=0x108053d
D/StatusBar.NetworkController(  481): changing data overlay icon id to 0
I/ONCRPC  (  167): Setup RPC Call for task 40080270
I/ONCRPC  (  167): oncrpc_xdr_call_msg_start: Prog: 3000006b, Ver: 00010001, Proc: 00000002
I/ONCRPC  (  167): xdr_std_msg_send_call: Sent Xid: 1c, Prog: 3000006b, Ver: 00010001, Proc: 00000002
I/ONCRPC  (  167): xdr_std_msg_send_call: Received Reply Xid: 1c, Prog: 3000006b, Ver: 00010001, Proc: 00000002
I/CNE_DEBUG(  365): CNE received action RSSI Changed events: android.net.wifi.RSSI_CHANGED
D/StatusBar.NetworkController(  481): refreshViews connected={ wifi } level=?? combinedSignalIconId=0x7f0200bb/com.android.systemui:drawable/stat_sys_wifi_signal_2_fully combinedActivityIconId=0x0 mAirplaneMode=false mDataActivity=0 mPhoneSignalIconId=0x7f0200a1 mDataDirectionIconId=0x0 mDataSignalIconId=0x7f0200a1 mDataTypeIconId=0x0 mNoSimIconId=0x0 mWifiIconId=0x7f0200bb mBluetoothTetherIconId=0x108053d
I/CNE     (  365): CNE received action RSSI Changed events - networkState: CONNECTED ssid= MTS-ROUTER rssi=-84 ipV4Addr=192.168.0.178 timeStamp:2013-11-19 18:03:10.452 networkState: CONNECTED
I/CNE_DEBUG(  365): UpdateWlanStatus type=21 state=1 softApState=11 rssi=-84 ssid=MTS-ROUTER ipAddr=192.168.0.178 iface=wlan0 timeStamp=2013-11-19 18:03:10.452
D/memalloc(  154): /dev/pmem: Allocated buffer base:0x434ff000 size:3932160 offset:24248320 fd:38
D/memalloc(  610): /dev/pmem: Mapped buffer base:0x605a7000 size:28180480 offset:24248320 fd:71
D/CarCam  ( 1627): ru.pccar.CarCamService$CarCamRepeat:end repeating, start CarCam
I/ActivityManager(  365): START {flg=0x10020000 cmp=ru.pccar/.Main} from pid 1627
I/Adreno200-EGLSUB(  154): <CreateImage:893>: Android Image
I/Adreno200-EGLSUB(  154): <GetImageAttributes:1102>: RGBA_8888
I/WindowManager(  365): SCREENLAYOUT_SIZE (1:small, 2:normal, 3:large, 4:xlarge) 4
D/CarCam  ( 1627): ru.pccar.Main:onRestart
D/CarCam  ( 1627): ru.pccar.CameraPreview:surfaceCreated
D/CarCam  ( 1627): ru.pccar.Main$ServiceConnection:onServiceConnected
D/CarCam  ( 1627): ru.pccar.CarCamService:service onRebind
D/memalloc(  154): /dev/pmem: Allocated buffer base:0x434ff000 size:3932160 offset:28344320 fd:43
D/memalloc( 1627): /dev/pmem: Mapped buffer base:0x5d5e3000 size:32276480 offset:28344320 fd:46
D/memalloc(  610): /dev/pmem: Unmapping buffer base:0x5e907000 size:24248320 offset:20316160
D/memalloc(  610): /dev/pmem: Unmapping buffer base:0x5d7b9000 size:3932160 offset:0
D/memalloc(  610): /dev/pmem: Unmapping buffer base:0x605a7000 size:28180480 offset:24248320
D/memalloc(  154): /dev/pmem: Freeing buffer base:0x4485f000 size:3932160 offset:20316160 fd:35
D/memalloc(  154): /dev/pmem: Freeing buffer base:0x44c1f000 size:3932160 offset:24248320 fd:38
I/Adreno200-EGLSUB(  154): <CreateImage:893>: Android Image
I/Adreno200-EGLSUB(  154): <GetImageAttributes:1102>: RGBA_8888
D/Settings(  594): getAllInstallLangId().length10
D/memalloc(  154): /dev/pmem: Allocated buffer base:0x434ff000 size:1966080 offset:20316160 fd:35
D/memalloc( 1627): /dev/pmem: Mapped buffer base:0x5f4cf000 size:22282240 offset:20316160 fd:49
I/Adreno200-EGLSUB(  154): <CreateImage:893>: Android Image
I/Adreno200-EGLSUB(  154): <GetImageAttributes:1088>: RGB_565
D/memalloc(  154): /dev/pmem: Allocated buffer base:0x434ff000 size:1966080 offset:22282240 fd:38
D/memalloc( 1627): /dev/pmem: Mapped buffer base:0x60a6e000 size:24248320 offset:22282240 fd:52
I/Adreno200-EGLSUB(  154): <CreateImage:893>: Android Image
I/Adreno200-EGLSUB(  154): <GetImageAttributes:1088>: RGB_565
D/memalloc(  154): /dev/pmem: Freeing buffer base:0x434ff000 size:3932160 offset:0 fd:51
D/StatusBar.NetworkController(  481): refreshViews connected={ wifi } level=?? combinedSignalIconId=0x7f0200bd/com.android.systemui:drawable/stat_sys_wifi_signal_3_fully combinedActivityIconId=0x0 mAirplaneMode=false mDataActivity=0 mPhoneSignalIconId=0x7f0200a1 mDataDirectionIconId=0x0 mDataSignalIconId=0x7f0200a1 mDataTypeIconId=0x0 mNoSimIconId=0x0 mWifiIconId=0x7f0200bd mBluetoothTetherIconId=0x108053d
I/CNE_DEBUG(  365): CNE received action RSSI Changed events: android.net.wifi.RSSI_CHANGED
I/CNE     (  365): CNE received action RSSI Changed events - networkState: CONNECTED ssid= MTS-ROUTER rssi=-76 ipV4Addr=192.168.0.178 timeStamp:2013-11-19 18:03:13.434 networkState: CONNECTED
I/CNE_DEBUG(  365): UpdateWlanStatus type=21 state=1 softApState=11 rssi=-76 ssid=MTS-ROUTER ipAddr=192.168.0.178 iface=wlan0 timeStamp=2013-11-19 18:03:13.434
I/ActivityManager(  365): moveTaskToBack: 5
I/WindowManager(  365): SCREENLAYOUT_SIZE (1:small, 2:normal, 3:large, 4:xlarge) 4
I/Adreno200-EGLSUB(  610): <ConfigWindowMatch:2078>: Format RGBA_8888.
D/memalloc(  154): /dev/pmem: Allocated buffer base:0x434ff000 size:3932160 offset:24248320 fd:48
D/memalloc(  610): /dev/pmem: Mapped buffer base:0x605a7000 size:28180480 offset:24248320 fd:46
I/ActivityManager(  365): moveTaskToBack: 5
D/memalloc(  154): /dev/pmem: Allocated buffer base:0x434ff000 size:3932160 offset:0 fd:51
D/memalloc(  610): /dev/pmem: Mapped buffer base:0x5d7b9000 size:3932160 offset:0 fd:49
D/CarCam  ( 1627): ru.pccar.CameraPreview:surfaceDestroyed
I/ActivityManager(  365): moveTaskToBack: 5
D/CarCam  ( 1627): ru.pccar.CameraPreview:stop preview
I/Adreno200-EGLSUB(  154): <CreateImage:893>: Android Image
I/Adreno200-EGLSUB(  154): <GetImageAttributes:1102>: RGBA_8888
D/memalloc( 1627): /dev/pmem: Unmapping buffer base:0x60a6e000 size:24248320 offset:22282240
D/memalloc(  154): /dev/pmem: Freeing buffer base:0x44a3f000 size:1966080 offset:22282240 fd:38
D/memalloc( 1627): /dev/pmem: Unmapping buffer base:0x5f4cf000 size:22282240 offset:20316160
D/memalloc( 1627): /dev/pmem: Unmapping buffer base:0x5d5e3000 size:32276480 offset:28344320
D/Settings(  594): getAllInstallLangId().length10
D/CarCam  ( 1627): ru.pccar.Main:onStop
D/CarCam  ( 1627): ru.pccar.CarCamService:startRepeating
D/CarCam  ( 1627): ru.pccar.CarCamService$CarCamRepeat:start repeating
D/CarCam  ( 1627): ru.pccar.CarCamService:service onUnbind
D/memalloc(  154): /dev/pmem: Freeing buffer base:0x45007000 size:3932160 offset:28344320 fd:43
D/memalloc(  154): /dev/pmem: Freeing buffer base:0x4485f000 size:1966080 offset:20316160 fd:35
I/ONCRPC  (  167): Setup RPC Call for task 40080270
I/ONCRPC  (  167): oncrpc_xdr_call_msg_start: Prog: 3000006b, Ver: 00010001, Proc: 00000002
I/ONCRPC  (  167): xdr_std_msg_send_call: Sent Xid: 1d, Prog: 3000006b, Ver: 00010001, Proc: 00000002
I/ONCRPC  (  167): xdr_std_msg_send_call: Received Reply Xid: 1d, Prog: 3000006b, Ver: 00010001, Proc: 00000002
D/PowerManagerService(  365): setPowerState from userActivity! 
D/PowerManagerService(  365): setPowerState: mPowerState=0x3 newState=0x3 noChangeLights=false reason=2
D/memalloc(  154): /dev/pmem: Allocated buffer base:0x434ff000 size:16384 offset:20316160 fd:35
D/memalloc(  365): /dev/pmem: Mapped buffer base:0x635eb000 size:20332544 offset:20316160 fd:280
I/Adreno200-EGLSUB(  154): <CreateImage:893>: Android Image
I/Adreno200-EGLSUB(  154): <GetImageAttributes:1102>: RGBA_8888
D/memalloc(  154): /dev/pmem: Allocated buffer base:0x434ff000 size:3932160 offset:28344320 fd:38
D/memalloc(  610): /dev/pmem: Mapped buffer base:0x64488000 size:32276480 offset:28344320 fd:71
I/ActivityManager(  365): START {act=android.intent.action.MAIN cat=[android.intent.category.LAUNCHER] flg=0x10200000 cmp=com.android.browser/.BrowserActivity bnds=[908,640][1002,736]} from pid 610
I/Adreno200-EGLSUB(  154): <CreateImage:893>: Android Image
I/Adreno200-EGLSUB(  154): <GetImageAttributes:1102>: RGBA_8888
I/CNE_DEBUG(  365): CNE received action RSSI Changed events: android.net.wifi.RSSI_CHANGED
D/StatusBar.NetworkController(  481): refreshViews connected={ wifi } level=?? combinedSignalIconId=0x7f0200bb/com.android.systemui:drawable/stat_sys_wifi_signal_2_fully combinedActivityIconId=0x0 mAirplaneMode=false mDataActivity=0 mPhoneSignalIconId=0x7f0200a1 mDataDirectionIconId=0x0 mDataSignalIconId=0x7f0200a1 mDataTypeIconId=0x0 mNoSimIconId=0x0 mWifiIconId=0x7f0200bb mBluetoothTetherIconId=0x108053d
I/CNE     (  365): CNE received action RSSI Changed events - networkState: CONNECTED ssid= MTS-ROUTER rssi=-85 ipV4Addr=192.168.0.178 timeStamp:2013-11-19 18:03:22.805 networkState: CONNECTED
I/CNE_DEBUG(  365): UpdateWlanStatus type=21 state=1 softApState=11 rssi=-85 ssid=MTS-ROUTER ipAddr=192.168.0.178 iface=wlan0 timeStamp=2013-11-19 18:03:22.805
D/memalloc(  154): /dev/pmem: Allocated buffer base:0x434ff000 size:3932160 offset:3932160 fd:43
D/memalloc(  365): /dev/pmem: Mapped buffer base:0x6494f000 size:7864320 offset:3932160 fd:293
I/ActivityManager(  365): Start proc com.android.browser for activity com.android.browser/.BrowserActivity: pid=2242 uid=10036 gids={1006, 3003, 1015}
I/Adreno200-EGLSUB(  154): <CreateImage:893>: Android Image
I/Adreno200-EGLSUB(  154): <GetImageAttributes:1102>: RGBA_8888
I/WindowManager(  365): SCREENLAYOUT_SIZE (1:small, 2:normal, 3:large, 4:xlarge) 4
I/ActivityThread( 2242): Pub com.android.browser;browser: com.android.browser.provider.BrowserProvider2
I/ActivityThread( 2242): Pub com.android.browser.home: com.android.browser.homepages.HomeProvider
I/ActivityThread( 2242): Pub com.android.browser.snapshots: com.android.browser.provider.SnapshotProvider
I/Adreno200-EGLSUB(  154): <CreateImage:893>: Android Image
I/Adreno200-EGLSUB(  154): <GetImageAttributes:1102>: RGBA_8888
D/memalloc(  610): /dev/pmem: Unmapping buffer base:0x605a7000 size:28180480 offset:24248320
D/memalloc(  610): /dev/pmem: Unmapping buffer base:0x5d7b9000 size:3932160 offset:0
D/memalloc(  610): /dev/pmem: Unmapping buffer base:0x64488000 size:32276480 offset:28344320
D/memalloc(  154): /dev/pmem: Freeing buffer base:0x44c1f000 size:3932160 offset:24248320 fd:48
D/memalloc(  154): /dev/pmem: Freeing buffer base:0x434ff000 size:3932160 offset:0 fd:51
D/WebSettings( 2242): mDataPath: /data/data/com.android.browser
E/libEGL  ( 2242): call to OpenGL ES API with no current context (logged once per thread)
D/ShaderProgram( 2242): couldn't load the vertex shader!
E/libEGL  ( 2242): call to OpenGL ES API with no current context (logged once per thread)
D/ShaderProgram( 2242): couldn't load the vertex shader!
E/libEGL  ( 2242): call to OpenGL ES API with no current context (logged once per thread)
D/ShaderProgram( 2242): couldn't load the vertex shader!
E/libEGL  ( 2242): call to OpenGL ES API with no current context (logged once per thread)
D/ShaderProgram( 2242): couldn't load the vertex shader!
E/libEGL  ( 2242): call to OpenGL ES API with no current context (logged once per thread)
D/ShaderProgram( 2242): couldn't load the vertex shader!
D/memalloc(  154): /dev/pmem: Freeing buffer base:0x45007000 size:3932160 offset:28344320 fd:38
I/PowerManagerService(  365): received action:android.intent.action.BATTERY_CHANGED
I/CNE_DEBUG(  365): CNE received action: android.intent.action.BATTERY_CHANGED
I/CNE_DEBUG(  365): UpdateBatteryStatus status=3 pluginType=0 level=53
I/LowBatteryShowDialogPolicy( 1306): show dialog  ACTION_BATTERY_CHANGED
D/WebViewTimersControl( 2242): onBrowserActivityResume
D/WebViewTimersControl( 2242): Resuming webview timers, view=com.android.browser.BrowserWebView@42057478
W/BaseUi  ( 2242): mMainView is already attached to wrapper in attachTabToContentView!
W/BaseUi  ( 2242): mContainer is already attached to content in attachTabToContentView!
V/NFC     ( 2242): this device does not have NFC support
I/Adreno200-EGLSUB( 2242): <ConfigWindowMatch:2078>: Format RGBA_8888.
D/memalloc(  154): /dev/pmem: Allocated buffer base:0x434ff000 size:3932160 offset:0 fd:38
D/memalloc( 2242): /dev/pmem: Mapped buffer base:0x5d532000 size:3932160 offset:0 fd:73
D/Settings(  594): getAllInstallLangId().length10
D/memalloc(  154): /dev/pmem: Allocated buffer base:0x434ff000 size:3932160 offset:28344320 fd:48
D/memalloc( 2242): /dev/pmem: Mapped buffer base:0x5e23e000 size:32276480 offset:28344320 fd:84
I/Adreno200-EGLSUB(  154): <CreateImage:893>: Android Image
I/Adreno200-EGLSUB(  154): <GetImageAttributes:1102>: RGBA_8888
I/ActivityManager(  365): Displayed com.android.browser/.BrowserActivity: +1s456ms
V/chromium( 2242): external/chromium/net/host_resolver_helper/host_resolver_helper.cc:66: [1119/180324:INFO:host_resolver_helper.cc(66)] DNSPreResolver::Init got hostprovider:0x5d52b220
V/chromium( 2242): external/chromium/net/base/host_resolver_impl.cc:1515: [1119/180324:INFO:host_resolver_impl.cc(1515)] HostResolverImpl::SetPreresolver preresolver:0x00938d10
D/        ( 2242): external/chromium/net/socket/tcp_fin_aggregation_factory.cc: libtcpfinaggr.so successfully loaded
D/        ( 2242): external/chromium/net/socket/tcp_fin_aggregation_factory.cc,: TCP Fin Aggregation initializing method was found in libtcpfinaggr.so
D/TCPFinAggregation( 2242): system property net.tcp.fin.aggregation was set
D/TCPFinAggregation( 2242): system property net.tcp.fin.aggregation.wait was set, value: 20
D/TCPFinAggregation( 2242): system property net.tcp.fin.aggregation.close was set, value: 300
V/WebRequest( 2242): WebRequest::WebRequest, setPriority = 0
D/memalloc(  154): /dev/pmem: Allocated buffer base:0x434ff000 size:3932160 offset:7864320 fd:51
D/memalloc( 2242): /dev/pmem: Mapped buffer base:0x6061b000 size:11796480 offset:7864320 fd:95
I/Adreno200-EGLSUB(  154): <CreateImage:893>: Android Image
I/Adreno200-EGLSUB(  154): <GetImageAttributes:1102>: RGBA_8888
V/chromium( 2242): external/chromium/net/disk_cache/hostres_plugin_bridge.cc:52: [1119/180324:INFO:hostres_plugin_bridge.cc(52)] StatHubCreateHostResPlugin initializing...
V/chromium( 2242): external/chromium/net/disk_cache/hostres_plugin_bridge.cc:57: [1119/180324:INFO:hostres_plugin_bridge.cc(57)] StatHubCreateHostResPlugin lib loaded
V/chromium( 2242): external/chromium/net/disk_cache/hostres_plugin_bridge.cc:63: [1119/180324:INFO:hostres_plugin_bridge.cc(63)] StatHubCreateHostResPlugin plugin connected
V/chromium( 2242): external/chromium/net/http/http_cache.cc:1166: [1119/180324:INFO:http_cache.cc(1166)] HttpCache::OnBackendCreated HostStat created
V/chromium( 2242): external/chromium/net/disk_cache/stat_hub.h:157: [1119/180324:INFO:stat_hub.h(157)] Failed to open plugin:pageload_proc_plugin.so
V/chromium( 2242): external/chromium/net/disk_cache/stat_hub.cc:272: [1119/180324:INFO:stat_hub.cc(272)] StatHub::Init - processor pp_plugin (ver:2) is ready.
V/chromium( 2242): external/chromium/net/disk_cache/stat_hub.cc:272: [1119/180324:INFO:stat_hub.cc(272)] StatHub::Init - processor Undefined is ready.
I/Adreno200-EGLSUB(  154): <CreateImage:893>: Android Image
I/Adreno200-EGLSUB(  154): <GetImageAttributes:1102>: RGBA_8888
D/HostStatisticManager( 2242): HostStatisticProcessor enabled
D/HostStatisticManager( 2242): HostStatisticProcessor connecting DB
D/memalloc(  365): /dev/pmem: Unmapping buffer base:0x6494f000 size:7864320 offset:3932160
D/memalloc(  154): /dev/pmem: Freeing buffer base:0x438bf000 size:3932160 offset:3932160 fd:43
V/chromium( 2242): external/chromium/net/http/http_cache.cc:1169: [1119/180324:INFO:http_cache.cc(1169)] HttpCache::OnBackendCreated : StatHub is ready.
W/Tab     ( 2242): Failed to save back/forward list for http://www.google.ru/?gws_rd=cr&ei=D5JdUu_wB4jf4QS064DgAw
D/StatusBar.NetworkController(  481): refreshViews connected={ wifi } level=?? combinedSignalIconId=0x7f0200bb/com.android.systemui:drawable/stat_sys_wifi_signal_2_fully combinedActivityIconId=0x7f0200b5 mAirplaneMode=false mDataActivity=0 mPhoneSignalIconId=0x7f0200a1 mDataDirectionIconId=0x0 mDataSignalIconId=0x7f0200a1 mDataTypeIconId=0x0 mNoSimIconId=0x0 mWifiIconId=0x7f0200bb mBluetoothTetherIconId=0x108053d
D/StatusBar.NetworkController(  481): changing data overlay icon id to 2130837685
I/CNE_DEBUG(  365): CNE received action RSSI Changed events: android.net.wifi.RSSI_CHANGED
D/StatusBar.NetworkController(  481): refreshViews connected={ wifi } level=?? combinedSignalIconId=0x7f0200bd/com.android.systemui:drawable/stat_sys_wifi_signal_3_fully combinedActivityIconId=0x7f0200b5 mAirplaneMode=false mDataActivity=0 mPhoneSignalIconId=0x7f0200a1 mDataDirectionIconId=0x0 mDataSignalIconId=0x7f0200a1 mDataTypeIconId=0x0 mNoSimIconId=0x0 mWifiIconId=0x7f0200bd mBluetoothTetherIconId=0x108053d
I/CNE     (  365): CNE received action RSSI Changed events - networkState: CONNECTED ssid= MTS-ROUTER rssi=-76 ipV4Addr=192.168.0.178 timeStamp:2013-11-19 18:03:25.471 networkState: CONNECTED
I/CNE_DEBUG(  365): UpdateWlanStatus type=21 state=1 softApState=11 rssi=-76 ssid=MTS-ROUTER ipAddr=192.168.0.178 iface=wlan0 timeStamp=2013-11-19 18:03:25.471
D/PowerManagerService(  365): setPowerState from TimeoutTask! 
D/PowerManagerService(  365): setPowerState: mPowerState=0x3 newState=0x3 noChangeLights=false reason=3
D/StatusBar.NetworkController(  481): refreshViews connected={ wifi } level=?? combinedSignalIconId=0x7f0200bd/com.android.systemui:drawable/stat_sys_wifi_signal_3_fully combinedActivityIconId=0x0 mAirplaneMode=false mDataActivity=0 mPhoneSignalIconId=0x7f0200a1 mDataDirectionIconId=0x0 mDataSignalIconId=0x7f0200a1 mDataTypeIconId=0x0 mNoSimIconId=0x0 mWifiIconId=0x7f0200bd mBluetoothTetherIconId=0x108053d
D/StatusBar.NetworkController(  481): changing data overlay icon id to 0
D/StatusBar.NetworkController(  481): refreshViews connected={ wifi } level=?? combinedSignalIconId=0x7f0200bd/com.android.systemui:drawable/stat_sys_wifi_signal_3_fully combinedActivityIconId=0x7f0200b4 mAirplaneMode=false mDataActivity=0 mPhoneSignalIconId=0x7f0200a1 mDataDirectionIconId=0x0 mDataSignalIconId=0x7f0200a1 mDataTypeIconId=0x0 mNoSimIconId=0x0 mWifiIconId=0x7f0200bd mBluetoothTetherIconId=0x108053d
D/StatusBar.NetworkController(  481): changing data overlay icon id to 2130837684
I/ONCRPC  (  167): Setup RPC Call for task 40080270
I/ONCRPC  (  167): oncrpc_xdr_call_msg_start: Prog: 3000006b, Ver: 00010001, Proc: 00000002
I/ONCRPC  (  167): xdr_std_msg_send_call: Sent Xid: 1e, Prog: 3000006b, Ver: 00010001, Proc: 00000002
I/ONCRPC  (  167): xdr_std_msg_send_call: Received Reply Xid: 1e, Prog: 3000006b, Ver: 00010001, Proc: 00000002
D/StatusBar.NetworkController(  481): refreshViews connected={ wifi } level=?? combinedSignalIconId=0x7f0200bd/com.android.systemui:drawable/stat_sys_wifi_signal_3_fully combinedActivityIconId=0x0 mAirplaneMode=false mDataActivity=0 mPhoneSignalIconId=0x7f0200a1 mDataDirectionIconId=0x0 mDataSignalIconId=0x7f0200a1 mDataTypeIconId=0x0 mNoSimIconId=0x0 mWifiIconId=0x7f0200bd mBluetoothTetherIconId=0x108053d
D/StatusBar.NetworkController(  481): changing data overlay icon id to 0
D/StatusBar.NetworkController(  481): refreshViews connected={ wifi } level=?? combinedSignalIconId=0x7f0200bd/com.android.systemui:drawable/stat_sys_wifi_signal_3_fully combinedActivityIconId=0x7f0200b5 mAirplaneMode=false mDataActivity=0 mPhoneSignalIconId=0x7f0200a1 mDataDirectionIconId=0x0 mDataSignalIconId=0x7f0200a1 mDataTypeIconId=0x0 mNoSimIconId=0x0 mWifiIconId=0x7f0200bd mBluetoothTetherIconId=0x108053d
D/StatusBar.NetworkController(  481): changing data overlay icon id to 2130837685
D/androidNetworkLocationListeners(  718): Still have listener com.google.android.location.internal.client.NetworkLocationClient$1@41fa15f8
D/androidNetworkLocationListeners(  718): Still have listener com.google.android.location.internal.client.NetworkLocationClient$1@41fa15f8
D/NetworkLocator(  718): null cell state delivered
E/wpa_supplicant(  644): Ongoing Scan action...
D/NetworkLocator(  718): null cell state delivered
D/BT_DUN  (  738): Ignoring event PLATFORM_EVENT_ERROR in EMB_DATA_CALL_IDLE 
D/BT_DUN  (  738): Moved to state(EMB_DATA_CALL_IDLE) 
D/Tethering(  365): interfaceLinkStateChanged wlan0, true
D/Tethering(  365): interfaceStatusChanged wlan0, true
D/CNEJ    (  365): Swim RCCM received action: android.net.wifi.SCAN_RESULTS
D/CNEJ    (  365): sendWlanScanResultsEvent: scanResults size = 1
D/NetdConnector(  365): RCV <- {600 Iface linkstate wlan0 up}
V/CNEJ    (  365): handleWlanScanResultsUpdate
V/CNEJ    (  365): AP No. 0Level -75
V/CNEJ    (  365): AP No. 0Frequency 2437
V/CNEJ    (  365): AP No. 0SSID MTS-ROUTER
V/CNEJ    (  365): AP No. 0BSSID 14:d6:4d:70:13:aa
I/CNE_DEBUG(  365): CNE received action: android.net.wifi.SCAN_RESULTS
V/CNEJ    (  365): supplicant daemon is running
D/GpsLocationProvider(  365): Gps MessageHandler. msg.what 7
E/LocSvc_eng(  365): E/int loc_eng_inject_location(loc_eng_data_s_type&, double, double, float): log_eng state error: instance not initialized
W/dalvikvm( 1018): VFY: unable to resolve virtual method 2761: Landroid/location/Location;.isFromMockProvider ()Z
E/dalvikvm( 1018): Could not find class 'android.os.UserHandle', referenced from method fmh.c
W/dalvikvm( 1018): VFY: unable to resolve const-class 622 (Landroid/os/UserHandle;) in Lfmh;
D/StatusBar.NetworkController(  481): refreshViews connected={ wifi } level=?? combinedSignalIconId=0x7f0200bd/com.android.systemui:drawable/stat_sys_wifi_signal_3_fully combinedActivityIconId=0x0 mAirplaneMode=false mDataActivity=0 mPhoneSignalIconId=0x7f0200a1 mDataDirectionIconId=0x0 mDataSignalIconId=0x7f0200a1 mDataTypeIconId=0x0 mNoSimIconId=0x0 mWifiIconId=0x7f0200bd mBluetoothTetherIconId=0x108053d
D/StatusBar.NetworkController(  481): changing data overlay icon id to 0
D/memalloc(  154): /dev/pmem: Allocated buffer base:0x434ff000 size:16384 offset:32276480 fd:43
D/PowerManagerService(  365): setPowerState from userActivity! 
D/PowerManagerService(  365): setPowerState: mPowerState=0x3 newState=0x3 noChangeLights=false reason=2
D/memalloc(  365): /dev/pmem: Mapped buffer base:0x6494f000 size:32292864 offset:32276480 fd:285
I/Adreno200-EGLSUB(  154): <CreateImage:893>: Android Image
I/Adreno200-EGLSUB(  154): <GetImageAttributes:1102>: RGBA_8888
I/ActivityManager(  365): START {cmp=com.android.browser/.ComboViewActivity (has extras)} from pid 2242
D/WebViewTimersControl( 2242): onBrowserActivityPause
D/WebViewTimersControl( 2242): Pausing webview timers, view=com.android.browser.BrowserWebView@42057478
I/WindowManager(  365): SCREENLAYOUT_SIZE (1:small, 2:normal, 3:large, 4:xlarge) 4
D/androidNetworkLocationListeners(  718): Still have listener com.google.android.location.internal.client.NetworkLocationClient$1@41fa15f8
D/NetworkLocator(  718): null cell state delivered
V/Modem Warmup( 2242): modem warmup system property is true
V/Modem Warmup( 2242): resolving TJRKW7FD4W.com
I/Adreno200-EGLSUB( 2242): <ConfigWindowMatch:2078>: Format RGBA_8888.
D/memalloc(  154): /dev/pmem: Allocated buffer base:0x434ff000 size:3932160 offset:3932160 fd:62
D/memalloc( 2242): /dev/pmem: Mapped buffer base:0x631cd000 size:7864320 offset:3932160 fd:129
D/Settings(  594): getAllInstallLangId().length10
V/Modem Warmup( 2242): get by name failed java.net.UnknownHostException: Unable to resolve host "TJRKW7FD4W.com": No address associated with hostname
