D/StatusBar.NetworkController(  481): refreshViews connected={ wifi } level=?? combinedSignalIconId=0x7f0200bd/com.android.systemui:drawable/stat_sys_wifi_signal_3_fully combinedActivityIconId=0x0 mAirplaneMode=false mDataActivity=0 mPhoneSignalIconId=0x7f0200a1 mDataDirectionIconId=0x0 mDataSignalIconId=0x7f0200a1 mDataTypeIconId=0x0 mNoSimIconId=0x0 mWifiIconId=0x7f0200bd mBluetoothTetherIconId=0x108053d
D/StatusBar.NetworkController(  481): changing data overlay icon id to 0
D/PowerManagerService(  365): setPowerState from userActivity! 
D/PowerManagerService(  365): setPowerState: mPowerState=0x3 newState=0x3 noChangeLights=false reason=2
D/PowerManagerService(  365): setPowerState from userActivity! 
D/PowerManagerService(  365): setPowerState: mPowerState=0x3 newState=0x3 noChangeLights=false reason=2
D/PowerManagerService(  365): setPowerState from userActivity! 
D/PowerManagerService(  365): setPowerState: mPowerState=0x3 newState=0x3 noChangeLights=false reason=2
D/StatusBar.NetworkController(  481): refreshViews connected={ wifi } level=?? combinedSignalIconId=0x7f0200bd/com.android.systemui:drawable/stat_sys_wifi_signal_3_fully combinedActivityIconId=0x7f0200b6 mAirplaneMode=false mDataActivity=0 mPhoneSignalIconId=0x7f0200a1 mDataDirectionIconId=0x0 mDataSignalIconId=0x7f0200a1 mDataTypeIconId=0x0 mNoSimIconId=0x0 mWifiIconId=0x7f0200bd mBluetoothTetherIconId=0x108053d
D/StatusBar.NetworkController(  481): changing data overlay icon id to 2130837686
E/browser ( 2242): Console: Uncaught TypeError: Cannot read property 'menuobj' of undefined http://pccar.ru/clientscript/vbulletin_global.js?v=384:11
D/StatusBar.NetworkController(  481): refreshViews connected={ wifi } level=?? combinedSignalIconId=0x7f0200bd/com.android.systemui:drawable/stat_sys_wifi_signal_3_fully combinedActivityIconId=0x7f0200b5 mAirplaneMode=false mDataActivity=0 mPhoneSignalIconId=0x7f0200a1 mDataDirectionIconId=0x0 mDataSignalIconId=0x7f0200a1 mDataTypeIconId=0x0 mNoSimIconId=0x0 mWifiIconId=0x7f0200bd mBluetoothTetherIconId=0x108053d
D/StatusBar.NetworkController(  481): changing data overlay icon id to 2130837685
I/ONCRPC  (  167): Setup RPC Call for task 40080270
I/ONCRPC  (  167): oncrpc_xdr_call_msg_start: Prog: 3000006b, Ver: 00010001, Proc: 00000002
I/ONCRPC  (  167): xdr_std_msg_send_call: Sent Xid: 28, Prog: 3000006b, Ver: 00010001, Proc: 00000002
I/ONCRPC  (  167): xdr_std_msg_send_call: Received Reply Xid: 28, Prog: 3000006b, Ver: 00010001, Proc: 00000002
D/PowerManagerService(  365): setPowerState from userActivity! 
D/PowerManagerService(  365): setPowerState: mPowerState=0x3 newState=0x3 noChangeLights=false reason=2
D/PowerManagerService(  365): setPowerState from userActivity! 
D/PowerManagerService(  365): setPowerState: mPowerState=0x3 newState=0x3 noChangeLights=false reason=2
D/PowerManagerService(  365): setPowerState from userActivity! 
D/PowerManagerService(  365): setPowerState: mPowerState=0x3 newState=0x3 noChangeLights=false reason=2
D/StatusBar.NetworkController(  481): refreshViews connected={ wifi } level=?? combinedSignalIconId=0x7f0200bd/com.android.systemui:drawable/stat_sys_wifi_signal_3_fully combinedActivityIconId=0x0 mAirplaneMode=false mDataActivity=0 mPhoneSignalIconId=0x7f0200a1 mDataDirectionIconId=0x0 mDataSignalIconId=0x7f0200a1 mDataTypeIconId=0x0 mNoSimIconId=0x0 mWifiIconId=0x7f0200bd mBluetoothTetherIconId=0x108053d
D/StatusBar.NetworkController(  481): changing data overlay icon id to 0
D/PowerManagerService(  365): setPowerState from userActivity! 
D/PowerManagerService(  365): setPowerState: mPowerState=0x3 newState=0x3 noChangeLights=false reason=2
I/CNE_DEBUG(  365): CNE received action RSSI Changed events: android.net.wifi.RSSI_CHANGED
D/StatusBar.NetworkController(  481): refreshViews connected={ wifi } level=?? combinedSignalIconId=0x7f0200bb/com.android.systemui:drawable/stat_sys_wifi_signal_2_fully combinedActivityIconId=0x0 mAirplaneMode=false mDataActivity=0 mPhoneSignalIconId=0x7f0200a1 mDataDirectionIconId=0x0 mDataSignalIconId=0x7f0200a1 mDataTypeIconId=0x0 mNoSimIconId=0x0 mWifiIconId=0x7f0200bb mBluetoothTetherIconId=0x108053d
I/CNE     (  365): CNE received action RSSI Changed events - networkState: CONNECTED ssid= MTS-ROUTER rssi=-82 ipV4Addr=192.168.0.178 timeStamp:2013-11-19 18:05:17.027 networkState: CONNECTED
I/CNE_DEBUG(  365): UpdateWlanStatus type=21 state=1 softApState=11 rssi=-82 ssid=MTS-ROUTER ipAddr=192.168.0.178 iface=wlan0 timeStamp=2013-11-19 18:05:17.027
D/PowerManagerService(  365): setPowerState from userActivity! 
D/PowerManagerService(  365): setPowerState: mPowerState=0x3 newState=0x3 noChangeLights=false reason=2
D/PowerManagerService(  365): setPowerState from userActivity! 
D/PowerManagerService(  365): setPowerState: mPowerState=0x3 newState=0x3 noChangeLights=false reason=2
I/ONCRPC  (  167): Setup RPC Call for task 40080270
I/ONCRPC  (  167): oncrpc_xdr_call_msg_start: Prog: 3000006b, Ver: 00010001, Proc: 00000002
I/ONCRPC  (  167): xdr_std_msg_send_call: Sent Xid: 29, Prog: 3000006b, Ver: 00010001, Proc: 00000002
I/ONCRPC  (  167): xdr_std_msg_send_call: Received Reply Xid: 29, Prog: 3000006b, Ver: 00010001, Proc: 00000002
D/PowerManagerService(  365): setPowerState from userActivity! 
D/PowerManagerService(  365): setPowerState: mPowerState=0x3 newState=0x3 noChangeLights=false reason=2
I/CNE_DEBUG(  365): CNE received action RSSI Changed events: android.net.wifi.RSSI_CHANGED
D/StatusBar.NetworkController(  481): refreshViews connected={ wifi } level=?? combinedSignalIconId=0x7f0200b9/com.android.systemui:drawable/stat_sys_wifi_signal_1_fully combinedActivityIconId=0x0 mAirplaneMode=false mDataActivity=0 mPhoneSignalIconId=0x7f0200a1 mDataDirectionIconId=0x0 mDataSignalIconId=0x7f0200a1 mDataTypeIconId=0x0 mNoSimIconId=0x0 mWifiIconId=0x7f0200b9 mBluetoothTetherIconId=0x108053d
I/CNE     (  365): CNE received action RSSI Changed events - networkState: CONNECTED ssid= MTS-ROUTER rssi=-87 ipV4Addr=192.168.0.178 timeStamp:2013-11-19 18:05:19.917 networkState: CONNECTED
I/CNE_DEBUG(  365): UpdateWlanStatus type=21 state=1 softApState=11 rssi=-87 ssid=MTS-ROUTER ipAddr=192.168.0.178 iface=wlan0 timeStamp=2013-11-19 18:05:19.917
D/PowerManagerService(  365): setPowerState from userActivity! 
D/PowerManagerService(  365): setPowerState: mPowerState=0x3 newState=0x3 noChangeLights=false reason=2
D/PowerManagerService(  365): setPowerState from userActivity! 
D/PowerManagerService(  365): setPowerState: mPowerState=0x3 newState=0x3 noChangeLights=false reason=2
I/CNE_DEBUG(  365): CNE received action RSSI Changed events: android.net.wifi.RSSI_CHANGED
D/StatusBar.NetworkController(  481): refreshViews connected={ wifi } level=?? combinedSignalIconId=0x7f0200bd/com.android.systemui:drawable/stat_sys_wifi_signal_3_fully combinedActivityIconId=0x0 mAirplaneMode=false mDataActivity=0 mPhoneSignalIconId=0x7f0200a1 mDataDirectionIconId=0x0 mDataSignalIconId=0x7f0200a1 mDataTypeIconId=0x0 mNoSimIconId=0x0 mWifiIconId=0x7f0200bd mBluetoothTetherIconId=0x108053d
I/CNE     (  365): CNE received action RSSI Changed events - networkState: CONNECTED ssid= MTS-ROUTER rssi=-78 ipV4Addr=192.168.0.178 timeStamp:2013-11-19 18:05:22.936 networkState: CONNECTED
I/CNE_DEBUG(  365): UpdateWlanStatus type=21 state=1 softApState=11 rssi=-78 ssid=MTS-ROUTER ipAddr=192.168.0.178 iface=wlan0 timeStamp=2013-11-19 18:05:22.936
D/PowerManagerService(  365): setPowerState from userActivity! 
D/PowerManagerService(  365): setPowerState: mPowerState=0x3 newState=0x3 noChangeLights=false reason=2
D/StatusBar.NetworkController(  481): refreshViews connected={ wifi } level=?? combinedSignalIconId=0x7f0200bd/com.android.systemui:drawable/stat_sys_wifi_signal_3_fully combinedActivityIconId=0x7f0200b5 mAirplaneMode=false mDataActivity=0 mPhoneSignalIconId=0x7f0200a1 mDataDirectionIconId=0x0 mDataSignalIconId=0x7f0200a1 mDataTypeIconId=0x0 mNoSimIconId=0x0 mWifiIconId=0x7f0200bd mBluetoothTetherIconId=0x108053d
D/StatusBar.NetworkController(  481): changing data overlay icon id to 2130837685
D/PowerManagerService(  365): setPowerState from userActivity! 
D/PowerManagerService(  365): setPowerState: mPowerState=0x3 newState=0x3 noChangeLights=false reason=2
D/StatusBar.NetworkController(  481): refreshViews connected={ wifi } level=?? combinedSignalIconId=0x7f0200bd/com.android.systemui:drawable/stat_sys_wifi_signal_3_fully combinedActivityIconId=0x7f0200b4 mAirplaneMode=false mDataActivity=0 mPhoneSignalIconId=0x7f0200a1 mDataDirectionIconId=0x0 mDataSignalIconId=0x7f0200a1 mDataTypeIconId=0x0 mNoSimIconId=0x0 mWifiIconId=0x7f0200bd mBluetoothTetherIconId=0x108053d
D/StatusBar.NetworkController(  481): changing data overlay icon id to 2130837684
D/PowerManagerService(  365): setPowerState from userActivity! 
D/PowerManagerService(  365): setPowerState: mPowerState=0x3 newState=0x3 noChangeLights=false reason=2
D/PowerManagerService(  365): setPowerState from userActivity! 
D/PowerManagerService(  365): setPowerState: mPowerState=0x3 newState=0x3 noChangeLights=false reason=2
D/StatusBar.NetworkController(  481): refreshViews connected={ wifi } level=?? combinedSignalIconId=0x7f0200bd/com.android.systemui:drawable/stat_sys_wifi_signal_3_fully combinedActivityIconId=0x0 mAirplaneMode=false mDataActivity=0 mPhoneSignalIconId=0x7f0200a1 mDataDirectionIconId=0x0 mDataSignalIconId=0x7f0200a1 mDataTypeIconId=0x0 mNoSimIconId=0x0 mWifiIconId=0x7f0200bd mBluetoothTetherIconId=0x108053d
D/StatusBar.NetworkController(  481): changing data overlay icon id to 0
I/PowerManagerService(  365): received action:android.intent.action.BATTERY_CHANGED
I/CNE_DEBUG(  365): CNE received action: android.intent.action.BATTERY_CHANGED
I/CNE_DEBUG(  365): UpdateBatteryStatus status=3 pluginType=0 level=50
I/LowBatteryShowDialogPolicy( 1306): show dialog  ACTION_BATTERY_CHANGED
D/PowerManagerService(  365): setPowerState from userActivity! 
D/PowerManagerService(  365): setPowerState: mPowerState=0x3 newState=0x3 noChangeLights=false reason=2
D/PowerManagerService(  365): setPowerState from userActivity! 
D/PowerManagerService(  365): setPowerState: mPowerState=0x3 newState=0x3 noChangeLights=false reason=2
I/ONCRPC  (  167): Setup RPC Call for task 40080270
I/ONCRPC  (  167): oncrpc_xdr_call_msg_start: Prog: 3000006b, Ver: 00010001, Proc: 00000002
I/ONCRPC  (  167): xdr_std_msg_send_call: Sent Xid: 2a, Prog: 3000006b, Ver: 00010001, Proc: 00000002
I/ONCRPC  (  167): xdr_std_msg_send_call: Received Reply Xid: 2a, Prog: 3000006b, Ver: 00010001, Proc: 00000002
D/PowerManagerService(  365): setPowerState from userActivity! 
D/PowerManagerService(  365): setPowerState: mPowerState=0x3 newState=0x3 noChangeLights=false reason=2
D/PowerManagerService(  365): setPowerState from userActivity! 
D/PowerManagerService(  365): setPowerState: mPowerState=0x3 newState=0x3 noChangeLights=false reason=2
D/PowerManagerService(  365): setPowerState from userActivity! 
D/PowerManagerService(  365): setPowerState: mPowerState=0x3 newState=0x3 noChangeLights=false reason=2
D/PowerManagerService(  365): setPowerState from userActivity! 
D/PowerManagerService(  365): setPowerState: mPowerState=0x3 newState=0x3 noChangeLights=false reason=2
V/webview ( 2242): hitTestResult use fallback
W/Controller( 2242): We should not show context menu when nothing is touched
E/        ( 2242): glEndTilingQCOM: 0x502
E/        ( 2242): glEndTilingQCOM: 0x502
E/        ( 2242): glEndTilingQCOM: 0x502
E/        ( 2242): glEndTilingQCOM: 0x502
E/        ( 2242): glEndTilingQCOM: 0x502
D/PowerManagerService(  365): setPowerState from userActivity! 
D/PowerManagerService(  365): setPowerState: mPowerState=0x3 newState=0x3 noChangeLights=false reason=2
E/        ( 2242): glEndTilingQCOM: 0x502
E/        ( 2242): glEndTilingQCOM: 0x502
D/PowerManagerService(  365): setPowerState from userActivity! 
D/PowerManagerService(  365): setPowerState: mPowerState=0x3 newState=0x3 noChangeLights=false reason=2
D/PowerManagerService(  365): setPowerState from userActivity! 
D/PowerManagerService(  365): setPowerState: mPowerState=0x3 newState=0x3 noChangeLights=false reason=2
D/PowerManagerService(  365): setPowerState from userActivity! 
D/PowerManagerService(  365): setPowerState: mPowerState=0x3 newState=0x3 noChangeLights=false reason=2
E/        ( 2242): glEndTilingQCOM: 0x502
E/        ( 2242): glEndTilingQCOM: 0x502
E/        ( 2242): glEndTilingQCOM: 0x502
E/        ( 2242): glEndTilingQCOM: 0x502
E/        ( 2242): glEndTilingQCOM: 0x502
D/PowerManagerService(  365): setPowerState from userActivity! 
D/PowerManagerService(  365): setPowerState: mPowerState=0x3 newState=0x3 noChangeLights=false reason=2
D/PowerManagerService(  365): setPowerState from userActivity! 
D/PowerManagerService(  365): setPowerState: mPowerState=0x3 newState=0x3 noChangeLights=false reason=2
V/webview ( 2242): hitTestResult use fallback
W/Controller( 2242): We should not show context menu when nothing is touched
D/PowerManagerService(  365): setPowerState from userActivity! 
D/PowerManagerService(  365): setPowerState: mPowerState=0x3 newState=0x3 noChangeLights=false reason=2
E/        ( 2242): glEndTilingQCOM: 0x502
E/        ( 2242): glEndTilingQCOM: 0x502
E/        ( 2242): glEndTilingQCOM: 0x502
E/        ( 2242): glEndTilingQCOM: 0x502
E/        ( 2242): glEndTilingQCOM: 0x502
E/        ( 2242): glEndTilingQCOM: 0x502
D/PowerManagerService(  365): setPowerState from userActivity! 
D/PowerManagerService(  365): setPowerState: mPowerState=0x3 newState=0x3 noChangeLights=false reason=2
I/ONCRPC  (  167): Setup RPC Call for task 40080270
I/ONCRPC  (  167): oncrpc_xdr_call_msg_start: Prog: 3000006b, Ver: 00010001, Proc: 00000002
I/ONCRPC  (  167): xdr_std_msg_send_call: Sent Xid: 2b, Prog: 3000006b, Ver: 00010001, Proc: 00000002
I/ONCRPC  (  167): xdr_std_msg_send_call: Received Reply Xid: 2b, Prog: 3000006b, Ver: 00010001, Proc: 00000002
D/PowerManagerService(  365): setPowerState from userActivity! 
D/PowerManagerService(  365): setPowerState: mPowerState=0x3 newState=0x3 noChangeLights=false reason=2
D/IccCardPlugPolicy( 1306): radioDetectThread start
D/IccCardPlugPolicy( 1306): telephone status : CALL_STATE_IDLE
D/IccCardPlugPolicy( 1306): sim state is off hwVersion : U
D/IccCardPlugPolicy( 1306): send offline
D/PhoneApp(  623): mReceiver: ACTION_PHONE_RADIO_OFFLINE
D/PowerManagerService(  365): setPowerState from userActivity! 
D/PowerManagerService(  365): setPowerState: mPowerState=0x3 newState=0x3 noChangeLights=false reason=2
D/PowerManagerService(  365): setPowerState from userActivity! 
D/PowerManagerService(  365): setPowerState: mPowerState=0x3 newState=0x3 noChangeLights=false reason=2
D/PowerManagerService(  365): setPowerState from userActivity! 
D/PowerManagerService(  365): setPowerState: mPowerState=0x3 newState=0x3 noChangeLights=false reason=2
D/PowerManagerService(  365): setPowerState from userActivity! 
D/PowerManagerService(  365): setPowerState: mPowerState=0x3 newState=0x3 noChangeLights=false reason=2
D/PowerManagerService(  365): setPowerState from userActivity! 
D/PowerManagerService(  365): setPowerState: mPowerState=0x3 newState=0x3 noChangeLights=false reason=2
I/CNE_DEBUG(  365): CNE received action RSSI Changed events: android.net.wifi.RSSI_CHANGED
D/StatusBar.NetworkController(  481): refreshViews connected={ wifi } level=?? combinedSignalIconId=0x7f0200bb/com.android.systemui:drawable/stat_sys_wifi_signal_2_fully combinedActivityIconId=0x0 mAirplaneMode=false mDataActivity=0 mPhoneSignalIconId=0x7f0200a1 mDataDirectionIconId=0x0 mDataSignalIconId=0x7f0200a1 mDataTypeIconId=0x0 mNoSimIconId=0x0 mWifiIconId=0x7f0200bb mBluetoothTetherIconId=0x108053d
I/CNE     (  365): CNE received action RSSI Changed events - networkState: CONNECTED ssid= MTS-ROUTER rssi=-81 ipV4Addr=192.168.0.178 timeStamp:2013-11-19 18:05:44.058 networkState: CONNECTED
I/CNE_DEBUG(  365): UpdateWlanStatus type=21 state=1 softApState=11 rssi=-81 ssid=MTS-ROUTER ipAddr=192.168.0.178 iface=wlan0 timeStamp=2013-11-19 18:05:44.058
D/CarCam  ( 1627): ru.pccar.CarCamService$4:ACTION_USB_DEVICE_ATTACHED
D/CarCam  ( 1627): VIDIOC_DQBUF error 19, No such device
D/CarCam  ( 1627): ru.pccar.CarCamService$CarCamRepeat:WTF, no input signall
D/CarCam  ( 1627): stop capturing and close device
D/CarCam  ( 1627): VIDIOC_STREAMOFF error 19, No such device
D/CarCam  ( 1627): ru.pccar.CarCamService$CarCamRepeat:end repeating, camera not exist
D/StatusBar.NetworkController(  481): refreshViews connected={ wifi } level=?? combinedSignalIconId=0x7f0200bb/com.android.systemui:drawable/stat_sys_wifi_signal_2_fully combinedActivityIconId=0x7f0200b4 mAirplaneMode=false mDataActivity=0 mPhoneSignalIconId=0x7f0200a1 mDataDirectionIconId=0x0 mDataSignalIconId=0x7f0200a1 mDataTypeIconId=0x0 mNoSimIconId=0x0 mWifiIconId=0x7f0200bb mBluetoothTetherIconId=0x108053d
D/StatusBar.NetworkController(  481): changing data overlay icon id to 2130837684
D/PowerManagerService(  365): setPowerState from userActivity! 
D/PowerManagerService(  365): setPowerState: mPowerState=0x3 newState=0x3 noChangeLights=false reason=2
D/PowerManagerService(  365): setPowerState from userActivity! 
D/PowerManagerService(  365): setPowerState: mPowerState=0x3 newState=0x3 noChangeLights=false reason=2
D/StatusBar.NetworkController(  481): refreshViews connected={ wifi } level=?? combinedSignalIconId=0x7f0200bb/com.android.systemui:drawable/stat_sys_wifi_signal_2_fully combinedActivityIconId=0x0 mAirplaneMode=false mDataActivity=0 mPhoneSignalIconId=0x7f0200a1 mDataDirectionIconId=0x0 mDataSignalIconId=0x7f0200a1 mDataTypeIconId=0x0 mNoSimIconId=0x0 mWifiIconId=0x7f0200bb mBluetoothTetherIconId=0x108053d
D/StatusBar.NetworkController(  481): changing data overlay icon id to 0
D/PowerManagerService(  365): setPowerState from userActivity! 
D/PowerManagerService(  365): setPowerState: mPowerState=0x3 newState=0x3 noChangeLights=false reason=2
W/webview ( 2242): Miss a drag as we are waiting for WebCore's response for touch down.
I/CNE_DEBUG(  365): CNE received action RSSI Changed events: android.net.wifi.RSSI_CHANGED
D/StatusBar.NetworkController(  481): refreshViews connected={ wifi } level=?? combinedSignalIconId=0x7f0200bd/com.android.systemui:drawable/stat_sys_wifi_signal_3_fully combinedActivityIconId=0x0 mAirplaneMode=false mDataActivity=0 mPhoneSignalIconId=0x7f0200a1 mDataDirectionIconId=0x0 mDataSignalIconId=0x7f0200a1 mDataTypeIconId=0x0 mNoSimIconId=0x0 mWifiIconId=0x7f0200bd mBluetoothTetherIconId=0x108053d
I/CNE     (  365): CNE received action RSSI Changed events - networkState: CONNECTED ssid= MTS-ROUTER rssi=-76 ipV4Addr=192.168.0.178 timeStamp:2013-11-19 18:05:47.32 networkState: CONNECTED
I/CNE_DEBUG(  365): UpdateWlanStatus type=21 state=1 softApState=11 rssi=-76 ssid=MTS-ROUTER ipAddr=192.168.0.178 iface=wlan0 timeStamp=2013-11-19 18:05:47.32
D/PowerManagerService(  365): setPowerState from userActivity! 
D/PowerManagerService(  365): setPowerState: mPowerState=0x3 newState=0x3 noChangeLights=false reason=2
I/ONCRPC  (  167): Setup RPC Call for task 40080270
I/ONCRPC  (  167): oncrpc_xdr_call_msg_start: Prog: 3000006b, Ver: 00010001, Proc: 00000002
I/ONCRPC  (  167): xdr_std_msg_send_call: Sent Xid: 2c, Prog: 3000006b, Ver: 00010001, Proc: 00000002
I/ONCRPC  (  167): xdr_std_msg_send_call: Received Reply Xid: 2c, Prog: 3000006b, Ver: 00010001, Proc: 00000002
D/PowerManagerService(  365): setPowerState from acquireWakeLockLocked! 
D/PowerManagerService(  365): setPowerState: mPowerState=0x3 newState=0x3 noChangeLights=false reason=3
D/memalloc(  154): /dev/pmem: Allocated buffer base:0x434ff000 size:73728 offset:32292864 fd:38
D/memalloc( 2242): /dev/pmem: Mapped buffer base:0x640ab000 size:32366592 offset:32292864 fd:133
I/Adreno200-EGLSUB(  154): <CreateImage:893>: Android Image
I/Adreno200-EGLSUB(  154): <GetImageAttributes:1102>: RGBA_8888
E/        ( 2242): glEndTilingQCOM: 0x502
E/        ( 2242): glEndTilingQCOM: 0x502
E/        ( 2242): glEndTilingQCOM: 0x502
E/        ( 2242): glEndTilingQCOM: 0x502
E/        ( 2242): glEndTilingQCOM: 0x502
I/CNE_DEBUG(  365): CNE received action RSSI Changed events: android.net.wifi.RSSI_CHANGED
D/StatusBar.NetworkController(  481): refreshViews connected={ wifi } level=?? combinedSignalIconId=0x7f0200bb/com.android.systemui:drawable/stat_sys_wifi_signal_2_fully combinedActivityIconId=0x0 mAirplaneMode=false mDataActivity=0 mPhoneSignalIconId=0x7f0200a1 mDataDirectionIconId=0x0 mDataSignalIconId=0x7f0200a1 mDataTypeIconId=0x0 mNoSimIconId=0x0 mWifiIconId=0x7f0200bb mBluetoothTetherIconId=0x108053d
I/CNE     (  365): CNE received action RSSI Changed events - networkState: CONNECTED ssid= MTS-ROUTER rssi=-81 ipV4Addr=192.168.0.178 timeStamp:2013-11-19 18:05:50.099 networkState: CONNECTED
I/CNE_DEBUG(  365): UpdateWlanStatus type=21 state=1 softApState=11 rssi=-81 ssid=MTS-ROUTER ipAddr=192.168.0.178 iface=wlan0 timeStamp=2013-11-19 18:05:50.099
D/memalloc( 2242): /dev/pmem: Unmapping buffer base:0x640ab000 size:32366592 offset:32292864
D/memalloc(  154): /dev/pmem: Freeing buffer base:0x453cb000 size:73728 offset:32292864 fd:38
D/PowerManagerService(  365): setPowerState from userActivity! 
D/PowerManagerService(  365): setPowerState: mPowerState=0x3 newState=0x3 noChangeLights=false reason=2
D/PowerManagerService(  365): setPowerState from acquireWakeLockLocked! 
D/PowerManagerService(  365): setPowerState: mPowerState=0x3 newState=0x3 noChangeLights=false reason=3
D/PowerManagerService(  365): setPowerState from userActivity! 
D/PowerManagerService(  365): setPowerState: mPowerState=0x3 newState=0x3 noChangeLights=false reason=2
E/WMS.preprocess(  365): mFlags =25231616
W/WindowManager(  365): statePower =normal
D/PowerManagerService(  365): setPowerState from userActivity! 
D/PowerManagerService(  365): setPowerState: mPowerState=0x3 newState=0x3 noChangeLights=false reason=2
E/WMS.preprocess(  365): mFlags =25231616
W/WindowManager(  365): statePower =normal
I/ActivityManager(  365): START {act=android.intent.action.MAIN cat=[android.intent.category.HOME] flg=0x10200000 cmp=com.android.launcher/com.android.launcher2.Launcher} from pid 365
D/WebViewTimersControl( 2242): onBrowserActivityPause
D/WebViewTimersControl( 2242): Pausing webview timers, view=com.android.browser.BrowserWebView@42389f18
I/WindowManager(  365): SCREENLAYOUT_SIZE (1:small, 2:normal, 3:large, 4:xlarge) 4
I/Adreno200-EGLSUB(  610): <ConfigWindowMatch:2078>: Format RGBA_8888.
D/memalloc(  154): /dev/pmem: Allocated buffer base:0x434ff000 size:3932160 offset:0 fd:38
D/memalloc(  610): /dev/pmem: Mapped buffer base:0x5d787000 size:3932160 offset:0 fd:46
D/memalloc(  154): /dev/pmem: Allocated buffer base:0x434ff000 size:3932160 offset:28344320 fd:48
D/memalloc(  610): /dev/pmem: Mapped buffer base:0x5ee87000 size:32276480 offset:28344320 fd:49
D/StatusBar.NetworkController(  481): refreshViews connected={ wifi } level=?? combinedSignalIconId=0x7f0200bb/com.android.systemui:drawable/stat_sys_wifi_signal_2_fully combinedActivityIconId=0x7f0200b6 mAirplaneMode=false mDataActivity=0 mPhoneSignalIconId=0x7f0200a1 mDataDirectionIconId=0x0 mDataSignalIconId=0x7f0200a1 mDataTypeIconId=0x0 mNoSimIconId=0x0 mWifiIconId=0x7f0200bb mBluetoothTetherIconId=0x108053d
D/StatusBar.NetworkController(  481): changing data overlay icon id to 2130837686
I/Adreno200-EGLSUB(  154): <CreateImage:893>: Android Image
I/Adreno200-EGLSUB(  154): <GetImageAttributes:1102>: RGBA_8888
D/memalloc( 2242): /dev/pmem: Unmapping buffer base:0x6681d000 size:7864320 offset:3932160
D/memalloc( 2242): /dev/pmem: Unmapping buffer base:0x67003000 size:11796480 offset:7864320
D/memalloc( 2242): /dev/pmem: Unmapping buffer base:0x67b43000 size:40468480 offset:36536320
D/memalloc(  154): /dev/pmem: Freeing buffer base:0x43c7f000 size:3932160 offset:7864320 fd:65
D/memalloc(  154): /dev/pmem: Freeing buffer base:0x457d7000 size:3932160 offset:36536320 fd:68
D/Settings(  594): getAllInstallLangId().length10
W/InputManagerService(  365): Starting input on non-focused client com.android.internal.view.IInputMethodClient$Stub$Proxy@42a96540 (uid=10036 pid=2242)
I/ActivityManager(  365): No longer want ru.ivi.client (pid 1840): hidden #16
D/memalloc(  154): /dev/pmem: Freeing buffer base:0x438bf000 size:3932160 offset:3932160 fd:62
D/StatusBar.NetworkController(  481): refreshViews connected={ wifi } level=?? combinedSignalIconId=0x7f0200bb/com.android.systemui:drawable/stat_sys_wifi_signal_2_fully combinedActivityIconId=0x7f0200b5 mAirplaneMode=false mDataActivity=0 mPhoneSignalIconId=0x7f0200a1 mDataDirectionIconId=0x0 mDataSignalIconId=0x7f0200a1 mDataTypeIconId=0x0 mNoSimIconId=0x0 mWifiIconId=0x7f0200bb mBluetoothTetherIconId=0x108053d
D/StatusBar.NetworkController(  481): changing data overlay icon id to 2130837685
D/StatusBar.NetworkController(  481): refreshViews connected={ wifi } level=?? combinedSignalIconId=0x7f0200bb/com.android.systemui:drawable/stat_sys_wifi_signal_2_fully combinedActivityIconId=0x0 mAirplaneMode=false mDataActivity=0 mPhoneSignalIconId=0x7f0200a1 mDataDirectionIconId=0x0 mDataSignalIconId=0x7f0200a1 mDataTypeIconId=0x0 mNoSimIconId=0x0 mWifiIconId=0x7f0200bb mBluetoothTetherIconId=0x108053d
D/StatusBar.NetworkController(  481): changing data overlay icon id to 0
D/PowerManagerService(  365): setPowerState from userActivity! 
D/PowerManagerService(  365): setPowerState: mPowerState=0x3 newState=0x3 noChangeLights=false reason=2
D/memalloc(  154): /dev/pmem: Allocated buffer base:0x434ff000 size:3932160 offset:20332544 fd:51
D/memalloc(  610): /dev/pmem: Mapped buffer base:0x60d4f000 size:24264704 offset:20332544 fd:71
I/ActivityManager(  365): START {act=android.intent.action.MAIN cat=[android.intent.category.LAUNCHER] flg=0x10000000 pkg=jackpal.androidterm cmp=jackpal.androidterm/.Term bnds=[152,444][246,540]} from pid 610
D/memalloc(  154): /dev/pmem: Allocated buffer base:0x434ff000 size:3932160 offset:3932160 fd:62
D/memalloc(  365): /dev/pmem: Mapped buffer base:0x6681b000 size:7864320 offset:3932160 fd:300
I/Adreno200-EGLSUB(  154): <CreateImage:893>: Android Image
I/Adreno200-EGLSUB(  154): <GetImageAttributes:1102>: RGBA_8888
I/Adreno200-EGLSUB(  154): <CreateImage:893>: Android Image
I/Adreno200-EGLSUB(  154): <GetImageAttributes:1158>: RGBX_8888
I/ActivityManager(  365): Start proc jackpal.androidterm for activity jackpal.androidterm/.Term: pid=2678 uid=10110 gids={3003, 1015}
I/WindowManager(  365): SCREENLAYOUT_SIZE (1:small, 2:normal, 3:large, 4:xlarge) 4
I/CNE_DEBUG(  365): CNE received action RSSI Changed events: android.net.wifi.RSSI_CHANGED
D/StatusBar.NetworkController(  481): refreshViews connected={ wifi } level=?? combinedSignalIconId=0x7f0200bd/com.android.systemui:drawable/stat_sys_wifi_signal_3_fully combinedActivityIconId=0x0 mAirplaneMode=false mDataActivity=0 mPhoneSignalIconId=0x7f0200a1 mDataDirectionIconId=0x0 mDataSignalIconId=0x7f0200a1 mDataTypeIconId=0x0 mNoSimIconId=0x0 mWifiIconId=0x7f0200bd mBluetoothTetherIconId=0x108053d
E/Term    ( 2678): onCreate
I/CNE     (  365): CNE received action RSSI Changed events - networkState: CONNECTED ssid= MTS-ROUTER rssi=-77 ipV4Addr=192.168.0.178 timeStamp:2013-11-19 18:05:56.319 networkState: CONNECTED
I/CNE_DEBUG(  365): UpdateWlanStatus type=21 state=1 softApState=11 rssi=-77 ssid=MTS-ROUTER ipAddr=192.168.0.178 iface=wlan0 timeStamp=2013-11-19 18:05:56.319
I/WindowManager(  365): SCREENLAYOUT_SIZE (1:small, 2:normal, 3:large, 4:xlarge) 4
I/WindowManager(  365): SCREENLAYOUT_SIZE (1:small, 2:normal, 3:large, 4:xlarge) 4
D/Term    ( 2678): TermService started
I/TermService( 2678): Activity called onBind()
I/Adreno200-EGLSUB(  154): <CreateImage:893>: Android Image
I/Adreno200-EGLSUB(  154): <GetImageAttributes:1102>: RGBA_8888
D/memalloc(  610): /dev/pmem: Unmapping buffer base:0x5d787000 size:3932160 offset:0
D/memalloc(  610): /dev/pmem: Unmapping buffer base:0x5ee87000 size:32276480 offset:28344320
D/memalloc(  610): /dev/pmem: Unmapping buffer base:0x60d4f000 size:24264704 offset:20332544
I/Term    ( 2678): Bound to TermService
I/TermService( 2678): Activity binding to service
D/memalloc(  154): /dev/pmem: Freeing buffer base:0x434ff000 size:3932160 offset:0 fd:38
D/memalloc(  154): /dev/pmem: Freeing buffer base:0x45007000 size:3932160 offset:28344320 fd:48
D/memalloc(  154): /dev/pmem: Allocated buffer base:0x434ff000 size:3932160 offset:0 fd:38
D/Settings(  594): getAllInstallLangId().length10
D/memalloc( 2678): /dev/pmem: Mapped buffer base:0x5c15e000 size:3932160 offset:0 fd:38
I/ActivityManager(  365): Displayed jackpal.androidterm/.Term: +560ms
I/Adreno200-EGLSUB(  154): <CreateImage:893>: Android Image
I/Adreno200-EGLSUB(  154): <GetImageAttributes:1158>: RGBX_8888
E/msm8660.hwcomposer(  154): DYN: switch to GPU (5898240 > 4096000)
E/msm8660.hwcomposer(  154): DYN: weight = 200, height=752, width=1280
E/msm8660.hwcomposer(  154): DYN: weight = 200, height=752, width=1280
E/msm8660.hwcomposer(  154): DYN: weight = 200, height=752, width=1280
E/msm8660.hwcomposer(  154): DYN: weight = 200, height=48, width=1280
D/memalloc(  365): /dev/pmem: Unmapping buffer base:0x6681b000 size:7864320 offset:3932160
E/msm8660.hwcomposer(  154): DYN: switch to C2D (2048000 > 4096000)
E/msm8660.hwcomposer(  154): DYN: weight = 200, height=752, width=1280
E/msm8660.hwcomposer(  154): DYN: weight = 200, height=48, width=1280
D/memalloc(  154): /dev/pmem: Freeing buffer base:0x44863000 size:3932160 offset:20332544 fd:51
D/memalloc(  154): /dev/pmem: Freeing buffer base:0x438bf000 size:3932160 offset:3932160 fd:62
I/libjackpal-androidterm( 2678): JNI_OnLoad
I/WindowManager(  365): SCREENLAYOUT_SIZE (1:small, 2:normal, 3:large, 4:xlarge) 4
I/Term    ( 2678): waiting for: 2695
D/memalloc(  154): /dev/pmem: Allocated buffer base:0x434ff000 size:3932160 offset:28344320 fd:48
D/memalloc( 2678): /dev/pmem: Mapped buffer base:0x5c94e000 size:32276480 offset:28344320 fd:49
I/Adreno200-EGLSUB(  154): <CreateImage:893>: Android Image
I/Adreno200-EGLSUB(  154): <GetImageAttributes:1158>: RGBX_8888
D/Settings(  594): getAllInstallLangId().length10
I/PowerManagerService(  365): received action:android.intent.action.BATTERY_CHANGED
I/CNE_DEBUG(  365): CNE received action: android.intent.action.BATTERY_CHANGED
I/CNE_DEBUG(  365): UpdateBatteryStatus status=3 pluginType=0 level=46
I/LowBatteryShowDialogPolicy( 1306): show dialog  ACTION_BATTERY_CHANGED
D/PowerManagerService(  365): setPowerState from userActivity! 
D/PowerManagerService(  365): setPowerState: mPowerState=0x3 newState=0x3 noChangeLights=false reason=2
I/ONCRPC  (  167): Setup RPC Call for task 40080270
I/ONCRPC  (  167): oncrpc_xdr_call_msg_start: Prog: 3000006b, Ver: 00010001, Proc: 00000002
I/ONCRPC  (  167): xdr_std_msg_send_call: Sent Xid: 2d, Prog: 3000006b, Ver: 00010001, Proc: 00000002
I/ONCRPC  (  167): xdr_std_msg_send_call: Received Reply Xid: 2d, Prog: 3000006b, Ver: 00010001, Proc: 00000002
D/PowerManagerService(  365): setPowerState from userActivity! 
D/PowerManagerService(  365): setPowerState: mPowerState=0x3 newState=0x3 noChangeLights=false reason=2
E/InputMethodService(  594): Unexpected null in startExtractingText : mExtractedText = null, input connection = com.android.internal.view.InputConnectionWrapper@420be270
E/InputMethodService(  594): Unexpected null in startExtractingText : mExtractedText = null, input connection = com.android.internal.view.InputConnectionWrapper@420be270
D/PinyinIME(  594): 2
D/Settings(  594): getAllInstallLangId().length10
W/CursorWrapperInner(  594): Cursor finalized without prior close()
E/InputMethodService(  594): Unexpected null in startExtractingText : mExtractedText = null, input connection = com.android.internal.view.InputConnectionWrapper@420be270
E/        (  594): nativeHwInitEngine
E/PinyinIME(  594): showWindow called.
E/xxx     (  594): setKeyboardChanged:true
E/@@      (  594): enableToggleStates() rowid:14
E/xxx     (  594): setKeyboardChanged:true
I/ActivityManager(  365): No longer want com.pikpok.turbo (pid 1867): hidden #16
D/memalloc(  154): /dev/pmem: Allocated buffer base:0x434ff000 size:3932160 offset:20332544 fd:51
D/memalloc(  594): /dev/pmem: Mapped buffer base:0x5c93a000 size:24264704 offset:20332544 fd:38
I/Adreno200-EGLSUB(  154): <CreateImage:893>: Android Image
I/Adreno200-EGLSUB(  154): <GetImageAttributes:1102>: RGBA_8888
D/memalloc(  154): /dev/pmem: Allocated buffer base:0x434ff000 size:3932160 offset:3932160 fd:62
D/memalloc(  594): /dev/pmem: Mapped buffer base:0x5e096000 size:7864320 offset:3932160 fd:44
I/Adreno200-EGLSUB(  154): <CreateImage:893>: Android Image
I/Adreno200-EGLSUB(  154): <GetImageAttributes:1102>: RGBA_8888
D/PowerManagerService(  365): setPowerState from userActivity! 
D/PowerManagerService(  365): setPowerState: mPowerState=0x3 newState=0x3 noChangeLights=false reason=2
D/memalloc(  154): /dev/pmem: Allocated buffer base:0x434ff000 size:98304 offset:32292864 fd:65
D/memalloc(  594): /dev/pmem: Mapped buffer base:0x5e816000 size:32391168 offset:32292864 fd:47
I/Adreno200-EGLSUB(  154): <CreateImage:893>: Android Image
I/Adreno200-EGLSUB(  154): <GetImageAttributes:1102>: RGBA_8888
D/memalloc(  594): /dev/pmem: Unmapping buffer base:0x5e816000 size:32391168 offset:32292864
D/memalloc(  154): /dev/pmem: Freeing buffer base:0x453cb000 size:98304 offset:32292864 fd:65
D/PowerManagerService(  365): setPowerState from userActivity! 
D/PowerManagerService(  365): setPowerState: mPowerState=0x3 newState=0x3 noChangeLights=false reason=2
D/memalloc(  154): /dev/pmem: Allocated buffer base:0x434ff000 size:98304 offset:32292864 fd:65
D/memalloc(  594): /dev/pmem: Mapped buffer base:0x5e816000 size:32391168 offset:32292864 fd:47
I/Adreno200-EGLSUB(  154): <CreateImage:893>: Android Image
I/Adreno200-EGLSUB(  154): <GetImageAttributes:1102>: RGBA_8888
D/memalloc(  594): /dev/pmem: Unmapping buffer base:0x5e816000 size:32391168 offset:32292864
D/memalloc(  154): /dev/pmem: Freeing buffer base:0x453cb000 size:98304 offset:32292864 fd:65
D/PowerManagerService(  365): setPowerState from userActivity! 
D/PowerManagerService(  365): setPowerState: mPowerState=0x3 newState=0x3 noChangeLights=false reason=2
D/memalloc(  154): /dev/pmem: Allocated buffer base:0x434ff000 size:163840 offset:32292864 fd:65
D/memalloc(  594): /dev/pmem: Mapped buffer base:0x5e816000 size:32456704 offset:32292864 fd:47
I/Adreno200-EGLSUB(  154): <CreateImage:893>: Android Image
I/Adreno200-EGLSUB(  154): <GetImageAttributes:1102>: RGBA_8888
E/su      ( 2712): sudb - Opening database
E/su      ( 2712): sudb - Database opened
E/su      ( 2712): sudb - Database closed
D/su      ( 2712): 10110 /system/bin/mksh executing 0 /system/bin/sh using shell /system/bin/sh : sh
I/ActivityManager(  365): Start proc com.noshufou.android.su for broadcast com.noshufou.android.su/.SuResultReceiver: pid=2714 uid=10131 gids={3003, 1015}
D/memalloc(  594): /dev/pmem: Unmapping buffer base:0x5e816000 size:32456704 offset:32292864
I/ActivityThread( 2714): Pub com.noshufou.android.su.provider: com.noshufou.android.su.provider.PermissionsProvider
D/memalloc(  154): /dev/pmem: Freeing buffer base:0x453cb000 size:163840 offset:32292864 fd:65
D/PowerManagerService(  365): setPowerState from acquireWakeLockLocked! 
D/PowerManagerService(  365): setPowerState: mPowerState=0x3 newState=0x3 noChangeLights=false reason=3
D/memalloc(  154): /dev/pmem: Allocated buffer base:0x434ff000 size:147456 offset:32292864 fd:65
D/memalloc( 2714): /dev/pmem: Mapped buffer base:0x5c3e2000 size:32440320 offset:32292864 fd:48
I/Adreno200-EGLSUB(  154): <CreateImage:893>: Android Image
I/Adreno200-EGLSUB(  154): <GetImageAttributes:1102>: RGBA_8888
D/StatusBar.NetworkController(  481): refreshViews connected={ wifi } level=?? combinedSignalIconId=0x7f0200bd/com.android.systemui:drawable/stat_sys_wifi_signal_3_fully combinedActivityIconId=0x7f0200b4 mAirplaneMode=false mDataActivity=0 mPhoneSignalIconId=0x7f0200a1 mDataDirectionIconId=0x0 mDataSignalIconId=0x7f0200a1 mDataTypeIconId=0x0 mNoSimIconId=0x0 mWifiIconId=0x7f0200bd mBluetoothTetherIconId=0x108053d
D/StatusBar.NetworkController(  481): changing data overlay icon id to 2130837684
D/memalloc( 2714): /dev/pmem: Unmapping buffer base:0x5c3e2000 size:32440320 offset:32292864
I/ActivityManager(  365): No longer want com.android.contacts (pid 1884): hidden #16
D/PowerManagerService(  365): setPowerState from userActivity! 
D/PowerManagerService(  365): setPowerState: mPowerState=0x3 newState=0x3 noChangeLights=false reason=2
D/PowerManagerService(  365): setPowerState from acquireWakeLockLocked! 
D/PowerManagerService(  365): setPowerState: mPowerState=0x3 newState=0x3 noChangeLights=false reason=3
D/memalloc(  154): /dev/pmem: Freeing buffer base:0x453cb000 size:147456 offset:32292864 fd:65
D/StatusBar.NetworkController(  481): refreshViews connected={ wifi } level=?? combinedSignalIconId=0x7f0200bd/com.android.systemui:drawable/stat_sys_wifi_signal_3_fully combinedActivityIconId=0x0 mAirplaneMode=false mDataActivity=0 mPhoneSignalIconId=0x7f0200a1 mDataDirectionIconId=0x0 mDataSignalIconId=0x7f0200a1 mDataTypeIconId=0x0 mNoSimIconId=0x0 mWifiIconId=0x7f0200bd mBluetoothTetherIconId=0x108053d
D/StatusBar.NetworkController(  481): changing data overlay icon id to 0
D/PowerManagerService(  365): setPowerState from userActivity! 
D/PowerManagerService(  365): setPowerState: mPowerState=0x3 newState=0x3 noChangeLights=false reason=2
D/PowerManagerService(  365): setPowerState from userActivity! 
D/PowerManagerService(  365): setPowerState: mPowerState=0x3 newState=0x3 noChangeLights=false reason=2
D/memalloc(  154): /dev/pmem: Allocated buffer base:0x434ff000 size:856064 offset:24264704 fd:65
D/memalloc( 2678): /dev/pmem: Mapped buffer base:0x5e816000 size:25120768 offset:24264704 fd:52
I/Adreno200-EGLSUB(  154): <CreateImage:893>: Android Image
I/Adreno200-EGLSUB(  154): <GetImageAttributes:1102>: RGBA_8888
E/msm8660.hwcomposer(  154): DYN: switch to GPU (5286515 > 4096000)
E/msm8660.hwcomposer(  154): DYN: weight = 200, height=752, width=1280
E/msm8660.hwcomposer(  154): DYN: weight = 150, height=752, width=1280
E/msm8660.hwcomposer(  154): DYN: weight = 150, height=800, width=1280
E/msm8660.hwcomposer(  154): DYN: weight = 150, height=309, width=550
E/msm8660.hwcomposer(  154): DYN: weight = 200, height=48, width=1280
E/msm8660.hwcomposer(  154): DYN: weight = 150, height=50, width=50
D/PowerManagerService(  365): setPowerState from userActivity! 
D/PowerManagerService(  365): setPowerState: mPowerState=0x3 newState=0x3 noChangeLights=false reason=2
I/ONCRPC  (  167): Setup RPC Call for task 40080270
I/ONCRPC  (  167): oncrpc_xdr_call_msg_start: Prog: 3000006b, Ver: 00010001, Proc: 00000002
I/ONCRPC  (  167): xdr_std_msg_send_call: Sent Xid: 2e, Prog: 3000006b, Ver: 00010001, Proc: 00000002
I/ONCRPC  (  167): xdr_std_msg_send_call: Received Reply Xid: 2e, Prog: 3000006b, Ver: 00010001, Proc: 00000002
D/memalloc(  154): /dev/pmem: Allocated buffer base:0x434ff000 size:856064 offset:25120768 fd:68
D/memalloc( 2678): /dev/pmem: Mapped buffer base:0x6002f000 size:25976832 offset:25120768 fd:58
I/Adreno200-EGLSUB(  154): <CreateImage:893>: Android Image
I/Adreno200-EGLSUB(  154): <GetImageAttributes:1102>: RGBA_8888
D/PowerManagerService(  365): setPowerState from userActivity! 
D/PowerManagerService(  365): setPowerState: mPowerState=0x3 newState=0x3 noChangeLights=false reason=2
D/memalloc( 2678): /dev/pmem: Unmapping buffer base:0x5e816000 size:25120768 offset:24264704
D/memalloc(  154): /dev/pmem: Freeing buffer base:0x44c23000 size:856064 offset:24264704 fd:65
D/memalloc( 2678): /dev/pmem: Unmapping buffer base:0x6002f000 size:25976832 offset:25120768
W/InputManagerService(  365): Window already focused, ignoring focus gain of: com.android.internal.view.IInputMethodClient$Stub$Proxy@42862310
E/msm8660.hwcomposer(  154): DYN: switch to C2D (3491840 > 4096000)
E/msm8660.hwcomposer(  154): DYN: weight = 200, height=752, width=1280
E/msm8660.hwcomposer(  154): DYN: weight = 150, height=752, width=1280
E/msm8660.hwcomposer(  154): DYN: weight = 200, height=48, width=1280
D/memalloc(  154): /dev/pmem: Freeing buffer base:0x44cf4000 size:856064 offset:25120768 fd:68
D/PowerManagerService(  365): setPowerState from userActivity! 
D/PowerManagerService(  365): setPowerState: mPowerState=0x3 newState=0x3 noChangeLights=false reason=2
D/memalloc(  154): /dev/pmem: Allocated buffer base:0x434ff000 size:163840 offset:32292864 fd:65
D/memalloc(  594): /dev/pmem: Mapped buffer base:0x5e816000 size:32456704 offset:32292864 fd:47
I/Adreno200-EGLSUB(  154): <CreateImage:893>: Android Image
I/Adreno200-EGLSUB(  154): <GetImageAttributes:1102>: RGBA_8888
D/memalloc(  594): /dev/pmem: Unmapping buffer base:0x5e816000 size:32456704 offset:32292864
D/memalloc(  154): /dev/pmem: Freeing buffer base:0x453cb000 size:163840 offset:32292864 fd:65
I/CNE_DEBUG(  365): CNE received action RSSI Changed events: android.net.wifi.RSSI_CHANGED
D/StatusBar.NetworkController(  481): refreshViews connected={ wifi } level=?? combinedSignalIconId=0x7f0200bd/com.android.systemui:drawable/stat_sys_wifi_signal_3_fully combinedActivityIconId=0x0 mAirplaneMode=false mDataActivity=0 mPhoneSignalIconId=0x7f0200a1 mDataDirectionIconId=0x0 mDataSignalIconId=0x7f0200a1 mDataTypeIconId=0x0 mNoSimIconId=0x0 mWifiIconId=0x7f0200bd mBluetoothTetherIconId=0x108053d
I/CNE     (  365): CNE received action RSSI Changed events - networkState: CONNECTED ssid= MTS-ROUTER rssi=-80 ipV4Addr=192.168.0.178 timeStamp:2013-11-19 18:06:17.41 networkState: CONNECTED
I/CNE_DEBUG(  365): UpdateWlanStatus type=21 state=1 softApState=11 rssi=-80 ssid=MTS-ROUTER ipAddr=192.168.0.178 iface=wlan0 timeStamp=2013-11-19 18:06:17.41
D/PowerManagerService(  365): setPowerState from userActivity! 
D/PowerManagerService(  365): setPowerState: mPowerState=0x3 newState=0x3 noChangeLights=false reason=2
I/Adreno200-EGLSUB(  481): <ConfigWindowMatch:2078>: Format RGBA_8888.
D/memalloc(  154): /dev/pmem: Allocated buffer base:0x434ff000 size:1945600 offset:24264704 fd:65
D/memalloc(  481): /dev/pmem: Mapped buffer base:0x5f700000 size:26210304 offset:24264704 fd:75
E/        (  481): glEndTilingQCOM: 0x502
D/memalloc(  154): /dev/pmem: Allocated buffer base:0x434ff000 size:1945600 offset:26210304 fd:68
D/memalloc(  481): /dev/pmem: Mapped buffer base:0x61047000 size:28155904 offset:26210304 fd:78
I/Adreno200-EGLSUB(  154): <CreateImage:893>: Android Image
I/Adreno200-EGLSUB(  154): <GetImageAttributes:1102>: RGBA_8888
W/ResourceType(  365): Invalid package identifier when getting bag for resource number 0x7f0d0008
E/msm8660.hwcomposer(  154): DYN: switch to GPU (4211840 > 4096000)
E/msm8660.hwcomposer(  154): DYN: weight = 200, height=752, width=1280
E/msm8660.hwcomposer(  154): DYN: weight = 150, height=752, width=1280
E/msm8660.hwcomposer(  154): DYN: weight = 200, height=48, width=1280
E/msm8660.hwcomposer(  154): DYN: weight = 150, height=800, width=600
D/memalloc(  154): /dev/pmem: Allocated buffer base:0x434ff000 size:1945600 offset:7864320 fd:71
D/memalloc(  481): /dev/pmem: Mapped buffer base:0x62d81000 size:9809920 offset:7864320 fd:81
I/Adreno200-EGLSUB(  154): <CreateImage:893>: Android Image
I/Adreno200-EGLSUB(  154): <GetImageAttributes:1102>: RGBA_8888
I/Adreno200-EGLSUB(  154): <CreateImage:893>: Android Image
I/Adreno200-EGLSUB(  154): <GetImageAttributes:1102>: RGBA_8888
D/PowerManagerService(  365): setPowerState from userActivity! 
D/PowerManagerService(  365): setPowerState: mPowerState=0x3 newState=0x3 noChangeLights=false reason=2
I/WindowManager(  365): SCREENLAYOUT_SIZE (1:small, 2:normal, 3:large, 4:xlarge) 4
D/WebViewTimersControl( 2242): onBrowserActivityResume
D/WebViewTimersControl( 2242): Resuming webview timers, view=com.android.browser.BrowserWebView@42389f18
W/BaseUi  ( 2242): mMainView is already attached to wrapper in attachTabToContentView!
W/BaseUi  ( 2242): mContainer is already attached to content in attachTabToContentView!
D/memalloc(  594): /dev/pmem: Unmapping buffer base:0x5c93a000 size:24264704 offset:20332544
D/memalloc(  154): /dev/pmem: Freeing buffer base:0x44863000 size:3932160 offset:20332544 fd:51
D/memalloc(  594): /dev/pmem: Unmapping buffer base:0x5e096000 size:7864320 offset:3932160
E/        (  481): glEndTilingQCOM: 0x502
I/Adreno200-EGLSUB( 2242): <ConfigWindowMatch:2078>: Format RGBA_8888.
D/memalloc(  154): /dev/pmem: Allocated buffer base:0x434ff000 size:3932160 offset:20332544 fd:51
D/memalloc( 2242): /dev/pmem: Mapped buffer base:0x640ab000 size:24264704 offset:20332544 fd:132
I/ONCRPC  (  167): Setup RPC Call for task 40080270
I/ONCRPC  (  167): oncrpc_xdr_call_msg_start: Prog: 3000006b, Ver: 00010001, Proc: 00000002
I/ONCRPC  (  167): xdr_std_msg_send_call: Sent Xid: 2f, Prog: 3000006b, Ver: 00010001, Proc: 00000002
I/ONCRPC  (  167): xdr_std_msg_send_call: Received Reply Xid: 2f, Prog: 3000006b, Ver: 00010001, Proc: 00000002
D/memalloc(  154): /dev/pmem: Allocated buffer base:0x434ff000 size:3932160 offset:36536320 fd:74
D/memalloc( 2242): /dev/pmem: Mapped buffer base:0x657cf000 size:40468480 offset:36536320 fd:135
I/Adreno200-EGLSUB(  154): <CreateImage:893>: Android Image
I/Adreno200-EGLSUB(  154): <GetImageAttributes:1102>: RGBA_8888
D/memalloc(  154): /dev/pmem: Allocated buffer base:0x434ff000 size:3932160 offset:40468480 fd:77
D/memalloc( 2678): /dev/pmem: Unmapping buffer base:0x5c15e000 size:3932160 offset:0
D/memalloc(  154): /dev/pmem: Freeing buffer base:0x434ff000 size:3932160 offset:0 fd:38
D/memalloc( 2678): /dev/pmem: Unmapping buffer base:0x5c94e000 size:32276480 offset:28344320
D/memalloc( 2242): /dev/pmem: Mapped buffer base:0x67e85000 size:44400640 offset:40468480 fd:138
I/Adreno200-EGLSUB(  154): <CreateImage:893>: Android Image
I/Adreno200-EGLSUB(  154): <GetImageAttributes:1102>: RGBA_8888
D/memalloc(  154): /dev/pmem: Freeing buffer base:0x438bf000 size:3932160 offset:3932160 fd:62
D/memalloc(  481): /dev/pmem: Unmapping buffer base:0x5f700000 size:26210304 offset:24264704
D/memalloc(  481): /dev/pmem: Unmapping buffer base:0x61047000 size:28155904 offset:26210304
D/memalloc(  481): /dev/pmem: Unmapping buffer base:0x62d81000 size:9809920 offset:7864320
D/memalloc(  154): /dev/pmem: Freeing buffer base:0x44dfe000 size:1945600 offset:26210304 fd:68
D/memalloc(  154): /dev/pmem: Freeing buffer base:0x43c7f000 size:1945600 offset:7864320 fd:71
E/msm8660.hwcomposer(  154): DYN: switch to C2D (3399190 > 4096000)
E/msm8660.hwcomposer(  154): DYN: weight = 150, height=800, width=1280
E/msm8660.hwcomposer(  154): DYN: weight = 200, height=715, width=1217
E/msm8660.hwcomposer(  154): DYN: weight = 200, height=48, width=1280
D/Settings(  594): getAllInstallLangId().length10
W/IInputConnectionWrapper( 2678): showStatusIcon on inactive InputConnection
W/InputManagerService(  365): Starting input on non-focused client com.android.internal.view.IInputMethodClient$Stub$Proxy@42500368 (uid=10110 pid=2678)
D/memalloc(  154): /dev/pmem: Freeing buffer base:0x44c23000 size:1945600 offset:24264704 fd:65
I/Adreno200-EGLSUB(  154): <CreateImage:893>: Android Image
I/Adreno200-EGLSUB(  154): <GetImageAttributes:1102>: RGBA_8888
D/memalloc(  154): /dev/pmem: Freeing buffer base:0x45007000 size:3932160 offset:28344320 fd:48
I/CNE_DEBUG(  365): CNE received action RSSI Changed events: android.net.wifi.RSSI_CHANGED
D/StatusBar.NetworkController(  481): refreshViews connected={ wifi } level=?? combinedSignalIconId=0x7f0200bd/com.android.systemui:drawable/stat_sys_wifi_signal_3_fully combinedActivityIconId=0x0 mAirplaneMode=false mDataActivity=0 mPhoneSignalIconId=0x7f0200a1 mDataDirectionIconId=0x0 mDataSignalIconId=0x7f0200a1 mDataTypeIconId=0x0 mNoSimIconId=0x0 mWifiIconId=0x7f0200bd mBluetoothTetherIconId=0x108053d
I/CNE     (  365): CNE received action RSSI Changed events - networkState: CONNECTED ssid= MTS-ROUTER rssi=-77 ipV4Addr=192.168.0.178 timeStamp:2013-11-19 18:06:20.406 networkState: CONNECTED
I/CNE_DEBUG(  365): UpdateWlanStatus type=21 state=1 softApState=11 rssi=-77 ssid=MTS-ROUTER ipAddr=192.168.0.178 iface=wlan0 timeStamp=2013-11-19 18:06:20.406
I/CNE_DEBUG(  365): CNE received action RSSI Changed events: android.net.wifi.RSSI_CHANGED
D/StatusBar.NetworkController(  481): refreshViews connected={ wifi } level=?? combinedSignalIconId=0x7f0200bb/com.android.systemui:drawable/stat_sys_wifi_signal_2_fully combinedActivityIconId=0x0 mAirplaneMode=false mDataActivity=0 mPhoneSignalIconId=0x7f0200a1 mDataDirectionIconId=0x0 mDataSignalIconId=0x7f0200a1 mDataTypeIconId=0x0 mNoSimIconId=0x0 mWifiIconId=0x7f0200bb mBluetoothTetherIconId=0x108053d
D/PowerManagerService(  365): setPowerState from userActivity! 
D/PowerManagerService(  365): setPowerState: mPowerState=0x3 newState=0x3 noChangeLights=false reason=2
I/CNE     (  365): CNE received action RSSI Changed events - networkState: CONNECTED ssid= MTS-ROUTER rssi=-83 ipV4Addr=192.168.0.178 timeStamp:2013-11-19 18:06:23.552 networkState: CONNECTED
I/CNE_DEBUG(  365): UpdateWlanStatus type=21 state=1 softApState=11 rssi=-83 ssid=MTS-ROUTER ipAddr=192.168.0.178 iface=wlan0 timeStamp=2013-11-19 18:06:23.552
D/PowerManagerService(  365): setPowerState from userActivity! 
D/PowerManagerService(  365): setPowerState: mPowerState=0x3 newState=0x3 noChangeLights=false reason=2
D/PowerManagerService(  365): setPowerState from userActivity! 
D/PowerManagerService(  365): setPowerState: mPowerState=0x3 newState=0x3 noChangeLights=false reason=2
D/PowerManagerService(  365): setPowerState from userActivity! 
D/PowerManagerService(  365): setPowerState: mPowerState=0x3 newState=0x3 noChangeLights=false reason=2
D/PowerManagerService(  365): setPowerState from userActivity! 
D/PowerManagerService(  365): setPowerState: mPowerState=0x3 newState=0x3 noChangeLights=false reason=2
