D/MediaScanner(  534): yy begin time: 1ms Path=/mnt/sdcard/SF_IV_DATA/e_cmy_atk_h2.oto
D/MediaScanner(  534): yy begin time: 0ms Path=/mnt/sdcard/SF_IV_DATA/e_com_list_sgt_1.obm
D/MediaScanner(  534): yy begin time: 0ms Path=/mnt/sdcard/SF_IV_DATA/e_cvp_sc1.oto
D/MediaScanner(  534): yy begin time: 1ms Path=/mnt/sdcard/SF_IV_DATA/e_dsm_sav2.oto
D/MediaScanner(  534): yy begin time: 0ms Path=/mnt/sdcard/SF_IV_DATA/e_gul_uc_1.oto
D/MediaScanner(  534): yy begin time: 0ms Path=/mnt/sdcard/SF_IV_DATA/e_zgf_c5_2.obm
D/MediaScanner(  534): yy begin time: 0ms Path=/mnt/sdcard/SF_IV_DATA/e_zgf_sc2.oto
D/MediaScanner(  534): yy begin time: 1ms Path=/mnt/sdcard/SF_IV_DATA/f_cmb12.tas
D/MediaScanner(  534): yy begin time: 0ms Path=/mnt/sdcard/SF_IV_DATA/f_cmy_c3_2.obm
D/MediaScanner(  534): yy begin time: 0ms Path=/mnt/sdcard/SF_IV_DATA/f_dsm_c2_1.obm
D/MediaScanner(  534): yy begin time: 0ms Path=/mnt/sdcard/SF_IV_DATA/guile_23_2P.obm
D/MediaScanner(  534): yy begin time: 0ms Path=/mnt/sdcard/SF_IV_DATA/guile_eff_04.im2
D/MediaScanner(  534): yy begin time: 0ms Path=/mnt/sdcard/SF_IV_DATA/gul_w_summer1.oto
D/MediaScanner(  534): yy begin time: 0ms Path=/mnt/sdcard/SF_IV_DATA/honda_30.obm
D/MediaScanner(  534): yy begin time: 0ms Path=/mnt/sdcard/SF_IV_DATA/Jammed1-3.im2
D/MediaScanner(  534): yy begin time: 0ms Path=/mnt/sdcard/SF_IV_DATA/ken31_2P.obm
D/MediaScanner(  534): yy begin time: 1ms Path=/mnt/sdcard/SF_IV_DATA/ken_c4_1.obm
D/MediaScanner(  534): yy begin time: 0ms Path=/mnt/sdcard/SF_IV_DATA/k_djy_win.mes
D/MediaScanner(  534): yy begin time: 0ms Path=/mnt/sdcard/SF_IV_DATA/k_gul_c5_2.obm
D/MediaScanner(  534): yy begin time: 0ms Path=/mnt/sdcard/SF_IV_DATA/re_dj11_2.im2
D/MediaScanner(  534): yy begin time: 1ms Path=/mnt/sdcard/SF_IV_DATA/re_gul5_1.im2
D/MediaScanner(  534): yy begin time: 0ms Path=/mnt/sdcard/SF_IV_DATA/re_ryu3_2.im2
D/MediaScanner(  534): yy begin time: 0ms Path=/mnt/sdcard/SF_IV_DATA/re_sgt10_1.im2
D/MediaScanner(  534): yy begin time: 1ms Path=/mnt/sdcard/SF_IV_DATA/ryu35.obm
D/MediaScanner(  534): yy begin time: 0ms Path=/mnt/sdcard/SF_IV_DATA/ryu_c4_3.obm
D/MediaScanner(  534): yy begin time: 0ms Path=/mnt/sdcard/SF_IV_DATA/sgt47_2P.obm
D/MediaScanner(  534): yy begin time: 0ms Path=/mnt/sdcard/SF_IV_DATA/sgt_eff_12.im2
D/MediaScanner(  534): yy begin time: 1ms Path=/mnt/sdcard/SF_IV_DATA/vega_47.obm
D/MediaScanner(  534): yy begin time: 0ms Path=/mnt/sdcard/SF_IV_DATA/veg_warp_se.oto
D/MediaScanner(  534): yy begin time: 0ms Path=/mnt/sdcard/SF_IV_DATA/vip_eff11.im2
D/MediaScanner(  534): yy begin time: 0ms Path=/mnt/sdcard/SF_IV_DATA/vip_eff37.im2
D/MediaScanner(  534): yy begin time: 1ms Path=/mnt/sdcard/SF_IV_DATA/zangief_03_2P.obm
D/MediaScanner(  534): yy begin time: 0ms Path=/mnt/sdcard/SF_IV_DATA/abel_15_2P.obm
D/MediaScanner(  534): yy begin time: 0ms Path=/mnt/sdcard/SF_IV_DATA/abel_Pict.idx
D/MediaScanner(  534): yy begin time: 0ms Path=/mnt/sdcard/SF_IV_DATA/agl_c4_1.obm
D/MediaScanner(  534): yy begin time: 1ms Path=/mnt/sdcard/SF_IV_DATA/back_ken.obm
D/MediaScanner(  534): yy begin time: 0ms Path=/mnt/sdcard/SF_IV_DATA/blanka_02.obm
D/MediaScanner(  534): yy begin time: 0ms Path=/mnt/sdcard/SF_IV_DATA/blanka_51_2P.obm
D/MediaScanner(  534): yy begin time: 0ms Path=/mnt/sdcard/SF_IV_DATA/blk_c1_3.obm
D/MediaScanner(  534): yy begin time: 0ms Path=/mnt/sdcard/SF_IV_DATA/chunli_16_2P.obm
D/MediaScanner(  534): yy begin time: 0ms Path=/mnt/sdcard/SF_IV_DATA/cnl_100retu.oto
D/MediaScanner(  534): yy begin time: 0ms Path=/mnt/sdcard/SF_IV_DATA/cnl_atk_h2.oto
D/MediaScanner(  534): yy begin time: 0ms Path=/mnt/sdcard/SF_IV_DATA/cnl_c2_1.obm
D/MediaScanner(  534): yy begin time: 0ms Path=/mnt/sdcard/SF_IV_DATA/cnl_throw_miss.oto
D/MediaScanner(  534): yy begin time: 0ms Path=/mnt/sdcard/SF_IV_DATA/continue.obm
D/MediaScanner(  534): yy begin time: 0ms Path=/mnt/sdcard/SF_IV_DATA/cvp_ex_burn.oto
D/MediaScanner(  534): yy begin time: 0ms Path=/mnt/sdcard/SF_IV_DATA/dhalsim_15.obm
D/MediaScanner(  534): yy begin time: 0ms Path=/mnt/sdcard/SF_IV_DATA/dj_28_2P.obm
D/MediaScanner(  534): yy begin time: 0ms Path=/mnt/sdcard/SF_IV_DATA/eff_psy.im2
D/MediaScanner(  534): yy begin time: 0ms Path=/mnt/sdcard/SF_IV_DATA/e_blk_sav1.oto
D/MediaScanner(  534): yy begin time: 1ms Path=/mnt/sdcard/SF_IV_DATA/e_blk_sc1.oto
D/MediaScanner(  534): yy begin time: 0ms Path=/mnt/sdcard/SF_IV_DATA/e_cmy_hiza_ko.oto
D/MediaScanner(  534): yy begin time: 0ms Path=/mnt/sdcard/SF_IV_DATA/e_com_list_sgt_2.obm
D/MediaScanner(  534): yy begin time: 0ms Path=/mnt/sdcard/SF_IV_DATA/e_gul_sonic.oto
D/MediaScanner(  534): yy begin time: 0ms Path=/mnt/sdcard/SF_IV_DATA/e_hnd_atk_m2.oto
D/MediaScanner(  534): yy begin time: 0ms Path=/mnt/sdcard/SF_IV_DATA/e_veg_cont.oto
D/MediaScanner(  534): yy begin time: 0ms Path=/mnt/sdcard/SF_IV_DATA/f_agl_c2_1.obm
D/MediaScanner(  534): yy begin time: 0ms Path=/mnt/sdcard/SF_IV_DATA/f_cmy_c3_3.obm
D/MediaScanner(  534): yy begin time: 0ms Path=/mnt/sdcard/SF_IV_DATA/f_dsm_c2_2.obm
D/MediaScanner(  534): yy begin time: 0ms Path=/mnt/sdcard/SF_IV_DATA/f_gil_win.mes
D/MediaScanner(  534): yy begin time: 0ms Path=/mnt/sdcard/SF_IV_DATA/guile_24.obm
D/MediaScanner(  534): yy begin time: 0ms Path=/mnt/sdcard/SF_IV_DATA/honda_30_2P.obm
D/MediaScanner(  534): yy begin time: 0ms Path=/mnt/sdcard/SF_IV_DATA/ken32.obm
D/MediaScanner(  534): yy begin time: 1ms Path=/mnt/sdcard/SF_IV_DATA/ken_c4_2.obm
D/MediaScanner(  534): yy begin time: 0ms Path=/mnt/sdcard/SF_IV_DATA/k_hnd_c1_1.obm
D/MediaScanner(  534): yy begin time: 0ms Path=/mnt/sdcard/SF_IV_DATA/Landing2-1.im2
D/MediaScanner(  534): yy begin time: 0ms Path=/mnt/sdcard/SF_IV_DATA/re_dj4_1.im2
D/MediaScanner(  534): yy begin time: 1ms Path=/mnt/sdcard/SF_IV_DATA/re_dsm1_1.im2
D/MediaScanner(  534): yy begin time: 0ms Path=/mnt/sdcard/SF_IV_DATA/re_jha1_2.im2
D/MediaScanner(  534): yy begin time: 0ms Path=/mnt/sdcard/SF_IV_DATA/re_ken1_2.im2
D/MediaScanner(  534): yy begin time: 0ms Path=/mnt/sdcard/SF_IV_DATA/ryu35_2P.obm
D/MediaScanner(  534): yy begin time: 0ms Path=/mnt/sdcard/SF_IV_DATA/ryu_c5_3.obm
D/MediaScanner(  534): yy begin time: 0ms Path=/mnt/sdcard/SF_IV_DATA/sgt48.obm
D/MediaScanner(  534): yy begin time: 0ms Path=/mnt/sdcard/SF_IV_DATA/sgt_eff_11.im2
D/MediaScanner(  534): yy begin time: 0ms Path=/mnt/sdcard/SF_IV_DATA/sgt_se_upper.oto
D/MediaScanner(  534): yy begin time: 0ms Path=/mnt/sdcard/SF_IV_DATA/vega_47_2P.obm
D/MediaScanner(  534): yy begin time: 0ms Path=/mnt/sdcard/SF_IV_DATA/zangief_04.obm
D/MediaScanner(  534): yy begin time: 0ms Path=/mnt/sdcard/SF_IV_DATA/abel_Pict_2P.idx
D/MediaScanner(  534): yy begin time: 1ms Path=/mnt/sdcard/SF_IV_DATA/blk_c3_2.obm
D/MediaScanner(  534): yy begin time: 0ms Path=/mnt/sdcard/SF_IV_DATA/cnl_c2_2.obm
D/MediaScanner(  534): yy begin time: 0ms Path=/mnt/sdcard/SF_IV_DATA/djy_jack1.oto
D/MediaScanner(  534): yy begin time: 0ms Path=/mnt/sdcard/SF_IV_DATA/djy_slash.oto
D/MediaScanner(  534): yy begin time: 0ms Path=/mnt/sdcard/SF_IV_DATA/dsm_atk_m2.oto
D/MediaScanner(  534): yy begin time: 0ms Path=/mnt/sdcard/SF_IV_DATA/e_cnl_win.mes
D/MediaScanner(  534): yy begin time: 0ms Path=/mnt/sdcard/SF_IV_DATA/f_dsm_c1_2.obm
D/MediaScanner(  534): yy begin time: 0ms Path=/mnt/sdcard/SF_IV_DATA/f_dsm_c2_3.obm
D/MediaScanner(  534): yy begin time: 0ms Path=/mnt/sdcard/SF_IV_DATA/k_hnd_c2_1.obm
D/MediaScanner(  534): yy begin time: 0ms Path=/mnt/sdcard/SF_IV_DATA/ryu_atk_h1.oto
D/MediaScanner(  534): yy begin time: 0ms Path=/mnt/sdcard/openfeint
D/MediaScanner(  534): yy begin time: 0ms Path=/mnt/sdcard/openfeint/webui
D/MediaScanner(  534): yy begin time: 0ms Path=/mnt/sdcard/openfeint/webui/manifest.db
D/MediaScanner(  534): yy begin time: 0ms Path=/mnt/sdcard/openfeint/webui/manifest.db-journal
D/MediaScanner(  534): yy begin time: 0ms Path=/mnt/sdcard/openfeint/webui/images
D/MediaScanner(  534): yy begin time: 0ms Path=/mnt/sdcard/openfeint/webui/images/OF_Leaf.mdpi.png
D/MediaScanner(  534): yy begin time: 0ms Path=/mnt/sdcard/openfeint/webui/images/input.text.mdpi.png
D/MediaScanner(  534): yy begin time: 0ms Path=/mnt/sdcard/openfeint/webui/images/complete_profile.png
D/MediaScanner(  534): yy begin time: 0ms Path=/mnt/sdcard/openfeint/webui/images/icon.search.mdpi.png
D/MediaScanner(  534): yy begin time: 1ms Path=/mnt/sdcard/openfeint/webui/images/button_gray.mdpi.png
D/MediaScanner(  534): yy begin time: 0ms Path=/mnt/sdcard/openfeint/webui/images/top_body.png
D/MediaScanner(  534): yy begin time: 0ms Path=/mnt/sdcard/openfeint/webui/images/intro
D/MediaScanner(  534): yy begin time: 0ms Path=/mnt/sdcard/openfeint/webui/images/intro/tos_popup
D/MediaScanner(  534): yy begin time: 0ms Path=/mnt/sdcard/openfeint/webui/images/intro/tos_popup/button_back.mdpi.png
D/MediaScanner(  534): yy begin time: 0ms Path=/mnt/sdcard/openfeint/webui/images/dashboard
D/MediaScanner(  534): yy begin time: 0ms Path=/mnt/sdcard/openfeint/webui/images/dashboard/more_options_collapsed.png
D/MediaScanner(  534): yy begin time: 0ms Path=/mnt/sdcard/openfeint/webui/javascripts
D/MediaScanner(  534): yy begin time: 0ms Path=/mnt/sdcard/openfeint/webui/javascripts/underscore.js
D/MediaScanner(  534): yy begin time: 0ms Path=/mnt/sdcard/openfeint/webui/javascripts/webui-analytics.js
D/MediaScanner(  534): yy begin time: 0ms Path=/mnt/sdcard/openfeint/webui/javascripts/dashboard
D/MediaScanner(  534): yy begin time: 1ms Path=/mnt/sdcard/openfeint/webui/javascripts/dashboard/base.js
D/MediaScanner(  534): yy begin time: 0ms Path=/mnt/sdcard/openfeint/webui/javascripts/settings
D/MediaScanner(  534): yy begin time: 0ms Path=/mnt/sdcard/openfeint/webui/javascripts/settings/notifications.js
D/MediaScanner(  534): yy begin time: 0ms Path=/mnt/sdcard/openfeint/webui/javascripts/game_channel_features.js
D/MediaScanner(  534): yy begin time: 0ms Path=/mnt/sdcard/openfeint/webui/stylesheets
D/MediaScanner(  534): yy begin time: 0ms Path=/mnt/sdcard/openfeint/webui/stylesheets/webui3.css
D/MediaScanner(  534): yy begin time: 0ms Path=/mnt/sdcard/openfeint/webui/stylesheets/webui.css
D/MediaScanner(  534): yy begin time: 0ms Path=/mnt/sdcard/openfeint/webui/.nomedia
D/MediaScanner(  534): yy begin time: 1ms Path=/mnt/sdcard/openfeint/webui/index.html
D/MediaScanner(  534): yy begin time: 0ms Path=/mnt/sdcard/openfeint/webui/intro
D/MediaScanner(  534): yy begin time: 0ms Path=/mnt/sdcard/openfeint/webui/intro/found_device.json
D/MediaScanner(  534): yy begin time: 0ms Path=/mnt/sdcard/openfeint/webui/gamefeed
D/MediaScanner(  534): yy begin time: 1ms Path=/mnt/sdcard/openfeint/webui/gamefeed/android
D/MediaScanner(  534): yy begin time: 0ms Path=/mnt/sdcard/openfeint/webui/gamefeed/android/config.json
D/MediaScanner(  534): yy begin time: 0ms Path=/mnt/sdcard/openfeint/webui/settings
D/MediaScanner(  534): yy begin time: 0ms Path=/mnt/sdcard/openfeint/webui/settings/notifications.json
D/MediaScanner(  534): yy begin time: 0ms Path=/mnt/sdcard/openfeint/webui/settings/parental_controls_disable.json
D/MediaScanner(  534): yy begin time: 0ms Path=/mnt/sdcard/openfeint/webui/settings/forgot_password.json
D/MediaScanner(  534): yy begin time: 0ms Path=/mnt/sdcard/openfeint/webui/dashboard
D/MediaScanner(  534): yy begin time: 0ms Path=/mnt/sdcard/openfeint/webui/dashboard/developer_announcement.json
D/MediaScanner(  534): yy begin time: 0ms Path=/mnt/sdcard/.beintoo
D/MediaScanner(  534): yy begin time: 0ms Path=/mnt/sdcard/.beintoo/beintoodeviceid.be
D/MediaScanner(  534): yy begin time: 0ms Path=/mnt/sdcard/burstlyVideoCache
D/MediaScanner(  534): yy begin time: 0ms Path=/mnt/sdcard/burstlyVideoCache/-846830440
D/MediaScanner(  534): yy begin time: 0ms Path=/mnt/sdcard/burstlyVideoCache/-359304513
D/MediaScanner(  534): yy begin time: 1ms Path=/mnt/sdcard/burstlyVideoCache/1213800143
D/MediaScanner(  534): yy begin time: 0ms Path=/mnt/sdcard/burstlyVideoCache/-286873775
D/MediaScanner(  534): yy begin time: 0ms Path=/mnt/sdcard/puzzle_gw
D/MediaScanner(  534): yy begin time: 1ms Path=/mnt/sdcard/puzzle_gw/zy.puzzle.jigsaw.app076.sniper
D/MediaScanner(  534): yy begin time: 0ms Path=/mnt/sdcard/puzzle_gw/zy.puzzle.jigsaw.app076.sniper/cover.jpg
D/MediaScanner(  534): yy begin time: 0ms Path=/mnt/sdcard/.tmp
D/MediaScanner(  534): yy begin time: 0ms Path=/mnt/sdcard/miniclipId.txt
D/MediaScanner(  534): yy begin time: 0ms Path=/mnt/sdcard/.gameAd
D/MediaScanner(  534): yy begin time: 0ms Path=/mnt/sdcard/.gameAd/icon
D/MediaScanner(  534): yy begin time: 0ms Path=/mnt/sdcard/.gameAd/icon/com.feelingtouch.slotgame.png
D/MediaScanner(  534): yy begin time: 0ms Path=/mnt/sdcard/.gameAd/icon/slots_banner_ad.jpg
D/MediaScanner(  534): yy begin time: 0ms Path=/mnt/sdcard/.gameAd/icon/com.feelingtouch.zombieterminator2.png
D/MediaScanner(  534): yy begin time: 0ms Path=/mnt/sdcard/.gameAd/icon/banner_ad_zombie_terminator_en.png
D/MediaScanner(  534): yy begin time: 0ms Path=/mnt/sdcard/.gameAd/icon/com.feelingtouch.racingcarcross.png
D/MediaScanner(  534): yy begin time: 0ms Path=/mnt/sdcard/.gameAd/icon/com.feelingtouch.crossx.png
D/MediaScanner(  534): yy begin time: 0ms Path=/mnt/sdcard/.gameAd/icon/banner_ad_death_crossing.jpg
D/MediaScanner(  534): yy begin time: 0ms Path=/mnt/sdcard/.gameAd/icon/com.feelingtouch.racingmoto.png
D/MediaScanner(  534): yy begin time: 1ms Path=/mnt/sdcard/.gameAd/icon/banner_racing_moto.jpg
D/MediaScanner(  534): yy begin time: 0ms Path=/mnt/sdcard/.gameAd/icon/com.feelingtouch.dragonwarcraft.png
D/MediaScanner(  534): yy begin time: 0ms Path=/mnt/sdcard/.gameAd/icon/banner_ad_dragon_war.png
D/MediaScanner(  534): yy begin time: 0ms Path=/mnt/sdcard/.gameAd/com.feelingtouch.slotgame_LANDSCAPE.jpg
D/MediaScanner(  534): yy begin time: 0ms Path=/mnt/sdcard/.gameAd/com.feelingtouch.racingcarcross_LANDSCAPE.jpg
D/MediaScanner(  534): yy begin time: 1ms Path=/mnt/sdcard/.gameAd/com.feelingtouch.racingmoto_LANDSCAPE.jpg
D/MediaScanner(  534): yy begin time: 0ms Path=/mnt/sdcard/youmicache
D/MediaScanner(  534): yy begin time: 0ms Path=/mnt/sdcard/youmicache/CCA9582BC81E888EA674F157E5540CF8
D/MediaScanner(  534): yy begin time: 0ms Path=/mnt/sdcard/youmicache/CCA9582BC81E888EA674F157E5540CF8/abf3531c1a6d5f50849b3b4d000098bf
D/MediaScanner(  534): yy begin time: 0ms Path=/mnt/sdcard/youmicache/CCA9582BC81E888EA674F157E5540CF8/abf3531c1a6d5f50849b3b4d000098bf-journal
D/MediaScanner(  534): yy begin time: 0ms Path=/mnt/sdcard/adhub
D/MediaScanner(  534): yy begin time: 0ms Path=/mnt/sdcard/adhub/adhubk.db
D/MediaScanner(  534): yy begin time: 0ms Path=/mnt/sdcard/lztar.log
D/MediaScanner(  534): yy begin time: 0ms Path=/mnt/sdcard/.VungleCacheDir
D/MediaScanner(  534): yy begin time: 0ms Path=/mnt/sdcard/.VungleCacheDir/com.kiloo.subwaysurf
D/MediaScanner(  534): yy begin time: 0ms Path=/mnt/sdcard/.VungleCacheDir/com.kiloo.subwaysurf/last_request
D/MediaScanner(  534): yy begin time: 0ms Path=/mnt/sdcard/.VungleCacheDir/com.mobjoy.roadwarrior
D/MediaScanner(  534): yy begin time: 0ms Path=/mnt/sdcard/.VungleCacheDir/com.mobjoy.roadwarrior/51157e5575de4fed1c00000b_511574d975de4fed1c000006_v2-pub-eRPM
D/MediaScanner(  534): yy begin time: 1ms Path=/mnt/sdcard/.VungleCacheDir/com.mobjoy.roadwarrior/51157e5575de4fed1c00000b_511574d975de4fed1c000006_v2-pub-eRPM/expire
D/MediaScanner(  534): yy begin time: 0ms Path=/mnt/sdcard/.VungleCacheDir/com.mobjoy.roadwarrior/51157e5575de4fed1c00000b_511574d975de4fed1c000006_v2-pub-eRPM/post_5114f4dfa8c577d217000060-1.zip
D/MediaScanner(  534): yy begin time: 0ms Path=/mnt/sdcard/.VungleCacheDir/com.mobjoy.roadwarrior/51157e5575de4fed1c00000b_511574d975de4fed1c000006_v2-pub-eRPM/post
D/MediaScanner(  534): yy begin time: 1ms Path=/mnt/sdcard/.VungleCacheDir/com.mobjoy.roadwarrior/51157e5575de4fed1c00000b_511574d975de4fed1c000006_v2-pub-eRPM/post/140EXIT.png
D/MediaScanner(  534): yy begin time: 0ms Path=/mnt/sdcard/.VungleCacheDir/com.mobjoy.roadwarrior/51157e5575de4fed1c00000b_511574d975de4fed1c000006_v2-pub-eRPM/post/140REP.png
D/MediaScanner(  534): yy begin time: 0ms Path=/mnt/sdcard/.VungleCacheDir/com.mobjoy.roadwarrior/51157e5575de4fed1c00000b_511574d975de4fed1c000006_v2-pub-eRPM/post/150DOWN.png
D/MediaScanner(  534): yy begin time: 0ms Path=/mnt/sdcard/.VungleCacheDir/com.mobjoy.roadwarrior/51157e5575de4fed1c00000b_511574d975de4fed1c000006_v2-pub-eRPM/post/animate.css
D/MediaScanner(  534): yy begin time: 0ms Path=/mnt/sdcard/.VungleCacheDir/com.mobjoy.roadwarrior/51157e5575de4fed1c00000b_511574d975de4fed1c000006_v2-pub-eRPM/post/index.html
D/MediaScanner(  534): yy begin time: 0ms Path=/mnt/sdcard/.VungleCacheDir/com.mobjoy.roadwarrior/51157e5575de4fed1c00000b_511574d975de4fed1c000006_v2-pub-eRPM/post/land_Android.jpg
D/MediaScanner(  534): yy begin time: 0ms Path=/mnt/sdcard/.VungleCacheDir/com.mobjoy.roadwarrior/51157e5575de4fed1c00000b_511574d975de4fed1c000006_v2-pub-eRPM/post/layout.js
D/MediaScanner(  534): yy begin time: 1ms Path=/mnt/sdcard/.VungleCacheDir/com.mobjoy.roadwarrior/51157e5575de4fed1c00000b_511574d975de4fed1c000006_v2-pub-eRPM/post/port_Androdi.jpg
D/MediaScanner(  534): yy begin time: 0ms Path=/mnt/sdcard/.VungleCacheDir/com.mobjoy.roadwarrior/51157e5575de4fed1c00000b_511574d975de4fed1c000006_v2-pub-eRPM/post/style.css
D/MediaScanner(  534): yy begin time: 0ms Path=/mnt/sdcard/.VungleCacheDir/com.mobjoy.roadwarrior/50f88ed2e64ea0d01c00000a_50f7d7936447578516000072_v2-pub-eRPM
D/MediaScanner(  534): yy begin time: 1ms Path=/mnt/sdcard/.VungleCacheDir/com.mobjoy.roadwarrior/50f88ed2e64ea0d01c00000a_50f7d7936447578516000072_v2-pub-eRPM/expire
D/MediaScanner(  534): yy begin time: 0ms Path=/mnt/sdcard/.VungleCacheDir/com.mobjoy.roadwarrior/50f88ed2e64ea0d01c00000a_50f7d7936447578516000072_v2-pub-eRPM/post_50f7d6916447578516000070-9.zip
D/MediaScanner(  534): yy begin time: 0ms Path=/mnt/sdcard/.VungleCacheDir/com.mobjoy.roadwarrior/50f88ed2e64ea0d01c00000a_50f7d7936447578516000072_v2-pub-eRPM/post
D/MediaScanner(  534): yy begin time: 0ms Path=/mnt/sdcard/.VungleCacheDir/com.mobjoy.roadwarrior/50f88ed2e64ea0d01c00000a_50f7d7936447578516000072_v2-pub-eRPM/post/animate.css
D/MediaScanner(  534): yy begin time: 0ms Path=/mnt/sdcard/.VungleCacheDir/com.mobjoy.roadwarrior/50f88ed2e64ea0d01c00000a_50f7d7936447578516000072_v2-pub-eRPM/post/index.html
D/MediaScanner(  534): yy begin time: 0ms Path=/mnt/sdcard/.VungleCacheDir/com.mobjoy.roadwarrior/50f88ed2e64ea0d01c00000a_50f7d7936447578516000072_v2-pub-eRPM/post/landscape2.jpg
D/MediaScanner(  534): yy begin time: 0ms Path=/mnt/sdcard/.VungleCacheDir/com.mobjoy.roadwarrior/50f88ed2e64ea0d01c00000a_50f7d7936447578516000072_v2-pub-eRPM/post/layout.js
D/MediaScanner(  534): yy begin time: 0ms Path=/mnt/sdcard/.VungleCacheDir/com.mobjoy.roadwarrior/50f88ed2e64ea0d01c00000a_50f7d7936447578516000072_v2-pub-eRPM/post/portrait2.jpg
D/MediaScanner(  534): yy begin time: 0ms Path=/mnt/sdcard/.VungleCacheDir/com.mobjoy.roadwarrior/50f88ed2e64ea0d01c00000a_50f7d7936447578516000072_v2-pub-eRPM/post/style.css
D/MediaScanner(  534): yy begin time: 0ms Path=/mnt/sdcard/.VungleCacheDir/com.mobjoy.roadwarrior/50f88ed2e64ea0d01c00000a_50f7d7936447578516000072_v2-pub-eRPM/post/transparent.png
D/MediaScanner(  534): yy begin time: 1ms Path=/mnt/sdcard/.VungleCacheDir/com.mobjoy.roadwarrior/512d8736ff40a86f2900007f_505c7a307e884494391d0e45_v2-pub-eRPM
D/MediaScanner(  534): yy begin time: 0ms Path=/mnt/sdcard/.VungleCacheDir/com.mobjoy.roadwarrior/512d8736ff40a86f2900007f_505c7a307e884494391d0e45_v2-pub-eRPM/expire
D/MediaScanner(  534): yy begin time: 0ms Path=/mnt/sdcard/.VungleCacheDir/com.mobjoy.roadwarrior/512d8736ff40a86f2900007f_505c7a307e884494391d0e45_v2-pub-eRPM/post_505c69eaae2047963917ad06-1.zip
D/MediaScanner(  534): yy begin time: 0ms Path=/mnt/sdcard/.VungleCacheDir/com.mobjoy.roadwarrior/512d8736ff40a86f2900007f_505c7a307e884494391d0e45_v2-pub-eRPM/post
D/MediaScanner(  534): yy begin time: 0ms Path=/mnt/sdcard/.VungleCacheDir/com.mobjoy.roadwarrior/512d8736ff40a86f2900007f_505c7a307e884494391d0e45_v2-pub-eRPM/post/DragonStoryLandAndroid.jpg
D/MediaScanner(  534): yy begin time: 0ms Path=/mnt/sdcard/.VungleCacheDir/com.mobjoy.roadwarrior/512d8736ff40a86f2900007f_505c7a307e884494391d0e45_v2-pub-eRPM/post/DragonStoryPAndroid.jpg
D/MediaScanner(  534): yy begin time: 0ms Path=/mnt/sdcard/.VungleCacheDir/com.mobjoy.roadwarrior/512d8736ff40a86f2900007f_505c7a307e884494391d0e45_v2-pub-eRPM/post/animate.css
D/MediaScanner(  534): yy begin time: 0ms Path=/mnt/sdcard/.VungleCacheDir/com.mobjoy.roadwarrior/512d8736ff40a86f2900007f_505c7a307e884494391d0e45_v2-pub-eRPM/post/index.html
D/MediaScanner(  534): yy begin time: 0ms Path=/mnt/sdcard/.VungleCacheDir/com.mobjoy.roadwarrior/512d8736ff40a86f2900007f_505c7a307e884494391d0e45_v2-pub-eRPM/post/layout.js
D/MediaScanner(  534): yy begin time: 0ms Path=/mnt/sdcard/.VungleCacheDir/com.mobjoy.roadwarrior/512d8736ff40a86f2900007f_505c7a307e884494391d0e45_v2-pub-eRPM/post/soddown.png
D/MediaScanner(  534): yy begin time: 1ms Path=/mnt/sdcard/.VungleCacheDir/com.mobjoy.roadwarrior/512d8736ff40a86f2900007f_505c7a307e884494391d0e45_v2-pub-eRPM/post/sodexit.png
D/MediaScanner(  534): yy begin time: 0ms Path=/mnt/sdcard/.VungleCacheDir/com.mobjoy.roadwarrior/512d8736ff40a86f2900007f_505c7a307e884494391d0e45_v2-pub-eRPM/post/sodreplay.png
D/MediaScanner(  534): yy begin time: 0ms Path=/mnt/sdcard/.VungleCacheDir/com.mobjoy.roadwarrior/512d8736ff40a86f2900007f_505c7a307e884494391d0e45_v2-pub-eRPM/post/style.css
D/MediaScanner(  534): yy begin time: 0ms Path=/mnt/sdcard/santasharescreenshot.jpg
D/MediaScanner(  534): yy begin time: 0ms Path=/mnt/sdcard/.dmplatform
D/MediaScanner(  534): yy begin time: 0ms Path=/mnt/sdcard/.dmplatform/.dmgames
D/MediaScanner(  534): yy begin time: 0ms Path=/mnt/sdcard/.dmplatform/.dmgames/aHR0cDovL2QyMzlnMHo2N2pjdGVkLmNsb3VkZnJvbnQubmV0L2ljb25zL2ljb25fc2xvdG1hY2hpbmVkZWx1eGUyLnBuZw==
D/MediaScanner(  534): yy begin time: 0ms Path=/mnt/sdcard/.dmplatform/.dmgames/aHR0cDovL2QyMzlnMHo2N2pjdGVkLmNsb3VkZnJvbnQubmV0L2ljb25zL2ljb25fYXJyb3dkZWZlbnNlLnBuZw==
D/MediaScanner(  534): yy begin time: 0ms Path=/mnt/sdcard/.dmplatform/.dmgames/aHR0cDovL2QyMzlnMHo2N2pjdGVkLmNsb3VkZnJvbnQubmV0L2ZlYXR1cmVzY3JlZW4vYXJyb3dkZWZlbnNlMi5qcGc=
D/MediaScanner(  534): yy begin time: 0ms Path=/mnt/sdcard/ZeptoLab
D/MediaScanner(  534): yy begin time: 0ms Path=/mnt/sdcard/ZeptoLab/Cut the Rope
D/MediaScanner(  534): yy begin time: 0ms Path=/mnt/sdcard/ZeptoLab/Cut the Rope/ctr.zsf
D/MediaScanner(  534): yy begin time: 0ms Path=/mnt/sdcard/yandexauto
D/MediaScanner(  534): yy begin time: 0ms Path=/mnt/sdcard/yandexauto/imagecache
D/MediaScanner(  534): yy begin time: 0ms Path=/mnt/sdcard/yandexmaps
D/MediaScanner(  534): yy begin time: 0ms Path=/mnt/sdcard/yandexmaps/data
D/MediaScanner(  534): yy begin time: 0ms Path=/mnt/sdcard/yandexmaps/data/cachedownload
D/MediaScanner(  534): yy begin time: 0ms Path=/mnt/sdcard/yandexmaps/data/cachedownload/ru-RU
D/MediaScanner(  534): yy begin time: 0ms Path=/mnt/sdcard/yandexmaps/data/cachedownload/ru-RU/100
D/MediaScanner(  534): yy begin time: 0ms Path=/mnt/sdcard/yandexmaps/data/cachedownload/ru-RU/100/usercache
D/MediaScanner(  534): yy begin time: 0ms Path=/mnt/sdcard/yandexmaps/data/shared
D/MediaScanner(  534): yy begin time: 0ms Path=/mnt/sdcard/yandexmaps/data/shared/cache
D/MediaScanner(  534): yy begin time: 0ms Path=/mnt/sdcard/yandexmaps/data/shared/cache/ru-RU
D/MediaScanner(  534): yy begin time: 0ms Path=/mnt/sdcard/yandexmaps/data/shared/cache/ru-RU/100
D/MediaScanner(  534): yy begin time: 0ms Path=/mnt/sdcard/yandexmaps/data/shared/cache/ru-RU/100/1
D/MediaScanner(  534): yy begin time: 1ms Path=/mnt/sdcard/yandexmaps/data/shared/cache/ru-RU/100/1/12
D/MediaScanner(  534): yy begin time: 0ms Path=/mnt/sdcard/yandexmaps/data/shared/cache/ru-RU/100/1/12/10
D/MediaScanner(  534): yy begin time: 0ms Path=/mnt/sdcard/yandexmaps/data/shared/cache/ru-RU/100/1/12/10/3a0
D/MediaScanner(  534): yy begin time: 1ms Path=/mnt/sdcard/yandexmaps/data/shared/cache/ru-RU/100/1/12/10/493
D/MediaScanner(  534): yy begin time: 0ms Path=/mnt/sdcard/yandexmaps/data/shared/cache/ru-RU/100/1/3
D/MediaScanner(  534): yy begin time: 0ms Path=/mnt/sdcard/yandexmaps/data/shared/cache/ru-RU/100/1/3/000
D/MediaScanner(  534): yy begin time: 0ms Path=/mnt/sdcard/yandexmaps/data/shared/cache/ru-RU/100/1/4
D/MediaScanner(  534): yy begin time: 0ms Path=/mnt/sdcard/yandexmaps/data/shared/cache/ru-RU/100/1/4/000
D/MediaScanner(  534): yy begin time: 0ms Path=/mnt/sdcard/yandexmaps/data/shared/cache/ru-RU/100/1/11
D/MediaScanner(  534): yy begin time: 0ms Path=/mnt/sdcard/yandexmaps/data/shared/cache/ru-RU/100/1/11/a41
D/MediaScanner(  534): yy begin time: 0ms Path=/mnt/sdcard/yandexmaps/data/shared/cache/ru-RU/100/1/13
D/MediaScanner(  534): yy begin time: 0ms Path=/mnt/sdcard/yandexmaps/data/shared/cache/ru-RU/100/1/13/21
D/MediaScanner(  534): yy begin time: 0ms Path=/mnt/sdcard/yandexmaps/data/shared/cache/ru-RU/100/1/13/21/931
D/MediaScanner(  534): yy begin time: 0ms Path=/mnt/sdcard/yandexmaps/data/shared/cache/ru-RU/100/1/13/21/933
D/MediaScanner(  534): yy begin time: 0ms Path=/mnt/sdcard/yandexmaps/data/shared/cache/ru-RU/100/1/14
D/MediaScanner(  534): yy begin time: 0ms Path=/mnt/sdcard/yandexmaps/data/shared/cache/ru-RU/100/1/14/52
D/MediaScanner(  534): yy begin time: 0ms Path=/mnt/sdcard/yandexmaps/data/shared/cache/ru-RU/100/1/14/52/272
D/MediaScanner(  534): yy begin time: 0ms Path=/mnt/sdcard/yandexmaps/data/shared/cache/ru-RU/100/1/15
D/MediaScanner(  534): yy begin time: 0ms Path=/mnt/sdcard/yandexmaps/data/shared/cache/ru-RU/100/1/15/a4
D/MediaScanner(  534): yy begin time: 1ms Path=/mnt/sdcard/yandexmaps/data/shared/cache/ru-RU/100/1/15/a4/5e3
D/MediaScanner(  534): yy begin time: 0ms Path=/mnt/sdcard/yandexmaps/data/shared/cache/ru-RU/100/1/15/a4/6e1
D/MediaScanner(  534): yy begin time: 0ms Path=/mnt/sdcard/yandexmaps/data/shared/cache/ru-RU/100/1/16
D/MediaScanner(  534): yy begin time: 0ms Path=/mnt/sdcard/yandexmaps/data/shared/cache/ru-RU/100/1/16/10
D/MediaScanner(  534): yy begin time: 0ms Path=/mnt/sdcard/yandexmaps/data/shared/cache/ru-RU/100/1/16/10/49
D/MediaScanner(  534): yy begin time: 0ms Path=/mnt/sdcard/yandexmaps/data/shared/cache/ru-RU/100/1/16/10/49/bd3
D/MediaScanner(  534): yy begin time: 0ms Path=/mnt/sdcard/yandexmaps/data/shared/cache/ru-RU/100/1/17
D/MediaScanner(  534): yy begin time: 0ms Path=/mnt/sdcard/yandexmaps/data/shared/cache/ru-RU/100/1/17/21
D/MediaScanner(  534): yy begin time: 0ms Path=/mnt/sdcard/yandexmaps/data/shared/cache/ru-RU/100/1/17/21/93
D/MediaScanner(  534): yy begin time: 0ms Path=/mnt/sdcard/yandexmaps/data/shared/cache/ru-RU/100/1/17/21/93/7b2
D/MediaScanner(  534): yy begin time: 0ms Path=/mnt/sdcard/yandexmaps/data/shared/cache/ru-RU/100/1/17/21/93/7b0
D/MediaScanner(  534): yy begin time: 0ms Path=/mnt/sdcard/yandexmaps/data/shared/cache/ru-RU/100/4
D/MediaScanner(  534): yy begin time: 0ms Path=/mnt/sdcard/yandexmaps/data/shared/cache/ru-RU/100/4/12
D/MediaScanner(  534): yy begin time: 0ms Path=/mnt/sdcard/yandexmaps/data/shared/cache/ru-RU/100/4/12/10
D/MediaScanner(  534): yy begin time: 0ms Path=/mnt/sdcard/yandexmaps/data/shared/cache/ru-RU/100/4/12/10/3a0
D/MediaScanner(  534): yy begin time: 0ms Path=/mnt/sdcard/yandexmaps/data/shared/cache/ru-RU/100/4/12/10/493
D/MediaScanner(  534): yy begin time: 0ms Path=/mnt/sdcard/yandexmaps/data/shared/cache/ru-RU/100/4/3
D/MediaScanner(  534): yy begin time: 0ms Path=/mnt/sdcard/yandexmaps/data/shared/cache/ru-RU/100/4/3/000
D/MediaScanner(  534): yy begin time: 0ms Path=/mnt/sdcard/yandexmaps/data/shared/cache/ru-RU/100/4/4
D/MediaScanner(  534): yy begin time: 0ms Path=/mnt/sdcard/yandexmaps/data/shared/cache/ru-RU/100/4/4/000
D/MediaScanner(  534): yy begin time: 0ms Path=/mnt/sdcard/yandexmaps/data/shared/cache/ru-RU/100/4/11
D/MediaScanner(  534): yy begin time: 1ms Path=/mnt/sdcard/yandexmaps/data/shared/cache/ru-RU/100/4/11/a41
D/MediaScanner(  534): yy begin time: 0ms Path=/mnt/sdcard/yandexmaps/data/shared/cache/ru-RU/100/4/13
D/MediaScanner(  534): yy begin time: 0ms Path=/mnt/sdcard/yandexmaps/data/shared/cache/ru-RU/100/4/13/21
D/MediaScanner(  534): yy begin time: 0ms Path=/mnt/sdcard/yandexmaps/data/shared/cache/ru-RU/100/4/13/21/931
D/MediaScanner(  534): yy begin time: 0ms Path=/mnt/sdcard/yandexmaps/data/shared/cache/ru-RU/100/4/13/21/933
D/MediaScanner(  534): yy begin time: 0ms Path=/mnt/sdcard/yandexmaps/data/shared/cache/ru-RU/100/4/14
D/MediaScanner(  534): yy begin time: 0ms Path=/mnt/sdcard/yandexmaps/data/shared/cache/ru-RU/100/4/14/52
D/MediaScanner(  534): yy begin time: 0ms Path=/mnt/sdcard/yandexmaps/data/shared/cache/ru-RU/100/4/14/52/272
D/MediaScanner(  534): yy begin time: 0ms Path=/mnt/sdcard/yandexmaps/data/shared/cache/ru-RU/100/4/15
D/MediaScanner(  534): yy begin time: 0ms Path=/mnt/sdcard/yandexmaps/data/shared/cache/ru-RU/100/4/15/a4
D/MediaScanner(  534): yy begin time: 1ms Path=/mnt/sdcard/yandexmaps/data/shared/cache/ru-RU/100/4/15/a4/5e3
D/MediaScanner(  534): yy begin time: 0ms Path=/mnt/sdcard/yandexmaps/data/shared/cache/ru-RU/100/4/15/a4/6e1
D/MediaScanner(  534): yy begin time: 0ms Path=/mnt/sdcard/yandexmaps/data/shared/cache/ru-RU/100/4/16
D/MediaScanner(  534): yy begin time: 0ms Path=/mnt/sdcard/yandexmaps/data/shared/cache/ru-RU/100/4/16/10
D/MediaScanner(  534): yy begin time: 0ms Path=/mnt/sdcard/yandexmaps/data/shared/cache/ru-RU/100/4/16/10/49
D/MediaScanner(  534): yy begin time: 0ms Path=/mnt/sdcard/yandexmaps/data/shared/cache/ru-RU/100/4/16/10/49/bd3
D/MediaScanner(  534): yy begin time: 0ms Path=/mnt/sdcard/yandexmaps/data/shared/cache/ru-RU/100/4/17
D/MediaScanner(  534): yy begin time: 0ms Path=/mnt/sdcard/yandexmaps/data/shared/cache/ru-RU/100/4/17/21
D/MediaScanner(  534): yy begin time: 0ms Path=/mnt/sdcard/yandexmaps/data/shared/cache/ru-RU/100/4/17/21/93
D/MediaScanner(  534): yy begin time: 0ms Path=/mnt/sdcard/yandexmaps/data/shared/cache/ru-RU/100/4/17/21/93/7b2
D/MediaScanner(  534): yy begin time: 0ms Path=/mnt/sdcard/yandexmaps/data/shared/cache/ru-RU/100/4/17/21/93/7b0
D/MediaScanner(  534): yy begin time: 0ms Path=/mnt/sdcard/.adc
D/MediaScanner(  534): yy begin time: 0ms Path=/mnt/sdcard/.adc/AdColonyCloseNormal.png
D/MediaScanner(  534): yy begin time: 0ms Path=/mnt/sdcard/.adc/AdColonyClosePushed.png
D/MediaScanner(  534): yy begin time: 0ms Path=/mnt/sdcard/.adc/AdColonyWebBackNormal.png
D/MediaScanner(  534): yy begin time: 0ms Path=/mnt/sdcard/.adc/AdColonyWebBackPushed.png
D/MediaScanner(  534): yy begin time: 1ms Path=/mnt/sdcard/.adc/AdColonyWebForwardNormal.png
D/MediaScanner(  534): yy begin time: 0ms Path=/mnt/sdcard/.adc/AdColonyWebForwardPushed.png
D/MediaScanner(  534): yy begin time: 0ms Path=/mnt/sdcard/.adc/AdColonyBuyIconNormal.png
D/MediaScanner(  534): yy begin time: 0ms Path=/mnt/sdcard/.adc/AdColonyBuyIconPushed.png
D/MediaScanner(  534): yy begin time: 0ms Path=/mnt/sdcard/.adc/AdColonyContinueIconNormal.png
D/MediaScanner(  534): yy begin time: 0ms Path=/mnt/sdcard/.adc/AdColonyContinueIconPushed.png
D/MediaScanner(  534): yy begin time: 0ms Path=/mnt/sdcard/.adc/AdColonyInfoIconNormal.png
D/MediaScanner(  534): yy begin time: 0ms Path=/mnt/sdcard/.adc/AdColonyInfoIconPushed.png
D/MediaScanner(  534): yy begin time: 0ms Path=/mnt/sdcard/.adc/AdColonyReplayIconNormal.png
D/MediaScanner(  534): yy begin time: 0ms Path=/mnt/sdcard/.adc/AdColonyReplayIconPushed.png
D/MediaScanner(  534): yy begin time: 0ms Path=/mnt/sdcard/.adc/AdColonyWebLoadingBGLandscape.png
D/MediaScanner(  534): yy begin time: 1ms Path=/mnt/sdcard/.adc/AdColonyWebLoadingBGPortrait.png
D/MediaScanner(  534): yy begin time: 0ms Path=/mnt/sdcard/.adc/AdColonyCountdownShadeBG.png
D/MediaScanner(  534): yy begin time: 0ms Path=/mnt/sdcard/.adc/adcolony-popup-bg.png
D/MediaScanner(  534): yy begin time: 0ms Path=/mnt/sdcard/.adc/adcolony-popup-btn.png
D/MediaScanner(  534): yy begin time: 0ms Path=/mnt/sdcard/.adc/adcolony-popup-btn-pressed.png
D/MediaScanner(  534): yy begin time: 1ms Path=/mnt/sdcard/.adc/v4vc-alert-bg.png
D/MediaScanner(  534): yy begin time: 0ms Path=/mnt/sdcard/.adc/v4vc-alert-bg@2x.png
D/MediaScanner(  534): yy begin time: 0ms Path=/mnt/sdcard/.adc/v4vc-alert-logo.png
D/MediaScanner(  534): yy begin time: 0ms Path=/mnt/sdcard/.adc/v4vc-alert-logo@2x.png
D/MediaScanner(  534): yy begin time: 0ms Path=/mnt/sdcard/.adc/v4vc-btn-cancel-press.png
D/MediaScanner(  534): yy begin time: 0ms Path=/mnt/sdcard/.adc/v4vc-btn-cancel-press@2x.png
D/MediaScanner(  534): yy begin time: 0ms Path=/mnt/sdcard/.adc/v4vc-btn-cancel.png
D/MediaScanner(  534): yy begin time: 0ms Path=/mnt/sdcard/.adc/v4vc-btn-cancel@2x.png
D/MediaScanner(  534): yy begin time: 0ms Path=/mnt/sdcard/.adc/v4vc-btn-confirm-press.png
D/MediaScanner(  534): yy begin time: 0ms Path=/mnt/sdcard/.adc/v4vc-btn-confirm-press@2x.png
D/MediaScanner(  534): yy begin time: 0ms Path=/mnt/sdcard/.adc/v4vc-btn-confirm.png
D/MediaScanner(  534): yy begin time: 0ms Path=/mnt/sdcard/.adc/v4vc-btn-confirm@2x.png
D/MediaScanner(  534): yy begin time: 0ms Path=/mnt/sdcard/ApplifierVideoCache
D/MediaScanner(  534): yy begin time: 0ms Path=/mnt/sdcard/ApplifierVideoCache/517a2845108af8c70307bf92-b30-600.mp4
D/MediaScanner(  534): yy begin time: 0ms Path=/mnt/sdcard/ApplifierVideoCache/51f64e960a697d46550070fe-b30-600.mp4
D/MediaScanner(  534): yy begin time: 0ms Path=/mnt/sdcard/ApplifierVideoCache/518d73c6453519737f0280bf-b30-600.mp4
D/MediaScanner(  534): yy begin time: 0ms Path=/mnt/sdcard/ApplifierVideoCache/525b984ce082abe42f002aa3-b30-600.mp4
D/MediaScanner(  534): yy begin time: 0ms Path=/mnt/sdcard/ApplifierVideoCache/.nomedia
D/MediaScanner(  534): yy begin time: 0ms Path=/mnt/sdcard/6677Game
D/MediaScanner(  534): yy begin time: 0ms Path=/mnt/sdcard/6677Game/11354132345.png
D/MediaScanner(  534): yy begin time: 0ms Path=/mnt/sdcard/6677Game/11354132830.png
D/MediaScanner(  534): yy begin time: 0ms Path=/mnt/sdcard/6677Game/113106122824.png
D/MediaScanner(  534): yy begin time: 0ms Path=/mnt/sdcard/.bugsense
D/MediaScanner(  534): yy begin time: 0ms Path=/mnt/sdcard/.vkontakte
D/MediaScanner(  534): yy begin time: 0ms Path=/mnt/sdcard/.vkontakte/cache
D/MediaScanner(  534): yy begin time: 0ms Path=/mnt/sdcard/.vkontakte/cache/audio
D/MediaScanner(  534): yy begin time: 0ms Path=/mnt/sdcard/.vkontakte/cache/audio/20011845_86231966
D/MediaScanner(  534): yy begin time: 1ms Path=/mnt/sdcard/Subway Surfers.apk
D/MediaScanner(  534): yy begin time: 0ms Path=/mnt/sdcard/ppy_cross
D/MediaScanner(  534): yy begin time: 0ms Path=/mnt/sdcard/ppy_cross/7c8818e0b54505648c31ec132d64a3a7
D/MediaScanner(  534): yy begin time: 0ms Path=/mnt/sdcard/iDestroyBackground.jpg
D/MediaScanner(  534): yy begin time: 0ms Path=/mnt/sdcard/tjcache
D/MediaScanner(  534): yy begin time: 0ms Path=/mnt/sdcard/tjcache/data
D/MediaScanner(  534): yy begin time: 0ms Path=/mnt/sdcard/romtoolbox
D/MediaScanner(  534): yy begin time: 0ms Path=/mnt/sdcard/romtoolbox/assets
D/MediaScanner(  534): yy begin time: 0ms Path=/mnt/sdcard/romtoolbox/assets/busybox
D/MediaScanner(  534): yy begin time: 0ms Path=/mnt/sdcard/romtoolbox/assets/sqlite3
D/MediaScanner(  534): yy begin time: 0ms Path=/mnt/sdcard/romtoolbox/assets/unrar
D/MediaScanner(  534): yy begin time: 1ms Path=/mnt/sdcard/romtoolbox/assets/zip
D/MediaScanner(  534): yy begin time: 0ms Path=/mnt/sdcard/AndroZip
D/MediaScanner(  534): yy begin time: 0ms Path=/mnt/sdcard/AndroZip/easycap.ko
D/MediaScanner(  534): yy begin time: 0ms Path=/mnt/sdcard/AndroZip/carcam.apk
D/MediaScanner(  534): yy begin time: 1ms Path=/mnt/sdcard/NovaTester
D/MediaScanner(  534): yy begin time: 0ms Path=/mnt/sdcard/NovaTester/reports
D/MediaScanner(  534): yy begin time: 1ms Path=/mnt/sdcard/NovaTester/reports/report-01-11-13.txt
D/MediaScanner(  534): yy begin time: 0ms Path=/mnt/sdcard/NovaTester/reports/stacktrace-01-11-13.txt
D/MediaScanner(  534): yy begin time: 0ms Path=/mnt/sdcard/NovaTester/reports/report-03-11-13.txt
D/MediaScanner(  534): yy begin time: 0ms Path=/mnt/sdcard/NovaTester/reports/stacktrace-03-11-13.txt
D/MediaScanner(  534): yy begin time: 1ms Path=/mnt/sdcard/NovaTester/reports/report-04-11-13.txt
D/MediaScanner(  534): yy begin time: 0ms Path=/mnt/sdcard/log
D/MediaScanner(  534): yy begin time: 0ms Path=/mnt/sdcard/Tasker
D/MediaScanner(  534): yy begin time: 0ms Path=/mnt/sdcard/Tasker/auto-import
D/MediaScanner(  534): yy begin time: 1ms Path=/mnt/sdcard/Tasker/auto-import/.nomedia
D/MediaScanner(  534): yy begin time: 0ms Path=/mnt/sdcard/Tasker/userguide
D/MediaScanner(  534): yy begin time: 0ms Path=/mnt/sdcard/Tasker/userguide/ru
D/MediaScanner(  534): yy directory scan time: 8389ms
I/CNE_DEBUG(  365): CNE received action RSSI Changed events: android.net.wifi.RSSI_CHANGED
D/StatusBar.NetworkController(  481): refreshViews connected={ wifi } level=?? combinedSignalIconId=0x7f0200bd/com.android.systemui:drawable/stat_sys_wifi_signal_3_fully combinedActivityIconId=0x0 mAirplaneMode=false mDataActivity=0 mPhoneSignalIconId=0x7f0200a1 mDataDirectionIconId=0x0 mDataSignalIconId=0x7f0200a1 mDataTypeIconId=0x0 mNoSimIconId=0x0 mWifiIconId=0x7f0200bd mBluetoothTetherIconId=0x108053d
D/MediaScanner(  534): yy prescan time: 4542ms
D/MediaScanner(  534): yy    scan time: 11915ms
D/MediaScanner(  534): yy postscan time: 1634ms
D/MediaScanner(  534): yy   total time: 18091ms
I/CNE     (  365): CNE received action RSSI Changed events - networkState: CONNECTED ssid= MTS-ROUTER rssi=-80 ipV4Addr=192.168.0.178 timeStamp:2013-11-19 18:02:25.151 networkState: CONNECTED
I/CNE_DEBUG(  365): UpdateWlanStatus type=21 state=1 softApState=11 rssi=-80 ssid=MTS-ROUTER ipAddr=192.168.0.178 iface=wlan0 timeStamp=2013-11-19 18:02:25.151
I/ActivityManager(  365): No longer want com.vkontakte.android (pid 1822): hidden #16
I/MediaStoreImporter( 1953): Update: incremental Added music: 0 Updated music: 0 Deleted music: 0 Created playlists: 0 Updated playlists: 0 Deleted playlists: 0 Inserted playlist items: 0 Deleted playlist items: 0 Removed orphaned playlist items: 0
D/StatusBar.NetworkController(  481): refreshViews connected={ wifi } level=?? combinedSignalIconId=0x7f0200bd/com.android.systemui:drawable/stat_sys_wifi_signal_3_fully combinedActivityIconId=0x7f0200b4 mAirplaneMode=false mDataActivity=0 mPhoneSignalIconId=0x7f0200a1 mDataDirectionIconId=0x0 mDataSignalIconId=0x7f0200a1 mDataTypeIconId=0x0 mNoSimIconId=0x0 mWifiIconId=0x7f0200bd mBluetoothTetherIconId=0x108053d
D/StatusBar.NetworkController(  481): changing data overlay icon id to 2130837684
D/CarCam  ( 1627): ru.pccar.CarCamService$CarCamRepeat:end repeating, start CarCam
D/StatusBar.NetworkController(  481): refreshViews connected={ wifi } level=?? combinedSignalIconId=0x7f0200bd/com.android.systemui:drawable/stat_sys_wifi_signal_3_fully combinedActivityIconId=0x7f0200b5 mAirplaneMode=false mDataActivity=0 mPhoneSignalIconId=0x7f0200a1 mDataDirectionIconId=0x0 mDataSignalIconId=0x7f0200a1 mDataTypeIconId=0x0 mNoSimIconId=0x0 mWifiIconId=0x7f0200bd mBluetoothTetherIconId=0x108053d
D/StatusBar.NetworkController(  481): changing data overlay icon id to 2130837685
I/ActivityManager(  365): START {flg=0x10020000 cmp=ru.pccar/.Main} from pid 1627
I/WindowManager(  365): SCREENLAYOUT_SIZE (1:small, 2:normal, 3:large, 4:xlarge) 4
D/CarCam  ( 1627): ru.pccar.Main:onRestart
D/CarCam  ( 1627): ru.pccar.CameraPreview:surfaceCreated
D/CarCam  ( 1627): ru.pccar.Main$ServiceConnection:onServiceConnected
D/CarCam  ( 1627): ru.pccar.CarCamService:service onRebind
D/memalloc(  154): /dev/pmem: Allocated buffer base:0x434ff000 size:3932160 offset:24248320 fd:35
D/memalloc( 1627): /dev/pmem: Mapped buffer base:0x5d5e3000 size:28180480 offset:24248320 fd:46
I/Adreno200-EGLSUB(  154): <CreateImage:893>: Android Image
I/Adreno200-EGLSUB(  154): <GetImageAttributes:1102>: RGBA_8888
D/memalloc(  610): /dev/pmem: Unmapping buffer base:0x5f48f000 size:32276480 offset:28344320
D/memalloc(  610): /dev/pmem: Unmapping buffer base:0x64488000 size:24248320 offset:20316160
D/memalloc(  610): /dev/pmem: Unmapping buffer base:0x5d9d8000 size:5898240 offset:1966080
D/memalloc(  154): /dev/pmem: Freeing buffer base:0x4485f000 size:3932160 offset:20316160 fd:62
D/memalloc(  154): /dev/pmem: Freeing buffer base:0x436df000 size:3932160 offset:1966080 fd:43
D/memalloc(  154): /dev/pmem: Allocated buffer base:0x434ff000 size:1966080 offset:20316160 fd:38
D/memalloc( 1627): /dev/pmem: Mapped buffer base:0x5f196000 size:22282240 offset:20316160 fd:49
D/Settings(  594): getAllInstallLangId().length10
I/Adreno200-EGLSUB(  154): <CreateImage:893>: Android Image
I/Adreno200-EGLSUB(  154): <GetImageAttributes:1088>: RGB_565
D/memalloc(  154): /dev/pmem: Allocated buffer base:0x434ff000 size:1966080 offset:22282240 fd:43
D/memalloc( 1627): /dev/pmem: Mapped buffer base:0x606ed000 size:24248320 offset:22282240 fd:52
I/Adreno200-EGLSUB(  154): <CreateImage:893>: Android Image
I/Adreno200-EGLSUB(  154): <GetImageAttributes:1088>: RGB_565
D/memalloc(  154): /dev/pmem: Freeing buffer base:0x45007000 size:3932160 offset:28344320 fd:51
D/StatusBar.NetworkController(  481): refreshViews connected={ wifi } level=?? combinedSignalIconId=0x7f0200bd/com.android.systemui:drawable/stat_sys_wifi_signal_3_fully combinedActivityIconId=0x0 mAirplaneMode=false mDataActivity=0 mPhoneSignalIconId=0x7f0200a1 mDataDirectionIconId=0x0 mDataSignalIconId=0x7f0200a1 mDataTypeIconId=0x0 mNoSimIconId=0x0 mWifiIconId=0x7f0200bd mBluetoothTetherIconId=0x108053d
D/StatusBar.NetworkController(  481): changing data overlay icon id to 0
I/ActivityManager(  365): moveTaskToBack: 5
I/ONCRPC  (  167): Setup RPC Call for task 40080270
I/ONCRPC  (  167): oncrpc_xdr_call_msg_start: Prog: 3000006b, Ver: 00010001, Proc: 00000002
I/ONCRPC  (  167): xdr_std_msg_send_call: Sent Xid: 18, Prog: 3000006b, Ver: 00010001, Proc: 00000002
I/ONCRPC  (  167): xdr_std_msg_send_call: Received Reply Xid: 18, Prog: 3000006b, Ver: 00010001, Proc: 00000002
I/WindowManager(  365): SCREENLAYOUT_SIZE (1:small, 2:normal, 3:large, 4:xlarge) 4
I/Adreno200-EGLSUB(  610): <ConfigWindowMatch:2078>: Format RGBA_8888.
D/memalloc(  154): /dev/pmem: Allocated buffer base:0x434ff000 size:3932160 offset:28344320 fd:48
D/memalloc(  610): /dev/pmem: Mapped buffer base:0x5eaaa000 size:32276480 offset:28344320 fd:46
D/Settings(  594): getAllInstallLangId().length10
I/ActivityManager(  365): moveTaskToBack: 5
D/memalloc(  154): /dev/pmem: Allocated buffer base:0x434ff000 size:3932160 offset:0 fd:51
D/memalloc(  610): /dev/pmem: Mapped buffer base:0x5da47000 size:3932160 offset:0 fd:49
D/CarCam  ( 1627): ru.pccar.CameraPreview:surfaceDestroyed
I/Adreno200-EGLSUB(  154): <CreateImage:893>: Android Image
I/Adreno200-EGLSUB(  154): <GetImageAttributes:1102>: RGBA_8888
I/ActivityManager(  365): moveTaskToBack: 5
D/CarCam  ( 1627): ru.pccar.CameraPreview:stop preview
D/memalloc( 1627): /dev/pmem: Unmapping buffer base:0x5f196000 size:22282240 offset:20316160
D/memalloc(  154): /dev/pmem: Freeing buffer base:0x4485f000 size:1966080 offset:20316160 fd:38
D/memalloc( 1627): /dev/pmem: Unmapping buffer base:0x606ed000 size:24248320 offset:22282240
D/memalloc( 1627): /dev/pmem: Unmapping buffer base:0x5d5e3000 size:28180480 offset:24248320
W/InputManagerService(  365): Window already focused, ignoring focus gain of: com.android.internal.view.IInputMethodClient$Stub$Proxy@428758c8
D/CarCam  ( 1627): ru.pccar.Main:onStop
D/CarCam  ( 1627): ru.pccar.CarCamService:startRepeating
D/CarCam  ( 1627): ru.pccar.CarCamService$CarCamRepeat:start repeating
D/CarCam  ( 1627): ru.pccar.CarCamService:service onUnbind
D/memalloc(  154): /dev/pmem: Freeing buffer base:0x44c1f000 size:3932160 offset:24248320 fd:35
D/memalloc(  154): /dev/pmem: Freeing buffer base:0x44a3f000 size:1966080 offset:22282240 fd:43
D/CarCam  ( 1627): ru.pccar.CarCamService$CarCamRepeat:end repeating, start CarCam
I/ActivityManager(  365): START {flg=0x10020000 cmp=ru.pccar/.Main} from pid 1627
I/WindowManager(  365): SCREENLAYOUT_SIZE (1:small, 2:normal, 3:large, 4:xlarge) 4
D/CarCam  ( 1627): ru.pccar.Main:onRestart
D/CarCam  ( 1627): ru.pccar.CameraPreview:surfaceCreated
D/CarCam  ( 1627): ru.pccar.Main$ServiceConnection:onServiceConnected
D/CarCam  ( 1627): ru.pccar.CarCamService:service onRebind
D/memalloc(  154): /dev/pmem: Allocated buffer base:0x434ff000 size:3932160 offset:20316160 fd:35
D/memalloc( 1627): /dev/pmem: Mapped buffer base:0x5d5e3000 size:24248320 offset:20316160 fd:46
I/Adreno200-EGLSUB(  154): <CreateImage:893>: Android Image
I/Adreno200-EGLSUB(  154): <GetImageAttributes:1102>: RGBA_8888
D/memalloc(  610): /dev/pmem: Unmapping buffer base:0x5eaaa000 size:32276480 offset:28344320
D/memalloc(  610): /dev/pmem: Unmapping buffer base:0x5da47000 size:3932160 offset:0
D/memalloc(  154): /dev/pmem: Freeing buffer base:0x434ff000 size:3932160 offset:0 fd:51
D/memalloc(  154): /dev/pmem: Allocated buffer base:0x434ff000 size:1966080 offset:24248320 fd:38
D/Settings(  594): getAllInstallLangId().length10
D/memalloc( 1627): /dev/pmem: Mapped buffer base:0x5ed40000 size:26214400 offset:24248320 fd:49
I/Adreno200-EGLSUB(  154): <CreateImage:893>: Android Image
I/Adreno200-EGLSUB(  154): <GetImageAttributes:1088>: RGB_565
D/memalloc(  154): /dev/pmem: Allocated buffer base:0x434ff000 size:1966080 offset:26214400 fd:43
D/memalloc( 1627): /dev/pmem: Mapped buffer base:0x60701000 size:28180480 offset:26214400 fd:52
I/Adreno200-EGLSUB(  154): <CreateImage:893>: Android Image
I/Adreno200-EGLSUB(  154): <GetImageAttributes:1088>: RGB_565
I/ActivityManager(  365): moveTaskToBack: 5
D/memalloc(  154): /dev/pmem: Freeing buffer base:0x45007000 size:3932160 offset:28344320 fd:48
I/WindowManager(  365): SCREENLAYOUT_SIZE (1:small, 2:normal, 3:large, 4:xlarge) 4
I/Adreno200-EGLSUB(  610): <ConfigWindowMatch:2078>: Format RGBA_8888.
D/memalloc(  154): /dev/pmem: Allocated buffer base:0x434ff000 size:3932160 offset:28344320 fd:48
D/memalloc(  610): /dev/pmem: Mapped buffer base:0x5eaaa000 size:32276480 offset:28344320 fd:46
I/ActivityManager(  365): moveTaskToBack: 5
D/memalloc(  154): /dev/pmem: Allocated buffer base:0x434ff000 size:3932160 offset:0 fd:51
D/memalloc(  610): /dev/pmem: Mapped buffer base:0x5da47000 size:3932160 offset:0 fd:49
D/CarCam  ( 1627): ru.pccar.CameraPreview:surfaceDestroyed
D/Settings(  594): getAllInstallLangId().length10
I/ActivityManager(  365): moveTaskToBack: 5
D/CarCam  ( 1627): ru.pccar.CameraPreview:stop preview
D/memalloc( 1627): /dev/pmem: Unmapping buffer base:0x60701000 size:28180480 offset:26214400
D/memalloc(  154): /dev/pmem: Freeing buffer base:0x44dff000 size:1966080 offset:26214400 fd:43
D/memalloc( 1627): /dev/pmem: Unmapping buffer base:0x5ed40000 size:26214400 offset:24248320
D/memalloc( 1627): /dev/pmem: Unmapping buffer base:0x5d5e3000 size:24248320 offset:20316160
I/Adreno200-EGLSUB(  154): <CreateImage:893>: Android Image
I/Adreno200-EGLSUB(  154): <GetImageAttributes:1102>: RGBA_8888
D/CarCam  ( 1627): ru.pccar.Main:onStop
D/CarCam  ( 1627): ru.pccar.CarCamService:startRepeating
D/CarCam  ( 1627): ru.pccar.CarCamService:service onUnbind
D/CarCam  ( 1627): ru.pccar.CarCamService$CarCamRepeat:start repeating
D/memalloc(  154): /dev/pmem: Freeing buffer base:0x4485f000 size:3932160 offset:20316160 fd:35
D/memalloc(  154): /dev/pmem: Freeing buffer base:0x44c1f000 size:1966080 offset:24248320 fd:38
I/CNE_DEBUG(  365): CNE received action RSSI Changed events: android.net.wifi.RSSI_CHANGED
D/StatusBar.NetworkController(  481): refreshViews connected={ wifi } level=?? combinedSignalIconId=0x7f0200bd/com.android.systemui:drawable/stat_sys_wifi_signal_3_fully combinedActivityIconId=0x0 mAirplaneMode=false mDataActivity=0 mPhoneSignalIconId=0x7f0200a1 mDataDirectionIconId=0x0 mDataSignalIconId=0x7f0200a1 mDataTypeIconId=0x0 mNoSimIconId=0x0 mWifiIconId=0x7f0200bd mBluetoothTetherIconId=0x108053d
I/CNE     (  365): CNE received action RSSI Changed events - networkState: CONNECTED ssid= MTS-ROUTER rssi=-77 ipV4Addr=192.168.0.178 timeStamp:2013-11-19 18:02:34.198 networkState: CONNECTED
I/CNE_DEBUG(  365): UpdateWlanStatus type=21 state=1 softApState=11 rssi=-77 ssid=MTS-ROUTER ipAddr=192.168.0.178 iface=wlan0 timeStamp=2013-11-19 18:02:34.198
D/memalloc(  154): /dev/pmem: Allocated buffer base:0x434ff000 size:3932160 offset:20316160 fd:35
D/memalloc(  610): /dev/pmem: Mapped buffer base:0x60c32000 size:24248320 offset:20316160 fd:71
I/Adreno200-EGLSUB(  154): <CreateImage:893>: Android Image
I/Adreno200-EGLSUB(  154): <GetImageAttributes:1102>: RGBA_8888
I/Adreno200-EGLSUB(  154): <CreateImage:893>: Android Image
I/Adreno200-EGLSUB(  154): <GetImageAttributes:1102>: RGBA_8888
W/ProcessStats(  365): Skipping unknown process pid 2188
W/ProcessStats(  365): Skipping unknown process pid 2190
W/ProcessStats(  365): Skipping unknown process pid 2191
E/RestStorages(  553): using folders=/mnt/sdcard:/mnt/sdcard2/Music/
W/RestStorages(  553): Detected mount point=/mnt/sdcard
W/RestStorages(  553): Detected mount point=/mnt/sdcard2
W/RestStorages(  553): Available mounts=[/mnt/sdcard, /mnt/sdcard2]
W/RestStorages(  553): unmountedStorages=[/mnt/usb/]
W/FolderScanner2(  553): Starting scan=/mnt/sdcard fastScan=true
I/ONCRPC  (  167): Setup RPC Call for task 40080270
I/ONCRPC  (  167): oncrpc_xdr_call_msg_start: Prog: 3000006b, Ver: 00010001, Proc: 00000002
I/ONCRPC  (  167): xdr_std_msg_send_call: Sent Xid: 19, Prog: 3000006b, Ver: 00010001, Proc: 00000002
I/ONCRPC  (  167): xdr_std_msg_send_call: Received Reply Xid: 19, Prog: 3000006b, Ver: 00010001, Proc: 00000002
W/FolderScanner2(  553): Starting scan=/mnt/sdcard2/Music/ fastScan=true
D/CarCam  ( 1627): ru.pccar.CarCamService$CarCamRepeat:end repeating, start CarCam
I/ActivityManager(  365): START {flg=0x10020000 cmp=ru.pccar/.Main} from pid 1627
I/WindowManager(  365): SCREENLAYOUT_SIZE (1:small, 2:normal, 3:large, 4:xlarge) 4
