D/StatusBar.NetworkController(  481): changing data overlay icon id to 0
V/BackupManagerService(  365): addPackageParticipantsLocked: com.djinnworks.StickmanSkiRacer.free
V/BackupManagerService(  365): addPackageParticipantsLocked: com.mojang.minecraftpe
D/StatusBar.NetworkController(  481): refreshViews connected={ wifi } level=?? combinedSignalIconId=0x7f0200bd/com.android.systemui:drawable/stat_sys_wifi_signal_3_fully combinedActivityIconId=0x7f0200b5 mAirplaneMode=false mDataActivity=0 mPhoneSignalIconId=0x7f0200a1 mDataDirectionIconId=0x0 mDataSignalIconId=0x7f0200a1 mDataTypeIconId=0x0 mNoSimIconId=0x0 mWifiIconId=0x7f0200bd mBluetoothTetherIconId=0x108053d
D/StatusBar.NetworkController(  481): changing data overlay icon id to 2130837685
V/BackupManagerService(  365): addPackageParticipantsLocked: com.outfit7.talkingtom2free
V/BackupManagerService(  365): addPackageParticipantsLocked: com.djinnworks.StickmanBaseJumper.lite
V/BackupManagerService(  365): addPackageParticipantsLocked: com.talking.darthvader
D/StatusBar.NetworkController(  481): refreshViews connected={ wifi } level=?? combinedSignalIconId=0x7f0200bd/com.android.systemui:drawable/stat_sys_wifi_signal_3_fully combinedActivityIconId=0x0 mAirplaneMode=false mDataActivity=0 mPhoneSignalIconId=0x7f0200a1 mDataDirectionIconId=0x0 mDataSignalIconId=0x7f0200a1 mDataTypeIconId=0x0 mNoSimIconId=0x0 mWifiIconId=0x7f0200bd mBluetoothTetherIconId=0x108053d
D/StatusBar.NetworkController(  481): changing data overlay icon id to 0
D/StatusBar.NetworkController(  481): refreshViews connected={ wifi } level=?? combinedSignalIconId=0x7f0200bb/com.android.systemui:drawable/stat_sys_wifi_signal_2_fully combinedActivityIconId=0x0 mAirplaneMode=false mDataActivity=0 mPhoneSignalIconId=0x7f0200a1 mDataDirectionIconId=0x0 mDataSignalIconId=0x7f0200a1 mDataTypeIconId=0x0 mNoSimIconId=0x0 mWifiIconId=0x7f0200bb mBluetoothTetherIconId=0x108053d
V/BackupManagerService(  365): addPackageParticipantsLocked: com.galapagossoft.trialdemo
V/BackupManagerService(  365): addPackageParticipantsLocked: com.kiloo.subwaysurf
V/BackupManagerService(  365): addPackageParticipantsLocked: com.gamehivecorp.kicktheboss2r
V/BackupManagerService(  365): addPackageParticipantsLocked: no.tine.mrmelkwintergames
V/BackupManagerService(  365): addPackageParticipantsLocked: com.djinnworks.RopeFly.lite
W/ActivityManager(  365): Timeout of broadcast BroadcastRecord{422eb698 android.intent.action.BOOT_COMPLETED} - receiver=android.os.BinderProxy@428fed90, started 10003ms ago
W/ActivityManager(  365): Receiver during timeout: ResolveInfo{42457bb8 com.google.android.finsky.receivers.BootCompletedReceiver p=0 o=0 m=0x108000}
I/ActivityManager(  365): No longer want com.android.deskclock (pid 1207): hidden #16
I/ActivityManager(  365): Start proc com.google.android.gms.ui for broadcast com.google.android.gms/.auth.authzen.GcmReceiverService$Receiver: pid=1609 uid=10001 gids={3003, 1015, 1007, 1006, 2001, 3006}
I/ActivityManager(  365): No longer want com.huawei.init (pid 1266): hidden #16
I/ActivityManager(  365): Start proc ru.pccar for broadcast ru.pccar/.OnBootReceiver: pid=1627 uid=10137 gids={3003, 1007}
I/ActivityManager(  365): No longer want com.huawei.log (pid 1288): hidden #16
W/ActivityManager(  365): Permission Denial: receiving Intent { act=android.intent.action.BOOT_COMPLETED flg=0x10 } to com.huawei.hisuite requires android.permission.RECEIVE_BOOT_COMPLETED due to sender null (uid 1000)
V/BackupManagerService(  365): addPackageParticipantsLocked: com.galapagossoft.trialx2_winter
W/ProcessStats(  365): Skipping unknown process pid 1266
W/ProcessStats(  365): Skipping unknown process pid 1288
V/BackupManagerService(  365): addPackageParticipantsLocked: com.feelingtouch.gnz
I/ONCRPC  (  167): Setup RPC Call for task 40080270
I/ONCRPC  (  167): oncrpc_xdr_call_msg_start: Prog: 3000006b, Ver: 00010001, Proc: 00000002
I/ONCRPC  (  167): xdr_std_msg_send_call: Sent Xid: f, Prog: 3000006b, Ver: 00010001, Proc: 00000002
I/ONCRPC  (  167): xdr_std_msg_send_call: Received Reply Xid: f, Prog: 3000006b, Ver: 00010001, Proc: 00000002
V/BackupManagerService(  365): addPackageParticipantsLocked: ru.igsoft.bowlingonline3d
E/ActivityManager(  365): Load: 6.13 / 1.84 / 0.64
E/ActivityManager(  365): CPU usage from 3854ms to -3148ms ago:
E/ActivityManager(  365):   73% 365/system_server: 69% user + 4.5% kernel / faults: 1383 minor 1 major
E/ActivityManager(  365):   40% 610/com.android.launcher: 36% user + 3.5% kernel / faults: 369 minor 1 major
E/ActivityManager(  365):   12% 553/com.maxmpz.audioplayer: 10% user + 2.1% kernel / faults: 527 minor
E/ActivityManager(  365):   11% 582/com.android.galaxy4: 5.2% user + 6.1% kernel / faults: 8294 minor
E/ActivityManager(  365):   8.4% 154/surfaceflinger: 4.5% user + 3.8% kernel
E/ActivityManager(  365):   2.7% 718/com.google.process.gapps: 2.1% user + 0.5% kernel / faults: 899 minor
E/ActivityManager(  365):   1.2% 83/kworker/u:2: 0% user + 1.2% kernel
E/ActivityManager(  365):   0.3% 1018/com.google.process.location: 0.3% user + 0% kernel / faults: 108 minor
E/ActivityManager(  365):   0.7% 965/kworker/u:4: 0% user + 0.7% kernel
E/ActivityManager(  365):   0.5% 481/com.android.systemui: 0.5% user + 0% kernel / faults: 66 minor
E/ActivityManager(  365):   0.4% 84/mmcqd/0: 0% user + 0.4% kernel
E/ActivityManager(  365):   0.2% 155/zygote: 0% user + 0.1% kernel / faults: 126 minor
E/ActivityManager(  365):   0.4% 938/mpdecision: 0% user + 0.4% kernel
E/ActivityManager(  365):   0.4% 1524/com.google.android.gms: 0.4% user + 0% kernel / faults: 261 minor
E/ActivityManager(  365):   0.2% 700/android.process.acore: 0.2% user + 0% kernel / faults: 136 minor
E/ActivityManager(  365):   0% 59/kworker/u:1: 0% user + 0% kernel
E/ActivityManager(  365):   0.1% 70/kworker/0:2: 0% user + 0.1% kernel
E/ActivityManager(  365):   0% 623/com.android.phone: 0% user + 0% kernel / faults: 51 minor 1 major
E/ActivityManager(  365):   0% 644/wpa_supplicant: 0% user + 0% kernel
E/ActivityManager(  365):   0.1% 964/kworker/1:1: 0% user + 0.1% kernel
E/ActivityManager(  365):   0.1% 1306/com.huawei.policy: 0.1% user + 0% kernel / faults: 12 minor
E/ActivityManager(  365):   0% 1513/com.google.android.gsf.login: 0% user + 0% kernel
E/ActivityManager(  365):   0.1% 1562/com.android.vending: 0.1% user + 0% kernel / faults: 55 minor
E/ActivityManager(  365):  +0% 1609/com.google.android.gms.ui: 0% user + 0% kernel
E/ActivityManager(  365):  +0% 1627/ru.pccar: 0% user + 0% kernel
E/ActivityManager(  365): 99% TOTAL: 77% user + 13% kernel + 7.7% iowait
E/ActivityManager(  365): CPU usage from 2493ms to 3070ms later:
E/ActivityManager(  365):   96% 365/system_server: 89% user + 7% kernel / faults: 15 minor
E/ActivityManager(  365):     87% 393/er.ServerThread: 87% user + 0% kernel
E/ActivityManager(  365):     10% 394/ActivityManager: 1.7% user + 8.7% kernel
E/ActivityManager(  365):   43% 610/com.android.launcher: 40% user + 3.5% kernel / faults: 17 minor
E/ActivityManager(  365):     42% 610/ndroid.launcher: 38% user + 3.5% kernel
E/ActivityManager(  365):     1.7% 810/GL updater: 1.7% user + 0% kernel
E/ActivityManager(  365):   10% 582/com.android.galaxy4: 1.7% user + 8.7% kernel / faults: 648 minor
E/ActivityManager(  365):     10% 748/android.galaxy4: 1.7% user + 8.7% kernel
E/ActivityManager(  365):     1.7% 809/GL updater: 0% user + 1.7% kernel
E/ActivityManager(  365):   8.6% 154/surfaceflinger: 3.4% user + 5.1% kernel
E/ActivityManager(  365):     6.8% 255/SurfaceFlinger: 3.4% user + 3.4% kernel
E/ActivityManager(  365):   1.7% 83/kworker/u:2: 0% user + 1.7% kernel
E/ActivityManager(  365):   1.7% 1627/ru.pccar: 0% user + 1.7% kernel
E/ActivityManager(  365):     1.7% 1643/pool-1-thread-1: 0% user + 1.7% kernel
E/ActivityManager(  365): 99% TOTAL: 69% user + 10% kernel + 19% iowait
W/ActivityManager(  365): Killing ProcessRecord{42087020 1562:com.android.vending/10020}: background ANR
I/ActivityManager(  365): Start proc net.dinglisch.android.taskerm for broadcast net.dinglisch.android.taskerm/.ReceiverStaticAlwaysOn: pid=1645 uid=10085 gids={1015, 1006, 3001, 3002, 3003}
I/ActivityManager(  365): Process com.android.vending (pid 1562) has died.
D/StatusBar.NetworkController(  481): refreshViews connected={ wifi } level=?? combinedSignalIconId=0x7f0200bd/com.android.systemui:drawable/stat_sys_wifi_signal_3_fully combinedActivityIconId=0x0 mAirplaneMode=false mDataActivity=0 mPhoneSignalIconId=0x7f0200a1 mDataDirectionIconId=0x0 mDataSignalIconId=0x7f0200a1 mDataTypeIconId=0x0 mNoSimIconId=0x0 mWifiIconId=0x7f0200bd mBluetoothTetherIconId=0x108053d
V/BackupManagerService(  365): addPackageParticipantsLocked: com.outfit7.tomslovelettersfree
V/BackupManagerService(  365): addPackageParticipantsLocked: com.gameloft.android.ANMP.GloftDMHM
V/BackupManagerService(  365): addPackageParticipantsLocked: com.talking.putin
W/ActivityManager(  365): Permission Denial: receiving Intent { act=android.intent.action.BOOT_COMPLETED flg=0x10 } to com.skype.raider requires android.permission.RECEIVE_BOOT_COMPLETED due to sender null (uid 1000)
I/ActivityManager(  365): Start proc cloudtv.hdwidgets for broadcast cloudtv.hdwidgets/.widgets.Widget4x1: pid=1667 uid=10105 gids={3002, 3001, 1006, 3003, 1015}
V/BackupManagerService(  365): addPackageParticipantsLocked: com.com2us.summitxsnowboard.normal.tryandbuy.google.global.android.common
D/StatusBar.NetworkController(  481): refreshViews connected={ wifi } level=?? combinedSignalIconId=0x7f0200bd/com.android.systemui:drawable/stat_sys_wifi_signal_3_fully combinedActivityIconId=0x7f0200b4 mAirplaneMode=false mDataActivity=0 mPhoneSignalIconId=0x7f0200a1 mDataDirectionIconId=0x0 mDataSignalIconId=0x7f0200a1 mDataTypeIconId=0x0 mNoSimIconId=0x0 mWifiIconId=0x7f0200bd mBluetoothTetherIconId=0x108053d
D/StatusBar.NetworkController(  481): changing data overlay icon id to 2130837684
D/StatusBar.NetworkController(  481): refreshViews connected={ wifi } level=?? combinedSignalIconId=0x7f0200bd/com.android.systemui:drawable/stat_sys_wifi_signal_3_fully combinedActivityIconId=0x0 mAirplaneMode=false mDataActivity=0 mPhoneSignalIconId=0x7f0200a1 mDataDirectionIconId=0x0 mDataSignalIconId=0x7f0200a1 mDataTypeIconId=0x0 mNoSimIconId=0x0 mWifiIconId=0x7f0200bd mBluetoothTetherIconId=0x108053d
D/StatusBar.NetworkController(  481): changing data overlay icon id to 0
I/ActivityManager(  365): Start proc com.google.android.apps.uploader for broadcast com.google.android.apps.uploader/.ConnectivityBroadcastReceiver: pid=1697 uid=10017 gids={3003}
I/ActivityManager(  365): Start proc com.google.android.apps.plus for broadcast com.google.android.apps.plus/.service.PackagesMediaMonitor: pid=1714 uid=10022 gids={3003, 3002, 1015, 1006}
I/ActivityManager(  365): Start proc com.huawei.hisuite for broadcast com.huawei.hisuite/.media.MediaReceiver: pid=1732 uid=10088 gids={3003, 1015}
I/ActivityManager(  365): No longer want com.huawei (pid 1337): hidden #16
I/ONCRPC  (  167): Setup RPC Call for task 40080270
I/ONCRPC  (  167): oncrpc_xdr_call_msg_start: Prog: 3000006b, Ver: 00010001, Proc: 00000002
I/ONCRPC  (  167): xdr_std_msg_send_call: Sent Xid: 10, Prog: 3000006b, Ver: 00010001, Proc: 00000002
I/ONCRPC  (  167): xdr_std_msg_send_call: Received Reply Xid: 10, Prog: 3000006b, Ver: 00010001, Proc: 00000002
I/ActivityManager(  365): Start proc com.huawei.android.hwouc for broadcast com.huawei.android.hwouc/.provider.DownloadReceiver: pid=1753 uid=10013 gids={2001, 3003, 1015, 1023}
D/VoldConnector(  365): SND -> {cryptfs cryptocomplete} {null}
D/VoldCmdListener(  148): cryptfs operation:<cryptocomplete>
D/VoldCmdListener(  148): cryptfs cryptocomplete
E/Cryptfs (  148): not running with encryption, aborting
D/VoldConnector(  365): RCV <- {200 1}
D/VoldConnector(  365): RSP <- {200 1}
I/ActivityManager(  365): Start proc com.facebook.katana for broadcast com.facebook.katana/.binding.UploadManagerConnectivity: pid=1768 uid=10077 gids={3003, 1006, 1015}
I/ActivityManager(  365): No longer want com.android.exchange (pid 1247): hidden #16
D/StatusBar.NetworkController(  481): refreshViews connected={ wifi } level=?? combinedSignalIconId=0x7f0200bd/com.android.systemui:drawable/stat_sys_wifi_signal_3_fully combinedActivityIconId=0x0 mAirplaneMode=false mDataActivity=0 mPhoneSignalIconId=0x7f0200a1 mDataDirectionIconId=0x0 mDataSignalIconId=0x7f0200a1 mDataTypeIconId=0x0 mNoSimIconId=0x0 mWifiIconId=0x7f0200bd mBluetoothTetherIconId=0x108053d
D/StatusBar.NetworkController(  481): refreshViews connected={ wifi } level=?? combinedSignalIconId=0x7f0200bd/com.android.systemui:drawable/stat_sys_wifi_signal_3_fully combinedActivityIconId=0x0 mAirplaneMode=false mDataActivity=0 mPhoneSignalIconId=0x7f0200a1 mDataDirectionIconId=0x0 mDataSignalIconId=0x7f0200a1 mDataTypeIconId=0x0 mNoSimIconId=0x0 mWifiIconId=0x7f0200bd mBluetoothTetherIconId=0x108053d
I/ONCRPC  (  167): Setup RPC Call for task 40080270
I/ONCRPC  (  167): oncrpc_xdr_call_msg_start: Prog: 3000006b, Ver: 00010001, Proc: 00000002
I/ONCRPC  (  167): xdr_std_msg_send_call: Sent Xid: 11, Prog: 3000006b, Ver: 00010001, Proc: 00000002
I/ONCRPC  (  167): xdr_std_msg_send_call: Received Reply Xid: 11, Prog: 3000006b, Ver: 00010001, Proc: 00000002
I/ActivityManager(  365): Start proc com.ea.game.simpsons4_row for broadcast com.ea.game.simpsons4_row/com.ea.simpsons.NetworkStatus: pid=1807 uid=10166 gids={1015, 3003}
I/ActivityManager(  365): Start proc com.vkontakte.android for broadcast com.vkontakte.android/.NetworkStateReceiver: pid=1822 uid=10106 gids={1006, 3003, 1015}
I/ActivityManager(  365): No longer want com.android.email (pid 1228): hidden #16
I/ActivityManager(  365): Start proc ru.ivi.client for broadcast ru.ivi.client/.app.ConnectionChangeReceiver: pid=1840 uid=10107 gids={3003, 1015}
I/ActivityManager(  365): No longer want com.android.mms (pid 1352): hidden #16
D/CountryDetectorService(  365): No listener is left
I/ActivityManager(  365): Start proc com.pikpok.turbo for broadcast com.pikpok.turbo/com.pikpok.MabNetworkStateReceiver: pid=1867 uid=10179 gids={1015, 3003}
I/ActivityManager(  365): No longer want com.android.settings (pid 1386): hidden #16
D/StatusBar.NetworkController(  481): refreshViews connected={ wifi } level=?? combinedSignalIconId=0x7f0200bd/com.android.systemui:drawable/stat_sys_wifi_signal_3_fully combinedActivityIconId=0x7f0200b5 mAirplaneMode=false mDataActivity=0 mPhoneSignalIconId=0x7f0200a1 mDataDirectionIconId=0x0 mDataSignalIconId=0x7f0200a1 mDataTypeIconId=0x0 mNoSimIconId=0x0 mWifiIconId=0x7f0200bd mBluetoothTetherIconId=0x108053d
D/StatusBar.NetworkController(  481): changing data overlay icon id to 2130837685
I/ActivityManager(  365): No longer want com.noshufou.android.su (pid 1404): hidden #16
I/ActivityManager(  365): Start proc com.android.contacts for broadcast com.android.contacts/.gridwidget.ContactWidgetProvider: pid=1884 uid=10002 gids={3003, 1015}
I/ActivityManager(  365): No longer want com.google.android.apps.maps:FriendService (pid 1539): hidden #16
I/ActivityManager(  365): Start proc com.google.android.apps.maps:FriendService for broadcast com.google.android.apps.maps/com.google.googlenav.friend.android.ServiceReceiver: pid=1900 uid=10015 gids={3003, 1015}
W/ActivityManager(  365): Permission denied: checkComponentPermission() owningUid=10001
W/ActivityManager(  365): Permission Denial: broadcasting Intent { act=com.google.android.location.internal.server.ACTION_RESTARTED flg=0x10 } from com.google.android.apps.maps (pid=992, uid=10015) is not exported from uid 10001 due to receiver com.google.android.gms/com.google.android.location.reporting.service.ExternalChangeReceiver
I/ActivityManager(  365): No longer want com.google.android.gm (pid 1492): hidden #16
I/ActivityManager(  365): Start proc com.google.android.talk for broadcast com.google.android.talk/.McsConnectionStartedReceiver: pid=1915 uid=10029 gids={3003, 1015, 1006, 3002}
I/ActivityManager(  365): Start proc com.android.calendar for broadcast com.android.calendar/.widget.CalendarAppWidgetService$CalendarFactory: pid=1936 uid=10038 gids={3003}
I/ActivityManager(  365): No longer want com.google.android.gsf.login (pid 1513): hidden #16
I/ActivityManager(  365): Start proc com.google.android.music:main for broadcast com.google.android.music/.store.MediaStoreImportService$Receiver: pid=1953 uid=10018 gids={3003, 1015}
I/ActivityManager(  365): No longer want com.google.android.gms.ui (pid 1609): hidden #16
I/ActivityManager(  365): Start proc com.android.providers.calendar for content provider com.android.providers.calendar/.CalendarProvider2: pid=1966 uid=10039 gids={3003, 1015}
I/ActivityManager(  365): No longer want com.huawei.hisuite (pid 1732): hidden #16
I/ActivityManager(  365): Start proc com.google.android.gm for broadcast com.google.android.gm/.MailIntentReceiver: pid=2000 uid=10006 gids={3003, 1015}
D/StatusBar.NetworkController(  481): refreshViews connected={ wifi } level=?? combinedSignalIconId=0x7f0200bd/com.android.systemui:drawable/stat_sys_wifi_signal_3_fully combinedActivityIconId=0x7f0200b6 mAirplaneMode=false mDataActivity=0 mPhoneSignalIconId=0x7f0200a1 mDataDirectionIconId=0x0 mDataSignalIconId=0x7f0200a1 mDataTypeIconId=0x0 mNoSimIconId=0x0 mWifiIconId=0x7f0200bd mBluetoothTetherIconId=0x108053d
D/StatusBar.NetworkController(  481): changing data overlay icon id to 2130837686
D/StatusBar.NetworkController(  481): refreshViews connected={ wifi } level=?? combinedSignalIconId=0x7f0200bd/com.android.systemui:drawable/stat_sys_wifi_signal_3_fully combinedActivityIconId=0x7f0200b6 mAirplaneMode=false mDataActivity=0 mPhoneSignalIconId=0x7f0200a1 mDataDirectionIconId=0x0 mDataSignalIconId=0x7f0200a1 mDataTypeIconId=0x0 mNoSimIconId=0x0 mWifiIconId=0x7f0200bd mBluetoothTetherIconId=0x108053d
D/ActivityThread( 2000): Loading provider com.android.gmail.ui: com.google.android.gm.provider.UiProvider
I/ActivityManager(  365): Start proc com.google.android.gsf.login for service com.google.android.gsf.login/com.google.android.gsf.loginservice.GoogleLoginService: pid=2017 uid=10001 gids={3003, 1015, 1007, 1006, 2001, 3006}
I/ActivityManager(  365): Start proc com.google.android.apps.maps:LocationFriendService for broadcast com.google.android.apps.maps/com.google.googlenav.friend.reporting.LocationReportingIntentReceiver: pid=2033 uid=10015 gids={3003, 1015}
I/ActivityManager(  365): No longer want com.huawei.android.hwouc (pid 1753): hidden #16
I/ActivityManager(  365): No longer want com.google.android.apps.uploader (pid 1697): hidden #16
D/StatusBar.NetworkController(  481): refreshViews connected={ wifi } level=?? combinedSignalIconId=0x7f0200bd/com.android.systemui:drawable/stat_sys_wifi_signal_3_fully combinedActivityIconId=0x7f0200b5 mAirplaneMode=false mDataActivity=0 mPhoneSignalIconId=0x7f0200a1 mDataDirectionIconId=0x0 mDataSignalIconId=0x7f0200a1 mDataTypeIconId=0x0 mNoSimIconId=0x0 mWifiIconId=0x7f0200bd mBluetoothTetherIconId=0x108053d
D/StatusBar.NetworkController(  481): changing data overlay icon id to 2130837685
I/ActivityManager(  365): Start proc com.android.vending for broadcast com.android.vending/com.google.android.finsky.receivers.PackageMonitorReceiver$RegisteredReceiver: pid=2058 uid=10020 gids={3003, 1015}
I/ActivityManager(  365): No longer want com.google.android.apps.plus (pid 1714): hidden #16
I/ActivityManager(  365): No longer want com.google.android.youtube (pid 1418): hidden #17
I/ONCRPC  (  167): Setup RPC Call for task 40080270
I/ONCRPC  (  167): oncrpc_xdr_call_msg_start: Prog: 3000006b, Ver: 00010001, Proc: 00000002
I/ONCRPC  (  167): xdr_std_msg_send_call: Sent Xid: 12, Prog: 3000006b, Ver: 00010001, Proc: 00000002
I/ONCRPC  (  167): xdr_std_msg_send_call: Received Reply Xid: 12, Prog: 3000006b, Ver: 00010001, Proc: 00000002
D/StatusBar.NetworkController(  481): refreshViews connected={ wifi } level=?? combinedSignalIconId=0x7f0200bd/com.android.systemui:drawable/stat_sys_wifi_signal_3_fully combinedActivityIconId=0x7f0200b5 mAirplaneMode=false mDataActivity=0 mPhoneSignalIconId=0x7f0200a1 mDataDirectionIconId=0x0 mDataSignalIconId=0x7f0200a1 mDataTypeIconId=0x0 mNoSimIconId=0x0 mWifiIconId=0x7f0200bd mBluetoothTetherIconId=0x108053d
I/ActivityManager(  365): Start proc com.google.android.googlequicksearchbox for broadcast com.google.android.googlequicksearchbox/.SourceUpdateReceiver: pid=2105 uid=10010 gids={3003}
I/ActivityManager(  365): No longer want com.ea.game.simpsons4_row (pid 1807): hidden #16
I/ActivityManager(  365): START {flg=0x10020000 cmp=ru.pccar/.Main} from pid 1627
D/StatusBar.NetworkController(  481): refreshViews connected={ wifi } level=?? combinedSignalIconId=0x7f0200bd/com.android.systemui:drawable/stat_sys_wifi_signal_3_fully combinedActivityIconId=0x0 mAirplaneMode=false mDataActivity=0 mPhoneSignalIconId=0x7f0200a1 mDataDirectionIconId=0x0 mDataSignalIconId=0x7f0200a1 mDataTypeIconId=0x0 mNoSimIconId=0x0 mWifiIconId=0x7f0200bd mBluetoothTetherIconId=0x108053d
D/StatusBar.NetworkController(  481): changing data overlay icon id to 0
I/ActivityManager(  365): moveTaskToBack: 5
I/ActivityManager(  365): moveTaskToBack: 5
I/ActivityManager(  365): moveTaskToBack: 5
I/ActivityManager(  365): START {flg=0x10020000 cmp=ru.pccar/.Main} from pid 1627
I/ActivityManager(  365): moveTaskToBack: 5
I/ActivityManager(  365): moveTaskToBack: 5
I/ActivityManager(  365): moveTaskToBack: 5
I/ActivityManager(  365): moveTaskToBack: 5
W/ActivityManager(  365): Activity pause timeout for ActivityRecord{4253ca80 com.android.launcher/com.android.launcher2.Launcher}
W/InputManagerService(  365): Window already focused, ignoring focus gain of: com.android.internal.view.IInputMethodClient$Stub$Proxy@423b4090
I/ActivityManager(  365): START {flg=0x10020000 cmp=ru.pccar/.Main} from pid 1627
D/StatusBar.NetworkController(  481): refreshViews connected={ wifi } level=?? combinedSignalIconId=0x7f0200bd/com.android.systemui:drawable/stat_sys_wifi_signal_3_fully combinedActivityIconId=0x7f0200b6 mAirplaneMode=false mDataActivity=0 mPhoneSignalIconId=0x7f0200a1 mDataDirectionIconId=0x0 mDataSignalIconId=0x7f0200a1 mDataTypeIconId=0x0 mNoSimIconId=0x0 mWifiIconId=0x7f0200bd mBluetoothTetherIconId=0x108053d
D/StatusBar.NetworkController(  481): changing data overlay icon id to 2130837686
I/ONCRPC  (  167): Setup RPC Call for task 40080270
I/ONCRPC  (  167): oncrpc_xdr_call_msg_start: Prog: 3000006b, Ver: 00010001, Proc: 00000002
I/ONCRPC  (  167): xdr_std_msg_send_call: Sent Xid: 13, Prog: 3000006b, Ver: 00010001, Proc: 00000002
I/ONCRPC  (  167): xdr_std_msg_send_call: Received Reply Xid: 13, Prog: 3000006b, Ver: 00010001, Proc: 00000002
D/StatusBar.NetworkController(  481): refreshViews connected={ wifi } level=?? combinedSignalIconId=0x7f0200bd/com.android.systemui:drawable/stat_sys_wifi_signal_3_fully combinedActivityIconId=0x7f0200b5 mAirplaneMode=false mDataActivity=0 mPhoneSignalIconId=0x7f0200a1 mDataDirectionIconId=0x0 mDataSignalIconId=0x7f0200a1 mDataTypeIconId=0x0 mNoSimIconId=0x0 mWifiIconId=0x7f0200bd mBluetoothTetherIconId=0x108053d
D/StatusBar.NetworkController(  481): changing data overlay icon id to 2130837685
D/StatusBar.NetworkController(  481): refreshViews connected={ wifi } level=?? combinedSignalIconId=0x7f0200bd/com.android.systemui:drawable/stat_sys_wifi_signal_3_fully combinedActivityIconId=0x0 mAirplaneMode=false mDataActivity=0 mPhoneSignalIconId=0x7f0200a1 mDataDirectionIconId=0x0 mDataSignalIconId=0x7f0200a1 mDataTypeIconId=0x0 mNoSimIconId=0x0 mWifiIconId=0x7f0200bd mBluetoothTetherIconId=0x108053d
D/StatusBar.NetworkController(  481): changing data overlay icon id to 0
D/StatusBar.NetworkController(  481): refreshViews connected={ wifi } level=?? combinedSignalIconId=0x7f0200bd/com.android.systemui:drawable/stat_sys_wifi_signal_3_fully combinedActivityIconId=0x7f0200b4 mAirplaneMode=false mDataActivity=0 mPhoneSignalIconId=0x7f0200a1 mDataDirectionIconId=0x0 mDataSignalIconId=0x7f0200a1 mDataTypeIconId=0x0 mNoSimIconId=0x0 mWifiIconId=0x7f0200bd mBluetoothTetherIconId=0x108053d
D/StatusBar.NetworkController(  481): changing data overlay icon id to 2130837684
I/ActivityManager(  365): moveTaskToBack: 5
I/ActivityManager(  365): moveTaskToBack: 5
I/ActivityManager(  365): moveTaskToBack: 5
W/InputManagerService(  365): Window already focused, ignoring focus gain of: com.android.internal.view.IInputMethodClient$Stub$Proxy@42384ef0
W/ThrottleService(  365): unable to find stats for iface rmnet0
D/StatusBar.NetworkController(  481): refreshViews connected={ wifi } level=?? combinedSignalIconId=0x7f0200bd/com.android.systemui:drawable/stat_sys_wifi_signal_3_fully combinedActivityIconId=0x0 mAirplaneMode=false mDataActivity=0 mPhoneSignalIconId=0x7f0200a1 mDataDirectionIconId=0x0 mDataSignalIconId=0x7f0200a1 mDataTypeIconId=0x0 mNoSimIconId=0x0 mWifiIconId=0x7f0200bd mBluetoothTetherIconId=0x108053d
D/StatusBar.NetworkController(  481): changing data overlay icon id to 0
I/ActivityManager(  365): START {flg=0x10020000 cmp=ru.pccar/.Main} from pid 1627
I/ONCRPC  (  167): Setup RPC Call for task 40080270
I/ONCRPC  (  167): oncrpc_xdr_call_msg_start: Prog: 3000006b, Ver: 00010001, Proc: 00000002
I/ONCRPC  (  167): xdr_std_msg_send_call: Sent Xid: 14, Prog: 3000006b, Ver: 00010001, Proc: 00000002
I/ONCRPC  (  167): xdr_std_msg_send_call: Received Reply Xid: 14, Prog: 3000006b, Ver: 00010001, Proc: 00000002
I/ActivityManager(  365): moveTaskToBack: 5
W/InputManagerService(  365): Window already focused, ignoring focus gain of: com.android.internal.view.IInputMethodClient$Stub$Proxy@42847558
D/StatusBar.NetworkController(  481): refreshViews connected={ wifi } level=?? combinedSignalIconId=0x7f0200bd/com.android.systemui:drawable/stat_sys_wifi_signal_3_fully combinedActivityIconId=0x0 mAirplaneMode=false mDataActivity=0 mPhoneSignalIconId=0x7f0200a1 mDataDirectionIconId=0x0 mDataSignalIconId=0x7f0200a1 mDataTypeIconId=0x0 mNoSimIconId=0x0 mWifiIconId=0x7f0200bd mBluetoothTetherIconId=0x108053d
I/ActivityManager(  365): START {flg=0x10020000 cmp=ru.pccar/.Main} from pid 1627
I/ActivityManager(  365): moveTaskToBack: 5
D/StatusBar.NetworkController(  481): refreshViews connected={ wifi } level=?? combinedSignalIconId=0x7f0200bd/com.android.systemui:drawable/stat_sys_wifi_signal_3_fully combinedActivityIconId=0x0 mAirplaneMode=false mDataActivity=0 mPhoneSignalIconId=0x7f0200a1 mDataDirectionIconId=0x0 mDataSignalIconId=0x7f0200a1 mDataTypeIconId=0x0 mNoSimIconId=0x0 mWifiIconId=0x7f0200bd mBluetoothTetherIconId=0x108053d
I/ActivityManager(  365): moveTaskToBack: 5
I/ActivityManager(  365): START {flg=0x10020000 cmp=ru.pccar/.Main} from pid 1627
I/ActivityManager(  365): moveTaskToBack: 5
I/ActivityManager(  365): START {flg=0x10020000 cmp=ru.pccar/.Main} from pid 1627
D/StatusBar.NetworkController(  481): refreshViews connected={ wifi } level=?? combinedSignalIconId=0x7f0200bd/com.android.systemui:drawable/stat_sys_wifi_signal_3_fully combinedActivityIconId=0x0 mAirplaneMode=false mDataActivity=0 mPhoneSignalIconId=0x7f0200a1 mDataDirectionIconId=0x0 mDataSignalIconId=0x7f0200a1 mDataTypeIconId=0x0 mNoSimIconId=0x0 mWifiIconId=0x7f0200bd mBluetoothTetherIconId=0x108053d
I/ActivityManager(  365): moveTaskToBack: 5
I/ActivityManager(  365): moveTaskToBack: 5
I/ONCRPC  (  167): Setup RPC Call for task 40080270
I/ONCRPC  (  167): oncrpc_xdr_call_msg_start: Prog: 3000006b, Ver: 00010001, Proc: 00000002
I/ONCRPC  (  167): xdr_std_msg_send_call: Sent Xid: 15, Prog: 3000006b, Ver: 00010001, Proc: 00000002
I/ONCRPC  (  167): xdr_std_msg_send_call: Received Reply Xid: 15, Prog: 3000006b, Ver: 00010001, Proc: 00000002
I/ActivityManager(  365): START {flg=0x10020000 cmp=ru.pccar/.Main} from pid 1627
I/ActivityManager(  365): moveTaskToBack: 5
D/StatusBar.NetworkController(  481): refreshViews connected={ wifi } level=?? combinedSignalIconId=0x7f0200bd/com.android.systemui:drawable/stat_sys_wifi_signal_3_fully combinedActivityIconId=0x0 mAirplaneMode=false mDataActivity=0 mPhoneSignalIconId=0x7f0200a1 mDataDirectionIconId=0x0 mDataSignalIconId=0x7f0200a1 mDataTypeIconId=0x0 mNoSimIconId=0x0 mWifiIconId=0x7f0200bd mBluetoothTetherIconId=0x108053d
D/StatusBar.NetworkController(  481): refreshViews connected={ wifi } level=?? combinedSignalIconId=0x7f0200bd/com.android.systemui:drawable/stat_sys_wifi_signal_3_fully combinedActivityIconId=0x7f0200b4 mAirplaneMode=false mDataActivity=0 mPhoneSignalIconId=0x7f0200a1 mDataDirectionIconId=0x0 mDataSignalIconId=0x7f0200a1 mDataTypeIconId=0x0 mNoSimIconId=0x0 mWifiIconId=0x7f0200bd mBluetoothTetherIconId=0x108053d
D/StatusBar.NetworkController(  481): changing data overlay icon id to 2130837684
D/StatusBar.NetworkController(  481): refreshViews connected={ wifi } level=?? combinedSignalIconId=0x7f0200bd/com.android.systemui:drawable/stat_sys_wifi_signal_3_fully combinedActivityIconId=0x0 mAirplaneMode=false mDataActivity=0 mPhoneSignalIconId=0x7f0200a1 mDataDirectionIconId=0x0 mDataSignalIconId=0x7f0200a1 mDataTypeIconId=0x0 mNoSimIconId=0x0 mWifiIconId=0x7f0200bd mBluetoothTetherIconId=0x108053d
D/StatusBar.NetworkController(  481): changing data overlay icon id to 0
I/ONCRPC  (  167): Setup RPC Call for task 40080270
I/ONCRPC  (  167): oncrpc_xdr_call_msg_start: Prog: 3000006b, Ver: 00010001, Proc: 00000002
I/ONCRPC  (  167): xdr_std_msg_send_call: Sent Xid: 16, Prog: 3000006b, Ver: 00010001, Proc: 00000002
I/ONCRPC  (  167): xdr_std_msg_send_call: Received Reply Xid: 16, Prog: 3000006b, Ver: 00010001, Proc: 00000002
D/StatusBar.NetworkController(  481): refreshViews connected={ wifi } level=?? combinedSignalIconId=0x7f0200bd/com.android.systemui:drawable/stat_sys_wifi_signal_3_fully combinedActivityIconId=0x0 mAirplaneMode=false mDataActivity=0 mPhoneSignalIconId=0x7f0200a1 mDataDirectionIconId=0x0 mDataSignalIconId=0x7f0200a1 mDataTypeIconId=0x0 mNoSimIconId=0x0 mWifiIconId=0x7f0200bd mBluetoothTetherIconId=0x108053d
D/StatusBar.NetworkController(  481): refreshViews connected={ wifi } level=?? combinedSignalIconId=0x7f0200bd/com.android.systemui:drawable/stat_sys_wifi_signal_3_fully combinedActivityIconId=0x0 mAirplaneMode=false mDataActivity=0 mPhoneSignalIconId=0x7f0200a1 mDataDirectionIconId=0x0 mDataSignalIconId=0x7f0200a1 mDataTypeIconId=0x0 mNoSimIconId=0x0 mWifiIconId=0x7f0200bd mBluetoothTetherIconId=0x108053d
I/ONCRPC  (  167): Setup RPC Call for task 40080270
I/ONCRPC  (  167): oncrpc_xdr_call_msg_start: Prog: 3000006b, Ver: 00010001, Proc: 00000002
I/ONCRPC  (  167): xdr_std_msg_send_call: Sent Xid: 17, Prog: 3000006b, Ver: 00010001, Proc: 00000002
I/ONCRPC  (  167): xdr_std_msg_send_call: Received Reply Xid: 17, Prog: 3000006b, Ver: 00010001, Proc: 00000002
D/StatusBar.NetworkController(  481): refreshViews connected={ wifi } level=?? combinedSignalIconId=0x7f0200bd/com.android.systemui:drawable/stat_sys_wifi_signal_3_fully combinedActivityIconId=0x7f0200b6 mAirplaneMode=false mDataActivity=0 mPhoneSignalIconId=0x7f0200a1 mDataDirectionIconId=0x0 mDataSignalIconId=0x7f0200a1 mDataTypeIconId=0x0 mNoSimIconId=0x0 mWifiIconId=0x7f0200bd mBluetoothTetherIconId=0x108053d
D/StatusBar.NetworkController(  481): changing data overlay icon id to 2130837686
D/StatusBar.NetworkController(  481): refreshViews connected={ wifi } level=?? combinedSignalIconId=0x7f0200bd/com.android.systemui:drawable/stat_sys_wifi_signal_3_fully combinedActivityIconId=0x7f0200b5 mAirplaneMode=false mDataActivity=0 mPhoneSignalIconId=0x7f0200a1 mDataDirectionIconId=0x0 mDataSignalIconId=0x7f0200a1 mDataTypeIconId=0x0 mNoSimIconId=0x0 mWifiIconId=0x7f0200bd mBluetoothTetherIconId=0x108053d
D/StatusBar.NetworkController(  481): changing data overlay icon id to 2130837685
D/StatusBar.NetworkController(  481): refreshViews connected={ wifi } level=?? combinedSignalIconId=0x7f0200bd/com.android.systemui:drawable/stat_sys_wifi_signal_3_fully combinedActivityIconId=0x0 mAirplaneMode=false mDataActivity=0 mPhoneSignalIconId=0x7f0200a1 mDataDirectionIconId=0x0 mDataSignalIconId=0x7f0200a1 mDataTypeIconId=0x0 mNoSimIconId=0x0 mWifiIconId=0x7f0200bd mBluetoothTetherIconId=0x108053d
D/StatusBar.NetworkController(  481): changing data overlay icon id to 0
--------- beginning of /dev/log/main
D/MediaScanner(  534): yy begin time: 1ms Path=/mnt/sdcard/SF_IV_DATA/re_gul12_1.im2
D/MediaScanner(  534): yy begin time: 0ms Path=/mnt/sdcard/SF_IV_DATA/re_hnd3_2.im2
D/MediaScanner(  534): yy begin time: 0ms Path=/mnt/sdcard/SF_IV_DATA/ryu23_2P.obm
D/MediaScanner(  534): yy begin time: 0ms Path=/mnt/sdcard/SF_IV_DATA/sagat_Rect_2P.bin
D/MediaScanner(  534): yy begin time: 1ms Path=/mnt/sdcard/SF_IV_DATA/sgt36.obm
D/MediaScanner(  534): yy begin time: 0ms Path=/mnt/sdcard/SF_IV_DATA/sgt_c2_1.obm
D/MediaScanner(  534): yy begin time: 0ms Path=/mnt/sdcard/SF_IV_DATA/vega_35_2P.obm
D/MediaScanner(  534): yy begin time: 1ms Path=/mnt/sdcard/SF_IV_DATA/veg_sel_chara.obm
D/MediaScanner(  534): yy begin time: 0ms Path=/mnt/sdcard/SF_IV_DATA/vip35.obm
D/MediaScanner(  534): yy begin time: 0ms Path=/mnt/sdcard/SF_IV_DATA/vip_eff38.im2
D/MediaScanner(  534): yy begin time: 0ms Path=/mnt/sdcard/SF_IV_DATA/vip_eff61.im2
D/MediaScanner(  534): yy begin time: 1ms Path=/mnt/sdcard/SF_IV_DATA/zangief_41_2P.obm
D/MediaScanner(  534): yy begin time: 0ms Path=/mnt/sdcard/SF_IV_DATA/zgf_se_fly.oto
D/MediaScanner(  534): yy begin time: 0ms Path=/mnt/sdcard/SF_IV_DATA/zgf_throw_miss.oto
D/MediaScanner(  534): yy begin time: 0ms Path=/mnt/sdcard/SF_IV_DATA/abel_04.obm
D/MediaScanner(  534): yy begin time: 1ms Path=/mnt/sdcard/SF_IV_DATA/abel_53_2P.obm
D/MediaScanner(  534): yy begin time: 0ms Path=/mnt/sdcard/SF_IV_DATA/bgm_gouki.oto
D/MediaScanner(  534): yy begin time: 0ms Path=/mnt/sdcard/SF_IV_DATA/blanka_40.obm
D/MediaScanner(  534): yy begin time: 0ms Path=/mnt/sdcard/SF_IV_DATA/chunli_05.obm
D/MediaScanner(  534): yy begin time: 0ms Path=/mnt/sdcard/SF_IV_DATA/cmy_c1_3.obm
D/MediaScanner(  534): yy begin time: 0ms Path=/mnt/sdcard/SF_IV_DATA/cockpit_cmy.obm
D/MediaScanner(  534): yy begin time: 0ms Path=/mnt/sdcard/SF_IV_DATA/dhalsim_03_2P.obm
D/MediaScanner(  534): yy begin time: 0ms Path=/mnt/sdcard/SF_IV_DATA/dhalsim_eff_10.im2
D/MediaScanner(  534): yy begin time: 0ms Path=/mnt/sdcard/SF_IV_DATA/dj_17.obm
D/MediaScanner(  534): yy begin time: 0ms Path=/mnt/sdcard/SF_IV_DATA/dsm_blast.oto
D/MediaScanner(  534): yy begin time: 0ms Path=/mnt/sdcard/SF_IV_DATA/e_blk_bsroll.oto
D/MediaScanner(  534): yy begin time: 0ms Path=/mnt/sdcard/SF_IV_DATA/e_cmy_sc1.oto
D/MediaScanner(  534): yy begin time: 1ms Path=/mnt/sdcard/SF_IV_DATA/e_com_list_blk_1.obm
D/MediaScanner(  534): yy begin time: 0ms Path=/mnt/sdcard/SF_IV_DATA/e_cvp_uc1.oto
D/MediaScanner(  534): yy begin time: 0ms Path=/mnt/sdcard/SF_IV_DATA/e_dsm_ucmov.oto
D/MediaScanner(  534): yy begin time: 0ms Path=/mnt/sdcard/SF_IV_DATA/e_hnd_win1.oto
D/MediaScanner(  534): yy begin time: 1ms Path=/mnt/sdcard/SF_IV_DATA/e_jhn_c4_3.obm
D/MediaScanner(  534): yy begin time: 0ms Path=/mnt/sdcard/SF_IV_DATA/e_ken_atk_m0.oto
D/MediaScanner(  534): yy begin time: 0ms Path=/mnt/sdcard/SF_IV_DATA/e_ryu_atk_l2.oto
D/MediaScanner(  534): yy begin time: 0ms Path=/mnt/sdcard/SF_IV_DATA/e_spmv03.tas
D/MediaScanner(  534): yy begin time: 0ms Path=/mnt/sdcard/SF_IV_DATA/e_zgf_c2_2.obm
D/MediaScanner(  534): yy begin time: 0ms Path=/mnt/sdcard/SF_IV_DATA/e_zgf_uc4.oto
D/MediaScanner(  534): yy begin time: 0ms Path=/mnt/sdcard/SF_IV_DATA/f_dj_c5_3.obm
D/MediaScanner(  534): yy begin time: 0ms Path=/mnt/sdcard/SF_IV_DATA/f_veg_c5_1.obm
D/MediaScanner(  534): yy begin time: 0ms Path=/mnt/sdcard/SF_IV_DATA/guile_12_2P.obm
D/MediaScanner(  534): yy begin time: 0ms Path=/mnt/sdcard/SF_IV_DATA/honda_19.obm
D/MediaScanner(  534): yy begin time: 0ms Path=/mnt/sdcard/SF_IV_DATA/j_gil_win.mes
D/MediaScanner(  534): yy begin time: 0ms Path=/mnt/sdcard/SF_IV_DATA/ken20_2P.obm
D/MediaScanner(  534): yy begin time: 0ms Path=/mnt/sdcard/SF_IV_DATA/ken_Pict.bin
D/MediaScanner(  534): yy begin time: 1ms Path=/mnt/sdcard/SF_IV_DATA/k_cmy_c3_1.obm
D/MediaScanner(  534): yy begin time: 0ms Path=/mnt/sdcard/SF_IV_DATA/k_com_list_agl_4.obm
D/MediaScanner(  534): yy begin time: 0ms Path=/mnt/sdcard/SF_IV_DATA/RailYard2-2.im2
D/MediaScanner(  534): yy begin time: 0ms Path=/mnt/sdcard/SF_IV_DATA/re_agl10_2.im2
D/MediaScanner(  534): yy begin time: 0ms Path=/mnt/sdcard/SF_IV_DATA/re_blk2_2.im2
D/MediaScanner(  534): yy begin time: 0ms Path=/mnt/sdcard/SF_IV_DATA/re_dj3_2.im2
D/MediaScanner(  534): yy begin time: 1ms Path=/mnt/sdcard/SF_IV_DATA/re_jha5_1.im2
D/MediaScanner(  534): yy begin time: 0ms Path=/mnt/sdcard/SF_IV_DATA/ryu24.obm
D/MediaScanner(  534): yy begin time: 0ms Path=/mnt/sdcard/SF_IV_DATA/ryu_eff13.im2
D/MediaScanner(  534): yy begin time: 0ms Path=/mnt/sdcard/SF_IV_DATA/sgt36_2P.obm
D/MediaScanner(  534): yy begin time: 0ms Path=/mnt/sdcard/SF_IV_DATA/sgt_c4_2.obm
D/MediaScanner(  534): yy begin time: 0ms Path=/mnt/sdcard/SF_IV_DATA/vega_36.obm
D/MediaScanner(  534): yy begin time: 0ms Path=/mnt/sdcard/SF_IV_DATA/vip35_2P.obm
D/MediaScanner(  534): yy begin time: 0ms Path=/mnt/sdcard/SF_IV_DATA/zgf_atk_h2.oto
D/MediaScanner(  534): yy begin time: 0ms Path=/mnt/sdcard/SF_IV_DATA/zgf_atomic0.oto
D/MediaScanner(  534): yy begin time: 1ms Path=/mnt/sdcard/SF_IV_DATA/abel_04_2P.obm
D/MediaScanner(  534): yy begin time: 0ms Path=/mnt/sdcard/SF_IV_DATA/abel_54.obm
D/MediaScanner(  534): yy begin time: 0ms Path=/mnt/sdcard/SF_IV_DATA/bgm_gouken.oto
D/MediaScanner(  534): yy begin time: 0ms Path=/mnt/sdcard/SF_IV_DATA/bgm_modeselect.oto
D/MediaScanner(  534): yy begin time: 1ms Path=/mnt/sdcard/SF_IV_DATA/blanka_40_2P.obm
D/MediaScanner(  534): yy begin time: 0ms Path=/mnt/sdcard/SF_IV_DATA/chunli_05_2P.obm
D/MediaScanner(  534): yy begin time: 0ms Path=/mnt/sdcard/SF_IV_DATA/cmy_atk_h2.oto
D/MediaScanner(  534): yy begin time: 0ms Path=/mnt/sdcard/SF_IV_DATA/cmy_c3_2.obm
D/MediaScanner(  534): yy begin time: 0ms Path=/mnt/sdcard/SF_IV_DATA/cnl_atk_h0.oto
D/MediaScanner(  534): yy begin time: 0ms Path=/mnt/sdcard/SF_IV_DATA/cokpit_agl.obm
D/MediaScanner(  534): yy begin time: 0ms Path=/mnt/sdcard/SF_IV_DATA/dhalsim_04.obm
D/MediaScanner(  534): yy begin time: 0ms Path=/mnt/sdcard/SF_IV_DATA/dj_17_2P.obm
D/MediaScanner(  534): yy begin time: 0ms Path=/mnt/sdcard/SF_IV_DATA/dj_eff_20.im2
D/MediaScanner(  534): yy begin time: 0ms Path=/mnt/sdcard/SF_IV_DATA/dsm_sc2.oto
D/MediaScanner(  534): yy begin time: 0ms Path=/mnt/sdcard/SF_IV_DATA/e_cmy_uc3.oto
D/MediaScanner(  534): yy begin time: 0ms Path=/mnt/sdcard/SF_IV_DATA/e_cnl_atk_h2.oto
D/MediaScanner(  534): yy begin time: 0ms Path=/mnt/sdcard/SF_IV_DATA/e_com_list_blk_2.obm
D/MediaScanner(  534): yy begin time: 1ms Path=/mnt/sdcard/SF_IV_DATA/e_dsm_ko.oto
D/MediaScanner(  534): yy begin time: 0ms Path=/mnt/sdcard/SF_IV_DATA/e_ken_c2_1.obm
D/MediaScanner(  534): yy begin time: 0ms Path=/mnt/sdcard/SF_IV_DATA/e_ryu_tatsumaki.oto
D/MediaScanner(  534): yy begin time: 1ms Path=/mnt/sdcard/SF_IV_DATA/e_sgt_sc1.oto
D/MediaScanner(  534): yy begin time: 0ms Path=/mnt/sdcard/SF_IV_DATA/e_zgf_c2_3.obm
D/MediaScanner(  534): yy begin time: 0ms Path=/mnt/sdcard/SF_IV_DATA/f_dsm_c4_3.obm
D/MediaScanner(  534): yy begin time: 0ms Path=/mnt/sdcard/SF_IV_DATA/f_spmv07.tas
D/MediaScanner(  534): yy begin time: 1ms Path=/mnt/sdcard/SF_IV_DATA/f_veg_c5_2.obm
D/MediaScanner(  534): yy begin time: 0ms Path=/mnt/sdcard/SF_IV_DATA/guile_13.obm
D/MediaScanner(  534): yy begin time: 0ms Path=/mnt/sdcard/SF_IV_DATA/hit_bone.oto
D/MediaScanner(  534): yy begin time: 0ms Path=/mnt/sdcard/SF_IV_DATA/honda_19_2P.obm
D/MediaScanner(  534): yy begin time: 1ms Path=/mnt/sdcard/SF_IV_DATA/j_ryu_win.mes
D/MediaScanner(  534): yy begin time: 0ms Path=/mnt/sdcard/SF_IV_DATA/ken21.obm
D/MediaScanner(  534): yy begin time: 0ms Path=/mnt/sdcard/SF_IV_DATA/ken_Pict_2P.bin
D/MediaScanner(  534): yy begin time: 0ms Path=/mnt/sdcard/SF_IV_DATA/k_cmy_c4_2.obm
D/MediaScanner(  534): yy begin time: 0ms Path=/mnt/sdcard/SF_IV_DATA/k_com_list_blk_3.obm
D/MediaScanner(  534): yy begin time: 0ms Path=/mnt/sdcard/SF_IV_DATA/RailYard2-1.im2
D/MediaScanner(  534): yy begin time: 0ms Path=/mnt/sdcard/SF_IV_DATA/re_dj7_2.im2
D/MediaScanner(  534): yy begin time: 0ms Path=/mnt/sdcard/SF_IV_DATA/re_jha4_2.im2
D/MediaScanner(  534): yy begin time: 0ms Path=/mnt/sdcard/SF_IV_DATA/re_ken3_1.im2
D/MediaScanner(  534): yy begin time: 0ms Path=/mnt/sdcard/SF_IV_DATA/ryu24_2P.obm
D/MediaScanner(  534): yy begin time: 0ms Path=/mnt/sdcard/SF_IV_DATA/sgt37.obm
D/MediaScanner(  534): yy begin time: 0ms Path=/mnt/sdcard/SF_IV_DATA/vega_36_2P.obm
D/MediaScanner(  534): yy begin time: 0ms Path=/mnt/sdcard/SF_IV_DATA/veg_c2_1.obm
D/MediaScanner(  534): yy begin time: 0ms Path=/mnt/sdcard/SF_IV_DATA/vip36.obm
D/MediaScanner(  534): yy begin time: 0ms Path=/mnt/sdcard/SF_IV_DATA/vip_eff77.im2
D/MediaScanner(  534): yy begin time: 1ms Path=/mnt/sdcard/SF_IV_DATA/zangief_Rect.bin
D/MediaScanner(  534): yy begin time: 0ms Path=/mnt/sdcard/SF_IV_DATA/zgf_ucmov.oto
D/MediaScanner(  534): yy begin time: 0ms Path=/mnt/sdcard/SF_IV_DATA/abel_05.obm
D/MediaScanner(  534): yy begin time: 0ms Path=/mnt/sdcard/SF_IV_DATA/abel_54_2P.obm
D/MediaScanner(  534): yy begin time: 1ms Path=/mnt/sdcard/SF_IV_DATA/bgm_stage_bra.oto
D/MediaScanner(  534): yy begin time: 0ms Path=/mnt/sdcard/SF_IV_DATA/blanka_41.obm
D/MediaScanner(  534): yy begin time: 0ms Path=/mnt/sdcard/SF_IV_DATA/chunli_06.obm
D/MediaScanner(  534): yy begin time: 0ms Path=/mnt/sdcard/SF_IV_DATA/cmy_c3_3.obm
D/MediaScanner(  534): yy begin time: 1ms Path=/mnt/sdcard/SF_IV_DATA/cmy_ko.oto
D/MediaScanner(  534): yy begin time: 0ms Path=/mnt/sdcard/SF_IV_DATA/cokpit_blk.obm
D/MediaScanner(  534): yy begin time: 0ms Path=/mnt/sdcard/SF_IV_DATA/dhalsim_04_2P.obm
D/MediaScanner(  534): yy begin time: 0ms Path=/mnt/sdcard/SF_IV_DATA/dj_18.obm
D/MediaScanner(  534): yy begin time: 0ms Path=/mnt/sdcard/SF_IV_DATA/dj_eff_26.im2
D/MediaScanner(  534): yy begin time: 0ms Path=/mnt/sdcard/SF_IV_DATA/e_blk_win.mes
D/MediaScanner(  534): yy begin time: 0ms Path=/mnt/sdcard/SF_IV_DATA/e_com_list_cmy_1.obm
D/MediaScanner(  534): yy begin time: 1ms Path=/mnt/sdcard/SF_IV_DATA/e_dsm_sav3.oto
D/MediaScanner(  534): yy begin time: 0ms Path=/mnt/sdcard/SF_IV_DATA/e_ken_atk_h1.oto
D/MediaScanner(  534): yy begin time: 0ms Path=/mnt/sdcard/SF_IV_DATA/e_ken_c4_1.obm
D/MediaScanner(  534): yy begin time: 0ms Path=/mnt/sdcard/SF_IV_DATA/e_ken_uc2.oto
D/MediaScanner(  534): yy begin time: 1ms Path=/mnt/sdcard/SF_IV_DATA/e_ryu_throw1.oto
D/MediaScanner(  534): yy begin time: 0ms Path=/mnt/sdcard/SF_IV_DATA/e_veg_atk_l1.oto
D/MediaScanner(  534): yy begin time: 0ms Path=/mnt/sdcard/SF_IV_DATA/e_zgf_c3_1.obm
D/MediaScanner(  534): yy begin time: 0ms Path=/mnt/sdcard/SF_IV_DATA/e_zgf_ucmov.oto
D/MediaScanner(  534): yy begin time: 1ms Path=/mnt/sdcard/SF_IV_DATA/frontstep.oto
D/MediaScanner(  534): yy begin time: 0ms Path=/mnt/sdcard/SF_IV_DATA/f_dsm_c5_3.obm
D/MediaScanner(  534): yy begin time: 0ms Path=/mnt/sdcard/SF_IV_DATA/f_zgf_c4_1.obm
D/MediaScanner(  534): yy begin time: 0ms Path=/mnt/sdcard/SF_IV_DATA/guile_13_2P.obm
D/MediaScanner(  534): yy begin time: 1ms Path=/mnt/sdcard/SF_IV_DATA/gul_sav1.oto
D/MediaScanner(  534): yy begin time: 0ms Path=/mnt/sdcard/SF_IV_DATA/hnd_atk_h1.oto
D/MediaScanner(  534): yy begin time: 0ms Path=/mnt/sdcard/SF_IV_DATA/honda_20.obm
D/MediaScanner(  534): yy begin time: 0ms Path=/mnt/sdcard/SF_IV_DATA/Jammed1-2.im2
D/MediaScanner(  534): yy begin time: 1ms Path=/mnt/sdcard/SF_IV_DATA/j_spmv04.tas
D/MediaScanner(  534): yy begin time: 0ms Path=/mnt/sdcard/SF_IV_DATA/ken21_2P.obm
D/MediaScanner(  534): yy begin time: 0ms Path=/mnt/sdcard/SF_IV_DATA/ken_1p.bmv
D/MediaScanner(  534): yy begin time: 0ms Path=/mnt/sdcard/SF_IV_DATA/k_cmy_c4_3.obm
D/MediaScanner(  534): yy begin time: 1ms Path=/mnt/sdcard/SF_IV_DATA/k_com_list_blk_4.obm
D/MediaScanner(  534): yy begin time: 0ms Path=/mnt/sdcard/SF_IV_DATA/re_hnd8_2.im2
D/MediaScanner(  534): yy begin time: 0ms Path=/mnt/sdcard/SF_IV_DATA/re_jha6_1.im2
D/MediaScanner(  534): yy begin time: 0ms Path=/mnt/sdcard/SF_IV_DATA/re_jha9_2.im2
D/MediaScanner(  534): yy begin time: 0ms Path=/mnt/sdcard/SF_IV_DATA/ryu25.obm
D/MediaScanner(  534): yy begin time: 0ms Path=/mnt/sdcard/SF_IV_DATA/sgt37_2P.obm
D/MediaScanner(  534): yy begin time: 0ms Path=/mnt/sdcard/SF_IV_DATA/vega_37.obm
D/MediaScanner(  534): yy begin time: 0ms Path=/mnt/sdcard/SF_IV_DATA/veg_c2_2.obm
D/MediaScanner(  534): yy begin time: 0ms Path=/mnt/sdcard/SF_IV_DATA/vip36_2P.obm
D/MediaScanner(  534): yy begin time: 0ms Path=/mnt/sdcard/SF_IV_DATA/vip_eff73.im2
D/MediaScanner(  534): yy begin time: 0ms Path=/mnt/sdcard/SF_IV_DATA/zangief_Rect_2P.bin
D/MediaScanner(  534): yy begin time: 0ms Path=/mnt/sdcard/SF_IV_DATA/zgf_sav1.oto
D/MediaScanner(  534): yy begin time: 0ms Path=/mnt/sdcard/SF_IV_DATA/abel_05_2P.obm
D/MediaScanner(  534): yy begin time: 1ms Path=/mnt/sdcard/SF_IV_DATA/abel_55.obm
D/MediaScanner(  534): yy begin time: 0ms Path=/mnt/sdcard/SF_IV_DATA/abl_se_roll.oto
D/MediaScanner(  534): yy begin time: 0ms Path=/mnt/sdcard/SF_IV_DATA/bgm_stage_kor.oto
D/MediaScanner(  534): yy begin time: 0ms Path=/mnt/sdcard/SF_IV_DATA/blanka_41_2P.obm
D/MediaScanner(  534): yy begin time: 1ms Path=/mnt/sdcard/SF_IV_DATA/blk_atk_h2.oto
D/MediaScanner(  534): yy begin time: 0ms Path=/mnt/sdcard/SF_IV_DATA/chunli_06_2P.obm
D/MediaScanner(  534): yy begin time: 0ms Path=/mnt/sdcard/SF_IV_DATA/cokpit_cnl.obm
D/MediaScanner(  534): yy begin time: 1ms Path=/mnt/sdcard/SF_IV_DATA/dhalsim_05.obm
D/MediaScanner(  534): yy begin time: 0ms Path=/mnt/sdcard/SF_IV_DATA/djy_hiza_ko.oto
D/MediaScanner(  534): yy begin time: 0ms Path=/mnt/sdcard/SF_IV_DATA/dj_18_2P.obm
D/MediaScanner(  534): yy begin time: 0ms Path=/mnt/sdcard/SF_IV_DATA/dj_c1_2.obm
D/MediaScanner(  534): yy begin time: 0ms Path=/mnt/sdcard/SF_IV_DATA/dj_eff_17.im2
D/MediaScanner(  534): yy begin time: 0ms Path=/mnt/sdcard/SF_IV_DATA/e_com_list_cmy_2.obm
D/MediaScanner(  534): yy begin time: 0ms Path=/mnt/sdcard/SF_IV_DATA/e_cvp_atk_h2.oto
D/MediaScanner(  534): yy begin time: 0ms Path=/mnt/sdcard/SF_IV_DATA/e_djy_upper1.oto
D/MediaScanner(  534): yy begin time: 0ms Path=/mnt/sdcard/SF_IV_DATA/e_gul_w_summer1.oto
D/MediaScanner(  534): yy begin time: 0ms Path=/mnt/sdcard/SF_IV_DATA/e_ken_c4_2.obm
D/MediaScanner(  534): yy begin time: 0ms Path=/mnt/sdcard/SF_IV_DATA/e_zgf_c4_2.obm
D/MediaScanner(  534): yy begin time: 0ms Path=/mnt/sdcard/SF_IV_DATA/f_gul_c5_3.obm
D/MediaScanner(  534): yy begin time: 0ms Path=/mnt/sdcard/SF_IV_DATA/f_zgf_c4_2.obm
D/MediaScanner(  534): yy begin time: 1ms Path=/mnt/sdcard/SF_IV_DATA/guile_14.obm
D/MediaScanner(  534): yy begin time: 0ms Path=/mnt/sdcard/SF_IV_DATA/gul_atk_l0.oto
D/MediaScanner(  534): yy begin time: 0ms Path=/mnt/sdcard/SF_IV_DATA/honda_20_2P.obm
D/MediaScanner(  534): yy begin time: 0ms Path=/mnt/sdcard/SF_IV_DATA/icon_characters.obm
D/MediaScanner(  534): yy begin time: 0ms Path=/mnt/sdcard/SF_IV_DATA/ken22.obm
D/MediaScanner(  534): yy begin time: 0ms Path=/mnt/sdcard/SF_IV_DATA/k_cnl_c1_1.obm
D/MediaScanner(  534): yy begin time: 0ms Path=/mnt/sdcard/SF_IV_DATA/k_com_list_cmy_3.obm
D/MediaScanner(  534): yy begin time: 0ms Path=/mnt/sdcard/SF_IV_DATA/k_gkbtl.tas
D/MediaScanner(  534): yy begin time: 1ms Path=/mnt/sdcard/SF_IV_DATA/pc_img15.img
D/MediaScanner(  534): yy begin time: 0ms Path=/mnt/sdcard/SF_IV_DATA/re_dj10_2.im2
D/MediaScanner(  534): yy begin time: 0ms Path=/mnt/sdcard/SF_IV_DATA/re_dj1_1.im2
D/MediaScanner(  534): yy begin time: 0ms Path=/mnt/sdcard/SF_IV_DATA/re_veg1_2.im2
D/MediaScanner(  534): yy begin time: 1ms Path=/mnt/sdcard/SF_IV_DATA/ryu25_2P.obm
D/MediaScanner(  534): yy begin time: 0ms Path=/mnt/sdcard/SF_IV_DATA/ryu_atk_m2.oto
D/MediaScanner(  534): yy begin time: 0ms Path=/mnt/sdcard/SF_IV_DATA/ryu_eff15.im2
D/MediaScanner(  534): yy begin time: 0ms Path=/mnt/sdcard/SF_IV_DATA/ryu_ex_hadou.oto
D/MediaScanner(  534): yy begin time: 1ms Path=/mnt/sdcard/SF_IV_DATA/ryu_ex_syoryu.oto
D/MediaScanner(  534): yy begin time: 0ms Path=/mnt/sdcard/SF_IV_DATA/sennseki_1.img
D/MediaScanner(  534): yy begin time: 0ms Path=/mnt/sdcard/SF_IV_DATA/sgt38.obm
D/MediaScanner(  534): yy begin time: 0ms Path=/mnt/sdcard/SF_IV_DATA/sgt_eff_03.im2
D/MediaScanner(  534): yy begin time: 1ms Path=/mnt/sdcard/SF_IV_DATA/vega_37_2P.obm
D/MediaScanner(  534): yy begin time: 0ms Path=/mnt/sdcard/SF_IV_DATA/veg_c2_3.obm
D/MediaScanner(  534): yy begin time: 0ms Path=/mnt/sdcard/SF_IV_DATA/vip37.obm
D/MediaScanner(  534): yy begin time: 0ms Path=/mnt/sdcard/SF_IV_DATA/vschar.tan
D/MediaScanner(  534): yy begin time: 0ms Path=/mnt/sdcard/SF_IV_DATA/abel_06.obm
D/MediaScanner(  534): yy begin time: 0ms Path=/mnt/sdcard/SF_IV_DATA/abel_55_2P.obm
D/MediaScanner(  534): yy begin time: 0ms Path=/mnt/sdcard/SF_IV_DATA/abel_Pict.bin
D/MediaScanner(  534): yy begin time: 0ms Path=/mnt/sdcard/SF_IV_DATA/bgm_stage_usa.oto
D/MediaScanner(  534): yy begin time: 0ms Path=/mnt/sdcard/SF_IV_DATA/blanka_42.obm
D/MediaScanner(  534): yy begin time: 1ms Path=/mnt/sdcard/SF_IV_DATA/chunli_07.obm
D/MediaScanner(  534): yy begin time: 0ms Path=/mnt/sdcard/SF_IV_DATA/cnl_atk_l0.oto
D/MediaScanner(  534): yy begin time: 0ms Path=/mnt/sdcard/SF_IV_DATA/cnl_ko.oto
D/MediaScanner(  534): yy begin time: 0ms Path=/mnt/sdcard/SF_IV_DATA/cockpit_zgf.obm
D/MediaScanner(  534): yy begin time: 1ms Path=/mnt/sdcard/SF_IV_DATA/cokpit_dj.obm
D/MediaScanner(  534): yy begin time: 0ms Path=/mnt/sdcard/SF_IV_DATA/Cruiser2-1.im2
D/MediaScanner(  534): yy begin time: 0ms Path=/mnt/sdcard/SF_IV_DATA/cvp_se_flash.oto
D/MediaScanner(  534): yy begin time: 0ms Path=/mnt/sdcard/SF_IV_DATA/dhalsim_05_2P.obm
D/MediaScanner(  534): yy begin time: 0ms Path=/mnt/sdcard/SF_IV_DATA/djy_cont.oto
D/MediaScanner(  534): yy begin time: 0ms Path=/mnt/sdcard/SF_IV_DATA/dj_19.obm
