W/Launcher.LauncherProvider(  586): 	at com.anddoes.launcher.hq.<init>(SourceFile:229)
W/Launcher.LauncherProvider(  586): 	at com.anddoes.launcher.LauncherProvider.onCreate(SourceFile:87)
W/Launcher.LauncherProvider(  586): 	at android.content.ContentProvider.attachInfo(ContentProvider.java:944)
W/Launcher.LauncherProvider(  586): 	at android.app.ActivityThread.installProvider(ActivityThread.java:4388)
W/Launcher.LauncherProvider(  586): 	at android.app.ActivityThread.installContentProviders(ActivityThread.java:4143)
W/Launcher.LauncherProvider(  586): 	at android.app.ActivityThread.handleBindApplication(ActivityThread.java:4097)
W/Launcher.LauncherProvider(  586): 	at android.app.ActivityThread.access$1300(ActivityThread.java:132)
W/Launcher.LauncherProvider(  586): 	at android.app.ActivityThread$H.handleMessage(ActivityThread.java:1195)
W/Launcher.LauncherProvider(  586): 	at android.os.Handler.dispatchMessage(Handler.java:99)
W/Launcher.LauncherProvider(  586): 	at android.os.Looper.loop(Looper.java:137)
W/Launcher.LauncherProvider(  586): 	at android.app.ActivityThread.main(ActivityThread.java:4575)
W/Launcher.LauncherProvider(  586): 	at java.lang.reflect.Method.invokeNative(Native Method)
W/Launcher.LauncherProvider(  586): 	at java.lang.reflect.Method.invoke(Method.java:511)
W/Launcher.LauncherProvider(  586): 	at com.android.internal.os.ZygoteInit$MethodAndArgsCaller.run(ZygoteInit.java:789)
W/Launcher.LauncherProvider(  586): 	at com.android.internal.os.ZygoteInit.main(ZygoteInit.java:556)
W/Launcher.LauncherProvider(  586): 	at dalvik.system.NativeStart.main(Native Method)
W/Launcher.LauncherProvider(  586): Unable to add favorite: com.android.vending/com.android.vending.AssetBrowserActivity
W/Launcher.LauncherProvider(  586): android.content.pm.PackageManager$NameNotFoundException: ComponentInfo{com.android.vending/com.android.vending.AssetBrowserActivity}
W/Launcher.LauncherProvider(  586): 	at android.app.ApplicationPackageManager.getActivityInfo(ApplicationPackageManager.java:223)
W/Launcher.LauncherProvider(  586): 	at com.anddoes.launcher.hq.a(SourceFile:913)
W/Launcher.LauncherProvider(  586): 	at com.anddoes.launcher.hq.a(SourceFile:883)
W/Launcher.LauncherProvider(  586): 	at com.anddoes.launcher.hq.e(SourceFile:828)
W/Launcher.LauncherProvider(  586): 	at com.anddoes.launcher.hq.onCreate(SourceFile:279)
W/Launcher.LauncherProvider(  586): 	at android.database.sqlite.SQLiteOpenHelper.getWritableDatabase(SQLiteOpenHelper.java:165)
W/Launcher.LauncherProvider(  586): 	at com.anddoes.launcher.hq.<init>(SourceFile:229)
W/Launcher.LauncherProvider(  586): 	at com.anddoes.launcher.LauncherProvider.onCreate(SourceFile:87)
W/Launcher.LauncherProvider(  586): 	at android.content.ContentProvider.attachInfo(ContentProvider.java:944)
W/Launcher.LauncherProvider(  586): 	at android.app.ActivityThread.installProvider(ActivityThread.java:4388)
W/Launcher.LauncherProvider(  586): 	at android.app.ActivityThread.installContentProviders(ActivityThread.java:4143)
W/Launcher.LauncherProvider(  586): 	at android.app.ActivityThread.handleBindApplication(ActivityThread.java:4097)
W/Launcher.LauncherProvider(  586): 	at android.app.ActivityThread.access$1300(ActivityThread.java:132)
W/Launcher.LauncherProvider(  586): 	at android.app.ActivityThread$H.handleMessage(ActivityThread.java:1195)
W/Launcher.LauncherProvider(  586): 	at android.os.Handler.dispatchMessage(Handler.java:99)
W/Launcher.LauncherProvider(  586): 	at android.os.Looper.loop(Looper.java:137)
W/Launcher.LauncherProvider(  586): 	at android.app.ActivityThread.main(ActivityThread.java:4575)
W/Launcher.LauncherProvider(  586): 	at java.lang.reflect.Method.invokeNative(Native Method)
W/Launcher.LauncherProvider(  586): 	at java.lang.reflect.Method.invoke(Method.java:511)
W/Launcher.LauncherProvider(  586): 	at com.android.internal.os.ZygoteInit$MethodAndArgsCaller.run(ZygoteInit.java:789)
W/Launcher.LauncherProvider(  586): 	at com.android.internal.os.ZygoteInit.main(ZygoteInit.java:556)
W/Launcher.LauncherProvider(  586): 	at dalvik.system.NativeStart.main(Native Method)
W/Launcher.LauncherProvider(  586): Unable to add favorite: com.google.android.talk/com.google.android.talk.SigningInActivity
W/Launcher.LauncherProvider(  586): android.content.pm.PackageManager$NameNotFoundException: ComponentInfo{com.google.android.talk/com.google.android.talk.SigningInActivity}
W/Launcher.LauncherProvider(  586): 	at android.app.ApplicationPackageManager.getActivityInfo(ApplicationPackageManager.java:223)
W/Launcher.LauncherProvider(  586): 	at com.anddoes.launcher.hq.a(SourceFile:913)
W/Launcher.LauncherProvider(  586): 	at com.anddoes.launcher.hq.a(SourceFile:883)
W/Launcher.LauncherProvider(  586): 	at com.anddoes.launcher.hq.e(SourceFile:828)
W/Launcher.LauncherProvider(  586): 	at com.anddoes.launcher.hq.onCreate(SourceFile:279)
W/Launcher.LauncherProvider(  586): 	at android.database.sqlite.SQLiteOpenHelper.getWritableDatabase(SQLiteOpenHelper.java:165)
W/Launcher.LauncherProvider(  586): 	at com.anddoes.launcher.hq.<init>(SourceFile:229)
W/Launcher.LauncherProvider(  586): 	at com.anddoes.launcher.LauncherProvider.onCreate(SourceFile:87)
W/Launcher.LauncherProvider(  586): 	at android.content.ContentProvider.attachInfo(ContentProvider.java:944)
W/Launcher.LauncherProvider(  586): 	at android.app.ActivityThread.installProvider(ActivityThread.java:4388)
W/Launcher.LauncherProvider(  586): 	at android.app.ActivityThread.installContentProviders(ActivityThread.java:4143)
W/Launcher.LauncherProvider(  586): 	at android.app.ActivityThread.handleBindApplication(ActivityThread.java:4097)
W/Launcher.LauncherProvider(  586): 	at android.app.ActivityThread.access$1300(ActivityThread.java:132)
W/Launcher.LauncherProvider(  586): 	at android.app.ActivityThread$H.handleMessage(ActivityThread.java:1195)
W/Launcher.LauncherProvider(  586): 	at android.os.Handler.dispatchMessage(Handler.java:99)
W/Launcher.LauncherProvider(  586): 	at android.os.Looper.loop(Looper.java:137)
W/Launcher.LauncherProvider(  586): 	at android.app.ActivityThread.main(ActivityThread.java:4575)
W/Launcher.LauncherProvider(  586): 	at java.lang.reflect.Method.invokeNative(Native Method)
W/Launcher.LauncherProvider(  586): 	at java.lang.reflect.Method.invoke(Method.java:511)
W/Launcher.LauncherProvider(  586): 	at com.android.internal.os.ZygoteInit$MethodAndArgsCaller.run(ZygoteInit.java:789)
W/Launcher.LauncherProvider(  586): 	at com.android.internal.os.ZygoteInit.main(ZygoteInit.java:556)
W/Launcher.LauncherProvider(  586): 	at dalvik.system.NativeStart.main(Native Method)
W/Launcher.LauncherProvider(  586): Unable to add favorite: com.android.talk/com.google.android.talk.SigningInActivity
W/Launcher.LauncherProvider(  586): android.content.pm.PackageManager$NameNotFoundException: ComponentInfo{com.android.talk/com.google.android.talk.SigningInActivity}
W/Launcher.LauncherProvider(  586): 	at android.app.ApplicationPackageManager.getActivityInfo(ApplicationPackageManager.java:223)
W/Launcher.LauncherProvider(  586): 	at com.anddoes.launcher.hq.a(SourceFile:913)
W/Launcher.LauncherProvider(  586): 	at com.anddoes.launcher.hq.a(SourceFile:886)
W/Launcher.LauncherProvider(  586): 	at com.anddoes.launcher.hq.e(SourceFile:828)
W/Launcher.LauncherProvider(  586): 	at com.anddoes.launcher.hq.onCreate(SourceFile:279)
W/Launcher.LauncherProvider(  586): 	at android.database.sqlite.SQLiteOpenHelper.getWritableDatabase(SQLiteOpenHelper.java:165)
W/Launcher.LauncherProvider(  586): 	at com.anddoes.launcher.hq.<init>(SourceFile:229)
W/Launcher.LauncherProvider(  586): 	at com.anddoes.launcher.LauncherProvider.onCreate(SourceFile:87)
W/Launcher.LauncherProvider(  586): 	at android.content.ContentProvider.attachInfo(ContentProvider.java:944)
W/Launcher.LauncherProvider(  586): 	at android.app.ActivityThread.installProvider(ActivityThread.java:4388)
W/Launcher.LauncherProvider(  586): 	at android.app.ActivityThread.installContentProviders(ActivityThread.java:4143)
W/Launcher.LauncherProvider(  586): 	at android.app.ActivityThread.handleBindApplication(ActivityThread.java:4097)
W/Launcher.LauncherProvider(  586): 	at android.app.ActivityThread.access$1300(ActivityThread.java:132)
W/Launcher.LauncherProvider(  586): 	at android.app.ActivityThread$H.handleMessage(ActivityThread.java:1195)
W/Launcher.LauncherProvider(  586): 	at android.os.Handler.dispatchMessage(Handler.java:99)
W/Launcher.LauncherProvider(  586): 	at android.os.Looper.loop(Looper.java:137)
W/Launcher.LauncherProvider(  586): 	at android.app.ActivityThread.main(ActivityThread.java:4575)
W/Launcher.LauncherProvider(  586): 	at java.lang.reflect.Method.invokeNative(Native Method)
W/Launcher.LauncherProvider(  586): 	at java.lang.reflect.Method.invoke(Method.java:511)
W/Launcher.LauncherProvider(  586): 	at com.android.internal.os.ZygoteInit$MethodAndArgsCaller.run(ZygoteInit.java:789)
W/Launcher.LauncherProvider(  586): 	at com.android.internal.os.ZygoteInit.main(ZygoteInit.java:556)
W/Launcher.LauncherProvider(  586): 	at dalvik.system.NativeStart.main(Native Method)
W/Launcher.LauncherProvider(  586): Unable to add favorite: com.google.android.apps.maps/com.google.android.maps.driveabout.app.DestinationActivity
W/Launcher.LauncherProvider(  586): android.content.pm.PackageManager$NameNotFoundException: ComponentInfo{com.google.android.apps.maps/com.google.android.maps.driveabout.app.DestinationActivity}
W/Launcher.LauncherProvider(  586): 	at android.app.ApplicationPackageManager.getActivityInfo(ApplicationPackageManager.java:223)
W/Launcher.LauncherProvider(  586): 	at com.anddoes.launcher.hq.a(SourceFile:913)
W/Launcher.LauncherProvider(  586): 	at com.anddoes.launcher.hq.a(SourceFile:883)
W/Launcher.LauncherProvider(  586): 	at com.anddoes.launcher.hq.e(SourceFile:828)
W/Launcher.LauncherProvider(  586): 	at com.anddoes.launcher.hq.onCreate(SourceFile:279)
W/Launcher.LauncherProvider(  586): 	at android.database.sqlite.SQLiteOpenHelper.getWritableDatabase(SQLiteOpenHelper.java:165)
W/Launcher.LauncherProvider(  586): 	at com.anddoes.launcher.hq.<init>(SourceFile:229)
W/Launcher.LauncherProvider(  586): 	at com.anddoes.launcher.LauncherProvider.onCreate(SourceFile:87)
W/Launcher.LauncherProvider(  586): 	at android.content.ContentProvider.attachInfo(ContentProvider.java:944)
W/Launcher.LauncherProvider(  586): 	at android.app.ActivityThread.installProvider(ActivityThread.java:4388)
W/Launcher.LauncherProvider(  586): 	at android.app.ActivityThread.installContentProviders(ActivityThread.java:4143)
W/Launcher.LauncherProvider(  586): 	at android.app.ActivityThread.handleBindApplication(ActivityThread.java:4097)
W/Launcher.LauncherProvider(  586): 	at android.app.ActivityThread.access$1300(ActivityThread.java:132)
W/Launcher.LauncherProvider(  586): 	at android.app.ActivityThread$H.handleMessage(ActivityThread.java:1195)
W/Launcher.LauncherProvider(  586): 	at android.os.Handler.dispatchMessage(Handler.java:99)
W/Launcher.LauncherProvider(  586): 	at android.os.Looper.loop(Looper.java:137)
W/Launcher.LauncherProvider(  586): 	at android.app.ActivityThread.main(ActivityThread.java:4575)
W/Launcher.LauncherProvider(  586): 	at java.lang.reflect.Method.invokeNative(Native Method)
W/Launcher.LauncherProvider(  586): 	at java.lang.reflect.Method.invoke(Method.java:511)
W/Launcher.LauncherProvider(  586): 	at com.android.internal.os.ZygoteInit$MethodAndArgsCaller.run(ZygoteInit.java:789)
W/Launcher.LauncherProvider(  586): 	at com.android.internal.os.ZygoteInit.main(ZygoteInit.java:556)
W/Launcher.LauncherProvider(  586): 	at dalvik.system.NativeStart.main(Native Method)
W/Launcher.LauncherProvider(  586): Unable to add favorite: com.android.apps.maps/com.google.android.maps.driveabout.app.DestinationActivity
W/Launcher.LauncherProvider(  586): android.content.pm.PackageManager$NameNotFoundException: ComponentInfo{com.android.apps.maps/com.google.android.maps.driveabout.app.DestinationActivity}
W/Launcher.LauncherProvider(  586): 	at android.app.ApplicationPackageManager.getActivityInfo(ApplicationPackageManager.java:223)
W/Launcher.LauncherProvider(  586): 	at com.anddoes.launcher.hq.a(SourceFile:913)
W/Launcher.LauncherProvider(  586): 	at com.anddoes.launcher.hq.a(SourceFile:886)
W/Launcher.LauncherProvider(  586): 	at com.anddoes.launcher.hq.e(SourceFile:828)
W/Launcher.LauncherProvider(  586): 	at com.anddoes.launcher.hq.onCreate(SourceFile:279)
W/Launcher.LauncherProvider(  586): 	at android.database.sqlite.SQLiteOpenHelper.getWritableDatabase(SQLiteOpenHelper.java:165)
W/Launcher.LauncherProvider(  586): 	at com.anddoes.launcher.hq.<init>(SourceFile:229)
W/Launcher.LauncherProvider(  586): 	at com.anddoes.launcher.LauncherProvider.onCreate(SourceFile:87)
W/Launcher.LauncherProvider(  586): 	at android.content.ContentProvider.attachInfo(ContentProvider.java:944)
W/Launcher.LauncherProvider(  586): 	at android.app.ActivityThread.installProvider(ActivityThread.java:4388)
W/Launcher.LauncherProvider(  586): 	at android.app.ActivityThread.installContentProviders(ActivityThread.java:4143)
W/Launcher.LauncherProvider(  586): 	at android.app.ActivityThread.handleBindApplication(ActivityThread.java:4097)
W/Launcher.LauncherProvider(  586): 	at android.app.ActivityThread.access$1300(ActivityThread.java:132)
W/Launcher.LauncherProvider(  586): 	at android.app.ActivityThread$H.handleMessage(ActivityThread.java:1195)
W/Launcher.LauncherProvider(  586): 	at android.os.Handler.dispatchMessage(Handler.java:99)
W/Launcher.LauncherProvider(  586): 	at android.os.Looper.loop(Looper.java:137)
W/Launcher.LauncherProvider(  586): 	at android.app.ActivityThread.main(ActivityThread.java:4575)
W/Launcher.LauncherProvider(  586): 	at java.lang.reflect.Method.invokeNative(Native Method)
W/Launcher.LauncherProvider(  586): 	at java.lang.reflect.Method.invoke(Method.java:511)
W/Launcher.LauncherProvider(  586): 	at com.android.internal.os.ZygoteInit$MethodAndArgsCaller.run(ZygoteInit.java:789)
W/Launcher.LauncherProvider(  586): 	at com.android.internal.os.ZygoteInit.main(ZygoteInit.java:556)
W/Launcher.LauncherProvider(  586): 	at dalvik.system.NativeStart.main(Native Method)
W/Launcher.LauncherProvider(  586): Unable to add favorite: com.google.android.apps.plus/com.google.android.apps.plus.phone.ConversationListActivity
W/Launcher.LauncherProvider(  586): android.content.pm.PackageManager$NameNotFoundException: ComponentInfo{com.google.android.apps.plus/com.google.android.apps.plus.phone.ConversationListActivity}
W/Launcher.LauncherProvider(  586): 	at android.app.ApplicationPackageManager.getActivityInfo(ApplicationPackageManager.java:223)
W/Launcher.LauncherProvider(  586): 	at com.anddoes.launcher.hq.a(SourceFile:913)
W/Launcher.LauncherProvider(  586): 	at com.anddoes.launcher.hq.a(SourceFile:883)
W/Launcher.LauncherProvider(  586): 	at com.anddoes.launcher.hq.e(SourceFile:828)
W/Launcher.LauncherProvider(  586): 	at com.anddoes.launcher.hq.onCreate(SourceFile:279)
W/Launcher.LauncherProvider(  586): 	at android.database.sqlite.SQLiteOpenHelper.getWritableDatabase(SQLiteOpenHelper.java:165)
W/Launcher.LauncherProvider(  586): 	at com.anddoes.launcher.hq.<init>(SourceFile:229)
W/Launcher.LauncherProvider(  586): 	at com.anddoes.launcher.LauncherProvider.onCreate(SourceFile:87)
W/Launcher.LauncherProvider(  586): 	at android.content.ContentProvider.attachInfo(ContentProvider.java:944)
W/Launcher.LauncherProvider(  586): 	at android.app.ActivityThread.installProvider(ActivityThread.java:4388)
W/Launcher.LauncherProvider(  586): 	at android.app.ActivityThread.installContentProviders(ActivityThread.java:4143)
W/Launcher.LauncherProvider(  586): 	at android.app.ActivityThread.handleBindApplication(ActivityThread.java:4097)
W/Launcher.LauncherProvider(  586): 	at android.app.ActivityThread.access$1300(ActivityThread.java:132)
W/Launcher.LauncherProvider(  586): 	at android.app.ActivityThread$H.handleMessage(ActivityThread.java:1195)
W/Launcher.LauncherProvider(  586): 	at android.os.Handler.dispatchMessage(Handler.java:99)
W/Launcher.LauncherProvider(  586): 	at android.os.Looper.loop(Looper.java:137)
W/Launcher.LauncherProvider(  586): 	at android.app.ActivityThread.main(ActivityThread.java:4575)
W/Launcher.LauncherProvider(  586): 	at java.lang.reflect.Method.invokeNative(Native Method)
W/Launcher.LauncherProvider(  586): 	at java.lang.reflect.Method.invoke(Method.java:511)
W/Launcher.LauncherProvider(  586): 	at com.android.internal.os.ZygoteInit$MethodAndArgsCaller.run(ZygoteInit.java:789)
W/Launcher.LauncherProvider(  586): 	at com.android.internal.os.ZygoteInit.main(ZygoteInit.java:556)
W/Launcher.LauncherProvider(  586): 	at dalvik.system.NativeStart.main(Native Method)
W/Launcher.LauncherProvider(  586): Unable to add favorite: com.android.apps.plus/com.google.android.apps.plus.phone.ConversationListActivity
W/Launcher.LauncherProvider(  586): android.content.pm.PackageManager$NameNotFoundException: ComponentInfo{com.android.apps.plus/com.google.android.apps.plus.phone.ConversationListActivity}
W/Launcher.LauncherProvider(  586): 	at android.app.ApplicationPackageManager.getActivityInfo(ApplicationPackageManager.java:223)
W/Launcher.LauncherProvider(  586): 	at com.anddoes.launcher.hq.a(SourceFile:913)
W/Launcher.LauncherProvider(  586): 	at com.anddoes.launcher.hq.a(SourceFile:886)
W/Launcher.LauncherProvider(  586): 	at com.anddoes.launcher.hq.e(SourceFile:828)
W/Launcher.LauncherProvider(  586): 	at com.anddoes.launcher.hq.onCreate(SourceFile:279)
W/Launcher.LauncherProvider(  586): 	at android.database.sqlite.SQLiteOpenHelper.getWritableDatabase(SQLiteOpenHelper.java:165)
W/Launcher.LauncherProvider(  586): 	at com.anddoes.launcher.hq.<init>(SourceFile:229)
W/Launcher.LauncherProvider(  586): 	at com.anddoes.launcher.LauncherProvider.onCreate(SourceFile:87)
W/Launcher.LauncherProvider(  586): 	at android.content.ContentProvider.attachInfo(ContentProvider.java:944)
W/Launcher.LauncherProvider(  586): 	at android.app.ActivityThread.installProvider(ActivityThread.java:4388)
W/Launcher.LauncherProvider(  586): 	at android.app.ActivityThread.installContentProviders(ActivityThread.java:4143)
W/Launcher.LauncherProvider(  586): 	at android.app.ActivityThread.handleBindApplication(ActivityThread.java:4097)
W/Launcher.LauncherProvider(  586): 	at android.app.ActivityThread.access$1300(ActivityThread.java:132)
W/Launcher.LauncherProvider(  586): 	at android.app.ActivityThread$H.handleMessage(ActivityThread.java:1195)
W/Launcher.LauncherProvider(  586): 	at android.os.Handler.dispatchMessage(Handler.java:99)
W/Launcher.LauncherProvider(  586): 	at android.os.Looper.loop(Looper.java:137)
W/Launcher.LauncherProvider(  586): 	at android.app.ActivityThread.main(ActivityThread.java:4575)
W/Launcher.LauncherProvider(  586): 	at java.lang.reflect.Method.invokeNative(Native Method)
W/Launcher.LauncherProvider(  586): 	at java.lang.reflect.Method.invoke(Method.java:511)
W/Launcher.LauncherProvider(  586): 	at com.android.internal.os.ZygoteInit$MethodAndArgsCaller.run(ZygoteInit.java:789)
W/Launcher.LauncherProvider(  586): 	at com.android.internal.os.ZygoteInit.main(ZygoteInit.java:556)
W/Launcher.LauncherProvider(  586): 	at dalvik.system.NativeStart.main(Native Method)
W/Launcher.LauncherProvider(  586): Unable to add favorite: com.google.android.gallery3d/com.android.gallery3d.app.Gallery
W/Launcher.LauncherProvider(  586): android.content.pm.PackageManager$NameNotFoundException: ComponentInfo{com.google.android.gallery3d/com.android.gallery3d.app.Gallery}
W/Launcher.LauncherProvider(  586): 	at android.app.ApplicationPackageManager.getActivityInfo(ApplicationPackageManager.java:223)
W/Launcher.LauncherProvider(  586): 	at com.anddoes.launcher.hq.a(SourceFile:913)
W/Launcher.LauncherProvider(  586): 	at com.anddoes.launcher.hq.a(SourceFile:883)
W/Launcher.LauncherProvider(  586): 	at com.anddoes.launcher.hq.e(SourceFile:788)
W/Launcher.LauncherProvider(  586): 	at com.anddoes.launcher.hq.onCreate(SourceFile:279)
W/Launcher.LauncherProvider(  586): 	at android.database.sqlite.SQLiteOpenHelper.getWritableDatabase(SQLiteOpenHelper.java:165)
W/Launcher.LauncherProvider(  586): 	at com.anddoes.launcher.hq.<init>(SourceFile:229)
W/Launcher.LauncherProvider(  586): 	at com.anddoes.launcher.LauncherProvider.onCreate(SourceFile:87)
W/Launcher.LauncherProvider(  586): 	at android.content.ContentProvider.attachInfo(ContentProvider.java:944)
W/Launcher.LauncherProvider(  586): 	at android.app.ActivityThread.installProvider(ActivityThread.java:4388)
W/Launcher.LauncherProvider(  586): 	at android.app.ActivityThread.installContentProviders(ActivityThread.java:4143)
W/Launcher.LauncherProvider(  586): 	at android.app.ActivityThread.handleBindApplication(ActivityThread.java:4097)
W/Launcher.LauncherProvider(  586): 	at android.app.ActivityThread.access$1300(ActivityThread.java:132)
W/Launcher.LauncherProvider(  586): 	at android.app.ActivityThread$H.handleMessage(ActivityThread.java:1195)
W/Launcher.LauncherProvider(  586): 	at android.os.Handler.dispatchMessage(Handler.java:99)
W/Launcher.LauncherProvider(  586): 	at android.os.Looper.loop(Looper.java:137)
W/Launcher.LauncherProvider(  586): 	at android.app.ActivityThread.main(ActivityThread.java:4575)
W/Launcher.LauncherProvider(  586): 	at java.lang.reflect.Method.invokeNative(Native Method)
W/Launcher.LauncherProvider(  586): 	at java.lang.reflect.Method.invoke(Method.java:511)
W/Launcher.LauncherProvider(  586): 	at com.android.internal.os.ZygoteInit$MethodAndArgsCaller.run(ZygoteInit.java:789)
W/Launcher.LauncherProvider(  586): 	at com.android.internal.os.ZygoteInit.main(ZygoteInit.java:556)
W/Launcher.LauncherProvider(  586): 	at dalvik.system.NativeStart.main(Native Method)
W/Launcher.LauncherProvider(  586): Unable to add favorite: com.android.gallery3d/com.android.gallery3d.app.Gallery
W/Launcher.LauncherProvider(  586): android.content.pm.PackageManager$NameNotFoundException: ComponentInfo{com.android.gallery3d/com.android.gallery3d.app.Gallery}
W/Launcher.LauncherProvider(  586): 	at android.app.ApplicationPackageManager.getActivityInfo(ApplicationPackageManager.java:223)
W/Launcher.LauncherProvider(  586): 	at com.anddoes.launcher.hq.a(SourceFile:913)
W/Launcher.LauncherProvider(  586): 	at com.anddoes.launcher.hq.a(SourceFile:886)
W/Launcher.LauncherProvider(  586): 	at com.anddoes.launcher.hq.e(SourceFile:788)
W/Launcher.LauncherProvider(  586): 	at com.anddoes.launcher.hq.onCreate(SourceFile:279)
W/Launcher.LauncherProvider(  586): 	at android.database.sqlite.SQLiteOpenHelper.getWritableDatabase(SQLiteOpenHelper.java:165)
W/Launcher.LauncherProvider(  586): 	at com.anddoes.launcher.hq.<init>(SourceFile:229)
W/Launcher.LauncherProvider(  586): 	at com.anddoes.launcher.LauncherProvider.onCreate(SourceFile:87)
W/Launcher.LauncherProvider(  586): 	at android.content.ContentProvider.attachInfo(ContentProvider.java:944)
W/Launcher.LauncherProvider(  586): 	at android.app.ActivityThread.installProvider(ActivityThread.java:4388)
W/Launcher.LauncherProvider(  586): 	at android.app.ActivityThread.installContentProviders(ActivityThread.java:4143)
W/Launcher.LauncherProvider(  586): 	at android.app.ActivityThread.handleBindApplication(ActivityThread.java:4097)
W/Launcher.LauncherProvider(  586): 	at android.app.ActivityThread.access$1300(ActivityThread.java:132)
W/Launcher.LauncherProvider(  586): 	at android.app.ActivityThread$H.handleMessage(ActivityThread.java:1195)
W/Launcher.LauncherProvider(  586): 	at android.os.Handler.dispatchMessage(Handler.java:99)
W/Launcher.LauncherProvider(  586): 	at android.os.Looper.loop(Looper.java:137)
W/Launcher.LauncherProvider(  586): 	at android.app.ActivityThread.main(ActivityThread.java:4575)
W/Launcher.LauncherProvider(  586): 	at java.lang.reflect.Method.invokeNative(Native Method)
W/Launcher.LauncherProvider(  586): 	at java.lang.reflect.Method.invoke(Method.java:511)
W/Launcher.LauncherProvider(  586): 	at com.android.internal.os.ZygoteInit$MethodAndArgsCaller.run(ZygoteInit.java:789)
W/Launcher.LauncherProvider(  586): 	at com.android.internal.os.ZygoteInit.main(ZygoteInit.java:556)
W/Launcher.LauncherProvider(  586): 	at dalvik.system.NativeStart.main(Native Method)
I/RecoverySystem(  186): Deleted: /cache/recovery/log
I/ActivityManager(  186): Start proc com.android.providers.calendar for broadcast com.android.providers.calendar/.CalendarReceiver: pid=660 uid=10008 gids={3003, 1015}
I/ActivityThread(  660): Pub com.android.calendar: com.android.providers.calendar.CalendarProvider2
W/Launcher.LauncherProvider(  586): Unable to add favorite: com.android.contacts/com.android.contacts.activities.DialtactsActivity
W/Launcher.LauncherProvider(  586): android.content.pm.PackageManager$NameNotFoundException: ComponentInfo{com.android.contacts/com.android.contacts.activities.DialtactsActivity}
W/Launcher.LauncherProvider(  586): 	at android.app.ApplicationPackageManager.getActivityInfo(ApplicationPackageManager.java:223)
W/Launcher.LauncherProvider(  586): 	at com.anddoes.launcher.hq.a(SourceFile:913)
W/Launcher.LauncherProvider(  586): 	at com.anddoes.launcher.hq.a(SourceFile:883)
W/Launcher.LauncherProvider(  586): 	at com.anddoes.launcher.hq.e(SourceFile:788)
W/Launcher.LauncherProvider(  586): 	at com.anddoes.launcher.hq.onCreate(SourceFile:279)
W/Launcher.LauncherProvider(  586): 	at android.database.sqlite.SQLiteOpenHelper.getWritableDatabase(SQLiteOpenHelper.java:165)
W/Launcher.LauncherProvider(  586): 	at com.anddoes.launcher.hq.<init>(SourceFile:229)
W/Launcher.LauncherProvider(  586): 	at com.anddoes.launcher.LauncherProvider.onCreate(SourceFile:87)
W/Launcher.LauncherProvider(  586): 	at android.content.ContentProvider.attachInfo(ContentProvider.java:944)
W/Launcher.LauncherProvider(  586): 	at android.app.ActivityThread.installProvider(ActivityThread.java:4388)
W/Launcher.LauncherProvider(  586): 	at android.app.ActivityThread.installContentProviders(ActivityThread.java:4143)
W/Launcher.LauncherProvider(  586): 	at android.app.ActivityThread.handleBindApplication(ActivityThread.java:4097)
W/Launcher.LauncherProvider(  586): 	at android.app.ActivityThread.access$1300(ActivityThread.java:132)
W/Launcher.LauncherProvider(  586): 	at android.app.ActivityThread$H.handleMessage(ActivityThread.java:1195)
W/Launcher.LauncherProvider(  586): 	at android.os.Handler.dispatchMessage(Handler.java:99)
W/Launcher.LauncherProvider(  586): 	at android.os.Looper.loop(Looper.java:137)
W/Launcher.LauncherProvider(  586): 	at android.app.ActivityThread.main(ActivityThread.java:4575)
W/Launcher.LauncherProvider(  586): 	at java.lang.reflect.Method.invokeNative(Native Method)
W/Launcher.LauncherProvider(  586): 	at java.lang.reflect.Method.invoke(Method.java:511)
W/Launcher.LauncherProvider(  586): 	at com.android.internal.os.ZygoteInit$MethodAndArgsCaller.run(ZygoteInit.java:789)
W/Launcher.LauncherProvider(  586): 	at com.android.internal.os.ZygoteInit.main(ZygoteInit.java:556)
W/Launcher.LauncherProvider(  586): 	at dalvik.system.NativeStart.main(Native Method)
W/Launcher.LauncherProvider(  586): Unable to add favorite: com.android.htccontacts/com.android.htccontacts.DialerTabActivity
W/Launcher.LauncherProvider(  586): android.content.pm.PackageManager$NameNotFoundException: ComponentInfo{com.android.htccontacts/com.android.htccontacts.DialerTabActivity}
W/Launcher.LauncherProvider(  586): 	at android.app.ApplicationPackageManager.getActivityInfo(ApplicationPackageManager.java:223)
W/Launcher.LauncherProvider(  586): 	at com.anddoes.launcher.hq.a(SourceFile:913)
W/Launcher.LauncherProvider(  586): 	at com.anddoes.launcher.hq.a(SourceFile:891)
W/Launcher.LauncherProvider(  586): 	at com.anddoes.launcher.hq.e(SourceFile:788)
W/Launcher.LauncherProvider(  586): 	at com.anddoes.launcher.hq.onCreate(SourceFile:279)
W/Launcher.LauncherProvider(  586): 	at android.database.sqlite.SQLiteOpenHelper.getWritableDatabase(SQLiteOpenHelper.java:165)
W/Launcher.LauncherProvider(  586): 	at com.anddoes.launcher.hq.<init>(SourceFile:229)
W/Launcher.LauncherProvider(  586): 	at com.anddoes.launcher.LauncherProvider.onCreate(SourceFile:87)
W/Launcher.LauncherProvider(  586): 	at android.content.ContentProvider.attachInfo(ContentProvider.java:944)
W/Launcher.LauncherProvider(  586): 	at android.app.ActivityThread.installProvider(ActivityThread.java:4388)
W/Launcher.LauncherProvider(  586): 	at android.app.ActivityThread.installContentProviders(ActivityThread.java:4143)
W/Launcher.LauncherProvider(  586): 	at android.app.ActivityThread.handleBindApplication(ActivityThread.java:4097)
W/Launcher.LauncherProvider(  586): 	at android.app.ActivityThread.access$1300(ActivityThread.java:132)
W/Launcher.LauncherProvider(  586): 	at android.app.ActivityThread$H.handleMessage(ActivityThread.java:1195)
W/Launcher.LauncherProvider(  586): 	at android.os.Handler.dispatchMessage(Handler.java:99)
W/Launcher.LauncherProvider(  586): 	at android.os.Looper.loop(Looper.java:137)
W/Launcher.LauncherProvider(  586): 	at android.app.ActivityThread.main(ActivityThread.java:4575)
W/Launcher.LauncherProvider(  586): 	at java.lang.reflect.Method.invokeNative(Native Method)
W/Launcher.LauncherProvider(  586): 	at java.lang.reflect.Method.invoke(Method.java:511)
W/Launcher.LauncherProvider(  586): 	at com.android.internal.os.ZygoteInit$MethodAndArgsCaller.run(ZygoteInit.java:789)
W/Launcher.LauncherProvider(  586): 	at com.android.internal.os.ZygoteInit.main(ZygoteInit.java:556)
W/Launcher.LauncherProvider(  586): 	at dalvik.system.NativeStart.main(Native Method)
I/CalendarDatabaseHelper(  660): Bootstrapping database
W/Launcher.LauncherProvider(  586): Unable to add favorite: com.android.mms/com.android.mms.ui.ConversationComposer
W/Launcher.LauncherProvider(  586): android.content.pm.PackageManager$NameNotFoundException: ComponentInfo{com.android.mms/com.android.mms.ui.ConversationComposer}
W/Launcher.LauncherProvider(  586): 	at android.app.ApplicationPackageManager.getActivityInfo(ApplicationPackageManager.java:223)
W/Launcher.LauncherProvider(  586): 	at com.anddoes.launcher.hq.a(SourceFile:913)
W/Launcher.LauncherProvider(  586): 	at com.anddoes.launcher.hq.a(SourceFile:877)
W/Launcher.LauncherProvider(  586): 	at com.anddoes.launcher.hq.e(SourceFile:788)
W/Launcher.LauncherProvider(  586): 	at com.anddoes.launcher.hq.onCreate(SourceFile:279)
W/Launcher.LauncherProvider(  586): 	at android.database.sqlite.SQLiteOpenHelper.getWritableDatabase(SQLiteOpenHelper.java:165)
W/Launcher.LauncherProvider(  586): 	at com.anddoes.launcher.hq.<init>(SourceFile:229)
W/Launcher.LauncherProvider(  586): 	at com.anddoes.launcher.LauncherProvider.onCreate(SourceFile:87)
W/Launcher.LauncherProvider(  586): 	at android.content.ContentProvider.attachInfo(ContentProvider.java:944)
W/Launcher.LauncherProvider(  586): 	at android.app.ActivityThread.installProvider(ActivityThread.java:4388)
W/Launcher.LauncherProvider(  586): 	at android.app.ActivityThread.installContentProviders(ActivityThread.java:4143)
W/Launcher.LauncherProvider(  586): 	at android.app.ActivityThread.handleBindApplication(ActivityThread.java:4097)
W/Launcher.LauncherProvider(  586): 	at android.app.ActivityThread.access$1300(ActivityThread.java:132)
W/Launcher.LauncherProvider(  586): 	at android.app.ActivityThread$H.handleMessage(ActivityThread.java:1195)
W/Launcher.LauncherProvider(  586): 	at android.os.Handler.dispatchMessage(Handler.java:99)
W/Launcher.LauncherProvider(  586): 	at android.os.Looper.loop(Looper.java:137)
W/Launcher.LauncherProvider(  586): 	at android.app.ActivityThread.main(ActivityThread.java:4575)
W/Launcher.LauncherProvider(  586): 	at java.lang.reflect.Method.invokeNative(Native Method)
W/Launcher.LauncherProvider(  586): 	at java.lang.reflect.Method.invoke(Method.java:511)
W/Launcher.LauncherProvider(  586): 	at com.android.internal.os.ZygoteInit$MethodAndArgsCaller.run(ZygoteInit.java:789)
W/Launcher.LauncherProvider(  586): 	at com.android.internal.os.ZygoteInit.main(ZygoteInit.java:556)
W/Launcher.LauncherProvider(  586): 	at dalvik.system.NativeStart.main(Native Method)
I//system/bin/fsck_msdos(  102): ** Phase 2 - Check Cluster Chains
W/Launcher.LauncherProvider(  586): Unable to add favorite: com.android.mms/com.android.mms.ui.ConversationList
W/Launcher.LauncherProvider(  586): android.content.pm.PackageManager$NameNotFoundException: ComponentInfo{com.android.mms/com.android.mms.ui.ConversationList}
W/Launcher.LauncherProvider(  586): 	at android.app.ApplicationPackageManager.getActivityInfo(ApplicationPackageManager.java:223)
W/Launcher.LauncherProvider(  586): 	at com.anddoes.launcher.hq.a(SourceFile:913)
W/Launcher.LauncherProvider(  586): 	at com.anddoes.launcher.hq.a(SourceFile:883)
W/Launcher.LauncherProvider(  586): 	at com.anddoes.launcher.hq.e(SourceFile:788)
W/Launcher.LauncherProvider(  586): 	at com.anddoes.launcher.hq.onCreate(SourceFile:279)
W/Launcher.LauncherProvider(  586): 	at android.database.sqlite.SQLiteOpenHelper.getWritableDatabase(SQLiteOpenHelper.java:165)
W/Launcher.LauncherProvider(  586): 	at com.anddoes.launcher.hq.<init>(SourceFile:229)
W/Launcher.LauncherProvider(  586): 	at com.anddoes.launcher.LauncherProvider.onCreate(SourceFile:87)
W/Launcher.LauncherProvider(  586): 	at android.content.ContentProvider.attachInfo(ContentProvider.java:944)
W/Launcher.LauncherProvider(  586): 	at android.app.ActivityThread.installProvider(ActivityThread.java:4388)
W/Launcher.LauncherProvider(  586): 	at android.app.ActivityThread.installContentProviders(ActivityThread.java:4143)
W/Launcher.LauncherProvider(  586): 	at android.app.ActivityThread.handleBindApplication(ActivityThread.java:4097)
W/Launcher.LauncherProvider(  586): 	at android.app.ActivityThread.access$1300(ActivityThread.java:132)
W/Launcher.LauncherProvider(  586): 	at android.app.ActivityThread$H.handleMessage(ActivityThread.java:1195)
W/Launcher.LauncherProvider(  586): 	at android.os.Handler.dispatchMessage(Handler.java:99)
W/Launcher.LauncherProvider(  586): 	at android.os.Looper.loop(Looper.java:137)
W/Launcher.LauncherProvider(  586): 	at android.app.ActivityThread.main(ActivityThread.java:4575)
W/Launcher.LauncherProvider(  586): 	at java.lang.reflect.Method.invokeNative(Native Method)
W/Launcher.LauncherProvider(  586): 	at java.lang.reflect.Method.invoke(Method.java:511)
W/Launcher.LauncherProvider(  586): 	at com.android.internal.os.ZygoteInit$MethodAndArgsCaller.run(ZygoteInit.java:789)
W/Launcher.LauncherProvider(  586): 	at com.android.internal.os.ZygoteInit.main(ZygoteInit.java:556)
W/Launcher.LauncherProvider(  586): 	at dalvik.system.NativeStart.main(Native Method)
W/Launcher.LauncherProvider(  586): Unable to add favorite: com.google.android.browser/com.android.browser.BrowserActivity
W/Launcher.LauncherProvider(  586): android.content.pm.PackageManager$NameNotFoundException: ComponentInfo{com.google.android.browser/com.android.browser.BrowserActivity}
W/Launcher.LauncherProvider(  586): 	at android.app.ApplicationPackageManager.getActivityInfo(ApplicationPackageManager.java:223)
W/Launcher.LauncherProvider(  586): 	at com.anddoes.launcher.hq.a(SourceFile:913)
W/Launcher.LauncherProvider(  586): 	at com.anddoes.launcher.hq.a(SourceFile:883)
W/Launcher.LauncherProvider(  586): 	at com.anddoes.launcher.hq.e(SourceFile:788)
W/Launcher.LauncherProvider(  586): 	at com.anddoes.launcher.hq.onCreate(SourceFile:279)
W/Launcher.LauncherProvider(  586): 	at android.database.sqlite.SQLiteOpenHelper.getWritableDatabase(SQLiteOpenHelper.java:165)
W/Launcher.LauncherProvider(  586): 	at com.anddoes.launcher.hq.<init>(SourceFile:229)
W/Launcher.LauncherProvider(  586): 	at com.anddoes.launcher.LauncherProvider.onCreate(SourceFile:87)
W/Launcher.LauncherProvider(  586): 	at android.content.ContentProvider.attachInfo(ContentProvider.java:944)
W/Launcher.LauncherProvider(  586): 	at android.app.ActivityThread.installProvider(ActivityThread.java:4388)
W/Launcher.LauncherProvider(  586): 	at android.app.ActivityThread.installContentProviders(ActivityThread.java:4143)
W/Launcher.LauncherProvider(  586): 	at android.app.ActivityThread.handleBindApplication(ActivityThread.java:4097)
W/Launcher.LauncherProvider(  586): 	at android.app.ActivityThread.access$1300(ActivityThread.java:132)
W/Launcher.LauncherProvider(  586): 	at android.app.ActivityThread$H.handleMessage(ActivityThread.java:1195)
W/Launcher.LauncherProvider(  586): 	at android.os.Handler.dispatchMessage(Handler.java:99)
W/Launcher.LauncherProvider(  586): 	at android.os.Looper.loop(Looper.java:137)
W/Launcher.LauncherProvider(  586): 	at android.app.ActivityThread.main(ActivityThread.java:4575)
W/Launcher.LauncherProvider(  586): 	at java.lang.reflect.Method.invokeNative(Native Method)
W/Launcher.LauncherProvider(  586): 	at java.lang.reflect.Method.invoke(Method.java:511)
W/Launcher.LauncherProvider(  586): 	at com.android.internal.os.ZygoteInit$MethodAndArgsCaller.run(ZygoteInit.java:789)
W/Launcher.LauncherProvider(  586): 	at com.android.internal.os.ZygoteInit.main(ZygoteInit.java:556)
W/Launcher.LauncherProvider(  586): 	at dalvik.system.NativeStart.main(Native Method)
I/AccountTypeManager(  600): Loaded meta-data for 1 account types, 0 accounts in 4ms(wall) 0ms(cpu)
I/AccountTypeManager(  600): Loaded meta-data for 1 account types, 0 accounts in 4ms(wall) 0ms(cpu)
I/ActivityManager(  186): Start proc ru.org.amip.ClockSync for broadcast ru.org.amip.ClockSync/.BootReceiver: pid=675 uid=10011 gids={3003}
D/PackageManager(  186): generateServicesMap(android.accounts.AccountAuthenticator): 2 services unchanged
D/ACRA    (  586): Retrieve application default SharedPreferences.
D/ACRA    (  586): Set OnSharedPreferenceChangeListener.
D/ACRA    (  586): ACRA is enabled for com.anddoes.launcher, intializing...
D/ACRA    (  586): Looking for error files in /data/data/com.anddoes.launcher/files
D/PackageManager(  186): generateServicesMap(android.content.SyncAdapter): 5 services unchanged
D/ClockSync(  675): Timer cancelled
D/ClockSync(  675): Boot received
I/ActivityManager(  186): Start proc com.android.deskclock for broadcast com.android.deskclock/.AlarmInitReceiver: pid=690 uid=10014 gids={}
I//system/bin/fsck_msdos(  102): ** Phase 3 - Checking Directories
I/ActivityThread(  690): Pub com.android.deskclock: com.android.deskclock.AlarmProvider
I//system/bin/fsck_msdos(  102): ** Phase 4 - Checking for Lost Files
W/BackupManagerService(  186): dataChanged but no participant pkg='com.android.providers.settings' uid=10014
V/AlarmClock(  690): AlarmInitReceiver finished
I//system/bin/fsck_msdos(  102): 14 files, 1253648 free (1361988 clusters)
I/ActivityManager(  186): Start proc com.android.email for broadcast com.android.email/.service.EmailBroadcastReceiver: pid=718 uid=10017 gids={3003, 1015}
I/Vold    (  102): Filesystem check completed OK
I/Vold    (  102): Device /dev/block/vold/93:64, target /mnt/sdcard mounted @ /mnt/secure/staging
D/Vold    (  102): Volume sdcard state changing 3 (Checking) -> 4 (Mounted)
D/MountService(  186): volume state changed for /mnt/sdcard (checking -> mounted)
W/MountService(  186): Duplicate state transition (mounted -> mounted) for /mnt/sdcard
D/MountService(  186): sendStorageIntent Intent { act=android.intent.action.MEDIA_MOUNTED dat=file:///mnt/sdcard (has extras) }
D/MountService(  186): sendStorageIntent Intent { act=android.intent.action.MEDIA_MOUNTED dat=file:///mnt/sdcard (has extras) }
I/StorageNotification(  377): Media {/mnt/sdcard} state changed from {checking} -> {mounted} (primary = true)
I/ActivityThread(  718): Pub com.android.email.provider;com.android.email.notifier: com.android.email.provider.EmailProvider
I/ActivityThread(  718): Pub com.android.email.attachmentprovider: com.android.email.provider.AttachmentProvider
I/ActivityManager(  186): Start proc com.android.exchange for service com.android.exchange/.ExchangeService: pid=735 uid=10018 gids={3003, 1015}
I/Email   (  718): Onetime initialization: 1
I/Email   (  718): Onetime initialization: 2
I/CalendarProvider2(  660): Sending notification intent: Intent { act=android.intent.action.PROVIDER_CHANGED dat=content://com.android.calendar }
W/ContentResolver(  660): Failed to get type for: content://com.android.calendar (Unknown URL content://com.android.calendar)
I/ActivityThread(  735): Pub com.android.exchange.directory.provider: com.android.exchange.provider.ExchangeDirectoryProvider
D/ExchangeService(  735): !!! EAS ExchangeService, onCreate
D/Eas Debug(  735): Logging: 
D/ExchangeService(  735): !!! EAS ExchangeService, onStartCommand, startingUp = false, running = false
D/ExchangeService(  735): !!! EAS ExchangeService, onStartCommand, startingUp = true, running = false
D/ExchangeService(  735): Received deviceId from Email app: android1338618098747
D/ExchangeService(  735): Reconciling accounts...
D/ExchangeService(  735): !!! EAS ExchangeService, onStartCommand, startingUp = true, running = false
D/Eas Debug(  735): Logging: 
W/Searchables(  186): No global search activity found
W/Searchables(  186): No global search activity found
D/PackageManager(  186): generateServicesMap(android.accounts.AccountAuthenticator): 2 services unchanged
D/PackageManager(  186): generateServicesMap(android.content.SyncAdapter): 5 services unchanged
I/ContactsProviderV1(  535): Bootstrapping database legacy support
W/Searchables(  186): No global search activity found
I/BootReceiver(  447): Restore disabled by user preference.
W/ActivityManager(  186): Launch timeout has expired, giving up wake lock!
D/libEGL  (  586): loaded /system/lib/egl/libGLES_android.so
D/libEGL  (  586): loaded /system/lib/egl/libEGL_mali.so
D/libEGL  (  586): loaded /system/lib/egl/libGLESv1_CM_mali.so
D/CAT     (  439): CatService: Return current sInstance
I/ActivityManager(  186): Start proc com.noshufou.android.su for broadcast com.noshufou.android.su/.UpdatePermissionsReceiver: pid=775 uid=10041 gids={3003, 1015}
D/libEGL  (  586): loaded /system/lib/egl/libGLESv2_mali.so
D/OpenGLRenderer(  586): Enabling debug mode 0
D/dalvikvm(  106): GC_EXPLICIT freed 36K, 74% free 2156K/8131K, paused 2ms+2ms
I/dalvikvm(  775): Turning on JNI app bug workarounds for target SDK version 11...
D/CAT     (  439): StkAppService$ServiceHandler: OP_BOOT_COMPLETED
D/dalvikvm(  106): GC_EXPLICIT freed <1K, 74% free 2156K/8131K, paused 2ms+2ms
I/ActivityManager(  186): Displayed com.anddoes.launcher/.Launcher: +4s668ms (total +15s221ms)
D/dalvikvm(  106): GC_EXPLICIT freed <1K, 74% free 2156K/8131K, paused 2ms+2ms
D/dalvikvm(  377): GC_FOR_ALLOC freed 12189K, 79% free 3890K/17799K, paused 31ms
I/dalvikvm-heap(  377): Grow heap (frag case) to 21.215MB for 9830416-byte allocation
D/dalvikvm(  377): GC_CONCURRENT freed 188K, 26% free 13302K/17799K, paused 2ms+16ms
I/ActivityThread(  775): Pub com.noshufou.android.su.provider: com.noshufou.android.su.provider.PermissionsProvider
D/Su.Util (  775): Start PermissionsDbService
D/Su.PermissionsDbService(  775): onHandleIntent()
I/MediaProvider(  475): Upgrading media database from version 0 to 408, which will destroy all old data
I/ActivityManager(  186): Start proc com.android.voicedialer for broadcast com.android.voicedialer/.VoiceDialerReceiver: pid=792 uid=10045 gids={3002}
W/ActivityManager(  186): Permission Denial: receiving Intent { act=android.intent.action.BOOT_COMPLETED flg=0x10 } to com.google.android.youtube requires android.permission.RECEIVE_BOOT_COMPLETED due to sender null (uid 1000)
D/Su.PermissionsDbService(  775): permissions.sqlite opened
D/MediaScannerReceiver(  475): action: android.intent.action.MEDIA_MOUNTED path: /mnt/sdcard
D/Su.PermissionsDbService(  775): got cursor from su.db
D/Su.PermissionsDbService(  775): closing permissions.sqlite
D/MediaScannerReceiver(  475): action: android.intent.action.MEDIA_MOUNTED path: /mnt/sdcard
W/ResourceType(  586): Attempt to retrieve bag 0x7f0d001e which is invalid or in a cycle.
W/ResourceType(  586): Attempt to retrieve bag 0x7f0d001e which is invalid or in a cycle.
W/ResourceType(  586): Attempt to retrieve bag 0x7f0d001e which is invalid or in a cycle.
W/ResourceType(  586): Attempt to retrieve bag 0x7f0d001e which is invalid or in a cycle.
W/ResourceType(  586): Attempt to retrieve bag 0x7f0d001e which is invalid or in a cycle.
D/EmailProvider(  718): Creating EmailProvider database
I/ActivityManager(  186): Start proc com.android.calendar for broadcast com.android.calendar/.widget.CalendarAppWidgetService$CalendarFactory: pid=807 uid=10007 gids={3003}
I/ActivityThread(  807): Pub com.android.calendar.CalendarRecentSuggestionsProvider: com.android.calendar.CalendarRecentSuggestionsProvider
I/ActivityManager(  186): Start proc com.google.android.music:main for broadcast com.google.android.music/.store.MediaStoreImportService$Receiver: pid=824 uid=10022 gids={3003, 1015}
I/ActivityThread(  824): Pub com.google.android.music.MusicContent: com.google.android.music.store.MusicContentProvider
I/MusicStore(  824): Database version: 37
I/AsyncCursor1:1(  824): Initialized for content://com.google.android.music.MusicContent/playlists, proj:_id#name, sel: 'null', args: null, order: null
D/EmailProvider(  718): Creating EmailProviderBody database
D/EmailProvider(  718): Creating EmailProvider database
I/SqliteDatabaseCpp(  475): sqlite returned: error code = 17, msg = statement aborts at 9: [DELETE from albums] database schema has changed, db=/data/data/com.android.providers.downloads/databases/downloads.db
I/SqliteDatabaseCpp(  475): sqlite returned: error code = 17, msg = statement aborts at 71: [UPDATE files SET date_modified=0;] database schema has changed, db=/data/data/com.android.providers.downloads/databases/downloads.db
I/MusicStore(  824): Upgrade from -1 to 37 took 1593 ms
E/DefaultVoicemailNotifier(  600): No voicemails to notify about: clear the notification.
I/Email   (  718): Onetime initialization: completed.
E/MetadataRetrieverClient(  108): failed to extract an album art
V/ContactsProvider(  535): Importing legacy contacts
I/ContactsDatabaseHelper(  535): Switching to locale en_US
I/ContactsDatabaseHelper(  535): Locale change completed in 922ms
I/LegacyContactImporter(  535): Legacy contacts database does not exist at /data/data/com.android.providers.contacts/databases/contacts.db
V/ContactsProvider(  535): Completed import of legacy contacts
D/ExchangeService(  735): !!! EAS ExchangeService, onStartCommand, startingUp = false, running = false
D/dalvikvm(  186): GC_CONCURRENT freed 1640K, 52% free 4374K/9031K, paused 3ms+5ms
D/dalvikvm(  186): GC_EXPLICIT freed 74K, 53% free 4299K/9031K, paused 5ms+8ms
D/ExchangeService(  735): Reconciling accounts...
I/ActivityManager(  186): START {act=com.anddoes.launcher.ACTION flg=0x10000000 cmp=com.anddoes.launcher/.Launcher bnds=[738,187][800,245] (has extras)} from pid 586
V/A10_audio_HW(  108): ########## start_output_stream ##########
V/A10_audio_HW(  108): ### property: media.audio.out.mode, value: codec
I/ContactDirectoryManager(  535): deleted 0 stale rows which don't have any relevant directory
D/dalvikvm(  586): GC_FOR_ALLOC freed 2228K, 44% free 4632K/8131K, paused 64ms
I/dalvikvm-heap(  586): Grow heap (frag case) to 13.795MB for 1286224-byte allocation
W/BackupManagerService(  186): dataChanged but no participant pkg='com.android.providers.settings' uid=10016
I/ContactDirectoryManager(  535): Discovered 0 contact directories in 20ms
I/ContactsProvider(  535): Upgrading aggregation algorithm
D/dalvikvm(  586): GC_CONCURRENT freed 703K, 39% free 6044K/9863K, paused 2ms+18ms
I/ContactsProvider(  535): Aggregation algorithm upgraded for 0 contacts, in 0ms
I/ContactsFTS(  535): Rebuild contact search index in 20ms, 0 contacts
E/MetadataRetrieverClient(  108): failed to extract an album art
I/AccountTypeManager(  600): Loaded meta-data for 1 account types, 0 accounts in 8ms(wall) 0ms(cpu)
I/AccountTypeManager(  600): Loaded meta-data for 1 account types, 0 accounts in 4ms(wall) 0ms(cpu)
D/PackageManager(  186): generateServicesMap(android.accounts.AccountAuthenticator): 2 services unchanged
D/PackageManager(  186): generateServicesMap(android.content.SyncAdapter): 5 services unchanged
W/Searchables(  186): No global search activity found
D/PackageManager(  186): generateServicesMap(android.accounts.AccountAuthenticator): 2 services unchanged
D/PackageManager(  186): generateServicesMap(android.content.SyncAdapter): 5 services unchanged
W/Searchables(  186): No global search activity found
D/dalvikvm(  586): GC_FOR_ALLOC freed 3405K, 55% free 4443K/9863K, paused 44ms
D/dalvikvm(  586): GC_CONCURRENT freed 1106K, 48% free 5179K/9863K, paused 2ms+5ms
W/BackupManagerService(  186): dataChanged but no participant pkg='com.android.providers.settings' uid=10016
D/dalvikvm(  586): GC_FOR_ALLOC freed 2594K, 57% free 4287K/9863K, paused 46ms
D/dalvikvm(  586): GC_FOR_ALLOC freed 1553K, 56% free 4406K/9863K, paused 23ms
V/A10_audio_HW(  108): ########## start_output_stream ##########
V/A10_audio_HW(  108): ### property: media.audio.out.mode, value: codec
I/ActivityManager(  186): START {act=android.intent.action.MAIN cat=[android.intent.category.LAUNCHER] flg=0x10200000 cmp=jackpal.androidterm/.Term} from pid 586
D/PermissionCache(  105): checking android.permission.READ_FRAME_BUFFER for uid=1000 => granted (1141 us)
D/dalvikvm(  186): GC_FOR_ALLOC freed 268K, 53% free 4303K/9031K, paused 58ms
I/dalvikvm-heap(  186): Grow heap (frag case) to 13.249MB for 1048592-byte allocation
I/ActivityManager(  186): Start proc jackpal.androidterm for activity jackpal.androidterm/.Term: pid=856 uid=10042 gids={3003, 1015}
I/dalvikvm(  856): Turning on JNI app bug workarounds for target SDK version 11...
W/NetworkManagementSocketTagger(  186): setKernelCountSet(10042, 1) failed with errno -13
D/OpenGLRenderer(  586): Flushing caches (mode 1)
D/OpenGLRenderer(  586): Flushing caches (mode 0)
E/Term    (  856): onCreate
D/Term    (  856): TermService started
