I/PackageManager(  186): Running dexopt on: com.android.systemui
D/dalvikvm(  300): DexOpt: load 70ms, verify+opt 216ms
I/PackageManager(  186): Running dexopt on: com.android.providers.telephony
D/dalvikvm(  301): DexOpt: load 8ms, verify+opt 41ms
I/PackageManager(  186): Running dexopt on: jackpal.androidterm
D/dalvikvm(  302): DexOpt: load 33ms, verify+opt 77ms
I/PackageManager(  186): Running dexopt on: com.tmobile.themechooser
D/dalvikvm(  303): DexOpt: load 18ms, verify+opt 33ms
I/PackageManager(  186): Running dexopt on: com.tmobile.thememanager
D/dalvikvm(  304): DexOpt: load 6ms, verify+opt 23ms
I/PackageManager(  186): Running dexopt on: com.android.providers.userdictionary
D/dalvikvm(  305): DexOpt: load 6ms, verify+opt 9ms
I/PackageManager(  186): Running dexopt on: com.android.videoeditor
D/dalvikvm(  306): DexOpt: load 45ms, verify+opt 208ms
I/PackageManager(  186): Running dexopt on: com.android.musicvis
D/dalvikvm(  307): DexOpt: load 11ms, verify+opt 13ms
I/PackageManager(  186): Running dexopt on: com.android.voicedialer
D/dalvikvm(  308): DexOpt: load 12ms, verify+opt 48ms
I/PackageManager(  186): Running dexopt on: com.android.vpndialogs
D/dalvikvm(  309): DexOpt: load 8ms, verify+opt 28ms
I/PackageManager(  186): Running dexopt on: com.android.smspush
D/dalvikvm(  310): DexOpt: load 6ms, verify+opt 5ms
I/PackageManager(  186): Running dexopt on: org.kman.WifiManager
D/dalvikvm(  311): DexOpt: load 25ms, verify+opt 164ms
I/PackageManager(  186): Running dexopt on: com.google.android.youtube
D/dalvikvm(  312): DexOpt: load 158ms, verify+opt 826ms
I/SystemServer(  186): Device Policy
I/SystemServer(  186): Status Bar
I/SystemServer(  186): Clipboard Service
I/SystemServer(  186): NetworkManagement Service
I/SystemServer(  186): Text Service Manager Service
I/SystemServer(  186): NetworkStats Service
I/SystemServer(  186): NetworkPolicy Service
I/SystemServer(  186): Wi-Fi P2pService
I/SystemServer(  186): Wi-Fi Service
E/CommandListener(  103): Failed to open /proc/sys/net/ipv6/conf/wlan0/disable_ipv6: No such file or directory
E/WifiStateMachine(  186): Failed to disable IPv6: java.lang.IllegalStateException: Unable to communicate to native daemon for disabling ipv6
I/SystemServer(  186): Connectivity Service
D/ConnectivityService(  186): ConnectivityService starting up
E/MobileDataStateTracker(  186): default: Ignoring feature request because could not acquire PhoneService
E/MobileDataStateTracker(  186): default: Could not enable APN type "default"
D/NetworkManagementService(  186): Registering observer
D/NetworkManagementService(  186): Registering observer
I/WifiService(  186): WifiService starting up with Wi-Fi disabled
I/SystemServer(  186): Throttle Service
I/SystemServer(  186): Mount Service
D/MountService(  186): got storage path: /mnt/sdcard description: Internal Storage primary: true removable: false emulated: true mtpReserve: 100 allowMassStorage: true maxFileSize: 0
D/MountService(  186): got storage path: /mnt/extsd description: SD Card primary: false removable: true emulated: false mtpReserve: 100 allowMassStorage: true maxFileSize: 0
D/MountService(  186): got storage path: /mnt/usbhost description: USB storage primary: false removable: true emulated: false mtpReserve: 100 allowMassStorage: false maxFileSize: 0
D/MountService(  186): using emulated external storage
I/SystemServer(  186): Profile Manager
D/VoldCmdListener(  102): volume list
D/MountService(  186): volume state changed for /mnt/sdcard (mounted -> unmounted)
D/MountService(  186): volume state changed for /mnt/extsd (null -> removed)
D/MountService(  186): volume state changed for /mnt/usbhost (null -> removed)
W/Profile (  186): Null Pointer - UUID not found for Default.  New UUID generated: f2c12c9f-00fb-43b9-bd97-4149fd1df738
W/Profile (  186): Null Pointer - UUID not found for Work.  New UUID generated: 8f066da3-8bfc-4f86-9c44-4eb2719eb5f6
W/Profile (  186): Null Pointer - UUID not found for Home.  New UUID generated: bac5054a-6912-47ed-9ae3-49b495a02ab3
W/Profile (  186): Null Pointer - UUID not found for Silent.  New UUID generated: 7718e46e-ba68-4e85-b4b5-9c626243e59c
W/Profile (  186): Null Pointer - UUID not found for Night.  New UUID generated: 4d3d85e2-91f6-4c4c-9f55-dbfeab8cd35d
D/ProfileService(  186): Set active profile to: f2c12c9f-00fb-43b9-bd97-4149fd1df738 - Default
D/ProfileService(  186): Saving profile data...
D/ProfileService(  186): Save completed.
I/SystemServer(  186): Notification Manager
I/SystemServer(  186): Device Storage Monitor
I/SystemServer(  186): Location Manager
I/SystemServer(  186): Country Detector
I/SystemServer(  186): Search Service
I/SystemServer(  186): DropBox Service
I/SystemServer(  186): Wallpaper Service
W/WallpaperService(  186): failed parsing /data/system/wallpaper_info.xml java.io.FileNotFoundException: /data/system/wallpaper_info.xml: open failed: ENOENT (No such file or directory)
I/SystemServer(  186): Audio Service
I/SystemServer(  186): Dock Observer
W/DockObserver(  186): This kernel does not have dock station support
I/SystemServer(  186): Wired Accessory Observer
I/SystemServer(  186): USB Service
I/SystemServer(  186): UI Mode Manager Service
I/SystemServer(  186): Backup Service
V/BackupManagerService(  186): Initializing package tracking
V/BackupManagerService(  186): No ancestral data
D/dalvikvm(  186): GC_CONCURRENT freed 1151K, 57% free 3972K/9031K, paused 2ms+4ms
V/BackupManagerService(  186): addPackageParticipantsLocked: all
I/BackupManagerService(  186): New app android never backed up; scheduling
I/BackupManagerService(  186): New app com.android.browser never backed up; scheduling
I/BackupManagerService(  186): New app com.android.calendar never backed up; scheduling
I/BackupManagerService(  186): New app com.android.inputmethod.latin never backed up; scheduling
I/BackupManagerService(  186): New app com.android.providers.settings never backed up; scheduling
I/BackupManagerService(  186): New app com.android.providers.userdictionary never backed up; scheduling
I/BackupManagerService(  186): New app com.android.sharedstoragebackup never backed up; scheduling
V/BackupManagerService(  186): Registering transport android/com.android.internal.backup.LocalTransport = com.android.internal.backup.LocalTransport@40f9eb60
V/BackupManagerService(  186): Starting with transport com.google.android.backup/.BackupTransportService
V/BackupManagerService(  186): Google transport not present
I/BackupManagerService(  186): Backup enabled => false
I/BackupManagerService(  186): Opting out of backup
I/SystemServer(  186): AppWidget Service
I/SystemServer(  186): Recognition Service
I/SystemServer(  186): DiskStats Service
I/SystemServer(  186): SamplingProfiler Service
I/SystemServer(  186): NetworkTimeUpdateService
I/SystemServer(  186): AssetRedirectionManager Service
I/WindowManager(  186): SAFE MODE not enabled
D/dalvikvm(  186): JIT started for system_server
D/PowerManagerService(  186): system ready!
I/ActivityManager(  186): Sending system update to: ComponentInfo{com.android.providers.calendar/com.android.providers.calendar.CalendarUpgradeReceiver}
I/ActivityManager(  186): Sending system update to: ComponentInfo{com.android.providers.contacts/com.android.providers.contacts.ContactsUpgradeReceiver}
I/ActivityManager(  186): Sending system update to: ComponentInfo{com.android.providers.media/com.android.providers.media.MediaUpgradeReceiver}
I/Zygote  (  186): Process: zygote socket opened
I/ActivityManager(  186): Start proc com.android.providers.calendar for broadcast com.android.providers.calendar/.CalendarUpgradeReceiver: pid=333 uid=10008 gids={3003, 1015}
I/ActivityManager(  186): Launching preboot mode app: ProcessRecord{40e187e8 333:com.android.providers.calendar/10008}
I/ActivityManager(  186): Start proc android.process.acore for broadcast com.android.providers.contacts/.ContactsUpgradeReceiver: pid=347 uid=10001 gids={3003, 1015}
I/ActivityManager(  186): Launching preboot mode app: ProcessRecord{40e21e38 347:android.process.acore/10001}
I/ContactsDatabaseHelper(  347): Bootstrapping database version: 625
I/ContactsProviderV1(  347): Bootstrapping database legacy support
I/ActivityManager(  186): Start proc android.process.media for broadcast com.android.providers.media/.MediaUpgradeReceiver: pid=362 uid=10016 gids={1015, 1023, 1024, 2001, 3003, 3007}
I/ActivityManager(  186): Launching preboot mode app: ProcessRecord{40f37a68 362:android.process.media/10016}
I/ActivityManager(  186): Writing new set of last done pre-boot receivers...
I/ActivityManager(  186): Removing system update proc: ProcessRecord{40e187e8 333:com.android.providers.calendar/10008}
I/ActivityManager(  186): Killing proc 333:com.android.providers.calendar/10008: system update done
I/ActivityManager(  186): Removing system update proc: ProcessRecord{40e21e38 347:android.process.acore/10001}
I/ActivityManager(  186): Killing proc 347:android.process.acore/10001: system update done
I/ActivityManager(  186): Removing system update proc: ProcessRecord{40f37a68 362:android.process.media/10016}
I/ActivityManager(  186): Killing proc 362:android.process.media/10016: system update done
I/ActivityManager(  186): System now ready
I/SystemServer(  186): Making services ready
D/SystemServer(  186): Starting service: Intent { cmp=com.android.systemui/.SystemUIService }
I/ActivityManager(  186): Start proc com.android.systemui for service com.android.systemui/.SystemUIService: pid=377 uid=1000 gids={1015, 3002, 3001, 3003}
D/NetworkManagementService(  186): enabling bandwidth control
E/BandwidthController(  103): runIptablesCmd(): failed /system/bin/iptables -D INPUT -m owner --socket-exists res=256
E/BandwidthController(  103): runIptablesCmd(): failed /system/bin/ip6tables -D INPUT -m owner --socket-exists res=256
D/UsbDeviceManager(  186): disable UsbDeviceManager wakelock wlref = 0
D/SystemUIService(  377): loading: class com.android.systemui.statusbar.tablet.TabletStatusBar
D/SystemUIService(  377): running: com.android.systemui.statusbar.tablet.TabletStatusBar@40d98978
I/StatusBar.HeightReceiver(  377): Resizing status bar plugged=false height=48 old=0
D/NetworkManagementService(  186): Registering observer
D/NetworkManagementService(  186): Registering observer
I/ActivityManager(  186): Config changed: {1.0 0mcc0mnc en_US layoutdir=0 sw480dp w800dp h432dp lrg land -touch -keyb/v/h -nav/h s.3 themeResource=null}
W/RecognitionManagerService(  186): no available voice recognition services found
D/StorageNotification(  377): Startup with UMS connection false (media state unmounted)
I/StorageNotification(  377): UMS connection changed to false (media state unmounted)
I/StatusBarManagerService(  186): registerStatusBar bar=com.android.internal.statusbar.IStatusBar$Stub$Proxy@411f3360
D/SystemUIService(  377): loading: class com.android.systemui.power.PowerUI
D/SystemUIService(  377): running: com.android.systemui.power.PowerUI@40f01c48
I/StatusBar.HeightReceiver(  377): Resizing status bar plugged=false height=48 old=48
D/WifiService(  186): New client listening to asynchronous messages
W/AppWidgetService(  186): Failed to read state: java.io.FileNotFoundException: /data/system/appwidgets.xml: open failed: ENOENT (No such file or directory)
W/InputManagerService(  186): Ignoring setImeWindowStatus of uid 1000 token: null
I/ActivityManager(  186): Start proc com.android.inputmethod.latin for service com.android.inputmethod.latin/.LatinIME: pid=421 uid=10026 gids={}
D/NetworkManagementService(  186): Registering observer
E/ThrottleService(  186): Error reading data file
I/ActivityManager(  186): Start proc com.android.phone for added application com.android.phone: pid=439 uid=1001 gids={3002, 3001, 3003, 1015}
I/ActivityManager(  186): START {act=android.intent.action.MAIN cat=[android.intent.category.HOME] flg=0x10000000 cmp=com.android.settings/.CryptKeeper} from pid 0
W/ThrottleService(  186): unable to find stats for iface wlan0
I/ActivityManager(  186): Start proc com.android.settings for activity com.android.settings/.CryptKeeper: pid=447 uid=1000 gids={1015, 3002, 3001, 3003}
I/ActivityManager(  186): Start proc android.process.media for broadcast com.android.providers.media/.UsbReceiver: pid=475 uid=10016 gids={1015, 1023, 1024, 2001, 3003, 3007}
W/NetworkManagementSocketTagger(  186): setKernelCountSet(1000, 1) failed with errno -13
W/ThrottleService(  186): unable to find stats for iface wlan0
I/StatusBar.HeightReceiver(  377): Resizing status bar plugged=false height=48 old=48
I/StorageNotification(  377): UMS connection changed to false (media state unmounted)
I/ActivityThread(  475): Pub media: com.android.providers.media.MediaProvider
I/ActivityThread(  475): Pub downloads: com.android.providers.downloads.DownloadProvider
I/ActivityThread(  439): Pub mms: com.android.providers.telephony.MmsProvider
I/ActivityThread(  439): Pub sms: com.android.providers.telephony.SmsProvider
I/ActivityThread(  475): Pub drm: com.android.providers.drm.DrmProvider
I/DownloadManager(  475): in removeSpuriousFiles
I/ActivityThread(  439): Pub telephony: com.android.providers.telephony.TelephonyProvider
W/TelephonyProvider(  439): onCreate: confFile=/system/etc/apns-conf.xml oldCheckSum=-1
I/ActivityThread(  439): Pub icc: com.android.phone.IccProvider
I/ActivityThread(  439): Pub mms-sms: com.android.providers.telephony.MmsSmsProvider
E/ActivityThread(  421): Failed to find provider info for com.android.inputmethod.latin.dictionarypack
I/ActivityManager(  186): Start proc com.android.smspush for service com.android.smspush/.WapPushManager: pid=522 uid=10046 gids={}
D/dalvikvm(  106): GC_EXPLICIT freed 34K, 74% free 2156K/8131K, paused 2ms+2ms
D/dalvikvm(  106): GC_EXPLICIT freed <1K, 74% free 2156K/8131K, paused 5ms+2ms
D/dalvikvm(  106): GC_EXPLICIT freed <1K, 74% free 2156K/8131K, paused 3ms+10ms
I/ActivityManager(  186): Start proc android.process.acore for content provider com.android.providers.userdictionary/.UserDictionaryProvider: pid=535 uid=10001 gids={3003, 1015}
I/LocationManagerService(  186): Setting GPS Source to: 0
D/dalvikvm(  377): GC_FOR_ALLOC freed 265K, 55% free 3701K/8131K, paused 21ms
I/dalvikvm-heap(  377): Grow heap (frag case) to 21.031MB for 9830416-byte allocation
D/dalvikvm(  377): GC_CONCURRENT freed 20K, 26% free 13280K/17799K, paused 1ms+15ms
D/libEGL  (  377): loaded /system/lib/egl/libGLES_android.so
D/libEGL  (  377): loaded /system/lib/egl/libEGL_mali.so
D/libEGL  (  377): loaded /system/lib/egl/libGLESv1_CM_mali.so
D/libEGL  (  377): loaded /system/lib/egl/libGLESv2_mali.so
I/DownloadManager(  475): Upgrading downloads database from version 0 to version 107, which will destroy all old data
I/DownloadManager(  475): deleting spurious file /cache/dalvik-cache
E/BinaryDictionaryGetter(  421): Could not find a dictionary pack
I/ActivityManager(  186): START {act=android.intent.action.MAIN cat=[android.intent.category.HOME] flg=0x10000000 cmp=com.android.provision/.DefaultActivity} from pid 0
I/ActivityThread(  535): Pub com.android.voicemail: com.android.providers.contacts.VoicemailContentProvider
D/        (  439): [ApnContext] set reason as dataEnabled, for type default,current state IDLE
D/        (  439): [ApnContext] set reason as dataEnabled, for type mms,current state IDLE
D/        (  439): [ApnContext] set reason as dataEnabled, for type supl,current state IDLE
D/        (  439): [ApnContext] set reason as dataEnabled, for type dun,current state IDLE
D/        (  439): [ApnContext] set reason as dataEnabled, for type hipri,current state IDLE
I/ActivityManager(  186): Start proc com.android.provision for activity com.android.provision/.DefaultActivity: pid=557 uid=10035 gids={}
I/ActivityThread(  535): Pub com.android.social: com.android.providers.contacts.SocialProvider
I/ActivityThread(  535): Pub applications: com.android.providers.applications.ApplicationsProvider
D/CAT     (  439): CatService: Running CAT service. STK app installed:true
D/CAT     (  439): CatService: NEW sInstance
D/CallManager(  439): registerPhone(GSM Handler (com.android.internal.telephony.PhoneProxy) {40d95dd8})
W/NetworkManagementSocketTagger(  186): setKernelCountSet(10035, 1) failed with errno -13
W/ActivityManager(  186): Unable to start service Intent { act=com.android.ussd.IExtendedNetworkService }: not found
W/BackupManagerService(  186): dataChanged but no participant pkg='com.android.providers.settings' uid=10035
I/ActivityThread(  535): Pub contacts;com.android.contacts: com.android.providers.contacts.ContactsProvider2
I/ActivityThread(  535): Pub call_log: com.android.providers.contacts.CallLogProvider
I/ActivityThread(  535): Pub user_dictionary: com.android.providers.userdictionary.UserDictionaryProvider
D/dalvikvm(  186): GC_EXPLICIT freed 929K, 54% free 4182K/9031K, paused 3ms+9ms
I/ActivityManager(  186): START {act=android.intent.action.MAIN cat=[android.intent.category.HOME] flg=0x10000000 cmp=com.anddoes.launcher/.Launcher} from pid 0
D/gps_serial(  186): gps data will read from '/dev/ttyACM0' device
E/gps_serial(  186): could not open gps serial device: Bad file number
W/GpsLocationProvider(  186): Failed to enable location provider
I/ActivityManager(  186): Start proc com.anddoes.launcher for activity com.anddoes.launcher/.Launcher: pid=586 uid=10000 gids={3003, 1015}
W/ActivityManager(  186): Activity idle timeout for ActivityRecord{40d8b4d8 com.android.settings/.CryptKeeper}
D/LocalBluetoothProfileManager(  447): LocalBluetoothProfileManager construction complete
W/NetworkManagementSocketTagger(  186): setKernelCountSet(1000, 0) failed with errno -13
W/NetworkManagementSocketTagger(  186): setKernelCountSet(10035, 0) failed with errno -13
D/Bluetooth HSHFP(  439): Starting BluetoothHeadsetService
W/CallNotifier(  439): Got onMwiChanged() on non-voice-capable device! Ignoring...
W/NetworkManagementSocketTagger(  186): setKernelCountSet(10000, 1) failed with errno -13
V/SipBroadcastReceiver(  439): SIP VOIP not supported: android.net.sip.SIP_SERVICE_UP
I/ActivityThread(  586): Pub com.anddoes.launcher.settings: com.anddoes.launcher.LauncherProvider
I/SurfaceFlinger(  105): Boot is finished (93294 ms)
I/ActivityManager(  186): Start proc com.android.contacts for broadcast com.android.contacts/.calllog.CallLogReceiver: pid=600 uid=10001 gids={3003, 1015}
I/ContactsDatabaseHelper(  535): Bootstrapping database version: 625
D/PowerManagerService(  186): bootCompleted
V/DevicePolicyManagerService(  186): Sending password expiration notifications for action android.intent.action.BOOT_COMPLETED
D/VoldCmdListener(  102): volume mount /mnt/sdcard
D/DirectVolume(  102): Disc has only one partition.
I/Vold    (  102): /dev/block/vold/93:64 being considered for volume sdcard
D/Vold    (  102): Volume sdcard state changing 1 (Idle-Unmounted) -> 3 (Checking)
D/MountService(  186): volume state changed for /mnt/sdcard (unmounted -> checking)
D/MountService(  186): sendStorageIntent Intent { act=android.intent.action.MEDIA_CHECKING dat=file:///mnt/sdcard (has extras) }
I/StorageNotification(  377): Media {/mnt/sdcard} state changed from {unmounted} -> {checking} (primary = true)
W/logwrapper(  615): Unable to background process (No such file or directory)
I/SearchManagerService(  186): Building list of searchable activities
V/WiredAccessoryObserver(  186): init()
W/WiredAccessoryObserver(  186): This kernel does not have wired headset support
W/WiredAccessoryObserver(  186): This kernel does not have wired headset support
W/WiredAccessoryObserver(  186): This kernel does not have wired headset support
E/OMXCodec(  108): Attempting to allocate OMX node 'OMX.google.vorbis.decoder'
E/OMXCodec(  108): Successfully allocated OMX node 'OMX.google.vorbis.decoder'
I//system/bin/fsck.exfat(  102): exfatfsck 0.9.5
I//system/bin/fsck.exfat(  102): ERROR: exFAT file system is not found.
I/logwrapper(  102): /system/bin/fsck.exfat terminated by exit(1)
E/Vold    (  102): Filesystem check failed (unknown exit code 1)
W/logwrapper(  622): Unable to background process (No such file or directory)
I//system/bin/fsck_msdos(  102): ** /dev/block/vold/93:64
I//system/bin/fsck_msdos(  102): ** Phase 1 - Read FAT (compare skipped)
I//system/bin/fsck_msdos(  102): Attempting to allocate 5456 KB for FAT
W/Launcher.LauncherProvider(  586): Unable to add favorite: com.google.android.camera/com.android.camera.Camera
W/Launcher.LauncherProvider(  586): android.content.pm.PackageManager$NameNotFoundException: ComponentInfo{com.google.android.camera/com.android.camera.Camera}
W/Launcher.LauncherProvider(  586): 	at android.app.ApplicationPackageManager.getActivityInfo(ApplicationPackageManager.java:223)
W/Launcher.LauncherProvider(  586): 	at com.anddoes.launcher.hq.a(SourceFile:913)
W/Launcher.LauncherProvider(  586): 	at com.anddoes.launcher.hq.a(SourceFile:883)
W/Launcher.LauncherProvider(  586): 	at com.anddoes.launcher.hq.e(SourceFile:788)
W/Launcher.LauncherProvider(  586): 	at com.anddoes.launcher.hq.onCreate(SourceFile:279)
W/Launcher.LauncherProvider(  586): 	at android.database.sqlite.SQLiteOpenHelper.getWritableDatabase(SQLiteOpenHelper.java:165)
W/Launcher.LauncherProvider(  586): 	at com.anddoes.launcher.hq.<init>(SourceFile:229)
W/Launcher.LauncherProvider(  586): 	at com.anddoes.launcher.LauncherProvider.onCreate(SourceFile:87)
W/Launcher.LauncherProvider(  586): 	at android.content.ContentProvider.attachInfo(ContentProvider.java:944)
W/Launcher.LauncherProvider(  586): 	at android.app.ActivityThread.installProvider(ActivityThread.java:4388)
W/Launcher.LauncherProvider(  586): 	at android.app.ActivityThread.installContentProviders(ActivityThread.java:4143)
W/Launcher.LauncherProvider(  586): 	at android.app.ActivityThread.handleBindApplication(ActivityThread.java:4097)
W/Launcher.LauncherProvider(  586): 	at android.app.ActivityThread.access$1300(ActivityThread.java:132)
W/Launcher.LauncherProvider(  586): 	at android.app.ActivityThread$H.handleMessage(ActivityThread.java:1195)
W/Launcher.LauncherProvider(  586): 	at android.os.Handler.dispatchMessage(Handler.java:99)
W/Launcher.LauncherProvider(  586): 	at android.os.Looper.loop(Looper.java:137)
W/Launcher.LauncherProvider(  586): 	at android.app.ActivityThread.main(ActivityThread.java:4575)
W/Launcher.LauncherProvider(  586): 	at java.lang.reflect.Method.invokeNative(Native Method)
W/Launcher.LauncherProvider(  586): 	at java.lang.reflect.Method.invoke(Method.java:511)
W/Launcher.LauncherProvider(  586): 	at com.android.internal.os.ZygoteInit$MethodAndArgsCaller.run(ZygoteInit.java:789)
W/Launcher.LauncherProvider(  586): 	at com.android.internal.os.ZygoteInit.main(ZygoteInit.java:556)
W/Launcher.LauncherProvider(  586): 	at dalvik.system.NativeStart.main(Native Method)
E/OMXCodec(  108): Attempting to allocate OMX node 'OMX.google.vorbis.decoder'
E/OMXCodec(  108): Successfully allocated OMX node 'OMX.google.vorbis.decoder'
W/Launcher.LauncherProvider(  586): Unable to add favorite: com.google.android.apps.maps/com.google.android.maps.MapsActivity
W/Launcher.LauncherProvider(  586): android.content.pm.PackageManager$NameNotFoundException: ComponentInfo{com.google.android.apps.maps/com.google.android.maps.MapsActivity}
W/Launcher.LauncherProvider(  586): 	at android.app.ApplicationPackageManager.getActivityInfo(ApplicationPackageManager.java:223)
W/Launcher.LauncherProvider(  586): 	at com.anddoes.launcher.hq.a(SourceFile:913)
W/Launcher.LauncherProvider(  586): 	at com.anddoes.launcher.hq.a(SourceFile:883)
W/Launcher.LauncherProvider(  586): 	at com.anddoes.launcher.hq.e(SourceFile:828)
W/Launcher.LauncherProvider(  586): 	at com.anddoes.launcher.hq.onCreate(SourceFile:279)
W/Launcher.LauncherProvider(  586): 	at android.database.sqlite.SQLiteOpenHelper.getWritableDatabase(SQLiteOpenHelper.java:165)
W/Launcher.LauncherProvider(  586): 	at com.anddoes.launcher.hq.<init>(SourceFile:229)
W/Launcher.LauncherProvider(  586): 	at com.anddoes.launcher.LauncherProvider.onCreate(SourceFile:87)
W/Launcher.LauncherProvider(  586): 	at android.content.ContentProvider.attachInfo(ContentProvider.java:944)
W/Launcher.LauncherProvider(  586): 	at android.app.ActivityThread.installProvider(ActivityThread.java:4388)
W/Launcher.LauncherProvider(  586): 	at android.app.ActivityThread.installContentProviders(ActivityThread.java:4143)
W/Launcher.LauncherProvider(  586): 	at android.app.ActivityThread.handleBindApplication(ActivityThread.java:4097)
W/Launcher.LauncherProvider(  586): 	at android.app.ActivityThread.access$1300(ActivityThread.java:132)
W/Launcher.LauncherProvider(  586): 	at android.app.ActivityThread$H.handleMessage(ActivityThread.java:1195)
W/Launcher.LauncherProvider(  586): 	at android.os.Handler.dispatchMessage(Handler.java:99)
W/Launcher.LauncherProvider(  586): 	at android.os.Looper.loop(Looper.java:137)
W/Launcher.LauncherProvider(  586): 	at android.app.ActivityThread.main(ActivityThread.java:4575)
W/Launcher.LauncherProvider(  586): 	at java.lang.reflect.Method.invokeNative(Native Method)
W/Launcher.LauncherProvider(  586): 	at java.lang.reflect.Method.invoke(Method.java:511)
W/Launcher.LauncherProvider(  586): 	at com.android.internal.os.ZygoteInit$MethodAndArgsCaller.run(ZygoteInit.java:789)
W/Launcher.LauncherProvider(  586): 	at com.android.internal.os.ZygoteInit.main(ZygoteInit.java:556)
W/Launcher.LauncherProvider(  586): 	at dalvik.system.NativeStart.main(Native Method)
W/Launcher.LauncherProvider(  586): Unable to add favorite: com.android.apps.maps/com.google.android.maps.MapsActivity
W/Launcher.LauncherProvider(  586): android.content.pm.PackageManager$NameNotFoundException: ComponentInfo{com.android.apps.maps/com.google.android.maps.MapsActivity}
W/Launcher.LauncherProvider(  586): 	at android.app.ApplicationPackageManager.getActivityInfo(ApplicationPackageManager.java:223)
W/Launcher.LauncherProvider(  586): 	at com.anddoes.launcher.hq.a(SourceFile:913)
W/Launcher.LauncherProvider(  586): 	at com.anddoes.launcher.hq.a(SourceFile:886)
W/Launcher.LauncherProvider(  586): 	at com.anddoes.launcher.hq.e(SourceFile:828)
W/Launcher.LauncherProvider(  586): 	at com.anddoes.launcher.hq.onCreate(SourceFile:279)
W/Launcher.LauncherProvider(  586): 	at android.database.sqlite.SQLiteOpenHelper.getWritableDatabase(SQLiteOpenHelper.java:165)
W/Launcher.LauncherProvider(  586): 	at com.anddoes.launcher.hq.<init>(SourceFile:229)
W/Launcher.LauncherProvider(  586): 	at com.anddoes.launcher.LauncherProvider.onCreate(SourceFile:87)
W/Launcher.LauncherProvider(  586): 	at android.content.ContentProvider.attachInfo(ContentProvider.java:944)
W/Launcher.LauncherProvider(  586): 	at android.app.ActivityThread.installProvider(ActivityThread.java:4388)
W/Launcher.LauncherProvider(  586): 	at android.app.ActivityThread.installContentProviders(ActivityThread.java:4143)
W/Launcher.LauncherProvider(  586): 	at android.app.ActivityThread.handleBindApplication(ActivityThread.java:4097)
W/Launcher.LauncherProvider(  586): 	at android.app.ActivityThread.access$1300(ActivityThread.java:132)
W/Launcher.LauncherProvider(  586): 	at android.app.ActivityThread$H.handleMessage(ActivityThread.java:1195)
W/Launcher.LauncherProvider(  586): 	at android.os.Handler.dispatchMessage(Handler.java:99)
W/Launcher.LauncherProvider(  586): 	at android.os.Looper.loop(Looper.java:137)
W/Launcher.LauncherProvider(  586): 	at android.app.ActivityThread.main(ActivityThread.java:4575)
W/Launcher.LauncherProvider(  586): 	at java.lang.reflect.Method.invokeNative(Native Method)
W/Launcher.LauncherProvider(  586): 	at java.lang.reflect.Method.invoke(Method.java:511)
W/Launcher.LauncherProvider(  586): 	at com.android.internal.os.ZygoteInit$MethodAndArgsCaller.run(ZygoteInit.java:789)
W/Launcher.LauncherProvider(  586): 	at com.android.internal.os.ZygoteInit.main(ZygoteInit.java:556)
W/Launcher.LauncherProvider(  586): 	at dalvik.system.NativeStart.main(Native Method)
W/Launcher.LauncherProvider(  586): Unable to add favorite: com.google.android.gm/com.google.android.gm.ConversationListActivityGmail
W/Launcher.LauncherProvider(  586): android.content.pm.PackageManager$NameNotFoundException: ComponentInfo{com.google.android.gm/com.google.android.gm.ConversationListActivityGmail}
W/Launcher.LauncherProvider(  586): 	at android.app.ApplicationPackageManager.getActivityInfo(ApplicationPackageManager.java:223)
W/Launcher.LauncherProvider(  586): 	at com.anddoes.launcher.hq.a(SourceFile:913)
W/Launcher.LauncherProvider(  586): 	at com.anddoes.launcher.hq.a(SourceFile:883)
W/Launcher.LauncherProvider(  586): 	at com.anddoes.launcher.hq.e(SourceFile:828)
W/Launcher.LauncherProvider(  586): 	at com.anddoes.launcher.hq.onCreate(SourceFile:279)
W/Launcher.LauncherProvider(  586): 	at android.database.sqlite.SQLiteOpenHelper.getWritableDatabase(SQLiteOpenHelper.java:165)
W/Launcher.LauncherProvider(  586): 	at com.anddoes.launcher.hq.<init>(SourceFile:229)
W/Launcher.LauncherProvider(  586): 	at com.anddoes.launcher.LauncherProvider.onCreate(SourceFile:87)
W/Launcher.LauncherProvider(  586): 	at android.content.ContentProvider.attachInfo(ContentProvider.java:944)
W/Launcher.LauncherProvider(  586): 	at android.app.ActivityThread.installProvider(ActivityThread.java:4388)
W/Launcher.LauncherProvider(  586): 	at android.app.ActivityThread.installContentProviders(ActivityThread.java:4143)
W/Launcher.LauncherProvider(  586): 	at android.app.ActivityThread.handleBindApplication(ActivityThread.java:4097)
W/Launcher.LauncherProvider(  586): 	at android.app.ActivityThread.access$1300(ActivityThread.java:132)
W/Launcher.LauncherProvider(  586): 	at android.app.ActivityThread$H.handleMessage(ActivityThread.java:1195)
W/Launcher.LauncherProvider(  586): 	at android.os.Handler.dispatchMessage(Handler.java:99)
W/Launcher.LauncherProvider(  586): 	at android.os.Looper.loop(Looper.java:137)
W/Launcher.LauncherProvider(  586): 	at android.app.ActivityThread.main(ActivityThread.java:4575)
W/Launcher.LauncherProvider(  586): 	at java.lang.reflect.Method.invokeNative(Native Method)
W/Launcher.LauncherProvider(  586): 	at java.lang.reflect.Method.invoke(Method.java:511)
W/Launcher.LauncherProvider(  586): 	at com.android.internal.os.ZygoteInit$MethodAndArgsCaller.run(ZygoteInit.java:789)
W/Launcher.LauncherProvider(  586): 	at com.android.internal.os.ZygoteInit.main(ZygoteInit.java:556)
W/Launcher.LauncherProvider(  586): 	at dalvik.system.NativeStart.main(Native Method)
V/OtaStartupReceiver(  439): onReceive: intent action=android.intent.action.BOOT_COMPLETED  mOtaspMode=-1
D/OtaStartupReceiver(  439): OTASP not supported, nothing to do.
I/ActivityManager(  186): Start proc com.bel.android.dspmanager for broadcast com.bel.android.dspmanager/.receiver.BootCompletedReceiver: pid=631 uid=10012 gids={3002}
E/OMXCodec(  108): Attempting to allocate OMX node 'OMX.google.vorbis.decoder'
E/OMXCodec(  108): Successfully allocated OMX node 'OMX.google.vorbis.decoder'
I/AccountTypeManager(  600): Loaded meta-data for 1 account types, 0 accounts in 85ms(wall) 10ms(cpu)
W/Launcher.LauncherProvider(  586): Unable to add favorite: com.android.gm/com.google.android.gm.ConversationListActivityGmail
W/Launcher.LauncherProvider(  586): android.content.pm.PackageManager$NameNotFoundException: ComponentInfo{com.android.gm/com.google.android.gm.ConversationListActivityGmail}
W/Launcher.LauncherProvider(  586): 	at android.app.ApplicationPackageManager.getActivityInfo(ApplicationPackageManager.java:223)
W/Launcher.LauncherProvider(  586): 	at com.anddoes.launcher.hq.a(SourceFile:913)
W/Launcher.LauncherProvider(  586): 	at com.anddoes.launcher.hq.a(SourceFile:886)
W/Launcher.LauncherProvider(  586): 	at com.anddoes.launcher.hq.e(SourceFile:828)
W/Launcher.LauncherProvider(  586): 	at com.anddoes.launcher.hq.onCreate(SourceFile:279)
W/Launcher.LauncherProvider(  586): 	at android.database.sqlite.SQLiteOpenHelper.getWritableDatabase(SQLiteOpenHelper.java:165)
W/Launcher.LauncherProvider(  586): 	at com.anddoes.launcher.hq.<init>(SourceFile:229)
W/Launcher.LauncherProvider(  586): 	at com.anddoes.launcher.LauncherProvider.onCreate(SourceFile:87)
W/Launcher.LauncherProvider(  586): 	at android.content.ContentProvider.attachInfo(ContentProvider.java:944)
W/Launcher.LauncherProvider(  586): 	at android.app.ActivityThread.installProvider(ActivityThread.java:4388)
W/Launcher.LauncherProvider(  586): 	at android.app.ActivityThread.installContentProviders(ActivityThread.java:4143)
W/Launcher.LauncherProvider(  586): 	at android.app.ActivityThread.handleBindApplication(ActivityThread.java:4097)
W/Launcher.LauncherProvider(  586): 	at android.app.ActivityThread.access$1300(ActivityThread.java:132)
W/Launcher.LauncherProvider(  586): 	at android.app.ActivityThread$H.handleMessage(ActivityThread.java:1195)
W/Launcher.LauncherProvider(  586): 	at android.os.Handler.dispatchMessage(Handler.java:99)
W/Launcher.LauncherProvider(  586): 	at android.os.Looper.loop(Looper.java:137)
W/Launcher.LauncherProvider(  586): 	at android.app.ActivityThread.main(ActivityThread.java:4575)
W/Launcher.LauncherProvider(  586): 	at java.lang.reflect.Method.invokeNative(Native Method)
W/Launcher.LauncherProvider(  586): 	at java.lang.reflect.Method.invoke(Method.java:511)
W/Launcher.LauncherProvider(  586): 	at com.android.internal.os.ZygoteInit$MethodAndArgsCaller.run(ZygoteInit.java:789)
W/Launcher.LauncherProvider(  586): 	at com.android.internal.os.ZygoteInit.main(ZygoteInit.java:556)
W/Launcher.LauncherProvider(  586): 	at dalvik.system.NativeStart.main(Native Method)
W/Launcher.LauncherProvider(  586): Unable to add favorite: com.google.android.calendar/com.android.calendar.AllInOneActivity
W/Launcher.LauncherProvider(  586): android.content.pm.PackageManager$NameNotFoundException: ComponentInfo{com.google.android.calendar/com.android.calendar.AllInOneActivity}
W/Launcher.LauncherProvider(  586): 	at android.app.ApplicationPackageManager.getActivityInfo(ApplicationPackageManager.java:223)
W/Launcher.LauncherProvider(  586): 	at com.anddoes.launcher.hq.a(SourceFile:913)
W/Launcher.LauncherProvider(  586): 	at com.anddoes.launcher.hq.a(SourceFile:883)
W/Launcher.LauncherProvider(  586): 	at com.anddoes.launcher.hq.e(SourceFile:828)
W/Launcher.LauncherProvider(  586): 	at com.anddoes.launcher.hq.onCreate(SourceFile:279)
W/Launcher.LauncherProvider(  586): 	at android.database.sqlite.SQLiteOpenHelper.getWritableDatabase(SQLiteOpenHelper.java:165)
W/Launcher.LauncherProvider(  586): 	at com.anddoes.launcher.hq.<init>(SourceFile:229)
W/Launcher.LauncherProvider(  586): 	at com.anddoes.launcher.LauncherProvider.onCreate(SourceFile:87)
W/Launcher.LauncherProvider(  586): 	at android.content.ContentProvider.attachInfo(ContentProvider.java:944)
W/Launcher.LauncherProvider(  586): 	at android.app.ActivityThread.installProvider(ActivityThread.java:4388)
W/Launcher.LauncherProvider(  586): 	at android.app.ActivityThread.installContentProviders(ActivityThread.java:4143)
W/Launcher.LauncherProvider(  586): 	at android.app.ActivityThread.handleBindApplication(ActivityThread.java:4097)
W/Launcher.LauncherProvider(  586): 	at android.app.ActivityThread.access$1300(ActivityThread.java:132)
W/Launcher.LauncherProvider(  586): 	at android.app.ActivityThread$H.handleMessage(ActivityThread.java:1195)
W/Launcher.LauncherProvider(  586): 	at android.os.Handler.dispatchMessage(Handler.java:99)
W/Launcher.LauncherProvider(  586): 	at android.os.Looper.loop(Looper.java:137)
W/Launcher.LauncherProvider(  586): 	at android.app.ActivityThread.main(ActivityThread.java:4575)
W/Launcher.LauncherProvider(  586): 	at java.lang.reflect.Method.invokeNative(Native Method)
W/Launcher.LauncherProvider(  586): 	at java.lang.reflect.Method.invoke(Method.java:511)
W/Launcher.LauncherProvider(  586): 	at com.android.internal.os.ZygoteInit$MethodAndArgsCaller.run(ZygoteInit.java:789)
W/Launcher.LauncherProvider(  586): 	at com.android.internal.os.ZygoteInit.main(ZygoteInit.java:556)
W/Launcher.LauncherProvider(  586): 	at dalvik.system.NativeStart.main(Native Method)
I/HeadsetService(  631): Starting service.
E/OMXCodec(  108): Attempting to allocate OMX node 'OMX.google.vorbis.decoder'
E/OMXCodec(  108): Successfully allocated OMX node 'OMX.google.vorbis.decoder'
W/Launcher.LauncherProvider(  586): Unable to add favorite: com.google.android.apps.plus/com.google.android.apps.plus.phone.HomeActivity
W/Launcher.LauncherProvider(  586): android.content.pm.PackageManager$NameNotFoundException: ComponentInfo{com.google.android.apps.plus/com.google.android.apps.plus.phone.HomeActivity}
W/Launcher.LauncherProvider(  586): 	at android.app.ApplicationPackageManager.getActivityInfo(ApplicationPackageManager.java:223)
W/Launcher.LauncherProvider(  586): 	at com.anddoes.launcher.hq.a(SourceFile:913)
W/Launcher.LauncherProvider(  586): 	at com.anddoes.launcher.hq.a(SourceFile:883)
W/Launcher.LauncherProvider(  586): 	at com.anddoes.launcher.hq.e(SourceFile:828)
W/Launcher.LauncherProvider(  586): 	at com.anddoes.launcher.hq.onCreate(SourceFile:279)
W/Launcher.LauncherProvider(  586): 	at android.database.sqlite.SQLiteOpenHelper.getWritableDatabase(SQLiteOpenHelper.java:165)
W/Launcher.LauncherProvider(  586): 	at com.anddoes.launcher.hq.<init>(SourceFile:229)
W/Launcher.LauncherProvider(  586): 	at com.anddoes.launcher.LauncherProvider.onCreate(SourceFile:87)
W/Launcher.LauncherProvider(  586): 	at android.content.ContentProvider.attachInfo(ContentProvider.java:944)
W/Launcher.LauncherProvider(  586): 	at android.app.ActivityThread.installProvider(ActivityThread.java:4388)
W/Launcher.LauncherProvider(  586): 	at android.app.ActivityThread.installContentProviders(ActivityThread.java:4143)
W/Launcher.LauncherProvider(  586): 	at android.app.ActivityThread.handleBindApplication(ActivityThread.java:4097)
W/Launcher.LauncherProvider(  586): 	at android.app.ActivityThread.access$1300(ActivityThread.java:132)
W/Launcher.LauncherProvider(  586): 	at android.app.ActivityThread$H.handleMessage(ActivityThread.java:1195)
W/Launcher.LauncherProvider(  586): 	at android.os.Handler.dispatchMessage(Handler.java:99)
W/Launcher.LauncherProvider(  586): 	at android.os.Looper.loop(Looper.java:137)
W/Launcher.LauncherProvider(  586): 	at android.app.ActivityThread.main(ActivityThread.java:4575)
W/Launcher.LauncherProvider(  586): 	at java.lang.reflect.Method.invokeNative(Native Method)
W/Launcher.LauncherProvider(  586): 	at java.lang.reflect.Method.invoke(Method.java:511)
W/Launcher.LauncherProvider(  586): 	at com.android.internal.os.ZygoteInit$MethodAndArgsCaller.run(ZygoteInit.java:789)
W/Launcher.LauncherProvider(  586): 	at com.android.internal.os.ZygoteInit.main(ZygoteInit.java:556)
W/Launcher.LauncherProvider(  586): 	at dalvik.system.NativeStart.main(Native Method)
W/Launcher.LauncherProvider(  586): Unable to add favorite: com.android.apps.plus/com.google.android.apps.plus.phone.HomeActivity
W/Launcher.LauncherProvider(  586): android.content.pm.PackageManager$NameNotFoundException: ComponentInfo{com.android.apps.plus/com.google.android.apps.plus.phone.HomeActivity}
W/Launcher.LauncherProvider(  586): 	at android.app.ApplicationPackageManager.getActivityInfo(ApplicationPackageManager.java:223)
W/Launcher.LauncherProvider(  586): 	at com.anddoes.launcher.hq.a(SourceFile:913)
W/Launcher.LauncherProvider(  586): 	at com.anddoes.launcher.hq.a(SourceFile:886)
W/Launcher.LauncherProvider(  586): 	at com.anddoes.launcher.hq.e(SourceFile:828)
W/Launcher.LauncherProvider(  586): 	at com.anddoes.launcher.hq.onCreate(SourceFile:279)
W/Launcher.LauncherProvider(  586): 	at android.database.sqlite.SQLiteOpenHelper.getWritableDatabase(SQLiteOpenHelper.java:165)
W/Launcher.LauncherProvider(  586): 	at com.anddoes.launcher.hq.<init>(SourceFile:229)
W/Launcher.LauncherProvider(  586): 	at com.anddoes.launcher.LauncherProvider.onCreate(SourceFile:87)
W/Launcher.LauncherProvider(  586): 	at android.content.ContentProvider.attachInfo(ContentProvider.java:944)
W/Launcher.LauncherProvider(  586): 	at android.app.ActivityThread.installProvider(ActivityThread.java:4388)
W/Launcher.LauncherProvider(  586): 	at android.app.ActivityThread.installContentProviders(ActivityThread.java:4143)
W/Launcher.LauncherProvider(  586): 	at android.app.ActivityThread.handleBindApplication(ActivityThread.java:4097)
W/Launcher.LauncherProvider(  586): 	at android.app.ActivityThread.access$1300(ActivityThread.java:132)
W/Launcher.LauncherProvider(  586): 	at android.app.ActivityThread$H.handleMessage(ActivityThread.java:1195)
W/Launcher.LauncherProvider(  586): 	at android.os.Handler.dispatchMessage(Handler.java:99)
W/Launcher.LauncherProvider(  586): 	at android.os.Looper.loop(Looper.java:137)
W/Launcher.LauncherProvider(  586): 	at android.app.ActivityThread.main(ActivityThread.java:4575)
W/Launcher.LauncherProvider(  586): 	at java.lang.reflect.Method.invokeNative(Native Method)
W/Launcher.LauncherProvider(  586): 	at java.lang.reflect.Method.invoke(Method.java:511)
W/Launcher.LauncherProvider(  586): 	at com.android.internal.os.ZygoteInit$MethodAndArgsCaller.run(ZygoteInit.java:789)
W/Launcher.LauncherProvider(  586): 	at com.android.internal.os.ZygoteInit.main(ZygoteInit.java:556)
W/Launcher.LauncherProvider(  586): 	at dalvik.system.NativeStart.main(Native Method)
E/OMXCodec(  108): Attempting to allocate OMX node 'OMX.google.vorbis.decoder'
E/OMXCodec(  108): Successfully allocated OMX node 'OMX.google.vorbis.decoder'
W/Launcher.LauncherProvider(  586): Unable to add favorite: com.google.android.apps.books/com.google.android.apps.books.app.BooksActivity
W/Launcher.LauncherProvider(  586): android.content.pm.PackageManager$NameNotFoundException: ComponentInfo{com.google.android.apps.books/com.google.android.apps.books.app.BooksActivity}
W/Launcher.LauncherProvider(  586): 	at android.app.ApplicationPackageManager.getActivityInfo(ApplicationPackageManager.java:223)
W/Launcher.LauncherProvider(  586): 	at com.anddoes.launcher.hq.a(SourceFile:913)
W/Launcher.LauncherProvider(  586): 	at com.anddoes.launcher.hq.a(SourceFile:883)
W/Launcher.LauncherProvider(  586): 	at com.anddoes.launcher.hq.e(SourceFile:828)
W/Launcher.LauncherProvider(  586): 	at com.anddoes.launcher.hq.onCreate(SourceFile:279)
W/Launcher.LauncherProvider(  586): 	at android.database.sqlite.SQLiteOpenHelper.getWritableDatabase(SQLiteOpenHelper.java:165)
W/Launcher.LauncherProvider(  586): 	at com.anddoes.launcher.hq.<init>(SourceFile:229)
W/Launcher.LauncherProvider(  586): 	at com.anddoes.launcher.LauncherProvider.onCreate(SourceFile:87)
W/Launcher.LauncherProvider(  586): 	at android.content.ContentProvider.attachInfo(ContentProvider.java:944)
W/Launcher.LauncherProvider(  586): 	at android.app.ActivityThread.installProvider(ActivityThread.java:4388)
W/Launcher.LauncherProvider(  586): 	at android.app.ActivityThread.installContentProviders(ActivityThread.java:4143)
W/Launcher.LauncherProvider(  586): 	at android.app.ActivityThread.handleBindApplication(ActivityThread.java:4097)
W/Launcher.LauncherProvider(  586): 	at android.app.ActivityThread.access$1300(ActivityThread.java:132)
W/Launcher.LauncherProvider(  586): 	at android.app.ActivityThread$H.handleMessage(ActivityThread.java:1195)
W/Launcher.LauncherProvider(  586): 	at android.os.Handler.dispatchMessage(Handler.java:99)
W/Launcher.LauncherProvider(  586): 	at android.os.Looper.loop(Looper.java:137)
W/Launcher.LauncherProvider(  586): 	at android.app.ActivityThread.main(ActivityThread.java:4575)
W/Launcher.LauncherProvider(  586): 	at java.lang.reflect.Method.invokeNative(Native Method)
W/Launcher.LauncherProvider(  586): 	at java.lang.reflect.Method.invoke(Method.java:511)
W/Launcher.LauncherProvider(  586): 	at com.android.internal.os.ZygoteInit$MethodAndArgsCaller.run(ZygoteInit.java:789)
W/Launcher.LauncherProvider(  586): 	at com.android.internal.os.ZygoteInit.main(ZygoteInit.java:556)
W/Launcher.LauncherProvider(  586): 	at dalvik.system.NativeStart.main(Native Method)
W/Launcher.LauncherProvider(  586): Unable to add favorite: com.android.apps.books/com.google.android.apps.books.app.BooksActivity
W/Launcher.LauncherProvider(  586): android.content.pm.PackageManager$NameNotFoundException: ComponentInfo{com.android.apps.books/com.google.android.apps.books.app.BooksActivity}
W/Launcher.LauncherProvider(  586): 	at android.app.ApplicationPackageManager.getActivityInfo(ApplicationPackageManager.java:223)
W/Launcher.LauncherProvider(  586): 	at com.anddoes.launcher.hq.a(SourceFile:913)
W/Launcher.LauncherProvider(  586): 	at com.anddoes.launcher.hq.a(SourceFile:886)
W/Launcher.LauncherProvider(  586): 	at com.anddoes.launcher.hq.e(SourceFile:828)
W/Launcher.LauncherProvider(  586): 	at com.anddoes.launcher.hq.onCreate(SourceFile:279)
W/Launcher.LauncherProvider(  586): 	at android.database.sqlite.SQLiteOpenHelper.getWritableDatabase(SQLiteOpenHelper.java:165)
W/Launcher.LauncherProvider(  586): 	at com.anddoes.launcher.hq.<init>(SourceFile:229)
W/Launcher.LauncherProvider(  586): 	at com.anddoes.launcher.LauncherProvider.onCreate(SourceFile:87)
W/Launcher.LauncherProvider(  586): 	at android.content.ContentProvider.attachInfo(ContentProvider.java:944)
W/Launcher.LauncherProvider(  586): 	at android.app.ActivityThread.installProvider(ActivityThread.java:4388)
W/Launcher.LauncherProvider(  586): 	at android.app.ActivityThread.installContentProviders(ActivityThread.java:4143)
W/Launcher.LauncherProvider(  586): 	at android.app.ActivityThread.handleBindApplication(ActivityThread.java:4097)
W/Launcher.LauncherProvider(  586): 	at android.app.ActivityThread.access$1300(ActivityThread.java:132)
W/Launcher.LauncherProvider(  586): 	at android.app.ActivityThread$H.handleMessage(ActivityThread.java:1195)
W/Launcher.LauncherProvider(  586): 	at android.os.Handler.dispatchMessage(Handler.java:99)
W/Launcher.LauncherProvider(  586): 	at android.os.Looper.loop(Looper.java:137)
W/Launcher.LauncherProvider(  586): 	at android.app.ActivityThread.main(ActivityThread.java:4575)
W/Launcher.LauncherProvider(  586): 	at java.lang.reflect.Method.invokeNative(Native Method)
W/Launcher.LauncherProvider(  586): 	at java.lang.reflect.Method.invoke(Method.java:511)
W/Launcher.LauncherProvider(  586): 	at com.android.internal.os.ZygoteInit$MethodAndArgsCaller.run(ZygoteInit.java:789)
W/Launcher.LauncherProvider(  586): 	at com.android.internal.os.ZygoteInit.main(ZygoteInit.java:556)
W/Launcher.LauncherProvider(  586): 	at dalvik.system.NativeStart.main(Native Method)
W/Launcher.LauncherProvider(  586): Unable to add favorite: com.google.android.videos/com.google.android.youtube.videos.honeycomb.VideosActivity
W/Launcher.LauncherProvider(  586): android.content.pm.PackageManager$NameNotFoundException: ComponentInfo{com.google.android.videos/com.google.android.youtube.videos.honeycomb.VideosActivity}
W/Launcher.LauncherProvider(  586): 	at android.app.ApplicationPackageManager.getActivityInfo(ApplicationPackageManager.java:223)
W/Launcher.LauncherProvider(  586): 	at com.anddoes.launcher.hq.a(SourceFile:913)
W/Launcher.LauncherProvider(  586): 	at com.anddoes.launcher.hq.a(SourceFile:883)
W/Launcher.LauncherProvider(  586): 	at com.anddoes.launcher.hq.e(SourceFile:828)
W/Launcher.LauncherProvider(  586): 	at com.anddoes.launcher.hq.onCreate(SourceFile:279)
W/Launcher.LauncherProvider(  586): 	at android.database.sqlite.SQLiteOpenHelper.getWritableDatabase(SQLiteOpenHelper.java:165)
W/Launcher.LauncherProvider(  586): 	at com.anddoes.launcher.hq.<init>(SourceFile:229)
W/Launcher.LauncherProvider(  586): 	at com.anddoes.launcher.LauncherProvider.onCreate(SourceFile:87)
W/Launcher.LauncherProvider(  586): 	at android.content.ContentProvider.attachInfo(ContentProvider.java:944)
W/Launcher.LauncherProvider(  586): 	at android.app.ActivityThread.installProvider(ActivityThread.java:4388)
W/Launcher.LauncherProvider(  586): 	at android.app.ActivityThread.installContentProviders(ActivityThread.java:4143)
W/Launcher.LauncherProvider(  586): 	at android.app.ActivityThread.handleBindApplication(ActivityThread.java:4097)
W/Launcher.LauncherProvider(  586): 	at android.app.ActivityThread.access$1300(ActivityThread.java:132)
W/Launcher.LauncherProvider(  586): 	at android.app.ActivityThread$H.handleMessage(ActivityThread.java:1195)
W/Launcher.LauncherProvider(  586): 	at android.os.Handler.dispatchMessage(Handler.java:99)
W/Launcher.LauncherProvider(  586): 	at android.os.Looper.loop(Looper.java:137)
W/Launcher.LauncherProvider(  586): 	at android.app.ActivityThread.main(ActivityThread.java:4575)
W/Launcher.LauncherProvider(  586): 	at java.lang.reflect.Method.invokeNative(Native Method)
W/Launcher.LauncherProvider(  586): 	at java.lang.reflect.Method.invoke(Method.java:511)
W/Launcher.LauncherProvider(  586): 	at com.android.internal.os.ZygoteInit$MethodAndArgsCaller.run(ZygoteInit.java:789)
W/Launcher.LauncherProvider(  586): 	at com.android.internal.os.ZygoteInit.main(ZygoteInit.java:556)
W/Launcher.LauncherProvider(  586): 	at dalvik.system.NativeStart.main(Native Method)
W/Launcher.LauncherProvider(  586): Unable to add favorite: com.android.videos/com.google.android.youtube.videos.honeycomb.VideosActivity
W/Launcher.LauncherProvider(  586): android.content.pm.PackageManager$NameNotFoundException: ComponentInfo{com.android.videos/com.google.android.youtube.videos.honeycomb.VideosActivity}
W/Launcher.LauncherProvider(  586): 	at android.app.ApplicationPackageManager.getActivityInfo(ApplicationPackageManager.java:223)
W/Launcher.LauncherProvider(  586): 	at com.anddoes.launcher.hq.a(SourceFile:913)
W/Launcher.LauncherProvider(  586): 	at com.anddoes.launcher.hq.a(SourceFile:886)
W/Launcher.LauncherProvider(  586): 	at com.anddoes.launcher.hq.e(SourceFile:828)
W/Launcher.LauncherProvider(  586): 	at com.anddoes.launcher.hq.onCreate(SourceFile:279)
W/Launcher.LauncherProvider(  586): 	at android.database.sqlite.SQLiteOpenHelper.getWritableDatabase(SQLiteOpenHelper.java:165)
