I/TermService(  856): Activity called onBind()
I/Term    (  856): Bound to TermService
I/TermService(  856): Activity binding to service
I/Exec    (  856): JNI_OnLoad
I/Term    (  856): waiting for: 871
I/ActivityManager(  186): Displayed jackpal.androidterm/.Term: +779ms
W/InputManagerService(  186): Starting input on non-focused client com.android.internal.view.IInputMethodClient$Stub$Proxy@40ea7868 (uid=10000 pid=586)
W/NetworkManagementSocketTagger(  186): setKernelCountSet(10000, 0) failed with errno -13
E/MetadataRetrieverClient(  108): failed to extract an album art
E/InputMethodService(  421): Unexpected null in startExtractingText : mExtractedText = null, input connection = com.android.internal.view.InputConnectionWrapper@40dde1b0
E/InputMethodService(  421): Unexpected null in startExtractingText : mExtractedText = null, input connection = com.android.internal.view.InputConnectionWrapper@40dde1b0
I/LatinIME(  421): InputType.TYPE_NULL is specified
W/LatinIME(  421): Unexpected input class: inputType=0x00000000 imeOptions=0x00000000
E/InputMethodService(  421): Unexpected null in startExtractingText : mExtractedText = null, input connection = com.android.internal.view.InputConnectionWrapper@40dde1b0
E/MetadataRetrieverClient(  108): failed to extract an album art
W/BackupManagerService(  186): dataChanged but no participant pkg='com.android.providers.settings' uid=10016
E/MetadataRetrieverClient(  108): failed to extract an album art
D/CedarXMetadataRetriever(  108): setDataSource(/system/media/video/AndroidInSpace.240p.mp4)
D/CedarXMetadataRetriever(  108): setDataSource(/system/media/video/Disco.240p.mp4)
D/CedarXMetadataRetriever(  108): setDataSource(/system/media/video/Sunset.240p.mp4)
I/MediaProvider(  475): Upgrading media database from version 0 to 408, which will destroy all old data
I/SqliteDatabaseCpp(  475): sqlite returned: error code = 17, msg = statement aborts at 71: [UPDATE files SET date_modified=0 WHERE media_type=2;] database schema has changed, db=/data/data/com.android.providers.downloads/databases/downloads.db
I/SqliteDatabaseCpp(  475): sqlite returned: error code = 17, msg = statement aborts at 71: [UPDATE files SET date_modified=0 WHERE media_type=2;] database schema has changed, db=/data/data/com.android.providers.downloads/databases/downloads.db
I/SqliteDatabaseCpp(  475): sqlite returned: error code = 17, msg = statement aborts at 71: [UPDATE files SET date_modified=0;] database schema has changed, db=/data/data/com.android.providers.downloads/databases/downloads.db
W/MediaScanner(  475): Error opening directory '/mnt/sdcard/.android_secure/', skipping: Permission denied.
W/MediaScanner(  475): Error opening directory '/mnt/extsd/', skipping: Permission denied.
W/MediaScanner(  475): Error opening directory '/mnt/usbhost/', skipping: Permission denied.
V/MediaScanner(  475): pruneDeadThumbnailFiles... android.database.sqlite.SQLiteCursor@41073228
V/MediaScanner(  475): /pruneDeadThumbnailFiles... android.database.sqlite.SQLiteCursor@41073228
I/MediaStoreImporter(  824): Update: full Added music: 0 Updated music: 0 Deleted music: 0 Created playlists: 0 Updated playlists: 0 Deleted playlists: 0 Inserted playlist items: 0 Deleted playlist items: 0 Removed orphaned playlist items: 0
D/dalvikvm(  186): GC_CONCURRENT freed 1619K, 57% free 4427K/10119K, paused 2ms+5ms
E/bluedroid(  186): bt_enable: Timeout waiting for HCI device to come up, error- -1, 
W/ThrottleService(  186): unable to find stats for iface wlan0
D/AndroidRuntime(  890): 
D/AndroidRuntime(  890): >>>>>> AndroidRuntime START com.android.internal.os.RuntimeInit <<<<<<
D/AndroidRuntime(  890): CheckJNI is OFF
D/AndroidRuntime(  890): Calling main entry com.android.commands.am.Am
I/ActivityManager(  186): START {flg=0x10000000 cmp=com.noshufou.android.su/.SuRequestActivity (has extras)} from pid 775
D/AndroidRuntime(  890): Shutting down VM
D/dalvikvm(  890): GC_CONCURRENT freed 99K, 81% free 490K/2560K, paused 1ms+1ms
W/NetworkManagementSocketTagger(  186): setKernelCountSet(10041, 1) failed with errno -13
I/AndroidRuntime(  890): NOTE: attach of thread 'Binder Thread #3' failed
D/libEGL  (  775): loaded /system/lib/egl/libGLES_android.so
D/libEGL  (  775): loaded /system/lib/egl/libEGL_mali.so
D/libEGL  (  775): loaded /system/lib/egl/libGLESv1_CM_mali.so
D/libEGL  (  775): loaded /system/lib/egl/libGLESv2_mali.so
D/OpenGLRenderer(  775): Enabling debug mode 0
W/IInputConnectionWrapper(  856): showStatusIcon on inactive InputConnection
W/InputManagerService(  186): Starting input on non-focused client com.android.internal.view.IInputMethodClient$Stub$Proxy@40e53420 (uid=10042 pid=856)
I/ActivityManager(  186): Displayed com.noshufou.android.su/.SuRequestActivity: +438ms
D/Su.Util (  775): Start PermissionsDbService
V/A10_audio_HW(  108): ########## start_output_stream ##########
V/A10_audio_HW(  108): ### property: media.audio.out.mode, value: codec
I/Su.SuRequestActivity(  775): Sending result: ALLOW for UID: 10042
D/Su.PermissionsDbService(  775): onHandleIntent()
D/Su.PermissionsDbService(  775): permissions.sqlite opened
D/Su.PermissionsDbService(  775): got cursor from su.db
D/Su.PermissionsDbService(  775): row 1 dirty, handle it
D/Su.PermissionsDbService(  775): Updating permissions.sqlite for Terminal Emulator
D/OpenGLRenderer(  775): Flushing caches (mode 0)
W/NetworkManagementSocketTagger(  186): setKernelCountSet(10041, 0) failed with errno -13
D/OpenGLRenderer(  775): Flushing caches (mode 1)
D/AndroidRuntime(  907): 
D/AndroidRuntime(  907): >>>>>> AndroidRuntime START com.android.internal.os.RuntimeInit <<<<<<
D/AndroidRuntime(  907): CheckJNI is OFF
D/AndroidRuntime(  907): Calling main entry com.android.commands.am.Am
D/AndroidRuntime(  907): Shutting down VM
D/dalvikvm(  907): GC_CONCURRENT freed 99K, 81% free 490K/2560K, paused 0ms+0ms
I/AndroidRuntime(  907): NOTE: attach of thread 'Binder Thread #3' failed
D/su      (  888): 10042 /system/bin/mksh executing 0 /system/bin/sh using shell /system/bin/sh : sh
D/Su.PermissionsDbService(  775): completed update
D/Su.PermissionsProvider(  775): Row not dirty, don't update permissions.sqlite
D/Su.PermissionsDbService(  775): updated su.db as clean
D/Su.PermissionsDbService(  775): closing permissions.sqlite
I/LatinIME(  421): InputType.TYPE_NULL is specified
W/LatinIME(  421): Unexpected input class: inputType=0x00000000 imeOptions=0x00000000
E/InputMethodService(  421): Unexpected null in startExtractingText : mExtractedText = null, input connection = com.android.internal.view.InputConnectionWrapper@410d15e0
D/AndroidRuntime(  927): 
D/AndroidRuntime(  927): >>>>>> AndroidRuntime START com.android.internal.os.RuntimeInit <<<<<<
D/AndroidRuntime(  927): CheckJNI is OFF
D/AndroidRuntime(  927): Calling main entry com.android.commands.am.Am
D/AndroidRuntime(  927): Shutting down VM
I/AndroidRuntime(  927): NOTE: attach of thread 'Binder Thread #3' failed
D/dalvikvm(  927): GC_CONCURRENT freed 99K, 81% free 489K/2560K, paused 1ms+11ms
D/su      (  925): 10042 /system/bin/mksh executing 0 /system/bin/sh using shell /system/bin/sh : sh
D/dalvikvm(  186): GC_CONCURRENT freed 1574K, 55% free 4590K/10119K, paused 3ms+4ms
D/AndroidRuntime(  942): 
D/AndroidRuntime(  942): >>>>>> AndroidRuntime START com.android.internal.os.RuntimeInit <<<<<<
D/AndroidRuntime(  942): CheckJNI is OFF
D/AndroidRuntime(  942): Calling main entry com.android.commands.am.Am
D/AndroidRuntime(  942): Shutting down VM
D/dalvikvm(  942): GC_CONCURRENT freed 99K, 81% free 489K/2560K, paused 0ms+0ms
I/AndroidRuntime(  942): NOTE: attach of thread 'Binder Thread #3' failed
D/su      (  940): 10042 /system/bin/mksh executing 0 /system/bin/sh using shell /system/bin/sh : sh
I/ActivityManager(  186): START {act=android.intent.action.MAIN cat=[android.intent.category.HOME] flg=0x10200000 cmp=com.anddoes.launcher/.Launcher} from pid 186
V/A10_audio_HW(  108): ########## start_output_stream ##########
V/A10_audio_HW(  108): ### property: media.audio.out.mode, value: codec
W/NetworkManagementSocketTagger(  186): setKernelCountSet(10000, 1) failed with errno -13
W/IInputConnectionWrapper(  856): showStatusIcon on inactive InputConnection
W/NetworkManagementSocketTagger(  186): setKernelCountSet(10042, 0) failed with errno -13
I/ActivityManager(  186): START {act=com.anddoes.launcher.ACTION flg=0x10000000 cmp=com.anddoes.launcher/.Launcher bnds=[738,187][800,245] (has extras)} from pid 586
W/IInputConnectionWrapper(  856): showStatusIcon on inactive InputConnection
W/InputManagerService(  186): Starting input on non-focused client com.android.internal.view.IInputMethodClient$Stub$Proxy@40e53420 (uid=10042 pid=856)
V/A10_audio_HW(  108): ########## start_output_stream ##########
V/A10_audio_HW(  108): ### property: media.audio.out.mode, value: codec
F/libc    (  586): Fatal signal 11 (SIGSEGV) at 0x43b30000 (code=2)
I/DEBUG   (  104): *** *** *** *** *** *** *** *** *** *** *** *** *** *** *** ***
I/DEBUG   (  104): Build fingerprint: 'unknown'
I/DEBUG   (  104): pid: 586, tid: 586  >>> com.anddoes.launcher <<<
I/DEBUG   (  104): signal 11 (SIGSEGV), code 2 (SEGV_ACCERR), fault addr 43b30000
I/DEBUG   (  104):  r0 beb1c0fc  r1 beb1c0f8  r2 4353ffff  r3 ffffffff
I/DEBUG   (  104):  r4 011e40f0  r5 43b30000  r6 43b30000  r7 00001403
I/DEBUG   (  104):  r8 43b30000  r9 beb1c0fc  10 beb1c0f8  fp beb1c0f8
I/DEBUG   (  104):  ip 00000000  sp beb1c0b4  lr 5d2081d4  pc 5d207f34  cpsr 200f0010
I/DEBUG   (  104):  d0  1000010f3f800000  d1  1000010e00000000
I/DEBUG   (  104):  d2  1000010b00000200  d3  0000ffff0000024f
I/DEBUG   (  104):  d4  409adc060000f007  d5  0000000000000001
I/DEBUG   (  104):  d6  00004021409adc80  d7  409adb8000000000
I/DEBUG   (  104):  d8  0000000000000000  d9  4380000000000000
I/DEBUG   (  104):  d10 423bea484346fa92  d11 0000000000000000
I/DEBUG   (  104):  d12 0000000000000000  d13 0000000000000000
I/DEBUG   (  104):  d14 0000000000000000  d15 0000000000000000
I/DEBUG   (  104):  d16 002f000003000000  d17 0000000000000000
I/DEBUG   (  104):  d18 0000000000000000  d19 3fe7ae1480000000
I/DEBUG   (  104):  d20 4049599980000000  d21 c085963d80000000
I/DEBUG   (  104):  d22 3ff0000000000000  d23 0000000000000000
I/DEBUG   (  104):  d24 0000000000000000  d25 3fe7ae1480000000
I/DEBUG   (  104):  d26 c085963d80000000  d27 3fe7ae1480000000
I/DEBUG   (  104):  d28 0000000000000000  d29 3ff0000000000000
I/DEBUG   (  104):  d30 3ff0000000000000  d31 3e66049589a00000
I/DEBUG   (  104):  scr 20000013
I/DEBUG   (  104): 
I/DEBUG   (  104):          #00  pc 00014f34  /system/lib/egl/libGLESv2_mali.so (_gles_scan_indices)
I/DEBUG   (  104):          #01  pc 000151d0  /system/lib/egl/libGLESv2_mali.so (_gles_init_draw_elements)
I/DEBUG   (  104):          #02  pc 000262a8  /system/lib/egl/libGLESv2_mali.so (_gles2_draw_elements)
I/DEBUG   (  104):          #03  pc 0000bda8  /system/lib/egl/libGLESv2_mali.so (glDrawElements)
I/DEBUG   (  104):          #04  pc 00013d38  /system/lib/libhwui.so
I/DEBUG   (  104): 
I/DEBUG   (  104): code around pc:
I/DEBUG   (  104): 5d207f14 e1540002 1afffff7 eaffffed e3520000  ..T...........R.
I/DEBUG   (  104): 5d207f24 0affffe9 e1a05006 e3e03000 e3a0c000  .....P...0......
I/DEBUG   (  104): 5d207f34 e0d540b2 e15c0004 31a0c004 e1530004  .@....\....1..S.
I/DEBUG   (  104): 5d207f44 21a03004 e2522001 1afffff8 eaffffe0  .0.!. R.........
I/DEBUG   (  104): 5d207f54 e3110004 e52d4004 0a000016 e590c00c  .....@-.........
I/DEBUG   (  104): 
I/DEBUG   (  104): code around lr:
I/DEBUG   (  104): 5d2081b4 e35a0000 0affffd8 e1a00009 e1a0100a  ..Z.............
I/DEBUG   (  104): 5d2081c4 e1a02006 e1a03007 e58d8000 ebffff36  . ...0......6...
I/DEBUG   (  104): 5d2081d4 eaffffd1 00017f8c e92d4070 e1a05001  ........p@-..P..
I/DEBUG   (  104): 5d2081e4 e1a04000 e30810a9 e1a00005 eb000c6e  .@..........n...
I/DEBUG   (  104): 5d2081f4 e594350c e3500001 e59300f8 d3a06007  .5....P......`..
I/DEBUG   (  104): 
I/DEBUG   (  104): memory map around addr 43b30000:
I/DEBUG   (  104): 41254000-41404000 /dev/ashmem/dalvik-heap (deleted)
I/DEBUG   (  104): 41404000-50a62000 /dev/ashmem/dalvik-heap (deleted)
I/DEBUG   (  104): 50a62000-50a78000 
I/DEBUG   (  104): 
I/DEBUG   (  104): stack:
I/DEBUG   (  104):     beb1c074  00001403  
I/DEBUG   (  104):     beb1c078  43b30000  /dev/ashmem/dalvik-heap (deleted)
I/DEBUG   (  104):     beb1c07c  0104c5d0  [heap]
I/DEBUG   (  104):     beb1c080  0104c5d0  [heap]
I/DEBUG   (  104):     beb1c084  00000000  
I/DEBUG   (  104):     beb1c088  00000007  
I/DEBUG   (  104):     beb1c08c  00001403  
I/DEBUG   (  104):     beb1c090  43b30000  /dev/ashmem/dalvik-heap (deleted)
I/DEBUG   (  104):     beb1c094  beb1c0fc  [stack]
I/DEBUG   (  104):     beb1c098  beb1c0f8  [stack]
I/DEBUG   (  104):     beb1c09c  5d15f248  /system/lib/libMali.so
I/DEBUG   (  104):     beb1c0a0  011e40f0  [heap]
I/DEBUG   (  104):     beb1c0a4  00000000  
I/DEBUG   (  104):     beb1c0a8  df0027ad  
I/DEBUG   (  104):     beb1c0ac  00000000  
I/DEBUG   (  104):     beb1c0b0  011e40f0  [heap]
I/DEBUG   (  104): #00 beb1c0b4  011e40f0  [heap]
I/DEBUG   (  104):     beb1c0b8  00000000  
I/DEBUG   (  104):     beb1c0bc  4353ffff  /dev/ashmem/dalvik-heap (deleted)
I/DEBUG   (  104): #01 beb1c0c0  43b30000  /dev/ashmem/dalvik-heap (deleted)
I/DEBUG   (  104):     beb1c0c4  5d15f1c8  /system/lib/libMali.so
I/DEBUG   (  104):     beb1c0c8  00000004  
I/DEBUG   (  104):     beb1c0cc  4353ffff  /dev/ashmem/dalvik-heap (deleted)
I/DEBUG   (  104):     beb1c0d0  011e40f0  [heap]
I/DEBUG   (  104):     beb1c0d4  00000000  
I/DEBUG   (  104):     beb1c0d8  00001403  
I/DEBUG   (  104):     beb1c0dc  43b30000  /dev/ashmem/dalvik-heap (deleted)
I/DEBUG   (  104):     beb1c0e0  011e3d80  [heap]
I/DEBUG   (  104):     beb1c0e4  5d2192ac  /system/lib/egl/libGLESv2_mali.so
I/WindowManager(  186): WIN DEATH: Window{40fb54f8 com.anddoes.launcher/com.anddoes.launcher.Launcher paused=false}
I/ActivityManager(  186): Process com.anddoes.launcher (pid 586) has died.
W/NetworkManagementSocketTagger(  186): setKernelCountSet(10000, 0) failed with errno -13
D/Zygote  (  106): Process 586 terminated by signal (11)
I/ActivityManager(  186): Start proc com.anddoes.launcher for activity com.anddoes.launcher/.Launcher: pid=961 uid=10000 gids={3003, 1015}
W/NetworkManagementSocketTagger(  186): setKernelCountSet(10000, 1) failed with errno -13
I/ActivityThread(  961): Pub com.anddoes.launcher.settings: com.anddoes.launcher.LauncherProvider
D/ACRA    (  961): Retrieve application default SharedPreferences.
D/ACRA    (  961): Set OnSharedPreferenceChangeListener.
D/ACRA    (  961): ACRA is enabled for com.anddoes.launcher, intializing...
D/ACRA    (  961): Looking for error files in /data/data/com.anddoes.launcher/files
D/libEGL  (  961): loaded /system/lib/egl/libGLES_android.so
D/libEGL  (  961): loaded /system/lib/egl/libEGL_mali.so
D/libEGL  (  961): loaded /system/lib/egl/libGLESv1_CM_mali.so
D/libEGL  (  961): loaded /system/lib/egl/libGLESv2_mali.so
D/OpenGLRenderer(  961): Enabling debug mode 0
W/InputManagerService(  186): Got RemoteException sending setActive(false) notification to pid 586 uid 10000
I/ActivityManager(  186): Displayed com.anddoes.launcher/.Launcher: +621ms
W/ResourceType(  961): Attempt to retrieve bag 0x7f0d001e which is invalid or in a cycle.
W/ResourceType(  961): Attempt to retrieve bag 0x7f0d001e which is invalid or in a cycle.
W/ResourceType(  961): Attempt to retrieve bag 0x7f0d001e which is invalid or in a cycle.
W/ResourceType(  961): Attempt to retrieve bag 0x7f0d001e which is invalid or in a cycle.
W/ResourceType(  961): Attempt to retrieve bag 0x7f0d001e which is invalid or in a cycle.
I/ActivityManager(  186): START {act=com.anddoes.launcher.ACTION flg=0x10000000 cmp=com.anddoes.launcher/.Launcher bnds=[738,187][800,245] (has extras)} from pid 961
V/A10_audio_HW(  108): ########## start_output_stream ##########
V/A10_audio_HW(  108): ### property: media.audio.out.mode, value: codec
D/dalvikvm(  961): GC_FOR_ALLOC freed 1512K, 33% free 5528K/8131K, paused 33ms
D/dalvikvm(  961): GC_FOR_ALLOC freed 1638K, 46% free 4404K/8131K, paused 30ms
I/ActivityManager(  186): START {act=android.intent.action.MAIN cat=[android.intent.category.LAUNCHER] flg=0x10200000 cmp=com.speedsoftware.rootexplorer/.RootExplorer} from pid 961
I/ActivityManager(  186): Start proc com.speedsoftware.rootexplorer for activity com.speedsoftware.rootexplorer/.RootExplorer: pid=993 uid=10037 gids={1015}
D/dalvikvm(  186): GC_FOR_ALLOC freed 716K, 53% free 4793K/10119K, paused 73ms
W/NetworkManagementSocketTagger(  186): setKernelCountSet(10037, 1) failed with errno -13
D/OpenGLRenderer(  961): Flushing caches (mode 1)
I/ActivityManager(  186): START {act=android.intent.action.MAIN cmp=com.speedsoftware.rootexplorer/.RootExplorerPhone} from pid 993
D/OpenGLRenderer(  961): Flushing caches (mode 0)
W/Resources(  993): Converting to float: TypedValue{t=0x3/d=0x41 "0" a=2 r=0x7f080001}
D/AndroidRuntime( 1012): 
D/AndroidRuntime( 1012): >>>>>> AndroidRuntime START com.android.internal.os.RuntimeInit <<<<<<
D/AndroidRuntime( 1012): CheckJNI is OFF
D/AndroidRuntime( 1012): Calling main entry com.android.commands.am.Am
I/ActivityManager(  186): START {flg=0x10000000 cmp=com.noshufou.android.su/.SuRequestActivity (has extras)} from pid 775
D/AndroidRuntime( 1012): Shutting down VM
D/dalvikvm( 1012): GC_CONCURRENT freed 99K, 81% free 490K/2560K, paused 0ms+1ms
W/ActivityManager(  186): Activity pause timeout for ActivityRecord{40dc99e0 com.speedsoftware.rootexplorer/.RootExplorerPhone}
W/NetworkManagementSocketTagger(  186): setKernelCountSet(10041, 1) failed with errno -13
W/InputManagerService(  186): Starting input on non-focused client com.android.internal.view.IInputMethodClient$Stub$Proxy@40f5fcd8 (uid=10000 pid=961)
I/ActivityManager(  186): Displayed com.noshufou.android.su/.SuRequestActivity: +136ms (total +1s677ms)
W/NetworkManagementSocketTagger(  186): setKernelCountSet(10000, 0) failed with errno -13
D/Su.Util (  775): Start PermissionsDbService
V/A10_audio_HW(  108): ########## start_output_stream ##########
V/A10_audio_HW(  108): ### property: media.audio.out.mode, value: codec
I/Su.SuRequestActivity(  775): Sending result: ALLOW for UID: 10037
D/dalvikvm(  186): GC_FOR_ALLOC freed 215K, 43% free 5822K/10119K, paused 78ms
D/Su.PermissionsDbService(  775): onHandleIntent()
D/Su.PermissionsDbService(  775): permissions.sqlite opened
D/Su.PermissionsDbService(  775): got cursor from su.db
D/Su.PermissionsDbService(  775): row 2 dirty, handle it
D/Su.PermissionsDbService(  775): Updating permissions.sqlite for Root Explorer
D/OpenGLRenderer(  775): Flushing caches (mode 0)
D/Su.PermissionsDbService(  775): completed update
D/Su.PermissionsProvider(  775): Row not dirty, don't update permissions.sqlite
D/Su.PermissionsDbService(  775): updated su.db as clean
D/Su.PermissionsDbService(  775): closing permissions.sqlite
D/AndroidRuntime( 1025): 
D/AndroidRuntime( 1025): >>>>>> AndroidRuntime START com.android.internal.os.RuntimeInit <<<<<<
D/AndroidRuntime( 1025): CheckJNI is OFF
D/AndroidRuntime( 1025): Calling main entry com.android.commands.am.Am
D/AndroidRuntime( 1025): Shutting down VM
I/AndroidRuntime( 1025): NOTE: attach of thread 'Binder Thread #3' failed
D/dalvikvm( 1025): GC_CONCURRENT freed 99K, 81% free 489K/2560K, paused 1ms+14ms
D/su      ( 1010): 10037 /system/bin/mksh executing 0 /system/bin/sh using shell /system/bin/sh : sh
D/libEGL  (  993): loaded /system/lib/egl/libGLES_android.so
D/libEGL  (  993): loaded /system/lib/egl/libEGL_mali.so
D/libEGL  (  993): loaded /system/lib/egl/libGLESv1_CM_mali.so
D/libEGL  (  993): loaded /system/lib/egl/libGLESv2_mali.so
D/OpenGLRenderer(  993): Enabling debug mode 0
I/ActivityManager(  186): Displayed com.speedsoftware.rootexplorer/.RootExplorerPhone: +5s294ms
W/NetworkManagementSocketTagger(  186): setKernelCountSet(10041, 0) failed with errno -13
D/OpenGLRenderer(  775): Flushing caches (mode 1)
V/A10_audio_HW(  108): ########## start_output_stream ##########
V/A10_audio_HW(  108): ### property: media.audio.out.mode, value: codec
V/A10_audio_HW(  108): ########## start_output_stream ##########
V/A10_audio_HW(  108): ### property: media.audio.out.mode, value: codec
I/ActivityManager(  186): START {dat=file:///mnt/sdcard/dmesg.txt cmp=com.speedsoftware.rootexplorer/.DisplayText (has extras)} from pid 993
D/dalvikvm(  186): GC_FOR_ALLOC freed 1303K, 54% free 4734K/10119K, paused 37ms
I/ActivityManager(  186): Displayed com.speedsoftware.rootexplorer/.DisplayText: +147ms
D/OpenGLRenderer(  993): Flushing caches (mode 0)
V/A10_audio_HW(  108): ########## start_output_stream ##########
V/A10_audio_HW(  108): ### property: media.audio.out.mode, value: codec
W/InputManagerService(  186): Window already focused, ignoring focus gain of: com.android.internal.view.IInputMethodClient$Stub$Proxy@40f822b0
V/A10_audio_HW(  108): ########## start_output_stream ##########
V/A10_audio_HW(  108): ### property: media.audio.out.mode, value: codec
I/ActivityManager(  186): START {act=android.intent.action.MAIN cat=[android.intent.category.HOME] flg=0x10200000 cmp=com.anddoes.launcher/.Launcher} from pid 186
D/dalvikvm(  186): GC_EXPLICIT freed 336K, 54% free 4745K/10119K, paused 2ms+5ms
E/gralloc (  105): FBIO_WAITFORVSYNC failed
V/A10_audio_HW(  108): ########## start_output_stream ##########
V/A10_audio_HW(  108): ### property: media.audio.out.mode, value: codec
W/NetworkManagementSocketTagger(  186): setKernelCountSet(10000, 1) failed with errno -13
D/OpenGLRenderer(  993): Flushing caches (mode 1)
D/OpenGLRenderer(  993): Flushing caches (mode 0)
W/InputManagerService(  186): Starting input on non-focused client com.android.internal.view.IInputMethodClient$Stub$Proxy@41016af0 (uid=10037 pid=993)
W/NetworkManagementSocketTagger(  186): setKernelCountSet(10037, 0) failed with errno -13
I/ActivityManager(  186): START {act=com.anddoes.launcher.ACTION flg=0x10000000 cmp=com.anddoes.launcher/.Launcher bnds=[738,187][800,245] (has extras)} from pid 961
D/OpenGLRenderer(  377): Enabling debug mode 0
D/dalvikvm(  377): GC_CONCURRENT freed 12901K, 78% free 4091K/17863K, paused 1ms+5ms
I/ActivityManager(  186): START {act=android.settings.SETTINGS flg=0x10000000 cmp=com.android.settings/.Settings} from pid 377
W/NetworkManagementSocketTagger(  186): setKernelCountSet(1000, 1) failed with errno -13
D/OpenGLRenderer(  961): Flushing caches (mode 1)
D/dalvikvm(  186): GC_FOR_ALLOC freed 201K, 52% free 4920K/10119K, paused 88ms
I/dalvikvm-heap(  186): Grow heap (frag case) to 13.851MB for 1048592-byte allocation
D/OpenGLRenderer(  377): Flushing caches (mode 0)
D/OpenGLRenderer(  961): Flushing caches (mode 0)
W/System.err(  447): Removed 2131231230
W/System.err(  447): Removed 2131231232
W/System.err(  447): Removed 2131231240
W/System.err(  447): Removed 2131231241
D/libEGL  (  447): loaded /system/lib/egl/libGLES_android.so
D/libEGL  (  447): loaded /system/lib/egl/libEGL_mali.so
D/libEGL  (  447): loaded /system/lib/egl/libGLESv1_CM_mali.so
D/libEGL  (  447): loaded /system/lib/egl/libGLESv2_mali.so
D/OpenGLRenderer(  447): Enabling debug mode 0
W/InputManagerService(  186): Starting input on non-focused client com.android.internal.view.IInputMethodClient$Stub$Proxy@40f5fcd8 (uid=10000 pid=961)
I/ActivityManager(  186): Displayed com.android.settings/.Settings: +965ms
W/NetworkManagementSocketTagger(  186): setKernelCountSet(10000, 0) failed with errno -13
W/GpsLocationProvider(  186): Failed to enable location provider
I/dalvikvm( 1103): Turning on JNI app bug workarounds for target SDK version 13...
I/ActivityManager(  186): Start proc org.kman.WifiManager for broadcast org.kman.WifiManager/.WidgetUpdateReceiver: pid=1103 uid=10047 gids={}
E/WifiHW  (  186): timeout to poll wlan0
E/WifiStateMachine(  186): DriverFailedState
E/WifiHW  (  186): timeout to poll wlan0
E/WifiStateMachine(  186): DriverFailedState
I/ActivityManager(  186): START {act=android.intent.action.MAIN cat=[android.intent.category.HOME] flg=0x10200000 cmp=com.anddoes.launcher/.Launcher} from pid 186
W/NetworkManagementSocketTagger(  186): setKernelCountSet(10000, 1) failed with errno -13
V/A10_audio_HW(  108): ########## start_output_stream ##########
V/A10_audio_HW(  108): ### property: media.audio.out.mode, value: codec
I/dalvikvm(  186): Jit: resizing JitTable from 4096 to 8192
D/OpenGLRenderer(  447): Flushing caches (mode 1)
D/OpenGLRenderer(  447): Flushing caches (mode 0)
W/InputManagerService(  186): Starting input on non-focused client com.android.internal.view.IInputMethodClient$Stub$Proxy@40f216f0 (uid=1000 pid=447)
W/NetworkManagementSocketTagger(  186): setKernelCountSet(1000, 0) failed with errno -13
I/ActivityManager(  186): START {flg=0x10000000 cmp=jackpal.androidterm/.Term bnds=[354,363][784,427]} from pid -1
W/NetworkManagementSocketTagger(  186): setKernelCountSet(10042, 1) failed with errno -13
W/KeyguardViewMediator(  186): verifyUnlock called when not externally disabled
D/OpenGLRenderer(  961): Flushing caches (mode 0)
D/OpenGLRenderer(  961): Flushing caches (mode 1)
D/OpenGLRenderer(  377): Flushing caches (mode 0)
W/NetworkManagementSocketTagger(  186): setKernelCountSet(10000, 0) failed with errno -13
I/LatinIME(  421): InputType.TYPE_NULL is specified
W/LatinIME(  421): Unexpected input class: inputType=0x00000000 imeOptions=0x00000000
E/InputMethodService(  421): Unexpected null in startExtractingText : mExtractedText = null, input connection = com.android.internal.view.InputConnectionWrapper@411d97f0
D/AndroidRuntime( 1128): 
D/AndroidRuntime( 1128): >>>>>> AndroidRuntime START com.android.internal.os.RuntimeInit <<<<<<
D/AndroidRuntime( 1128): CheckJNI is OFF
D/AndroidRuntime( 1128): Calling main entry com.android.commands.am.Am
D/AndroidRuntime( 1128): Shutting down VM
D/dalvikvm( 1128): GC_CONCURRENT freed 99K, 81% free 490K/2560K, paused 0ms+0ms
I/AndroidRuntime( 1128): NOTE: attach of thread 'Binder Thread #3' failed
D/dalvikvm(  186): GC_CONCURRENT freed 1715K, 57% free 4924K/11207K, paused 2ms+7ms
D/su      ( 1126): 10042 /system/bin/mksh executing 0 /system/bin/sh using shell /system/bin/sh : sh
I/power   (  186): *** set_screen_state 0
D/SurfaceFlinger(  105): About to give-up screen, flinger = 0x6da918
E/libEGL  (  105): validate_display:188 error 3008 (EGL_BAD_DISPLAY)
W/NetworkManagementSocketTagger(  186): setKernelCountSet(10042, 0) failed with errno -13
W/EventHub(  186): could not get event, removed? (fd: 103 size: -1 bufferSize: 256 capacity: 254 errno: 19)
I/EventHub(  186): Removed device: path=/dev/input/event2 name=Logitech USB Receiver id=4 fd=103 classes=0x80000008
W/EventHub(  186): could not get event, removed? (fd: 102 size: -1 bufferSize: 256 capacity: 254 errno: 19)
I/EventHub(  186): Removed device: path=/dev/input/event3 name=Logitech USB Receiver id=3 fd=102 classes=0x80000141
I/EventHub(  186): Removing device '/dev/input/mouse0' due to inotify event
I/EventHub(  186): Removing device '/dev/input/event2' due to inotify event
I/EventHub(  186): Removing device '/dev/input/event3' due to inotify event
I/InputReader(  186): Device removed: id=3, name='Logitech USB Receiver', sources=0x01000511
I/InputReader(  186): Device removed: id=4, name='Logitech USB Receiver', sources=0x00002002
V/TransportControlView(  186): Create TCV com.android.internal.widget.TransportControlView@40d9b708
I/USB3G   (  112): event { 'add', '/devices/platform/sw_hcd_host0/usb1/1-1', 'usb', '', 189, 2 }
I/USB3G   (  112): path : '/sys/devices/platform/sw_hcd_host0/usb1/1-1'
I/USB3G   (  112): VID :size -1,vid_path '/sys/devices/platform/sw_hcd_host0/usb1/1-1/idVendor',VID  ''.
E/USB3G   (  112): Vid :err
E/EventHub(  186): could not open /dev/input/mouse0, No such file or directory
E/EventHub(  186): could not open /dev/input/event2, No such file or directory
E/EventHub(  186): could not open /dev/input/event3, No such file or directory
I/EventHub(  186): Removing device '/dev/input/mouse0' due to inotify event
I/EventHub(  186): Removing device '/dev/input/event2' due to inotify event
I/EventHub(  186): Removing device '/dev/input/event3' due to inotify event
D/libEGL  (  186): loaded /system/lib/egl/libGLES_android.so
D/libEGL  (  186): loaded /system/lib/egl/libEGL_mali.so
D/libEGL  (  186): loaded /system/lib/egl/libGLESv1_CM_mali.so
D/libEGL  (  186): loaded /system/lib/egl/libGLESv2_mali.so
D/OpenGLRenderer(  186): Enabling debug mode 0
I/power   (  186): *** set_screen_state 1
W/NetworkManagementSocketTagger(  186): setKernelCountSet(10042, 1) failed with errno -13
I/TabletStatusBar(  377): DISABLE_CLOCK: yes
I/USB3G   (  112): event { 'add', '/devices/platform/sw_hcd_host0/usb1/1-1', 'usb', '', 189, 3 }
I/USB3G   (  112): path : '/sys/devices/platform/sw_hcd_host0/usb1/1-1'
I/USB3G   (  112): VID :size 5,vid_path '/sys/devices/platform/sw_hcd_host0/usb1/1-1/idVendor',VID  '046d
I/USB3G   (  112): '.
I/USB3G   (  112): PID :size 5,Pid_path '/sys/devices/platform/sw_hcd_host0/usb1/1-1/idProduct',PID  'c526
I/USB3G   (  112): '.
I/USB3G   (  112): cmd=/system/etc/usb_modeswitch.sh /system/etc/usb_modeswitch.d/046d_c526 &,
E/EventHub(  186): could not get driver version for /dev/input/mouse0, Not a typewriter
D/EventHub(  186): No input device configuration file found for device 'Logitech USB Receiver'.
I/EventHub(  186): New device: id=7, fd=237, path='/dev/input/event2', name='Logitech USB Receiver', classes=0x80000008, configuration='', keyLayout='', keyCharacterMap='', builtinKeyboard=false
I/InputReader(  186): Device added: id=7, name='Logitech USB Receiver', sources=0x00002002
D/EventHub(  186): No input device configuration file found for device 'Logitech USB Receiver'.
I/EventHub(  186): New device: id=8, fd=240, path='/dev/input/event3', name='Logitech USB Receiver', classes=0x80000141, configuration='', keyLayout='/system/usr/keylayout/Generic.kl', keyCharacterMap='/system/usr/keychars/Generic.kcm', builtinKeyboard=false
I/InputReader(  186): Device added: id=8, name='Logitech USB Receiver', sources=0x01000511
I/WindowManager(  186): Lock screen displayed!
I/USB3G   (  112): excute ret : 0,err:Bad file number
D/SurfaceFlinger(  105): Screen about to return, flinger = 0x6da918
E/UsbHostManagerJNI(  186): usb_device_open failed
E/WifiHW  (  186): timeout to poll wlan0
D/OpenGLRenderer(  186): Flushing caches (mode 0)
V/A10_audio_HW(  108): ########## start_output_stream ##########
V/A10_audio_HW(  108): ### property: media.audio.out.mode, value: codec
W/InputManagerService(  186): Window already focused, ignoring focus gain of: com.android.internal.view.IInputMethodClient$Stub$Proxy@410ec620
I/TabletStatusBar(  377): DISABLE_CLOCK: no
E/WifiStateMachine(  186): DriverFailedState
I/LatinIME(  421): InputType.TYPE_NULL is specified
W/LatinIME(  421): Unexpected input class: inputType=0x00000000 imeOptions=0x00000000
E/InputMethodService(  421): Unexpected null in startExtractingText : mExtractedText = null, input connection = com.android.internal.view.InputConnectionWrapper@411ec438
D/AndroidRuntime( 1164): 
D/AndroidRuntime( 1164): >>>>>> AndroidRuntime START com.android.internal.os.RuntimeInit <<<<<<
D/AndroidRuntime( 1164): CheckJNI is OFF
D/AndroidRuntime( 1164): Calling main entry com.android.commands.am.Am
D/AndroidRuntime( 1164): Shutting down VM
I/AndroidRuntime( 1164): NOTE: attach of thread 'Binder Thread #3' failed
D/dalvikvm( 1164): GC_CONCURRENT freed 99K, 81% free 489K/2560K, paused 0ms+0ms
D/su      ( 1162): 10042 /system/bin/mksh executing 0 /system/bin/sh using shell /system/bin/sh : sh
W/ThrottleService(  186): unable to find stats for iface wlan0
V/A10_audio_HW(  108): ########## start_output_stream ##########
V/A10_audio_HW(  108): ### property: media.audio.out.mode, value: codec
V/A10_audio_HW(  108): ########## start_output_stream ##########
V/A10_audio_HW(  108): ### property: media.audio.out.mode, value: codec
W/NetworkManagementSocketTagger(  186): setKernelCountSet(10000, 1) failed with errno -13
W/IInputConnectionWrapper(  856): showStatusIcon on inactive InputConnection
W/InputManagerService(  186): Starting input on non-focused client com.android.internal.view.IInputMethodClient$Stub$Proxy@40e53420 (uid=10042 pid=856)
W/NetworkManagementSocketTagger(  186): setKernelCountSet(10042, 0) failed with errno -13
W/EventHub(  186): could not get event, removed? (fd: 237 size: -1 bufferSize: 256 capacity: 256 errno: 19)
I/EventHub(  186): Removed device: path=/dev/input/event2 name=Logitech USB Receiver id=7 fd=237 classes=0x80000008
W/EventHub(  186): could not get event, removed? (fd: 240 size: -1 bufferSize: 256 capacity: 256 errno: 19)
I/EventHub(  186): Removed device: path=/dev/input/event3 name=Logitech USB Receiver id=8 fd=240 classes=0x80000141
I/InputReader(  186): Device removed: id=8, name='Logitech USB Receiver', sources=0x01000511
I/InputReader(  186): Device removed: id=7, name='Logitech USB Receiver', sources=0x00002002
I/EventHub(  186): Removing device '/dev/input/mouse0' due to inotify event
I/EventHub(  186): Removing device '/dev/input/event2' due to inotify event
I/EventHub(  186): Removing device '/dev/input/event3' due to inotify event
W/PowerUI (  377): unknown intent: Intent { act=android.intent.action.ACTION_POWER_CONNECTED flg=0x10000010 }
D/UsbDeviceManager(  186): enable UsbDeviceManager wakelock wlref = 0
I/StorageNotification(  377): UMS connection changed to true (media state mounted)
D/UsbDeviceManager(  186): enable UsbDeviceManager wakelock wlref = 1
I/StorageNotification(  377): UMS connection changed to true (media state mounted)
D/dalvikvm(  186): GC_CONCURRENT freed 1236K, 52% free 5457K/11207K, paused 4ms+12ms
D/dalvikvm(  993): GC_CONCURRENT freed 2593K, 44% free 4609K/8131K, paused 18ms+95ms
I/power   (  186): *** set_screen_state 0
D/SurfaceFlinger(  105): About to give-up screen, flinger = 0x6da918
E/libEGL  (  105): validate_display:188 error 3008 (EGL_BAD_DISPLAY)
W/NetworkManagementSocketTagger(  186): setKernelCountSet(10000, 0) failed with errno -13
V/TransportControlView(  186): Create TCV com.android.internal.widget.TransportControlView@40f67728
I/TabletStatusBar(  377): DISABLE_CLOCK: yes
I/power   (  186): *** set_screen_state 1
W/NetworkManagementSocketTagger(  186): setKernelCountSet(10000, 1) failed with errno -13
I/WindowManager(  186): Lock screen displayed!
D/SurfaceFlinger(  105): Screen about to return, flinger = 0x6da918
E/WifiHW  (  186): timeout to poll wlan0
E/WifiStateMachine(  186): DriverFailedState
I/power   (  186): *** set_screen_state 0
D/SurfaceFlinger(  105): About to give-up screen, flinger = 0x6da918
E/libEGL  (  105): validate_display:188 error 3008 (EGL_BAD_DISPLAY)
V/TransportControlView(  186): Create TCV com.android.internal.widget.TransportControlView@40dd4318
W/NetworkManagementSocketTagger(  186): setKernelCountSet(10000, 0) failed with errno -13
I/power   (  186): *** set_screen_state 1
W/NetworkManagementSocketTagger(  186): setKernelCountSet(10000, 1) failed with errno -13
I/WindowManager(  186): Lock screen displayed!
D/dalvikvm(  961): GC_CONCURRENT freed 1391K, 42% free 4735K/8131K, paused 23ms+3ms
D/SurfaceFlinger(  105): Screen about to return, flinger = 0x6da918
E/WifiHW  (  186): timeout to poll wlan0
E/WifiStateMachine(  186): DriverFailedState
I/power   (  186): *** set_screen_state 0
D/SurfaceFlinger(  105): About to give-up screen, flinger = 0x6da918
E/libEGL  (  105): validate_display:188 error 3008 (EGL_BAD_DISPLAY)
V/TransportControlView(  186): Create TCV com.android.internal.widget.TransportControlView@41066a80
W/NetworkManagementSocketTagger(  186): setKernelCountSet(10000, 0) failed with errno -13
