--------- beginning of /dev/log/main
I/cm      (   75): Welcome to Android 4.0.4 / CyanogenMod-9.0.0-RC0-novo7a-UNOFFICIAL 
I/cm      (   76):                                                 _  
I/cm      (   77):  __ __ _ ___  _ _  __  ___  __ _ _  _  _  __  __)) 
I/cm      (   78): ((_ \(/'((_( ((\( ((_)((_( (('((\( ((`1( ((_)((_(  
I/cm      (   79):      ))                 _)) 
I/cm      (   80):   
I/run-parts(   70): sed: /data/data/com.navitel/settings.001.ini: No such file or directory
I/run-parts(   70): run-parts: /system/etc/init.d/05gps exited with code 1
I/logwrapper(   70): /system/xbin/run-parts terminated by exit(1)
--------- beginning of /dev/log/system
I/USB3G   (  112): usb 3g monitor v0.1 start
I/DEBUG   (  104): debuggerd: May 30 2012 01:09:10
I/USB3G   (  112): event { 'add', '/devices/platform/sw_hcd_host0/usb1', 'usb', '', 189, 0 }
I/USB3G   (  112): event { 'add', '/devices/platform/sw_hcd_host0/usb1/1-1', 'usb', '', 189, 1 }
I/USB3G   (  112): path : '/sys/devices/platform/sw_hcd_host0/usb1/1-1'
I/USB3G   (  112): VID :size 5,vid_path '/sys/devices/platform/sw_hcd_host0/usb1/1-1/idVendor',VID  '046d
I/USB3G   (  112): '.
I/USB3G   (  112): PID :size 5,Pid_path '/sys/devices/platform/sw_hcd_host0/usb1/1-1/idProduct',PID  'c526
I/USB3G   (  112): '.
I/USB3G   (  112): cmd=/system/etc/usb_modeswitch.sh /system/etc/usb_modeswitch.d/046d_c526 &,
I/USB3G   (  112): excute ret : 0,err:No such file or directory
I/Vold    (  102): Vold 2.1 (the revenge) firing up
I/Netd    (  103): Netd 1.0 starting
D/Vold    (  102): Volume sdcard state changing -1 (Initializing) -> 0 (No-Media)
D/Vold    (  102): Volume extsd state changing -1 (Initializing) -> 0 (No-Media)
D/Vold    (  102): Volume usbhost state changing -1 (Initializing) -> 0 (No-Media)
D/Vold    (  102): Volume sdcard state changing 0 (No-Media) -> 1 (Idle-Unmounted)
I/        (  107): ServiceManager: 0x2d4910
D/AndroidRuntime(  106): 
D/AndroidRuntime(  106): >>>>>> AndroidRuntime START com.android.internal.os.ZygoteInit <<<<<<
D/AndroidRuntime(  106): CheckJNI is OFF
I/SurfaceFlinger(  105): SurfaceFlinger is starting
I/SurfaceFlinger(  105): SurfaceFlinger's main thread ready to run. Initializing graphics H/W...
I/gralloc (  105): using (fd=11)
I/gralloc (  105): id           = 
I/gralloc (  105): xres         = 800 px
I/gralloc (  105): yres         = 480 px
I/gralloc (  105): xres_virtual = 800 px
I/gralloc (  105): yres_virtual = 960 px
I/gralloc (  105): bpp          = 32
I/gralloc (  105): r            = 16:8
I/gralloc (  105): g            =  8:8
I/gralloc (  105): b            =  0:8
I/gralloc (  105): width        = 127 mm (160.000000 dpi)
I/gralloc (  105): height       = 76 mm (160.421051 dpi)
I/gralloc (  105): refresh rate = 59.69 Hz
D/libEGL  (  105): loaded /system/lib/egl/libGLES_android.so
D/dalvikvm(  106): DexOpt: --- BEGIN 'core.jar' (bootstrap=1) ---
D/libEGL  (  105): loaded /system/lib/egl/libEGL_mali.so
D/libEGL  (  105): loaded /system/lib/egl/libGLESv1_CM_mali.so
D/libEGL  (  105): loaded /system/lib/egl/libGLESv2_mali.so
I/SurfaceFlinger(  105): EGL informations:
I/SurfaceFlinger(  105): # of configs : 28
I/SurfaceFlinger(  105): vendor    : Android
I/SurfaceFlinger(  105): version   : 1.4 Android META-EGL
I/SurfaceFlinger(  105): extensions: EGL_KHR_image EGL_KHR_image_base EGL_KHR_image_base EGL_KHR_image_pixmap EGL_KHR_gl_texture_2D_image EGL_KHR_gl_texture_cubemap_image EGL_KHR_gl_renderbuffer_image EGL_KHR_fence_sync EGL_ANDROID_image_native_buffer EGL_ANDROID_image_native_buffer 
I/SurfaceFlinger(  105): Client API: OpenGL ES
I/SurfaceFlinger(  105): EGLSurface: 8-8-8-8, config=0x13
I/SurfaceFlinger(  105): OpenGL informations:
I/SurfaceFlinger(  105): vendor    : ARM
I/SurfaceFlinger(  105): renderer  : Mali-400 MP
I/SurfaceFlinger(  105): version   : OpenGL ES-CM 1.1
I/SurfaceFlinger(  105): extensions: GL_OES_byte_coordinates GL_OES_fixed_point GL_OES_single_precision GL_OES_matrix_get GL_OES_read_format GL_OES_compressed_paletted_texture GL_OES_point_size_array GL_OES_point_sprite GL_OES_texture_npot GL_OES_query_matrix GL_OES_matrix_palette GL_OES_extended_matrix_palette GL_OES_compressed_ETC1_RGB8_texture GL_OES_EGL_image GL_OES_draw_texture GL_OES_depth_texture GL_OES_packed_depth_stencil GL_EXT_texture_format_BGRA8888 GL_OES_framebuffer_object GL_OES_stencil8 GL_OES_depth24 GL_ARM_rgba8 GL_OES_EGL_image_external GL_OES_EGL_sync GL_OES_rgb8_rgba8 GL_EXT_multisampled_render_to_texture GL_OES_texture_cube_map GL_EXT_discard_framebuffer 
I/SurfaceFlinger(  105): GL_MAX_TEXTURE_SIZE = 4096
I/SurfaceFlinger(  105): GL_MAX_VIEWPORT_DIMS = 4096 x 4096
I/SurfaceFlinger(  105): flags = 00000000
W/SurfaceFlinger(  105): display dispatcher enabled
D/display (  105): start open_display!ctx->mFD_disp = 10
E/DisplayDispatcher(  105): Open Display Device Succesfully!
D/dalvikvm(  149): Ignoring duplicate verify attempt on Ljava/lang/Object;
I/        (  108): ServiceManager: 0x1e46958
I/AudioFlinger(  108): Loaded primary audio interface from Sunxi audio HW HAL (audio)
I/AudioFlinger(  108): Using 'Sunxi audio HW HAL' (audio.primary) as the primary audio interface
I/AudioFlinger(  108): Loaded a2dp audio interface from A2DP Audio HW HAL (audio)
I/CameraService(  108): CameraService started (pid=108)
D/CameraHardware(  108): zoom_ratios: 100,106,113,120,126,133,140,146,153,160,166,173,180,186,193,200,206,213,220,226,233,240,246,253,260,266,273,280,286,293,300
D/CameraHardware(  108): zoom_ratios: 100,106,113,120,126,133,140,146,153,160,166,173,180,186,193,200,206,213,220,226,233,240,246,253,260,266,273,280,286,293,300
D/libEGL  (  157): loaded /system/lib/egl/libGLES_android.so
I/AudioFlinger(  108): AudioFlinger's thread 0x1e57e58 ready to run
W/AudioFlinger(  108): Thread AudioOut_1 cannot connect to the power manager service
I/AudioPolicyService(  108): Loaded audio policy from LEGACY Audio Policy HAL (audio_policy)
D/libEGL  (  157): loaded /system/lib/egl/libEGL_mali.so
D/libEGL  (  157): loaded /system/lib/egl/libGLESv1_CM_mali.so
D/libEGL  (  157): loaded /system/lib/egl/libGLESv2_mali.so
D/dalvikvm(  149): Ignoring duplicate verify attempt on Ljava/lang/Class;
D/dalvikvm(  149): Ignoring duplicate verify attempt on Ljava/lang/ref/Reference;
D/dalvikvm(  149): Ignoring duplicate verify attempt on Ljava/lang/ref/ReferenceQueue;
D/dalvikvm(  149): Ignoring duplicate verify attempt on Ljava/lang/ref/FinalizerReference;
D/dalvikvm(  149): DexOpt: load 115ms, verify+opt 2114ms
D/dalvikvm(  106): DexOpt: --- END 'core.jar' (success) ---
D/dalvikvm(  106): DEX prep '/system/framework/core.jar': unzip in 200ms, rewrite 5375ms
D/dalvikvm(  106): DexOpt: --- BEGIN 'core-junit.jar' (bootstrap=1) ---
D/dalvikvm(  174): DexOpt: load 4ms, verify+opt 9ms
D/dalvikvm(  106): DexOpt: --- END 'core-junit.jar' (success) ---
D/dalvikvm(  106): DEX prep '/system/framework/core-junit.jar': unzip in 0ms, rewrite 777ms
D/dalvikvm(  106): DexOpt: --- BEGIN 'bouncycastle.jar' (bootstrap=1) ---
D/dalvikvm(  175): DexOpt: load 25ms, verify+opt 382ms
D/dalvikvm(  106): DexOpt: --- END 'bouncycastle.jar' (success) ---
D/dalvikvm(  106): DEX prep '/system/framework/bouncycastle.jar': unzip in 36ms, rewrite 621ms
D/dalvikvm(  106): DexOpt: --- BEGIN 'ext.jar' (bootstrap=1) ---
D/dalvikvm(  176): DexOpt: load 62ms, verify+opt 774ms
D/dalvikvm(  106): DexOpt: --- END 'ext.jar' (success) ---
D/dalvikvm(  106): DEX prep '/system/framework/ext.jar': unzip in 71ms, rewrite 13510ms
D/dalvikvm(  106): DexOpt: --- BEGIN 'framework.jar' (bootstrap=1) ---
D/dalvikvm(  178): Note: class Landroid/opengl/GLWrapperBase; has 250 unimplemented (abstract) methods
D/dalvikvm(  178): DexOpt: load 506ms, verify+opt 9122ms
D/dalvikvm(  106): DexOpt: --- END 'framework.jar' (success) ---
D/dalvikvm(  106): DEX prep '/system/framework/framework.jar': unzip in 376ms, rewrite 11616ms
D/dalvikvm(  106): DexOpt: --- BEGIN 'android.policy.jar' (bootstrap=1) ---
D/dalvikvm(  179): DexOpt: load 35ms, verify+opt 211ms
D/dalvikvm(  106): DexOpt: --- END 'android.policy.jar' (success) ---
D/dalvikvm(  106): DEX prep '/system/framework/android.policy.jar': unzip in 13ms, rewrite 343ms
D/dalvikvm(  106): DexOpt: --- BEGIN 'services.jar' (bootstrap=1) ---
D/dalvikvm(  180): DexOpt: load 61ms, verify+opt 1276ms
D/dalvikvm(  106): DexOpt: --- END 'services.jar' (success) ---
D/dalvikvm(  106): DEX prep '/system/framework/services.jar': unzip in 77ms, rewrite 1727ms
D/dalvikvm(  106): DexOpt: --- BEGIN 'apache-xml.jar' (bootstrap=1) ---
D/dalvikvm(  181): DexOpt: load 56ms, verify+opt 502ms
D/dalvikvm(  106): DexOpt: --- END 'apache-xml.jar' (success) ---
D/dalvikvm(  106): DEX prep '/system/framework/apache-xml.jar': unzip in 56ms, rewrite 846ms
D/dalvikvm(  106): DexOpt: --- BEGIN 'filterfw.jar' (bootstrap=1) ---
D/dalvikvm(  182): DexOpt: load 15ms, verify+opt 118ms
D/dalvikvm(  106): DexOpt: --- END 'filterfw.jar' (success) ---
D/dalvikvm(  106): DEX prep '/system/framework/filterfw.jar': unzip in 12ms, rewrite 955ms
I/SamplingProfilerIntegration(  106): Profiling disabled.
I/Zygote  (  106): Preloading classes...
D/dalvikvm(  106): GC_EXPLICIT freed 36K, 84% free 411K/2560K, paused 1ms+0ms
D/skia    (  106): ---- failed to open </system/fonts/DroidSans.ttf> as a font
D/skia    (  106): ---- failed to open </system/fonts/DroidSans-Bold.ttf> as a font
D/TextLayoutCache(  106): Using debug level: 0 - Debug Enabled: 0
I/dalvikvm(  106): threadid=1: recursive native library load attempt (/system/lib/libmedia_jni.so)
D/MtpDeviceJNI(  106): register_android_mtp_MtpDevice
I/dalvikvm(  106): threadid=1: recursive native library load attempt (/system/lib/libmedia_jni.so)
I/dalvikvm(  106): threadid=1: recursive native library load attempt (/system/lib/libmedia_jni.so)
E/MediaProfilesJNI(  106): native_init
E/MediaProfilesJNI(  106): After native_init lock
E/MediaProfilesJNI(  106): Guru : native_init profiles
E/MediaProfiles(  106): getInstance
E/MediaProfiles(  106): Guru :Else 1
E/MediaProfiles(  106): Guru : quality = 0, index = 2
E/MediaProfiles(  106): Guru : quality = 1, index = 0
E/MediaProfiles(  106): Guru : quality = 0, index = 2
E/MediaProfiles(  106): Guru : quality = 1, index = 0
E/MediaProfiles(  106): Guru : quality = 0, index = 2
E/MediaProfiles(  106): Guru : quality = 1, index = 0
E/MediaProfiles(  106): Guru : quality = 0, index = 2
E/MediaProfiles(  106): Guru : quality = 1, index = 0
E/MediaProfiles(  106): Guru : quality = 1000, index = 6
E/MediaProfiles(  106): Guru : quality = 1001, index = 4
E/MediaProfiles(  106): Guru : quality = 1000, index = 6
E/MediaProfiles(  106): Guru : quality = 1001, index = 4
E/MediaProfiles(  106): Guru : quality = 1000, index = 6
E/MediaProfiles(  106): Guru : quality = 1001, index = 4
E/MediaProfiles(  106): Guru : quality = 1000, index = 6
E/MediaProfiles(  106): Guru : quality = 1001, index = 4
E/MediaProfiles(  106): Guru : quality = 0, index = 10
E/MediaProfiles(  106): Guru : quality = 1, index = 9
E/MediaProfiles(  106): Guru : quality = 0, index = 10
E/MediaProfiles(  106): Guru : quality = 1, index = 9
E/MediaProfiles(  106): Guru : quality = 0, index = 10
E/MediaProfiles(  106): Guru : quality = 1, index = 9
E/MediaProfiles(  106): Guru : quality = 1000, index = 13
E/MediaProfiles(  106): Guru : quality = 1001, index = 12
E/MediaProfiles(  106): Guru : quality = 1000, index = 13
E/MediaProfiles(  106): Guru : quality = 1001, index = 12
E/MediaProfiles(  106): Guru : quality = 1000, index = 13
E/MediaProfiles(  106): Guru : quality = 1001, index = 12
E/MediaProfiles(  106): getInstance 10000e8
E/MediaProfilesJNI(  106): retun sProfiles
E/MediaProfilesJNI(  106): native_init
E/MediaProfilesJNI(  106): After native_init lock
E/MediaProfilesJNI(  106): retun sProfiles
W/Zygote  (  106): Class not found for preloading: android.media.IRemoteControlClientDispatcher
W/Zygote  (  106): Class not found for preloading: android.media.IRemoteControlClientDispatcher$Stub
V/MediaProfilesJNI(  106): native_get_num_audio_decoders
V/MediaProfilesJNI(  106): native_get_num_video_decoders
W/Zygote  (  106): Class not found for preloading: android.text.TextDirectionHeuristics$CharCount
W/Zygote  (  106): Class not found for preloading: android.text.method.WordIterator$1
I/dalvikvm(  106): threadid=1: recursive native library load attempt (/system/lib/libwebcore.so)
D/dalvikvm(  106): No JNI_OnLoad found in /system/lib/libchromium_net.so 0x0, skipping init
W/Zygote  (  106): Class not found for preloading: android.widget.EdgeGlow
D/dalvikvm(  106): GC_FOR_ALLOC freed 606K, 36% free 1648K/2560K, paused 17ms
E/PhonePolicy(  106): Could not preload class for phone policy: com.android.internal.policy.impl.PhoneWindow$ContextMenuCallback
I/System  (  106): Loaded time zone names for  in 478ms (473ms in ICU)
I/System  (  106): Loaded time zone names for en_US in 338ms (333ms in ICU)
I/Zygote  (  106): ...preloaded 2298 classes in 2621ms.
D/dalvikvm(  106): GC_EXPLICIT freed 828K, 28% free 2177K/3011K, paused 2ms+2ms
I/Zygote  (  106): Preload resources disabled, skipped.
D/dalvikvm(  106): GC_EXPLICIT freed 32K, 29% free 2145K/3011K, paused 2ms+2ms
D/dalvikvm(  106): GC_EXPLICIT freed <1K, 29% free 2145K/3011K, paused 2ms+2ms
D/dalvikvm(  106): GC_EXPLICIT freed <1K, 29% free 2145K/3011K, paused 1ms+2ms
I/dalvikvm(  106): System server process 186 has been created
I/Zygote  (  106): Accepting command socket connections
E/BatteryService(  186): acOnlinePath not found
I/sysproc (  186): Entered system_init()
I/sysproc (  186): ServiceManager: 0x106d1b0
D/SensorService(  186): nuSensorService starting...
D/Accelerometer(  186): g sensor get class path error 
E/SensorService(  186): couldn't open device for module sensors (Operation not permitted)
I/sysproc (  186): System server: starting Android runtime.
I/sysproc (  186): System server: starting Android services.
I/sysproc (  186): System server: entering thread pool.
I/SystemServer(  186): Entered the Android system server!
I/SystemServer(  186): Entropy Service
W/EntropyService(  186): unable to load initial entropy (first boot?)
W/EntropyService(  186): java.io.FileNotFoundException: /data/system/entropy.dat: open failed: ENOENT (No such file or directory)
W/EntropyService(  186): 	at libcore.io.IoBridge.open(IoBridge.java:406)
W/EntropyService(  186): 	at java.io.FileInputStream.<init>(FileInputStream.java:78)
W/EntropyService(  186): 	at java.io.FileInputStream.<init>(FileInputStream.java:105)
W/EntropyService(  186): 	at com.android.server.RandomBlock.fromFile(RandomBlock.java:45)
W/EntropyService(  186): 	at com.android.server.EntropyService.loadInitialEntropy(EntropyService.java:99)
W/EntropyService(  186): 	at com.android.server.EntropyService.<init>(EntropyService.java:86)
W/EntropyService(  186): 	at com.android.server.EntropyService.<init>(EntropyService.java:76)
W/EntropyService(  186): 	at com.android.server.ServerThread.run(SystemServer.java:157)
W/EntropyService(  186): Caused by: libcore.io.ErrnoException: open failed: ENOENT (No such file or directory)
W/EntropyService(  186): 	at libcore.io.Posix.open(Native Method)
W/EntropyService(  186): 	at libcore.io.BlockGuardOs.open(BlockGuardOs.java:110)
W/EntropyService(  186): 	at libcore.io.IoBridge.open(IoBridge.java:390)
W/EntropyService(  186): 	... 7 more
I/SystemServer(  186): Power Manager
I/SystemServer(  186): Activity Manager
I/ActivityManager(  186): Memory class: 48
I/SystemServer(  186): Telephony Registry
I/SystemServer(  186): Package Manager
I/installd(  110): new connection
I/PackageManager(  186): No settings file; creating initial state
I/Installer(  186): connecting...
D/dalvikvm(  204): DexOpt: load 20ms, verify+opt 69ms
D/dalvikvm(  205): DexOpt: load 5ms, verify+opt 2ms
D/dalvikvm(  206): DexOpt: load 5ms, verify+opt 23ms
D/dalvikvm(  207): DexOpt: load 7ms, verify+opt 5ms
D/dalvikvm(  208): DexOpt: load 5ms, verify+opt 26ms
D/dalvikvm(  209): DexOpt: load 5ms, verify+opt 5ms
D/dalvikvm(  210): DexOpt: load 7ms, verify+opt 3ms
D/dalvikvm(  211): DexOpt: load 4ms, verify+opt 4ms
D/dalvikvm(  212): DexOpt: load 4ms, verify+opt 5ms
D/dalvikvm(  213): DexOpt: load 8ms, verify+opt 53ms
D/dalvikvm(  214): DexOpt: load 8ms, verify+opt 17ms
D/dalvikvm(  215): DexOpt: load 5ms, verify+opt 7ms
I/PackageManager(  186): /system/framework/framework-res.apk changed; collecting certs
D/dalvikvm(  186): GC_CONCURRENT freed 2917K, 47% free 4331K/8131K, paused 1ms+3ms
D/dalvikvm(  186): GC_CONCURRENT freed 847K, 35% free 5327K/8131K, paused 1ms+3ms
I/PackageManager(  186): /system/app/ApexLauncher.1.2.1.apk changed; collecting certs
D/dalvikvm(  186): GC_CONCURRENT freed 1247K, 28% free 5909K/8131K, paused 2ms+21ms
I/PackageManager(  186): /system/app/ApplicationsProvider.apk changed; collecting certs
I/PackageManager(  186): New shared user android.uid.shared: id=10001
I/PackageManager(  186): /system/app/BackupRestoreConfirmation.apk changed; collecting certs
W/PackageParser(  186): No actions in intent filter at /system/app/Bluetooth.apk Binary XML file line #133
W/PackageParser(  186): No actions in intent filter at /system/app/Bluetooth.apk Binary XML file line #157
I/PackageManager(  186): /system/app/Bluetooth.apk changed; collecting certs
I/PackageManager(  186): /system/app/Browser.apk changed; collecting certs
D/dalvikvm(  186): GC_CONCURRENT freed 4100K, 58% free 3621K/8583K, paused 1ms+7ms
I/PackageManager(  186): /system/app/CMWallpapers.apk changed; collecting certs
I/PackageManager(  186): /system/app/Calculator.apk changed; collecting certs
I/PackageManager(  186): /system/app/Calendar.apk changed; collecting certs
I/PackageManager(  186): /system/app/CalendarProvider.apk changed; collecting certs
I/PackageManager(  186): New shared user android.uid.calendar: id=10008
I/PackageManager(  186): /system/app/Camera.apk changed; collecting certs
D/dalvikvm(  186): GC_CONCURRENT freed 1873K, 59% free 3591K/8583K, paused 2ms+10ms
W/PackageManager(  186): Package com.android.camera desires unavailable shared library com.google.android.media.effects; ignoring!
I/PackageManager(  186): /system/app/CertInstaller.apk changed; collecting certs
I/PackageManager(  186): /system/app/ClockSync.apk changed; collecting certs
W/PackageParser(  186): No actions in intent filter at /system/app/Contacts.apk Binary XML file line #538
I/PackageManager(  186): /system/app/Contacts.apk changed; collecting certs
D/dalvikvm(  186): GC_CONCURRENT freed 1885K, 59% free 3549K/8583K, paused 2ms+7ms
I/PackageManager(  186): /system/app/ContactsProvider.apk changed; collecting certs
I/PackageManager(  186): /system/app/DSPManager.apk changed; collecting certs
I/PackageManager(  186): /system/app/DefaultContainerService.apk changed; collecting certs
I/PackageManager(  186): /system/app/DeskClock.apk changed; collecting certs
I/PackageManager(  186): /system/app/Development.apk changed; collecting certs
I/PackageManager(  186): /system/app/DownloadProvider.apk changed; collecting certs
D/dalvikvm(  186): GC_CONCURRENT freed 1621K, 57% free 3738K/8583K, paused 2ms+9ms
I/PackageManager(  186): New shared user android.media: id=10016
I/PackageManager(  186): /system/app/DownloadProviderUi.apk changed; collecting certs
I/PackageManager(  186): /system/app/DrmProvider.apk changed; collecting certs
I/PackageManager(  186): /system/app/Email.apk changed; collecting certs
I/PackageManager(  186): /system/app/Exchange.apk changed; collecting certs
I/PackageManager(  186): /system/app/GPSTest.apk changed; collecting certs
I/PackageManager(  186): /system/app/Galaxy4.apk changed; collecting certs
D/dalvikvm(  186): GC_CONCURRENT freed 2046K, 60% free 3436K/8583K, paused 1ms+9ms
I/PackageManager(  186): /system/app/GhostCommander.1.41.1.apk changed; collecting certs
I/PackageManager(  186): New shared user com.ghostsq.commander.userId: id=10021
I/PackageManager(  186): /system/app/GooglePlayMusic.apk changed; collecting certs
D/dalvikvm(  186): GC_FOR_ALLOC freed 1418K, 58% free 3681K/8583K, paused 30ms
D/dalvikvm(  186): GC_FOR_ALLOC freed 522K, 59% free 3577K/8583K, paused 24ms
D/dalvikvm(  186): GC_FOR_ALLOC freed 134K, 57% free 3697K/8583K, paused 21ms
D/dalvikvm(  186): GC_FOR_ALLOC freed 307K, 58% free 3677K/8583K, paused 25ms
D/dalvikvm(  186): GC_FOR_ALLOC freed 62K, 57% free 3741K/8583K, paused 21ms
I/dalvikvm-heap(  186): Grow heap (frag case) to 11.943MB for 260112-byte allocation
D/dalvikvm(  186): GC_CONCURRENT freed 903K, 45% free 4987K/9031K, paused 1ms+4ms
I/PackageManager(  186): /system/app/HTMLViewer.apk changed; collecting certs
I/PackageManager(  186): /system/app/HoloSpiralWallpaper.apk changed; collecting certs
I/PackageManager(  186): /system/app/KeyChain.apk changed; collecting certs
I/PackageManager(  186): /system/app/LCDDensityModder.apk changed; collecting certs
D/dalvikvm(  186): GC_CONCURRENT freed 1299K, 40% free 5462K/9031K, paused 2ms+31ms
I/PackageManager(  186): /system/app/LatinIME.apk changed; collecting certs
I/PackageManager(  186): /system/app/LiveWallpapers.apk changed; collecting certs
I/PackageManager(  186): /system/app/LiveWallpapersPicker.apk changed; collecting certs
D/dalvikvm(  186): GC_CONCURRENT freed 3573K, 59% free 3756K/9031K, paused 2ms+8ms
I/PackageManager(  186): /system/app/MagicSmokeWallpapers.apk changed; collecting certs
I/PackageManager(  186): /system/app/MediaProvider.apk changed; collecting certs
I/PackageManager(  186): /system/app/Music.apk changed; collecting certs
I/PackageManager(  186): /system/app/NoiseField.apk changed; collecting certs
I/PackageManager(  186): /system/app/PackageInstaller.apk changed; collecting certs
I/PackageManager(  186): /system/app/PhaseBeam.apk changed; collecting certs
I/PackageManager(  186): /system/app/Phone.apk changed; collecting certs
D/dalvikvm(  186): GC_CONCURRENT freed 1941K, 60% free 3658K/9031K, paused 1ms+8ms
I/PackageManager(  186): /system/app/PicoTts.apk changed; collecting certs
I/PackageManager(  186): /system/app/Provision.apk changed; collecting certs
I/PackageManager(  186): /system/app/QuickPic.apk changed; collecting certs
I/PackageManager(  186): /system/app/Root_Explorer_v2.20.apk changed; collecting certs
I/PackageManager(  186): /system/app/Settings.apk changed; collecting certs
D/dalvikvm(  186): GC_CONCURRENT freed 1499K, 56% free 3990K/9031K, paused 2ms+7ms
I/PackageManager(  186): /system/app/SettingsProvider.apk changed; collecting certs
I/PackageManager(  186): /system/app/SharedStorageBackup.apk changed; collecting certs
I/PackageManager(  186): /system/app/SoundRecorder.apk changed; collecting certs
I/PackageManager(  186): /system/app/SpareParts.apk changed; collecting certs
D/dalvikvm(  186): GC_CONCURRENT freed 1782K, 56% free 4017K/9031K, paused 2ms+9ms
I/PackageManager(  186): /system/app/Stk.apk changed; collecting certs
I/PackageManager(  186): /system/app/Superuser.apk changed; collecting certs
I/PackageManager(  186): /system/app/SystemUI.apk changed; collecting certs
D/dalvikvm(  186): GC_CONCURRENT freed 1915K, 57% free 3944K/9031K, paused 2ms+6ms
I/PackageManager(  186): /system/app/TelephonyProvider.apk changed; collecting certs
I/PackageManager(  186): /system/app/Term.apk changed; collecting certs
I/PackageManager(  186): /system/app/ThemeChooser.apk changed; collecting certs
I/PackageManager(  186): /system/app/ThemeManager.apk changed; collecting certs
I/PackageManager(  186): /system/app/UserDictionaryProvider.apk changed; collecting certs
I/PackageManager(  186): /system/app/VideoEditor.apk changed; collecting certs
D/dalvikvm(  186): GC_CONCURRENT freed 1439K, 51% free 4478K/9031K, paused 2ms+16ms
I/PackageManager(  186): /system/app/VisualizationWallpapers.apk changed; collecting certs
I/PackageManager(  186): /system/app/VoiceDialer.apk changed; collecting certs
I/PackageManager(  186): /system/app/VpnDialogs.apk changed; collecting certs
I/PackageManager(  186): /system/app/WAPPushManager.apk changed; collecting certs
I/PackageManager(  186): /system/app/WifiManager.apk changed; collecting certs
D/dalvikvm(  186): GC_CONCURRENT freed 2174K, 55% free 4140K/9031K, paused 2ms+10ms
W/ResourceType(  186): Failure getting entry for 0x7f0d001e (t=12 e=30) in package 0 (error -75)
I/PackageManager(  186): /system/app/YouTube.apk changed; collecting certs
D/dalvikvm(  186): GC_FOR_ALLOC freed 1268K, 54% free 4206K/9031K, paused 39ms
D/PackageManager(  186): No files in app dir /vendor/app
I/PackageManager(  186): Time to scan packages: 10.416 seconds
I/PackageManager(  186): Platform changed from 0 to 15; regranting permissions for internal storage
W/PackageManager(  186): Unknown permission com.google.android.googleapps.permission.GOOGLE_AUTH.mail in package com.android.contacts
W/PackageManager(  186): Unknown permission android.permission.ADD_SYSTEM_SERVICE in package com.android.phone
W/PackageManager(  186): Unknown permission com.google.android.googleapps.permission.GOOGLE_AUTH in package com.android.providers.calendar
W/PackageManager(  186): Unknown permission com.google.android.googleapps.permission.GOOGLE_AUTH.cl in package com.android.providers.calendar
W/PackageManager(  186): Unknown permission com.google.android.googleapps.permission.GOOGLE_AUTH.mail in package com.android.calendar
W/PackageManager(  186): Not granting permission android.permission.SEND_DOWNLOAD_COMPLETED_INTENTS to package com.android.browser (protectionLevel=2 flags=0x9be45)
W/PackageManager(  186): Unknown permission com.android.vending.BILLING in package org.kman.WifiManager
W/PackageManager(  186): Unknown permission android.permission.READ_EXTERNAL_STORAGE in package com.android.videoeditor
W/PackageManager(  186): Unknown permission com.google.android.googleapps.permission.GOOGLE_AUTH in package com.android.settings
W/PackageManager(  186): Unknown permission com.google.android.googleapps.permission.GOOGLE_AUTH in package com.android.providers.contacts
W/PackageManager(  186): Unknown permission com.google.android.googleapps.permission.GOOGLE_AUTH.cp in package com.android.providers.contacts
W/PackageManager(  186): Not granting permission android.permission.ACCOUNT_MANAGER to package com.google.android.music (protectionLevel=2 flags=0x8be65)
W/PackageManager(  186): Unknown permission com.google.android.providers.gsf.permission.READ_GSERVICES in package com.google.android.music
W/PackageManager(  186): Unknown permission com.google.android.c2dm.permission.RECEIVE in package com.google.android.music
W/PackageManager(  186): Unknown permission com.google.android.googleapps.permission.ACCESS_GOOGLE_PASSWORD in package com.android.development
W/PackageManager(  186): Unknown permission com.google.android.googleapps.permission.GOOGLE_AUTH in package com.android.development
W/PackageManager(  186): Unknown permission com.google.android.googleapps.permission.GOOGLE_AUTH.ALL_SERVICES in package com.android.development
W/PackageManager(  186): Unknown permission com.google.android.googleapps.permission.GOOGLE_AUTH.YouTubeUser in package com.android.development
W/PackageManager(  186): Unknown permission com.google.android.providers.gsf.permission.READ_GSERVICES in package com.google.android.youtube
W/PackageManager(  186): Unknown permission com.google.android.googleapps.permission.GOOGLE_AUTH in package com.google.android.youtube
W/PackageManager(  186): Unknown permission com.google.android.googleapps.permission.GOOGLE_AUTH.youtube in package com.google.android.youtube
W/PackageManager(  186): Unknown permission com.google.android.googleapps.permission.GOOGLE_AUTH.YouTubeUser in package com.google.android.youtube
W/PackageManager(  186): Unknown permission com.google.android.gm.permission.READ_CONTENT_PROVIDER in package com.anddoes.launcher
W/PackageManager(  186): Not granting permission android.permission.DEVICE_POWER to package com.android.deskclock (protectionLevel=2 flags=0x8be45)
D/dalvikvm(  186): GC_CONCURRENT freed 1471K, 50% free 4545K/9031K, paused 2ms+11ms
D/dalvikvm(  186): GC_EXPLICIT freed 1324K, 64% free 3280K/9031K, paused 2ms+2ms
I/SystemServer(  186): Account Manager
D/PackageManager(  186): generateServicesMap(android.accounts.AccountAuthenticator): 2 services:
D/PackageManager(  186):   New service added: ServiceInfo: AuthenticatorDescription {type=com.android.email}, ComponentInfo{com.android.email/com.android.email.service.PopImapAuthenticatorService}, uid 10017
D/PackageManager(  186):   New service added: ServiceInfo: AuthenticatorDescription {type=com.android.exchange}, ComponentInfo{com.android.email/com.android.email.service.EasAuthenticatorService}, uid 10017
I/SystemServer(  186): Content Manager
I/SyncManager(  186): No initial accounts
I/SyncManager(  186): No initial status
I/SyncManager(  186): No initial pending operations
I/SyncManager(  186): No initial statistics
D/PackageManager(  186): generateServicesMap(android.content.SyncAdapter): 5 services:
D/PackageManager(  186):   New service added: ServiceInfo: SyncAdapterType {name=com.android.email.provider, type=com.android.email, userVisible=true, supportsUploading=false, isAlwaysSyncable=false, allowParallelSyncs=false, settingsActivity=null}, ComponentInfo{com.android.email/com.android.email.service.PopImapSyncAdapterService}, uid 10017
D/PackageManager(  186):   New service added: ServiceInfo: SyncAdapterType {name=com.android.email.provider, type=com.android.exchange, userVisible=true, supportsUploading=false, isAlwaysSyncable=false, allowParallelSyncs=false, settingsActivity=null}, ComponentInfo{com.android.exchange/com.android.exchange.EmailSyncAdapterService}, uid 10018
D/PackageManager(  186):   New service added: ServiceInfo: SyncAdapterType {name=com.android.contacts, type=com.android.exchange, userVisible=true, supportsUploading=true, isAlwaysSyncable=false, allowParallelSyncs=false, settingsActivity=null}, ComponentInfo{com.android.exchange/com.android.exchange.ContactsSyncAdapterService}, uid 10018
D/PackageManager(  186):   New service added: ServiceInfo: SyncAdapterType {name=com.android.calendar, type=com.android.exchange, userVisible=true, supportsUploading=true, isAlwaysSyncable=false, allowParallelSyncs=false, settingsActivity=null}, ComponentInfo{com.android.exchange/com.android.exchange.CalendarSyncAdapterService}, uid 10018
D/PackageManager(  186):   New service added: ServiceInfo: SyncAdapterType {name=com.google.android.music.MusicContent, type=com.google, userVisible=true, supportsUploading=true, isAlwaysSyncable=false, allowParallelSyncs=false, settingsActivity=null}, ComponentInfo{com.google.android.music/com.google.android.music.sync.SyncAdapterService}, uid 10022
I/ActivityThread(  186): Pub settings: com.android.providers.settings.SettingsProvider
I/SystemServer(  186): System Content Providers
D/dalvikvm(  186): DexOpt: --- BEGIN 'SettingsProvider.apk' (bootstrap=0) ---
D/dalvikvm(  219): DexOpt: load 7ms, verify+opt 39ms
D/dalvikvm(  186): DexOpt: --- END 'SettingsProvider.apk' (success) ---
D/dalvikvm(  186): DEX prep '/system/app/SettingsProvider.apk': unzip in 2ms, rewrite 106ms
D/SettingsProvider(  186): Generated and saved new ANDROID_ID [e4611a4473a84706]
D/SettingsProvider(  186): cache for settings table 'secure' rows=26; fullycached=true
D/SettingsProvider(  186): cache for settings table 'system' rows=49; fullycached=true
I/SystemServer(  186): Lights Service
I/SystemServer(  186): Battery Service
I/SystemServer(  186): Vibrator Service
I/power   (  186): *** set_screen_state 1
I/SystemServer(  186): Alarm Manager
I/SystemServer(  186): Init Watchdog
I/SystemServer(  186): Window Manager
I/InputManager(  186): Initializing input manager
W/StatusBarManager(  186): warning: no STATUS_BAR_SERVICE
E/OMXMaster(  108): dlopen() failed.
I/InputManager(  186): Starting input manager
D/DisplayManagerService(  186): DisplayManagerService Starting.......!
D/display (  186): start open_display!ctx->mFD_disp = 5f
E/DisplayManagerService(  186): Open Display Device Failed!
D/DisplayManagerService(  186): getWindowManager Starting.......!
I/SystemServer(  186): Display Manager
I/SystemServer(  186): Bluetooth Service
E/OMXCodec(  108): Attempting to allocate OMX node 'OMX.google.vorbis.decoder'
D/EventHub(  186): No input device configuration file found for device 'sun4i-ir'.
E/OMXCodec(  108): Successfully allocated OMX node 'OMX.google.vorbis.decoder'
I/BluetoothProfileState(  186): Message:Entering Stable State
I/EventHub(  186): New device: id=1, fd=98, path='/dev/input/event5', name='sun4i-ir', classes=0x1, configuration='', keyLayout='/system/usr/keylayout/sun4i-ir.kl', keyCharacterMap='/system/usr/keychars/Generic.kcm', builtinKeyboard=false
D/EventHub(  186): No input device configuration file found for device 'hv_keypad'.
I/EventHub(  186): New device: id=2, fd=104, path='/dev/input/event4', name='hv_keypad', classes=0x1, configuration='', keyLayout='/system/usr/keylayout/hv_keypad.kl', keyCharacterMap='/system/usr/keychars/Generic.kcm', builtinKeyboard=false
D/EventHub(  186): No input device configuration file found for device 'Logitech USB Receiver'.
I/EventHub(  186): New device: id=3, fd=102, path='/dev/input/event3', name='Logitech USB Receiver', classes=0x80000141, configuration='', keyLayout='/system/usr/keylayout/Generic.kl', keyCharacterMap='/system/usr/keychars/Generic.kcm', builtinKeyboard=false
D/EventHub(  186): No input device configuration file found for device 'Logitech USB Receiver'.
I/EventHub(  186): New device: id=4, fd=103, path='/dev/input/event2', name='Logitech USB Receiver', classes=0x80000008, configuration='', keyLayout='', keyCharacterMap='', builtinKeyboard=false
E/EventHub(  186): could not get driver version for /dev/input/mouse0, Not a typewriter
D/EventHub(  186): No input device configuration file found for device 'sun4i-keyboard'.
I/EventHub(  186): New device: id=5, fd=105, path='/dev/input/event0', name='sun4i-keyboard', classes=0x1, configuration='', keyLayout='/system/usr/keylayout/sun4i-keyboard.kl', keyCharacterMap='/system/usr/keychars/Generic.kcm', builtinKeyboard=false
E/EventHub(  186): could not get driver version for /dev/input/mice, Not a typewriter
D/EventHub(  186): No input device configuration file found for device 'axp20-supplyer'.
I/EventHub(  186): New device: id=6, fd=106, path='/dev/input/event1', name='axp20-supplyer', classes=0x1, configuration='', keyLayout='/system/usr/keylayout/axp20-supplyer.kl', keyCharacterMap='/system/usr/keychars/Generic.kcm', builtinKeyboard=false
I/InputReader(  186): Device added: id=6, name='axp20-supplyer', sources=0x00000101
I/InputReader(  186): Device added: id=5, name='sun4i-keyboard', sources=0x00000101
I/InputReader(  186): Device added: id=4, name='Logitech USB Receiver', sources=0x00002002
I/InputReader(  186): Device added: id=3, name='Logitech USB Receiver', sources=0x01000511
I/InputReader(  186): Device added: id=2, name='hv_keypad', sources=0x00000101
I/InputReader(  186): Device added: id=1, name='sun4i-ir', sources=0x00000101
D/PermissionCache(  105): checking android.permission.ACCESS_SURFACE_FLINGER for uid=1000 => granted (497 us)
I/InputDispatcher(  186): Dropping event because there is no touched window or focused application.
I/InputDispatcher(  186): Dropping event because there is no touched window or focused application.
I/BluetoothProfileState(  186): Message:Entering Stable State
I/BluetoothProfileState(  186): Message:Entering Stable State
D/BluetoothAdapterStateMachine(  186): PowerOff process message: 5
E/OMXCodec(  108): Attempting to allocate OMX node 'OMX.google.vorbis.decoder'
I/SystemServer(  186): Input Method Service
E/OMXCodec(  108): Successfully allocated OMX node 'OMX.google.vorbis.decoder'
I/InputManagerService(  186): Selected default: com.android.inputmethod.latin/.LatinIME
I/SystemServer(  186): Accessibility Manager
I/InputReader(  186): Reconfiguring input devices.  changes=0x00000004
I/PackageManager(  186): Running dexopt on: com.anddoes.launcher
I/ActivityManager(  186): Config changed: {1.0 0mcc0mnc en_US layoutdir=0 sw480dp w800dp h432dp lrg land ?uimode ?night -touch -keyb/v/h -nav/h s.2 themeResource=null}
I/bluedroid(  186): Starting hciattach daemon
D/dalvikvm(  248): DexOpt: load 113ms, verify+opt 502ms
I/PackageManager(  186): Running dexopt on: com.android.providers.applications
D/dalvikvm(  250): DexOpt: load 10ms, verify+opt 50ms
I/PackageManager(  186): Running dexopt on: com.android.backupconfirm
D/dalvikvm(  251): DexOpt: load 11ms, verify+opt 18ms
I/PackageManager(  186): Running dexopt on: com.android.bluetooth
D/dalvikvm(  252): DexOpt: load 20ms, verify+opt 239ms
I/PackageManager(  186): Running dexopt on: com.android.browser
D/dalvikvm(  253): DexOpt: load 138ms, verify+opt 338ms
I/PackageManager(  186): Running dexopt on: com.cyanogenmod.CMWallpapers
D/dalvikvm(  254): DexOpt: load 9ms, verify+opt 36ms
I/PackageManager(  186): Running dexopt on: com.android.calculator2
D/dalvikvm(  255): DexOpt: load 41ms, verify+opt 55ms
I/PackageManager(  186): Running dexopt on: com.android.calendar
D/dalvikvm(  256): DexOpt: 'Lcom/android/i18n/phonenumbers/CountryCodeToRegionCodeMap;' has an earlier definition; blocking out
D/dalvikvm(  256): DexOpt: 'Lcom/android/i18n/phonenumbers/NumberParseException$ErrorType;' has an earlier definition; blocking out
D/dalvikvm(  256): DexOpt: 'Lcom/android/i18n/phonenumbers/NumberParseException;' has an earlier definition; blocking out
D/dalvikvm(  256): DexOpt: 'Lcom/android/i18n/phonenumbers/PhoneNumberMatch;' has an earlier definition; blocking out
D/dalvikvm(  256): DexOpt: 'Lcom/android/i18n/phonenumbers/PhoneNumberMatcher$State;' has an earlier definition; blocking out
D/dalvikvm(  256): DexOpt: 'Lcom/android/i18n/phonenumbers/PhoneNumberMatcher;' has an earlier definition; blocking out
D/dalvikvm(  256): DexOpt: 'Lcom/android/i18n/phonenumbers/PhoneNumberUtil$1;' has an earlier definition; blocking out
D/dalvikvm(  256): DexOpt: 'Lcom/android/i18n/phonenumbers/PhoneNumberUtil$2;' has an earlier definition; blocking out
D/dalvikvm(  256): DexOpt: 'Lcom/android/i18n/phonenumbers/PhoneNumberUtil$Leniency;' has an earlier definition; blocking out
D/dalvikvm(  256): DexOpt: 'Lcom/android/i18n/phonenumbers/PhoneNumberUtil$Leniency$1;' has an earlier definition; blocking out
D/dalvikvm(  256): DexOpt: 'Lcom/android/i18n/phonenumbers/PhoneNumberUtil$Leniency$2;' has an earlier definition; blocking out
D/dalvikvm(  256): DexOpt: 'Lcom/android/i18n/phonenumbers/PhoneNumberUtil$Leniency$3;' has an earlier definition; blocking out
D/dalvikvm(  256): DexOpt: 'Lcom/android/i18n/phonenumbers/PhoneNumberUtil$Leniency$4;' has an earlier definition; blocking out
D/dalvikvm(  256): DexOpt: 'Lcom/android/i18n/phonenumbers/PhoneNumberUtil$MatchType;' has an earlier definition; blocking out
D/dalvikvm(  256): DexOpt: 'Lcom/android/i18n/phonenumbers/PhoneNumberUtil$PhoneNumberFormat;' has an earlier definition; blocking out
D/dalvikvm(  256): DexOpt: 'Lcom/android/i18n/phonenumbers/PhoneNumberUtil$PhoneNumberType;' has an earlier definition; blocking out
D/dalvikvm(  256): DexOpt: 'Lcom/android/i18n/phonenumbers/PhoneNumberUtil$ValidationResult;' has an earlier definition; blocking out
D/dalvikvm(  256): DexOpt: 'Lcom/android/i18n/phonenumbers/PhoneNumberUtil;' has an earlier definition; blocking out
D/dalvikvm(  256): DexOpt: 'Lcom/android/i18n/phonenumbers/Phonemetadata$NumberFormat;' has an earlier definition; blocking out
D/dalvikvm(  256): DexOpt: 'Lcom/android/i18n/phonenumbers/Phonemetadata$PhoneMetadata;' has an earlier definition; blocking out
D/dalvikvm(  256): DexOpt: 'Lcom/android/i18n/phonenumbers/Phonemetadata$PhoneMetadataCollection;' has an earlier definition; blocking out
D/dalvikvm(  256): DexOpt: 'Lcom/android/i18n/phonenumbers/Phonemetadata$PhoneNumberDesc;' has an earlier definition; blocking out
D/dalvikvm(  256): DexOpt: 'Lcom/android/i18n/phonenumbers/Phonemetadata;' has an earlier definition; blocking out
D/dalvikvm(  256): DexOpt: 'Lcom/android/i18n/phonenumbers/Phonenumber$PhoneNumber$CountryCodeSource;' has an earlier definition; blocking out
D/dalvikvm(  256): DexOpt: 'Lcom/android/i18n/phonenumbers/Phonenumber$PhoneNumber;' has an earlier definition; blocking out
D/dalvikvm(  256): DexOpt: 'Lcom/android/i18n/phonenumbers/Phonenumber;' has an earlier definition; blocking out
D/dalvikvm(  256): DexOpt: 'Lcom/android/i18n/phonenumbers/RegexCache$LRUCache$1;' has an earlier definition; blocking out
D/dalvikvm(  256): DexOpt: 'Lcom/android/i18n/phonenumbers/RegexCache$LRUCache;' has an earlier definition; blocking out
D/dalvikvm(  256): DexOpt: 'Lcom/android/i18n/phonenumbers/RegexCache;' has an earlier definition; blocking out
I/dalvikvm(  256): DexOpt: not resolving ambiguous class 'Lcom/android/i18n/phonenumbers/PhoneNumberUtil;'
D/dalvikvm(  256): DexOpt: not verifying/optimizing 'Lcom/android/i18n/phonenumbers/CountryCodeToRegionCodeMap;': multiple definitions
D/dalvikvm(  256): DexOpt: not verifying/optimizing 'Lcom/android/i18n/phonenumbers/NumberParseException$ErrorType;': multiple definitions
D/dalvikvm(  256): DexOpt: not verifying/optimizing 'Lcom/android/i18n/phonenumbers/NumberParseException;': multiple definitions
D/dalvikvm(  256): DexOpt: not verifying/optimizing 'Lcom/android/i18n/phonenumbers/PhoneNumberMatch;': multiple definitions
D/dalvikvm(  256): DexOpt: not verifying/optimizing 'Lcom/android/i18n/phonenumbers/PhoneNumberMatcher$State;': multiple definitions
D/dalvikvm(  256): DexOpt: not verifying/optimizing 'Lcom/android/i18n/phonenumbers/PhoneNumberMatcher;': multiple definitions
D/dalvikvm(  256): DexOpt: not verifying/optimizing 'Lcom/android/i18n/phonenumbers/PhoneNumberUtil$1;': multiple definitions
D/dalvikvm(  256): DexOpt: not verifying/optimizing 'Lcom/android/i18n/phonenumbers/PhoneNumberUtil$2;': multiple definitions
D/dalvikvm(  256): DexOpt: not verifying/optimizing 'Lcom/android/i18n/phonenumbers/PhoneNumberUtil$Leniency;': multiple definitions
D/dalvikvm(  256): DexOpt: not verifying/optimizing 'Lcom/android/i18n/phonenumbers/PhoneNumberUtil$Leniency$1;': multiple definitions
D/dalvikvm(  256): DexOpt: not verifying/optimizing 'Lcom/android/i18n/phonenumbers/PhoneNumberUtil$Leniency$2;': multiple definitions
D/dalvikvm(  256): DexOpt: not verifying/optimizing 'Lcom/android/i18n/phonenumbers/PhoneNumberUtil$Leniency$3;': multiple definitions
D/dalvikvm(  256): DexOpt: not verifying/optimizing 'Lcom/android/i18n/phonenumbers/PhoneNumberUtil$Leniency$4;': multiple definitions
D/dalvikvm(  256): DexOpt: not verifying/optimizing 'Lcom/android/i18n/phonenumbers/PhoneNumberUtil$MatchType;': multiple definitions
D/dalvikvm(  256): DexOpt: not verifying/optimizing 'Lcom/android/i18n/phonenumbers/PhoneNumberUtil$PhoneNumberFormat;': multiple definitions
D/dalvikvm(  256): DexOpt: not verifying/optimizing 'Lcom/android/i18n/phonenumbers/PhoneNumberUtil$PhoneNumberType;': multiple definitions
D/dalvikvm(  256): DexOpt: not verifying/optimizing 'Lcom/android/i18n/phonenumbers/PhoneNumberUtil$ValidationResult;': multiple definitions
D/dalvikvm(  256): DexOpt: not verifying/optimizing 'Lcom/android/i18n/phonenumbers/PhoneNumberUtil;': multiple definitions
D/dalvikvm(  256): DexOpt: not verifying/optimizing 'Lcom/android/i18n/phonenumbers/Phonemetadata$NumberFormat;': multiple definitions
D/dalvikvm(  256): DexOpt: not verifying/optimizing 'Lcom/android/i18n/phonenumbers/Phonemetadata$PhoneMetadata;': multiple definitions
D/dalvikvm(  256): DexOpt: not verifying/optimizing 'Lcom/android/i18n/phonenumbers/Phonemetadata$PhoneMetadataCollection;': multiple definitions
D/dalvikvm(  256): DexOpt: not verifying/optimizing 'Lcom/android/i18n/phonenumbers/Phonemetadata$PhoneNumberDesc;': multiple definitions
D/dalvikvm(  256): DexOpt: not verifying/optimizing 'Lcom/android/i18n/phonenumbers/Phonemetadata;': multiple definitions
D/dalvikvm(  256): DexOpt: not verifying/optimizing 'Lcom/android/i18n/phonenumbers/Phonenumber$PhoneNumber$CountryCodeSource;': multiple definitions
D/dalvikvm(  256): DexOpt: not verifying/optimizing 'Lcom/android/i18n/phonenumbers/Phonenumber$PhoneNumber;': multiple definitions
D/dalvikvm(  256): DexOpt: not verifying/optimizing 'Lcom/android/i18n/phonenumbers/Phonenumber;': multiple definitions
D/dalvikvm(  256): DexOpt: not verifying/optimizing 'Lcom/android/i18n/phonenumbers/RegexCache$LRUCache$1;': multiple definitions
D/dalvikvm(  256): DexOpt: not verifying/optimizing 'Lcom/android/i18n/phonenumbers/RegexCache$LRUCache;': multiple definitions
D/dalvikvm(  256): DexOpt: not verifying/optimizing 'Lcom/android/i18n/phonenumbers/RegexCache;': multiple definitions
D/dalvikvm(  256): DexOpt: load 93ms, verify+opt 286ms
I/PackageManager(  186): Running dexopt on: com.android.providers.calendar
D/dalvikvm(  257): DexOpt: load 15ms, verify+opt 138ms
I/PackageManager(  186): Running dexopt on: com.android.camera
D/dalvikvm(  258): DexOpt: load 65ms, verify+opt 157ms
I/PackageManager(  186): Running dexopt on: com.android.certinstaller
D/dalvikvm(  259): DexOpt: load 12ms, verify+opt 43ms
I/PackageManager(  186): Running dexopt on: ru.org.amip.ClockSync
D/dalvikvm(  260): DexOpt: load 19ms, verify+opt 132ms
I/PackageManager(  186): Running dexopt on: com.android.contacts
D/dalvikvm(  261): DexOpt: load 178ms, verify+opt 769ms
I/PackageManager(  186): Running dexopt on: com.android.providers.contacts
D/dalvikvm(  262): DexOpt: load 67ms, verify+opt 409ms
I/PackageManager(  186): Running dexopt on: com.bel.android.dspmanager
D/dalvikvm(  263): DexOpt: load 35ms, verify+opt 167ms
I/PackageManager(  186): Running dexopt on: com.android.defcontainer
D/dalvikvm(  264): DexOpt: load 6ms, verify+opt 8ms
I/PackageManager(  186): Running dexopt on: com.android.deskclock
D/dalvikvm(  265): DexOpt: load 38ms, verify+opt 69ms
I/PackageManager(  186): Running dexopt on: com.android.development
D/dalvikvm(  266): DexOpt: load 35ms, verify+opt 109ms
I/PackageManager(  186): Running dexopt on: com.android.providers.downloads
D/dalvikvm(  267): DexOpt: load 14ms, verify+opt 70ms
I/PackageManager(  186): Running dexopt on: com.android.providers.downloads.ui
D/dalvikvm(  268): DexOpt: load 19ms, verify+opt 54ms
I/PackageManager(  186): Running dexopt on: com.android.providers.drm
D/dalvikvm(  269): DexOpt: load 8ms, verify+opt 8ms
I/PackageManager(  186): Running dexopt on: com.android.email
D/dalvikvm(  270): DexOpt: load 149ms, verify+opt 757ms
I/PackageManager(  186): Running dexopt on: com.android.exchange
D/dalvikvm(  271): DexOpt: load 102ms, verify+opt 689ms
I/PackageManager(  186): Running dexopt on: com.chartcross.gpstest
D/dalvikvm(  272): DexOpt: load 16ms, verify+opt 137ms
I/PackageManager(  186): Running dexopt on: com.android.galaxy4
D/dalvikvm(  273): DexOpt: load 16ms, verify+opt 8ms
I/PackageManager(  186): Running dexopt on: com.ghostsq.commander
D/dalvikvm(  274): DexOpt: load 62ms, verify+opt 324ms
I/PackageManager(  186): Running dexopt on: com.google.android.music
D/dalvikvm(  275): DexOpt: load 170ms, verify+opt 910ms
I/PackageManager(  186): Running dexopt on: com.android.htmlviewer
D/dalvikvm(  276): DexOpt: load 8ms, verify+opt 27ms
I/PackageManager(  186): Running dexopt on: com.android.wallpaper.holospiral
D/dalvikvm(  277): DexOpt: load 12ms, verify+opt 8ms
I/PackageManager(  186): Running dexopt on: com.android.keychain
D/dalvikvm(  278): DexOpt: load 10ms, verify+opt 53ms
I/PackageManager(  186): Running dexopt on: com.birdapi.android.dpi
D/dalvikvm(  279): DexOpt: load 43ms, verify+opt 102ms
I/PackageManager(  186): Running dexopt on: com.android.inputmethod.latin
D/dalvikvm(  280): DexOpt: load 44ms, verify+opt 176ms
I/PackageManager(  186): Running dexopt on: com.android.wallpaper
D/dalvikvm(  281): DexOpt: load 16ms, verify+opt 28ms
I/PackageManager(  186): Running dexopt on: com.android.wallpaper.livepicker
D/dalvikvm(  282): DexOpt: load 10ms, verify+opt 41ms
I/PackageManager(  186): Running dexopt on: com.android.magicsmoke
D/dalvikvm(  283): DexOpt: load 10ms, verify+opt 14ms
I/PackageManager(  186): Running dexopt on: com.android.providers.media
D/dalvikvm(  284): DexOpt: load 7ms, verify+opt 56ms
I/PackageManager(  186): Running dexopt on: com.android.music
D/dalvikvm(  285): DexOpt: load 48ms, verify+opt 142ms
I/PackageManager(  186): Running dexopt on: com.android.noisefield
D/dalvikvm(  286): DexOpt: load 12ms, verify+opt 10ms
I/PackageManager(  186): Running dexopt on: com.android.packageinstaller
D/dalvikvm(  287): DexOpt: load 10ms, verify+opt 41ms
I/PackageManager(  186): Running dexopt on: com.android.phasebeam
D/dalvikvm(  288): DexOpt: load 12ms, verify+opt 9ms
I/PackageManager(  186): Running dexopt on: com.android.phone
D/dalvikvm(  289): DexOpt: load 50ms, verify+opt 320ms
I/PackageManager(  186): Running dexopt on: com.svox.pico
D/dalvikvm(  290): DexOpt: load 15ms, verify+opt 8ms
I/PackageManager(  186): Running dexopt on: com.android.provision
D/dalvikvm(  291): DexOpt: load 9ms, verify+opt 4ms
I/PackageManager(  186): Running dexopt on: com.alensw.PicFolder
D/dalvikvm(  292): DexOpt: load 60ms, verify+opt 209ms
I/PackageManager(  186): Running dexopt on: com.speedsoftware.rootexplorer
D/dalvikvm(  293): DexOpt: load 24ms, verify+opt 382ms
I/PackageManager(  186): Running dexopt on: com.android.settings
D/dalvikvm(  294): DexOpt: load 116ms, verify+opt 592ms
I/PackageManager(  186): Running dexopt on: com.android.sharedstoragebackup
D/dalvikvm(  295): DexOpt: load 5ms, verify+opt 3ms
I/PackageManager(  186): Running dexopt on: com.android.soundrecorder
D/dalvikvm(  296): DexOpt: load 10ms, verify+opt 43ms
I/PackageManager(  186): Running dexopt on: com.android.spare_parts
D/dalvikvm(  297): DexOpt: load 10ms, verify+opt 14ms
I/PackageManager(  186): Running dexopt on: com.android.stk
D/dalvikvm(  298): DexOpt: load 11ms, verify+opt 64ms
I/PackageManager(  186): Running dexopt on: com.noshufou.android.su
D/dalvikvm(  299): DexOpt: load 58ms, verify+opt 190ms
